000
CDUS46 KOTX 120835
CLIOTX


CLIMATE REPORT
NATIONAL WEATHER SERVICE SPOKANE, WA
1234 AM PST TUE DEC 12 2017


...................................

...THE SPOKANE  WA WFO CLIMATE SUMMARY FOR DECEMBER 11 2017...

CLIMATE NORMAL PERIOD 1981 TO 2010
CLIMATE RECORD PERIOD 1881 TO 2017


WEATHER ITEM   OBSERVED TIME   RECORD YEAR NORMAL DEPARTURE LAST
                VALUE   (LST)  VALUE       VALUE  FROM      YEAR
                                                  NORMAL
..................................................................
TEMPERATURE (F)
 YESTERDAY
  MAXIMUM         31        MM  MM      MM  31      0       29
  MINIMUM         22        MM  MM      MM  20      2       21
  AVERAGE         27                        26      1       25

PRECIPITATION (IN)
  YESTERDAY        0.00         MM      MM   0.08  -0.08     0.01
  MONTH TO DATE    0.15                      0.93  -0.78     0.46
  SINCE OCT 1      4.55                      4.43   0.12     9.23
  SINCE JAN 1     18.92                     15.48   3.44    19.64

SNOWFALL (IN)
  YESTERDAY        0.0          MM      MM   0.5   -0.5      0.1
  MONTH TO DATE    T                         5.3   -5.3      4.8
  SINCE DEC 1      T                         5.3   -5.3      4.8
  SINCE JUL 1      5.7                      13.2   -7.5      7.0
  SNOW DEPTH       0

DEGREE DAYS
 HEATING
  YESTERDAY       38                        39     -1       40
  MONTH TO DATE  401                       418    -17      431
  SINCE DEC 1    401                       418    -17      431
  SINCE JUL 1   2165                      2300   -135     1987

 COOLING
  YESTERDAY        0                         0      0        0
  MONTH TO DATE    0                         0      0        0
  SINCE DEC 1      0                         0      0        0
  SINCE JAN 1    413                       249    164      229
..................................................................


WIND (MPH)
  HIGHEST WIND SPEED    MM   HIGHEST WIND DIRECTION    MM
  HIGHEST GUST SPEED    MM   HIGHEST GUST DIRECTION    MM
  AVERAGE WIND SPEED    MM


SKY COVER
  POSSIBLE SUNSHINE  MM
  AVERAGE SKY COVER  MM


WEATHER CONDITIONS
 THE FOLLOWING WEATHER WAS RECORDED YESTERDAY.
  FOG


RELATIVE HUMIDITY (PERCENT)
 HIGHEST    MM
 LOWEST     MM
 AVERAGE    MM

..........................................................


THE SPOKANE  WA WFO CLIMATE NORMALS FOR TODAY
                         NORMAL    RECORD    YEAR
 MAXIMUM TEMPERATURE (F)   31        MM        MM
 MINIMUM TEMPERATURE (F)   20        MM        MM


SUNRISE AND SUNSET
DECEMBER 12 2017......SUNRISE   730 AM PST   SUNSET   359 PM PST
DECEMBER 13 2017......SUNRISE   731 AM PST   SUNSET   359 PM PST


-  INDICATES NEGATIVE NUMBERS.
R  INDICATES RECORD WAS SET OR TIED.
MM INDICATES DATA IS MISSING.
T  INDICATES TRACE AMOUNT.




$$
