000
CDUS46 KOTX 061717
CLIOTX


CLIMATE REPORT
NATIONAL WEATHER SERVICE SPOKANE, WA
1230 AM PST TUE DEC 6 2016


...................................

...THE SPOKANE  WA WFO CLIMATE SUMMARY FOR DECEMBER 5 2016...

CLIMATE NORMAL PERIOD 1981 TO 2010
CLIMATE RECORD PERIOD 1881 TO 2016


WEATHER ITEM   OBSERVED TIME   RECORD YEAR NORMAL DEPARTURE LAST
                VALUE   (LST)  VALUE       VALUE  FROM      YEAR
                                                  NORMAL
..................................................................
TEMPERATURE (F)
 YESTERDAY
  MAXIMUM         34        MM  MM      MM  33      1       45
  MINIMUM         32        MM  MM      MM  22     10       28
  AVERAGE         33                        27      6       37

PRECIPITATION (IN)
  YESTERDAY        T            MM      MM   0.09  -0.09     0.03
  MONTH TO DATE    0.13                      0.44  -0.31     0.26
  SINCE OCT 1      8.90                      3.94   4.96     2.62
  SINCE JAN 1     19.13                     14.99   4.14    10.70

SNOWFALL (IN)
  YESTERDAY        0.1          MM      MM   0.4   -0.3      0.0
  MONTH TO DATE    0.5                       2.3   -1.8      1.0
  SINCE DEC 1      0.5                       2.3   -1.8      1.0
  SINCE JUL 1      2.7                      10.2   -7.5      2.5
  SNOW DEPTH       0

DEGREE DAYS
 HEATING
  YESTERDAY       32                        38     -6       28
  MONTH TO DATE  162                       186    -24      166
  SINCE DEC 1    162                       186    -24      166
  SINCE JUL 1   1718                      2068   -350     1826

 COOLING
  YESTERDAY        0                         0      0        0
  MONTH TO DATE    0                         0      0        0
  SINCE DEC 1      0                         0      0        0
  SINCE JAN 1    229                       249    -20      518
..................................................................


WIND (MPH)
  HIGHEST WIND SPEED    MM   HIGHEST WIND DIRECTION    MM
  HIGHEST GUST SPEED    MM   HIGHEST GUST DIRECTION    MM
  AVERAGE WIND SPEED    MM


SKY COVER
  POSSIBLE SUNSHINE  MM
  AVERAGE SKY COVER  MM


WEATHER CONDITIONS
 THE FOLLOWING WEATHER WAS RECORDED YESTERDAY.
  LIGHT SNOW


RELATIVE HUMIDITY (PERCENT)
 HIGHEST    MM
 LOWEST     MM
 AVERAGE    MM

..........................................................


THE SPOKANE  WA WFO CLIMATE NORMALS FOR TODAY
                         NORMAL    RECORD    YEAR
 MAXIMUM TEMPERATURE (F)   33        MM        MM
 MINIMUM TEMPERATURE (F)   22        MM        MM


SUNRISE AND SUNSET
DECEMBER  6 2016......SUNRISE   724 AM PST   SUNSET   359 PM PST
DECEMBER  7 2016......SUNRISE   726 AM PST   SUNSET   359 PM PST


-  INDICATES NEGATIVE NUMBERS.
R  INDICATES RECORD WAS SET OR TIED.
MM INDICATES DATA IS MISSING.
T  INDICATES TRACE AMOUNT.




$$
