000
CDUS46 KOTX 310828
CLIOTX


CLIMATE REPORT
NATIONAL WEATHER SERVICE SPOKANE, WA
1228 AM PST SAT JAN 31 2015


...................................

...THE SPOKANE  WA WFO CLIMATE SUMMARY FOR JANUARY 30 2015...

CLIMATE NORMAL PERIOD 1981 TO 2010
CLIMATE RECORD PERIOD 1881 TO 2015


WEATHER ITEM   OBSERVED TIME   RECORD YEAR NORMAL DEPARTURE LAST
                VALUE   (LST)  VALUE       VALUE  FROM      YEAR
                                                  NORMAL
..................................................................
TEMPERATURE (F)
 YESTERDAY
  MAXIMUM         30        MM  MM      MM  35     -5       30
  MINIMUM         27        MM  MM      MM  23      4       18
  AVERAGE         29                        29      0       24

PRECIPITATION (IN)
  YESTERDAY        0.03         MM      MM   0.04  -0.01     0.07
  MONTH TO DATE    1.90                      1.82   0.08     1.00
  SINCE OCT 1      6.61                      7.85  -1.24     3.51
  SINCE JAN 1      1.90                      1.82   0.08     1.00

SNOWFALL (IN)
  YESTERDAY        T            MM      MM   0.3   -0.3      0.4
  MONTH TO DATE    9.9                      15.1   -5.2      5.7
  SINCE DEC 1     12.7                      32.1  -19.4      9.2
  SINCE JUL 1     13.2                      40.0  -26.8     12.2
  SNOW DEPTH       0

DEGREE DAYS
 HEATING
  YESTERDAY       36                        36      0       41
  MONTH TO DATE 1036                      1124    -88     1063
  SINCE DEC 1   2063                      2340   -277     2331
  SINCE JUL 1   3642                      4222   -580     4187

 COOLING
  YESTERDAY        0                         0      0        0
  MONTH TO DATE    0                         0      0        0
  SINCE DEC 1      0                         0      0        0
  SINCE JAN 1      0                         0      0        0
..................................................................


WIND (MPH)
  HIGHEST WIND SPEED    MM   HIGHEST WIND DIRECTION    MM
  HIGHEST GUST SPEED     0   HIGHEST GUST DIRECTION     N (0)
  AVERAGE WIND SPEED    MM


SKY COVER
  POSSIBLE SUNSHINE  MM
  AVERAGE SKY COVER 0.0


WEATHER CONDITIONS
 THE FOLLOWING WEATHER WAS RECORDED YESTERDAY.
  LIGHT SNOW
  FOG
  FOG W/VISIBILITY <= 1/4 MILE


RELATIVE HUMIDITY (PERCENT)
 HIGHEST     0          1200 AM
 LOWEST      0          1200 AM
 AVERAGE     0

..........................................................


THE SPOKANE  WA WFO CLIMATE NORMALS FOR TODAY
                         NORMAL    RECORD    YEAR
 MAXIMUM TEMPERATURE (F)   36        MM        MM
 MINIMUM TEMPERATURE (F)   23        MM        MM


SUNRISE AND SUNSET
JANUARY 31 2015.......SUNRISE   719 AM PST   SUNSET   450 PM PST
FEBRUARY  1 2015......SUNRISE   717 AM PST   SUNSET   451 PM PST


-  INDICATES NEGATIVE NUMBERS.
R  INDICATES RECORD WAS SET OR TIED.
MM INDICATES DATA IS MISSING.
T  INDICATES TRACE AMOUNT.




$$
