000
CDAK49 PAFG 250941
CLIOTZ

CLIMATE REPORT
NATIONAL WEATHER SERVICE FAIRBANKS AK
1241 AM AKST SUN FEB 25 2018


...................................

...THE KOTZEBUE AK CLIMATE SUMMARY FOR FEBRUARY 24 2018...

CLIMATE NORMAL PERIOD 1981 TO 2010
CLIMATE RECORD PERIOD 1920 TO 2018


WEATHER ITEM   OBSERVED TIME   RECORD YEAR NORMAL DEPARTURE LAST
                VALUE   (LST)  VALUE       VALUE  FROM      YEAR
                                                  NORMAL
..................................................................
TEMPERATURE (F)
 YESTERDAY
  MAXIMUM         13    313 PM  37    1989   8      5       MM
  MINIMUM          2    736 AM -52    1968  -7      9       MM
  AVERAGE          8                         0      8       MM

PRECIPITATION (IN)
  YESTERDAY        T             0.33 1996   0.02  -0.02     0.21
  MONTH TO DATE    0.73                      0.56   0.17     0.84
  SINCE DEC 1      2.57                      1.94   0.63     2.13
  SINCE JAN 1      0.99                      1.18  -0.19     1.39

SNOWFALL (IN)
  YESTERDAY        T             6.4  1996   0.4   -0.4      4.8
  MONTH TO DATE    3.9                       8.2   -4.3     17.1
  SINCE DEC 1     28.0                      28.8   -0.8     42.5
  SINCE JUL 1     69.0                      46.2   22.8     48.1
  SNOW DEPTH      MM

DEGREE DAYS
 HEATING
  YESTERDAY       57                        65     -8       MM
  MONTH TO DATE 1223                      1583   -360     1490
  SINCE DEC 1   4641                      5629   -988     5246
  SINCE JUL 1   8458                      9987  -1529     8859

 COOLING
  YESTERDAY        0                         0      0       MM
  MONTH TO DATE    0                         0      0        0
  SINCE DEC 1      0                         0      0        0
  SINCE JAN 1      0                         0      0        0
..................................................................


WIND (MPH)
  HIGHEST GUST SPEED    29   HIGHEST GUST DIRECTION    NW (330)


SKY COVER
  AVERAGE SKY COVER 0.9


WEATHER CONDITIONS
 THE FOLLOWING WEATHER WAS RECORDED YESTERDAY.
  HAZE


RELATIVE HUMIDITY (PERCENT)
 HIGHEST    86
 LOWEST     70
 AVERAGE    78

..........................................................


THE KOTZEBUE AK CLIMATE NORMALS FOR TODAY
                         NORMAL    RECORD    YEAR
 MAXIMUM TEMPERATURE (F)    8        34      2017
                                             1989
 MINIMUM TEMPERATURE (F)   -7       -43      1968


SUNRISE AND SUNSET
FEBRUARY 25 2018......SUNRISE   921 AM AKST  SUNSET   648 PM AKST
FEBRUARY 26 2018......SUNRISE   917 AM AKST  SUNSET   652 PM AKST

-  INDICATES NEGATIVE NUMBERS.
R  INDICATES RECORD WAS SET OR TIED.
MM INDICATES DATA IS MISSING.
T  INDICATES TRACE AMOUNT.

&&

SNOW DEPTH IS MEASURED AT 3AM AKST/4AM AKDT.

----------------------------
AVAILABLE DAYLIGHT

AMOUNT OF DAYLIGHT TODAY  (HOUR:MIN)........9:28
GAIN/LOSS SINCE YESTERDAY (HOUR:MIN:SEC)....+0:07:33

$$
SDB FEB 18
