542
CDAK49 PAFG 230952
CLIOTZ

CLIMATE REPORT
NATIONAL WEATHER SERVICE FAIRBANKS AK
152 AM AKDT TUE MAY 23 2017


...................................

...THE KOTZEBUE AK CLIMATE SUMMARY FOR MAY 22 2017...

CLIMATE NORMAL PERIOD 1981 TO 2010
CLIMATE RECORD PERIOD 1920 TO 2017


WEATHER ITEM   OBSERVED TIME   RECORD YEAR NORMAL DEPARTURE LAST
                VALUE   (LST)  VALUE       VALUE  FROM      YEAR
                                                  NORMAL
..................................................................
TEMPERATURE (F)
 YESTERDAY
  MAXIMUM         46   1030 PM  70    1969  40      6       51
  MINIMUM         27    625 AM  14    2000  29     -2       32
  AVERAGE         37                        35      2       42

PRECIPITATION (IN)
  YESTERDAY        0.00          0.18 1944   0.01  -0.01     0.00
  MONTH TO DATE    0.05                      0.31  -0.26     0.46
  SINCE MAR 1      0.13                      1.29  -1.16     1.23
  SINCE JAN 1      1.72                      2.57  -0.85     1.94

SNOWFALL (IN)
  YESTERDAY        0.0           0.5  1989   0.0    0.0      0.0
  MONTH TO DATE    0.2                       1.1   -0.9       T
  SINCE MAR 1      2.4                      12.1   -9.7      6.0
  SINCE JUL 1     52.6                      59.7   -7.1     26.0
  SNOW DEPTH       0

DEGREE DAYS
 HEATING
  YESTERDAY       28                        30     -2       23
  MONTH TO DATE  690                       773    -83      606
  SINCE MAR 1   4071                      4306   -235     3685
  SINCE JUL 1  12930                     14551  -1621    12463

 COOLING
  YESTERDAY        0                         0      0        0
  MONTH TO DATE    0                         0      0        0
  SINCE MAR 1      0                         0      0        0
  SINCE JAN 1      0                         0      0        0
..................................................................


WIND (MPH)
  HIGHEST GUST SPEED    11   HIGHEST GUST DIRECTION    SW (230)


SKY COVER
  AVERAGE SKY COVER 0.1


WEATHER CONDITIONS
 THE FOLLOWING WEATHER WAS RECORDED YESTERDAY.
  FOG


RELATIVE HUMIDITY (PERCENT)
 HIGHEST    92
 LOWEST     58
 AVERAGE    75

..........................................................


THE KOTZEBUE AK CLIMATE NORMALS FOR TODAY
                         NORMAL    RECORD    YEAR
 MAXIMUM TEMPERATURE (F)   41        68      2002
 MINIMUM TEMPERATURE (F)   30        11      2000


SUNRISE AND SUNSET
MAY 23 2017...........SUNRISE   418 AM AKDT  SUNSET   122 AM AKDT
MAY 24 2017...........SUNRISE   413 AM AKDT  SUNSET   128 AM AKDT

-  INDICATES NEGATIVE NUMBERS.
R  INDICATES RECORD WAS SET OR TIED.
MM INDICATES DATA IS MISSING.
T  INDICATES TRACE AMOUNT.

&&

SNOW DEPTH IS MEASURED AT 3AM AKST/4AM AKDT.

----------------------------
AVAILABLE DAYLIGHT

AMOUNT OF DAYLIGHT TODAY  (HOUR:MIN)........20:59
GAIN/LOSS SINCE YESTERDAY (HOUR:MIN:SEC)....+0:10:24

$$
MAY 17
