561
CDAK49 PAFG 230947
CLIOTZ

CLIMATE REPORT
NATIONAL WEATHER SERVICE FAIRBANKS AK
1247 AM AKST THU NOV 23 2017


...................................

...THE KOTZEBUE AK CLIMATE SUMMARY FOR NOVEMBER 22 2017...

CLIMATE NORMAL PERIOD 1981 TO 2010
CLIMATE RECORD PERIOD 1920 TO 2017


WEATHER ITEM   OBSERVED TIME   RECORD YEAR NORMAL DEPARTURE LAST
                VALUE   (LST)  VALUE       VALUE  FROM      YEAR
                                                  NORMAL
..................................................................
TEMPERATURE (F)
 YESTERDAY
  MAXIMUM         23    143 PM  37    1949  12     11       14
  MINIMUM         13   1125 PM -26    1948   2     11       -3
                                      1928
  AVERAGE         18                         7     11        6

PRECIPITATION (IN)
  YESTERDAY        0.11          0.36 1973   0.03   0.08      T
  MONTH TO DATE    0.76                      0.56   0.20     0.09
  SINCE SEP 1      4.23                      3.15   1.08     2.41
  SINCE JAN 1     10.69                     10.03   0.66     8.15

SNOWFALL (IN)
  YESTERDAY       MM             3.8  1976   0.4   MM         T
  MONTH TO DATE    3.1                       7.3   -4.2      2.0
  SINCE SEP 1     11.7                      14.2   -2.5      4.8
  SINCE JUL 1     11.7                      14.2   -2.5      4.8
  SNOW DEPTH      MM

DEGREE DAYS
 HEATING
  YESTERDAY       47                        58    -11       59
  MONTH TO DATE  939                      1204   -265     1049
  SINCE SEP 1   2665                      3147   -482     2579
  SINCE JUL 1   3352                      3885   -533     3071

 COOLING
  YESTERDAY        0                         0      0        0
  MONTH TO DATE    0                         0      0        0
  SINCE SEP 1      0                         0      0        0
  SINCE JAN 1      1                         5     -4        5
..................................................................


WIND (MPH)
  HIGHEST GUST SPEED    39   HIGHEST GUST DIRECTION    SW (230)


SKY COVER
  AVERAGE SKY COVER 1.0


WEATHER CONDITIONS
 THE FOLLOWING WEATHER WAS RECORDED YESTERDAY.
  SNOW
  LIGHT SNOW
  FOG
  HAZE
  BLOWING SNOW


RELATIVE HUMIDITY (PERCENT)
 HIGHEST    92
 LOWEST     81
 AVERAGE    87

..........................................................


THE KOTZEBUE AK CLIMATE NORMALS FOR TODAY
                         NORMAL    RECORD    YEAR
 MAXIMUM TEMPERATURE (F)   12        35      2002
                                             1952
 MINIMUM TEMPERATURE (F)    1       -31      1948


SUNRISE AND SUNSET
NOVEMBER 23 2017......SUNRISE  1125 AM AKST  SUNSET   350 PM AKST
NOVEMBER 24 2017......SUNRISE  1129 AM AKST  SUNSET   346 PM AKST

-  INDICATES NEGATIVE NUMBERS.
R  INDICATES RECORD WAS SET OR TIED.
MM INDICATES DATA IS MISSING.
T  INDICATES TRACE AMOUNT.

&&

SNOW DEPTH IS MEASURED AT 3AM AKST/4AM AKDT.

----------------------------
AVAILABLE DAYLIGHT

AMOUNT OF DAYLIGHT TODAY  (HOUR:MIN)........4:25
GAIN/LOSS SINCE YESTERDAY (HOUR:MIN:SEC)....-0:07:53

$$
SDB NOV 17
