000
CDAK49 PAFG 200944
CLIOTZ

CLIMATE REPORT
NATIONAL WEATHER SERVICE FAIRBANKS AK
1244 AM AKST MON FEB 20 2017


...................................

...THE KOTZEBUE AK CLIMATE SUMMARY FOR FEBRUARY 19 2017...

CLIMATE NORMAL PERIOD 1981 TO 2010
CLIMATE RECORD PERIOD 1920 TO 2017


WEATHER ITEM   OBSERVED TIME   RECORD YEAR NORMAL DEPARTURE LAST
                VALUE   (LST)  VALUE       VALUE  FROM      YEAR
                                                  NORMAL
..................................................................
TEMPERATURE (F)
 YESTERDAY
  MAXIMUM          6    247 PM  33    2010   7     -1       11
  MINIMUM        -16    842 PM -52    1964  -7     -9        1
  AVERAGE         -5                         0     -5        6

PRECIPITATION (IN)
  YESTERDAY        0.01          0.41 1997   0.02  -0.01      T
  MONTH TO DATE    0.04                      0.43  -0.39     0.09
  SINCE DEC 1      1.33                      1.81  -0.48     0.93
  SINCE JAN 1      0.59                      1.05  -0.46     0.47

SNOWFALL (IN)
  YESTERDAY        0.5           4.0  2009   0.4    0.1       T
  MONTH TO DATE    1.4                       6.4   -5.0      1.0
  SINCE DEC 1     26.8                      27.0   -0.2      4.2
  SINCE JUL 1     32.4                      44.4  -12.0     17.6
  SNOW DEPTH      27

DEGREE DAYS
 HEATING
  YESTERDAY       70                        65      5       59
  MONTH TO DATE 1244                      1258    -14     1028
  SINCE DEC 1   5000                      5304   -304     4552
  SINCE JUL 1   8613                      9662  -1049     8271

 COOLING
  YESTERDAY        0                         0      0        0
  MONTH TO DATE    0                         0      0        0
  SINCE DEC 1      0                         0      0        0
  SINCE JAN 1      0                         0      0        0
..................................................................


WIND (MPH)
  HIGHEST GUST SPEED    17   HIGHEST GUST DIRECTION     W (260)


SKY COVER
  AVERAGE SKY COVER 0.6


WEATHER CONDITIONS
 THE FOLLOWING WEATHER WAS RECORDED YESTERDAY.
  LIGHT SNOW
  FOG
  HAZE


RELATIVE HUMIDITY (PERCENT)
 HIGHEST    65
 LOWEST     16
 AVERAGE    41

..........................................................


THE KOTZEBUE AK CLIMATE NORMALS FOR TODAY
                         NORMAL    RECORD    YEAR
 MAXIMUM TEMPERATURE (F)    7        34      1977
 MINIMUM TEMPERATURE (F)   -7       -44      1955


SUNRISE AND SUNSET
FEBRUARY 20 2017......SUNRISE   940 AM AKST  SUNSET   631 PM AKST
FEBRUARY 21 2017......SUNRISE   936 AM AKST  SUNSET   635 PM AKST

-  INDICATES NEGATIVE NUMBERS.
R  INDICATES RECORD WAS SET OR TIED.
MM INDICATES DATA IS MISSING.
T  INDICATES TRACE AMOUNT.

&&

SNOW DEPTH IS MEASURED AT 3AM AKST/4AM AKDT.

----------------------------
AVAILABLE DAYLIGHT

AMOUNT OF DAYLIGHT TODAY  (HOUR:MIN)........8:51
GAIN/LOSS SINCE YESTERDAY (HOUR:MIN:SEC)....+0:07:37

$$
FEB 17
