000
CDAK49 PAOT 011210
CLIOTZ

CLIMATE REPORT
NATIONAL WEATHER SERVICE KOTZEBUE, AK
410 AM AKDT MON SEP 1 2014

...................................
...THE KOTZEBUE WSO AP CLIMATE SUMMARY FOR AUGUST 31 2014...

CLIMATE NORMAL PERIOD  1981 TO  2010
CLIMATE RECORD PERIOD  1897 TO  2014

WEATHER ITEM   OBSERVED TIME    RECORD YEAR NORMAL DEPARTURE LAST
               VALUE    (LST)   VALUE       VALUE  FROM      YEAR
                                                   NORMAL
...................................................................
TEMPERATURE
YESTERDAY
 MAXIMUM            50  0955 PM    74  1941     53      -3     49
 MINIMUM            40  0344 AM    30  1980     44      -4     34
 AVERAGE            45                          49      -4     42

PRECIPITATION
(INCHES)
 YESTERDAY        0.27           0.41  2012   0.06    0.21   0.00
 MONTH TO DATE    1.51                        2.18   -0.67   0.67
 SINCE JUN 1      4.48                        4.21    0.27   2.86
 SINCE JAN 1      6.74                        6.88   -0.14   6.46

SNOWFALL
(INCHES)
 YESTERDAY         0.0            0.2  1962    0.0     0.0    0.0
 MONTH TO DATE     0.0                         0.0     0.0    0.0
 SINCE JUN 1       0.0                         0.0     0.0    0.0
 SINCE JUL 1       0.0                         0.0     0.0    0.0
 SNOW DEPTH (IN)     0                                          0

DEGREE DAYS
 HEATING
  YESTERDAY         20                          16       4     23
  MONTH TO DATE    206                         412    -206    332
  SINCE JUN 1     1177                        1319    -142   1019
  SINCE JUL 1      560                         738    -178    594

 COOLING
  YESTERDAY          0                           0       0      0
  MONTH TO DATE     11                           0      11      0
  SINCE JUN 1       19                           0      19     13
  SINCE JAN 1       19                           0      19     13
...................................................................

WIND (MPH)
 HIGHEST WIND SPEED    23     HIGHEST WIND DIRECTION    170
 HIGHEST GUST SPEED    29     HIGHEST GUST DIRECTION    170
 AVERAGE WIND SPEED  14.0

SKY COVER
  POSSIBLE SUNSHINE    MM          AVERAGE SKY COVER     MM

WEATHER CONDITIONS
 THE FOLLOWING WEATHER WAS RECORDED YESTERDAY.
 FOG
 RAIN


RELATIVE HUMIDITY
 HIGHEST RH     MM PERCENT       MM
 LOWEST  RH     MM PERCENT       MM
 AVERAGE RH     MM PERCENT       MM
...................................................................

THE KOTZEBUE CLIMATE NORMALS FOR TODAY
                           NORMAL    RECORD   YEAR
 MAXIMUM TEMPERATURE (F)     53        68     1963
 MINIMUM TEMPERATURE (F)     44        29     1980

SUNRISE AND SUNSET
 SEP 1 2014..........SUNRISE  7:23 AM      SUNSET 10:16 PM
 SEP 2 2014..........SUNRISE  7:27 AM      SUNSET 10:12 PM

-  INDICATES NEGATIVE NUMBERS.
R  INDICATES RECORD HAS BEEN SET OR TIED.
MM INDICATES DATA IS MISSING.
T  INDICATES TRACE OF PRECIPITATION.

&&
-------------------------------------------------------------------

AMOUNT OF DAYLIGHT TODAY  (HOUR:MIN)........14 HOURS 53 MINUTES
LOSS SINCE YESTERDAY (HOUR:MIN:SEC).........-0:07:30

$$
TGH SEP 14
