000
CDAK49 PAOT 210003
CLIOTZ

CLIMATE REPORT
NATIONAL WEATHER SERVICE KOTZEBUE, AK
403 PM AKDT SAT SEP 20 2014

...................................
...THE KOTZEBUE WSO AP CLIMATE SUMMARY FOR SEPTEMBER 20 2014...
VALID TODAY AS OF 2:00 PM LOCAL TIME

CLIMATE NORMAL PERIOD  1981 TO  2010
CLIMATE RECORD PERIOD  1897 TO  2014

WEATHER ITEM   OBSERVED TIME    RECORD YEAR NORMAL DEPARTURE LAST
               VALUE    (LST)   VALUE       VALUE  FROM      YEAR
                                                   NORMAL
...................................................................
TEMPERATURE
TODAY
 MAXIMUM            44  0159 PM    65  1995     45      -1     38
 MINIMUM            37  0832 AM    19  1992     36       1     29
 AVERAGE            41                          41       0     34

PRECIPITATION
(INCHES)
 TODAY            0.00          0.77  1996    0.05   -0.05   0.00
 MONTH TO DATE    0.88                        1.08   -0.20   1.88
 SINCE SEP 1      0.88                        1.08   -0.20   1.88
 SINCE JAN 1      7.62                        7.96   -0.34   8.34

SNOWFALL
(INCHES)
 TODAY             0.0            5.7  1996    0.0     0.0    0.0
 MONTH TO DATE     0.0                         0.3    -0.3    0.0
 SINCE SEP 1       0.0                         0.3    -0.3    0.0
 SINCE JUL 1       0.0                         0.3    -0.3    0.0
 SNOW DEPTH (IN)     0                                          0

DEGREE DAYS
 HEATING
  TODAY             24                          24       0     31
  MONTH TO DATE    332                         404     -72    444
  SINCE SEP 1      332                         404     -72    444
  SINCE JUL 1      892                        1142    -250   1038

 COOLING
  TODAY              0                           0       0      0
  MONTH TO DATE      0                           0       0      0
  SINCE SEP 1        0                           0       0      0
  SINCE JAN 1       19                           0      19     13
...................................................................

WIND (MPH)
 HIGHEST WIND SPEED    24     HIGHEST WIND DIRECTION    340
 HIGHEST GUST SPEED    30     HIGHEST GUST DIRECTION    330
 AVERAGE WIND SPEED   0.0

SKY COVER
  POSSIBLE SUNSHINE  MM            AVERAGE SKY COVER MM

WEATHER CONDITIONS
 THE FOLLOWING WEATHER WAS RECORDED TODAY.
 NO SIGNIFICANT WEATHER WAS OBSERVED.

RELATIVE HUMIDITY
 HIGHEST RH     MM PERCENT       MM
 LOWEST  RH     MM PERCENT       MM
 AVERAGE RH     MM PERCENT       MM
...................................................................

THE KOTZEBUE CLIMATE NORMALS FOR TOMORROW
                        NORMAL    RECORD   YEAR
 MAXIMUM TEMPERATURE      44        66     1995
 MINIMUM TEMPERATURE      36        18     1992

SUNRISE AND SUNSET
 SEP 20 2014..........SUNRISE  8:27 AM      SUNSET  8:59 PM
 SEP 21 2014..........SUNRISE  8:30 AM      SUNSET  8:55 PM

-  INDICATES NEGATIVE NUMBERS.
R  INDICATES RECORD HAS BEEN SET OR TIED.
MM INDICATES DATA IS MISSING.
T  INDICATES TRACE OF PRECIPITATION.

&&
-------------------------------------------------------------------

AMOUNT OF DAYLIGHT TODAY  (HOUR:MIN)........12 HOURS 32 MINUTES
GAIN/LOSS SINCE YESTERDAY (HOUR:MIN:SEC)....-0:07:17

$$


*** SEP 14
