000
CDAK49 PAOT 271220
CLIOTZ

CLIMATE REPORT
NATIONAL WEATHER SERVICE KOTZEBUE, AK
320 AM AKST FRI FEB 27 2015

...................................
...THE KOTZEBUE WSO AP CLIMATE SUMMARY FOR FEBRUARY 26 2015...

CLIMATE NORMAL PERIOD  1981 TO  2010
CLIMATE RECORD PERIOD  1897 TO  2015

WEATHER ITEM   OBSERVED TIME    RECORD YEAR NORMAL DEPARTURE LAST
               VALUE    (LST)   VALUE       VALUE  FROM      YEAR
                                                   NORMAL
...................................................................
TEMPERATURE
YESTERDAY
 MAXIMUM            35R  0702 PM     35   1947      8      27     31
 MINIMUM            24R  1201 AM    -41   1956     -7      31     11
 AVERAGE            30                              0      30     21

PRECIPITATION
(INCHES)
 YESTERDAY        0.04           0.14  2009   0.02    0.02   0.00
 MONTH TO DATE    0.46                        0.61   -0.15   0.09
 SINCE DEC 1      1.17                        1.99   -0.82   1.41
 SINCE JAN 1      0.82                        1.23   -0.41   0.64

SNOWFALL
(INCHES)
 YESTERDAY         0.4            2.0  1939    0.4     0.0    0.0
 MONTH TO DATE     3.0                         8.9    -5.9    0.7
 SINCE DEC 1       9.4                        29.5   -20.1   12.8
 SINCE JUL 1      14.1                        46.9   -32.8   24.5
 SNOW DEPTH (IN)     5                                          7

DEGREE DAYS
 HEATING
  YESTERDAY         35                          65     -30     44
  MONTH TO DATE   1443                        1713    -270   1601
  SINCE DEC 1     5087                        5753    -666   4985
  SINCE JUL 1     8762                       10112   -1350   8879

 COOLING
  YESTERDAY          0                           0       0      0
  MONTH TO DATE      0                           0       0      0
  SINCE DEC 1        0                           0       0      0
  SINCE JAN 1        0                           0       0      0
...................................................................

WIND (MPH)
 HIGHEST WIND SPEED    32     HIGHEST WIND DIRECTION    150
 HIGHEST GUST SPEED    37     HIGHEST GUST DIRECTION    190
 AVERAGE WIND SPEED  22.9

SKY COVER
  POSSIBLE SUNSHINE    MM          AVERAGE SKY COVER     MM

WEATHER CONDITIONS
 THE FOLLOWING WEATHER WAS RECORDED YESTERDAY.
 FOG
 BLOWING SNOW
 SNOW


RELATIVE HUMIDITY
 HIGHEST RH     MM PERCENT       MM
 LOWEST  RH     MM PERCENT       MM
 AVERAGE RH     MM PERCENT       MM
...................................................................

THE KOTZEBUE CLIMATE NORMALS FOR TODAY
                           NORMAL    RECORD   YEAR
 MAXIMUM TEMPERATURE (F)      8        35     1945
 MINIMUM TEMPERATURE (F)     -7       -42     1956

SUNRISE AND SUNSET
 FEB 27 2015..........SUNRISE  9:14 AM      SUNSET  6:55 PM
 FEB 28 2015..........SUNRISE  9:10 AM      SUNSET  6:58 PM

-  INDICATES NEGATIVE NUMBERS.
R  INDICATES RECORD HAS BEEN SET OR TIED.
MM INDICATES DATA IS MISSING.
T  INDICATES TRACE OF PRECIPITATION.

&&
-------------------------------------------------------------------

AMOUNT OF DAYLIGHT TODAY  (HOUR:MIN)........9 HOURS 41 MINUTES
GAIN/LOSS SINCE YESTERDAY (HOUR:MIN:SEC)....+0:07:32

$$


FEB 15
