000
CDAK49 PAOT 201308
CLIOTZ

CLIMATE REPORT
NATIONAL WEATHER SERVICE KOTZEBUE, AK
408 AM AKST SAT DEC 20 2014

...................................
...THE KOTZEBUE WSO AP CLIMATE SUMMARY FOR DECEMBER 19 2014...

CLIMATE NORMAL PERIOD  1981 TO  2010
CLIMATE RECORD PERIOD  1897 TO  2014

WEATHER ITEM   OBSERVED TIME    RECORD YEAR NORMAL DEPARTURE LAST
               VALUE    (LST)   VALUE       VALUE  FROM      YEAR
                                                   NORMAL
...................................................................
TEMPERATURE
YESTERDAY
 MAXIMUM             7  0812 AM    34  1998      8      -1     -2
 MINIMUM            -2  0259 PM   -38  1957     -5       3     -9
 AVERAGE             3                           2       1     -6

PRECIPITATION
(INCHES)
 YESTERDAY        0.00           0.44  2010   0.03   -0.03   0.00
 MONTH TO DATE    0.09                        0.48   -0.39   0.50
 SINCE DEC 1      0.09                        0.48   -0.39   0.50
 SINCE JAN 1      9.35                       10.72   -1.37  11.81

SNOWFALL
(INCHES)
 YESTERDAY         0.0            4.9  2010    0.3    -0.3    0.0
 MONTH TO DATE     1.0                         7.3    -6.3    2.1
 SINCE DEC 1       1.0                         7.3    -6.3    2.1
 SINCE JUL 1       5.7                        24.7   -19.0   13.8
 SNOW DEPTH (IN)     2                                          4

DEGREE DAYS
 HEATING
  YESTERDAY         62                          63      -1     71
  MONTH TO DATE   1074                        1168     -94   1004
  SINCE DEC 1     1072                        1168     -96   1001
  SINCE JUL 1     4747                        5527    -780   4884

 COOLING
  YESTERDAY          0                           0       0      0
  MONTH TO DATE      0                           0       0      0
  SINCE DEC 1        0                           0       0      0
  SINCE JAN 1       19                           0      19     13
...................................................................

WIND (MPH)
 HIGHEST WIND SPEED     8     HIGHEST WIND DIRECTION     50
 HIGHEST GUST SPEED     8     HIGHEST GUST DIRECTION     50
 AVERAGE WIND SPEED   3.5

SKY COVER
  POSSIBLE SUNSHINE    MM          AVERAGE SKY COVER     MM

WEATHER CONDITIONS
 THE FOLLOWING WEATHER WAS RECORDED YESTERDAY.
 NO SIGNIFICANT WEATHER WAS OBSERVED.

RELATIVE HUMIDITY
 HIGHEST RH     MM PERCENT       MM
 LOWEST  RH     MM PERCENT       MM
 AVERAGE RH     MM PERCENT       MM
...................................................................

THE KOTZEBUE CLIMATE NORMALS FOR TODAY
                           NORMAL    RECORD   YEAR
 MAXIMUM TEMPERATURE (F)      8        36     2000
 MINIMUM TEMPERATURE (F)     -5       -39     1957

SUNRISE AND SUNSET
 DEC 20 2014..........SUNRISE 12:57 PM      SUNSET  2:40 PM
 DEC 21 2014..........SUNRISE 12:58 PM      SUNSET  2:40 PM

-  INDICATES NEGATIVE NUMBERS.
R  INDICATES RECORD HAS BEEN SET OR TIED.
MM INDICATES DATA IS MISSING.
T  INDICATES TRACE OF PRECIPITATION.

&&
-------------------------------------------------------------------

AMOUNT OF DAYLIGHT TODAY  (HOUR:MIN)........1 HOURS 43 MINUTES
GAIN/LOSS SINCE YESTERDAY (HOUR:MIN:SEC)....-0:01:09

$$


DEC 14
