000
CDUS43 KDDC 291551
CLIP28


CLIMATE REPORT
NATIONAL WEATHER SERVICE DODGE CITY KS
1049 AM CDT SAT APR 29 2017


...................................

...THE MEDICINE LODGE KS CLIMATE SUMMARY FOR APRIL 28 2017...

CLIMATE NORMAL PERIOD 1981 TO 2010
CLIMATE RECORD PERIOD 1893 TO 2017


WEATHER ITEM   OBSERVED TIME   RECORD YEAR NORMAL DEPARTURE LAST
                VALUE   (LST)  VALUE       VALUE  FROM      YEAR
                                                  NORMAL
..................................................................
TEMPERATURE (F)
 YESTERDAY
  MAXIMUM         73    207 PM  96    1910  73      0       69
  MINIMUM         45   1159 PM  31    1979  48     -3       45
  AVERAGE         59                        60     -1       57

PRECIPITATION (IN)
  YESTERDAY        0.00          1.21 1994   0.10  -0.10     0.21
  MONTH TO DATE    2.37                      2.24   0.13     3.99
  SINCE MAR 1      4.60                      4.50   0.10     4.66
  SINCE JAN 1      8.52                      6.25   2.27     5.55

SNOWFALL (IN)
  YESTERDAY        0.0          MM      MM   0.0             0.0
  MONTH TO DATE    0.0                       0.0             0.0
  SINCE MAR 1      0.0                       0.1             1.0
  SINCE JUL 1      1.4                       8.5             2.0
  SNOW DEPTH       0

DEGREE DAYS
 HEATING
  YESTERDAY        6                         6      0        8
  MONTH TO DATE  214                       278    -64      165
  SINCE MAR 1    658                       846   -188      576
  SINCE JUL 1   3659                      4375   -716     3465

 COOLING
  YESTERDAY        0                         1     -1        0
  MONTH TO DATE   28                        20      8       26
  SINCE MAR 1     40                        22     18       36
  SINCE JAN 1     40                        22     18       36
..................................................................


WIND (MPH)
  HIGHEST WIND SPEED    32   HIGHEST WIND DIRECTION     N (20)
  HIGHEST GUST SPEED    41   HIGHEST GUST DIRECTION     N (20)
  AVERAGE WIND SPEED    10.3




RELATIVE HUMIDITY (PERCENT)
 HIGHEST    93           200 AM
 LOWEST     33           400 PM
 AVERAGE    63

..........................................................


THE MEDICINE LODGE KS CLIMATE NORMALS FOR TODAY
                         NORMAL    RECORD    YEAR
 MAXIMUM TEMPERATURE (F)   73       100      1910
 MINIMUM TEMPERATURE (F)   49        32      1907


SUNRISE AND SUNSET
APRIL 29 2017.........SUNRISE   641 AM CDT   SUNSET   822 PM CDT
APRIL 30 2017.........SUNRISE   640 AM CDT   SUNSET   823 PM CDT


-  INDICATES NEGATIVE NUMBERS.
R  INDICATES RECORD WAS SET OR TIED.
MM INDICATES DATA IS MISSING.
T  INDICATES TRACE AMOUNT.




$$
