000
CDUS43 KDDC 032332
CLIP28


CLIMATE REPORT
NATIONAL WEATHER SERVICE DODGE CITY KS
630 PM CDT MON AUG 3 2015


...................................

...THE MEDICINE LODGE KS CLIMATE SUMMARY FOR AUGUST 3 2015...
VALID TODAY AS OF 0500 PM LOCAL TIME.

CLIMATE NORMAL PERIOD 1981 TO 2010
CLIMATE RECORD PERIOD 1893 TO 2015


WEATHER ITEM   OBSERVED TIME   RECORD YEAR NORMAL DEPARTURE LAST
                VALUE   (LST)  VALUE       VALUE  FROM      YEAR
                                                  NORMAL
..................................................................
TEMPERATURE (F)
 TODAY
  MAXIMUM         93    356 PM 111    1923  95     -2       90
  MINIMUM         71    400 AM  52    1974  70      1       66
  AVERAGE         82                        82      0       78

PRECIPITATION (IN)
  TODAY            0.00          2.30 1927   0.09  -0.09     0.00
  MONTH TO DATE    0.00                      0.25  -0.25     0.00
  SINCE JUN 1     12.91                      7.74   5.17    12.61
  SINCE JAN 1     24.87                     17.48   7.39    15.50

DEGREE DAYS
 HEATING
  TODAY            0                         0      0        0
  MONTH TO DATE    0                         0      0        0
  SINCE JUN 1      0                         3     -3        5
  SINCE JUL 1      0                         0      0        5

 COOLING
  TODAY           17                        17      0       13
  MONTH TO DATE   48                        51     -3       32
  SINCE JUN 1   1009                       932     77      743
  SINCE JAN 1   1116                      1088     28     1012
..................................................................


WIND (MPH)
  HIGHEST WIND SPEED    15   HIGHEST WIND DIRECTION     S (200)
  HIGHEST GUST SPEED    19   HIGHEST GUST DIRECTION     S (180)
  AVERAGE WIND SPEED     6.8




RELATIVE HUMIDITY (PERCENT)
 HIGHEST    90           400 AM
 LOWEST     41           400 PM
 AVERAGE    66

..........................................................


THE MEDICINE LODGE KS CLIMATE NORMALS FOR TOMORROW
                         NORMAL    RECORD    YEAR
 MAXIMUM TEMPERATURE (F)   95       112      1923
 MINIMUM TEMPERATURE (F)   70        49      1974


SUNRISE AND SUNSET
AUGUST  3 2015........SUNRISE   640 AM CDT   SUNSET   840 PM CDT
AUGUST  4 2015........SUNRISE   641 AM CDT   SUNSET   839 PM CDT


-  INDICATES NEGATIVE NUMBERS.
R  INDICATES RECORD WAS SET OR TIED.
MM INDICATES DATA IS MISSING.
T  INDICATES TRACE AMOUNT.




$$
