000
CDUS45 KRIW 010736
CLIP60


CLIMATE REPORT
NATIONAL WEATHER SERVICE RIVERTON WY
136 AM MDT SAT AUG 1 2015


...................................

...THE LAKE YELLOWSTONE WY CLIMATE SUMMARY FOR JULY 31 2015...

CLIMATE NORMAL PERIOD 1981 TO 2010
CLIMATE RECORD PERIOD 1998 TO 2015


WEATHER ITEM   OBSERVED TIME   RECORD YEAR NORMAL DEPARTURE LAST
                VALUE   (LST)  VALUE       VALUE  FROM      YEAR
                                                  NORMAL
..................................................................
TEMPERATURE (F)
 YESTERDAY
  MAXIMUM         77    249 PM  86    2000  74      3       70
  MINIMUM         36    538 AM  34    2008  41     -5       39
                                      2001
  AVERAGE         57                        57      0       55

PRECIPITATION (IN)
  YESTERDAY        0.00          0.13 2013   0.05  -0.05     0.05
  MONTH TO DATE    1.13                      1.47  -0.34     1.35
  SINCE JUN 1      2.04                      3.47  -1.43     3.69
  SINCE JAN 1      9.78                     12.55  -2.77    18.83

DEGREE DAYS
 HEATING
  YESTERDAY        8                         8      0       10
  MONTH TO DATE  332                       283     49      265
  SINCE JUN 1    658                       776   -118      851
  SINCE JUL 1    332                       283     49      265

 COOLING
  YESTERDAY        0                         0      0        0
  MONTH TO DATE    0                         0      0        0
  SINCE JUN 1      1                         0      1        0
  SINCE JAN 1      1                         0      1        0
..................................................................


WIND (MPH)
  HIGHEST WIND SPEED     8   HIGHEST WIND DIRECTION    SE (120)
  HIGHEST GUST SPEED    12   HIGHEST GUST DIRECTION    SE (120)
  AVERAGE WIND SPEED     2.3


SKY COVER
  POSSIBLE SUNSHINE  MM
  AVERAGE SKY COVER 0.0


WEATHER CONDITIONS
 THE FOLLOWING WEATHER WAS RECORDED YESTERDAY.
  NO SIGNIFICANT WEATHER WAS OBSERVED.


RELATIVE HUMIDITY (PERCENT)
 HIGHEST    85           400 AM
 LOWEST     19           500 PM
 AVERAGE    52

..........................................................


THE LAKE YELLOWSTONE WY CLIMATE NORMALS FOR TODAY
                         NORMAL    RECORD    YEAR
 MAXIMUM TEMPERATURE (F)   74        86      2000
 MINIMUM TEMPERATURE (F)   41        30      2001


SUNRISE AND SUNSET
AUGUST  1 2015........SUNRISE   608 AM MDT   SUNSET   847 PM MDT
AUGUST  2 2015........SUNRISE   609 AM MDT   SUNSET   846 PM MDT


-  INDICATES NEGATIVE NUMBERS.
R  INDICATES RECORD WAS SET OR TIED.
MM INDICATES DATA IS MISSING.
T  INDICATES TRACE AMOUNT.




$$
