000
CDUS45 KRIW 280733
CLIP60


CLIMATE REPORT
NATIONAL WEATHER SERVICE RIVERTON WY
1233 AM MST WED JAN 28 2015


...................................

...THE LAKE YELLOWSTONE WY CLIMATE SUMMARY FOR JANUARY 27 2015...

CLIMATE NORMAL PERIOD 1981 TO 2010
CLIMATE RECORD PERIOD 1998 TO 2015


WEATHER ITEM   OBSERVED TIME   RECORD YEAR NORMAL DEPARTURE LAST
                VALUE   (LST)  VALUE       VALUE  FROM      YEAR
                                                  NORMAL
..................................................................
TEMPERATURE (F)
 YESTERDAY
  MAXIMUM         42R   408 PM  34    2003  24     18       17
  MINIMUM          2    801 AM -20    2001   1      1      -15
  AVERAGE         22                        12     10        1

PRECIPITATION (IN)
  YESTERDAY        0.08          0.23 2003   0.05   0.03     0.00
  MONTH TO DATE    1.75                      1.95  -0.20     1.44
  SINCE DEC 1      4.25                      3.45   0.80     3.39
  SINCE JAN 1      1.75                      1.95  -0.20     1.44

DEGREE DAYS
 HEATING
  YESTERDAY       43                        52     -9       64
  MONTH TO DATE 1335                      1404    -69     1433
  SINCE DEC 1   2783                      2994   -211     3142
  SINCE JUL 1   6110                      6314   -204     6370

 COOLING
  YESTERDAY        0                         0      0        0
  MONTH TO DATE    0                         0      0        0
  SINCE DEC 1      0                         0      0        0
  SINCE JAN 1      0                         0      0        0
..................................................................


WIND (MPH)
  HIGHEST WIND SPEED     9   HIGHEST WIND DIRECTION     W (250)
  HIGHEST GUST SPEED    17   HIGHEST GUST DIRECTION     W (290)
  AVERAGE WIND SPEED     1.1


SKY COVER
  POSSIBLE SUNSHINE  MM
  AVERAGE SKY COVER 0.0


WEATHER CONDITIONS
 THE FOLLOWING WEATHER WAS RECORDED YESTERDAY.
  NO SIGNIFICANT WEATHER WAS OBSERVED.


RELATIVE HUMIDITY (PERCENT)
 HIGHEST    92           100 AM
 LOWEST     45           400 PM
 AVERAGE    69

..........................................................


THE LAKE YELLOWSTONE WY CLIMATE NORMALS FOR TODAY
                         NORMAL    RECORD    YEAR
 MAXIMUM TEMPERATURE (F)   24        33      2011
 MINIMUM TEMPERATURE (F)    1       -24      2014


SUNRISE AND SUNSET
JANUARY 28 2015.......SUNRISE   745 AM MST   SUNSET   525 PM MST
JANUARY 29 2015.......SUNRISE   744 AM MST   SUNSET   526 PM MST


-  INDICATES NEGATIVE NUMBERS.
R  INDICATES RECORD WAS SET OR TIED.
MM INDICATES DATA IS MISSING.
T  INDICATES TRACE AMOUNT.




$$
