000
CDUS45 KRIW 120739
CLIP60


CLIMATE REPORT
NATIONAL WEATHER SERVICE RIVERTON WY
1228 AM MST FRI FEB 12 2016


...................................

...THE LAKE YELLOWSTONE WY CLIMATE SUMMARY FOR FEBRUARY 11 2016...

CLIMATE NORMAL PERIOD 1981 TO 2010
CLIMATE RECORD PERIOD 1998 TO 2016


WEATHER ITEM   OBSERVED TIME   RECORD YEAR NORMAL DEPARTURE LAST
                VALUE   (LST)  VALUE       VALUE  FROM      YEAR
                                                  NORMAL
..................................................................
TEMPERATURE (F)
 YESTERDAY
  MAXIMUM         43R   259 PM  37    2007  26     17       35
  MINIMUM         17    746 AM -26    2013   1     16       18
                                      2006
  AVERAGE         30                        14     16       27

PRECIPITATION (IN)
  YESTERDAY        0.00          2.67 2008   0.05  -0.05     0.00
  MONTH TO DATE    0.02                      0.56  -0.54     0.74
  SINCE DEC 1      4.27                      4.17   0.10     5.27
  SINCE JAN 1      1.23                      2.67  -1.44     2.77

DEGREE DAYS
 HEATING
  YESTERDAY       35                        51    -16       38
  MONTH TO DATE  557                       570    -13      406
  SINCE DEC 1   3698                      3781    -83     3396
  SINCE JUL 1   7026                      7101    -75     6723

 COOLING
  YESTERDAY        0                         0      0        0
  MONTH TO DATE    0                         0      0        0
  SINCE DEC 1      0                         0      0        0
  SINCE JAN 1      0                         0      0        0
..................................................................


WIND (MPH)
  HIGHEST WIND SPEED    13   HIGHEST WIND DIRECTION     W (270)
  HIGHEST GUST SPEED    19   HIGHEST GUST DIRECTION     W (290)
  AVERAGE WIND SPEED     2.2


SKY COVER
  POSSIBLE SUNSHINE  MM
  AVERAGE SKY COVER 0.0


WEATHER CONDITIONS
 THE FOLLOWING WEATHER WAS RECORDED YESTERDAY.
  NO SIGNIFICANT WEATHER WAS OBSERVED.


RELATIVE HUMIDITY (PERCENT)
 HIGHEST    84          1200 AM
 LOWEST     36           200 PM
 AVERAGE    60

..........................................................


THE LAKE YELLOWSTONE WY CLIMATE NORMALS FOR TODAY
                         NORMAL    RECORD    YEAR
 MAXIMUM TEMPERATURE (F)   26        41      2015
 MINIMUM TEMPERATURE (F)    2       -24      2004


SUNRISE AND SUNSET
FEBRUARY 12 2016......SUNRISE   727 AM MST   SUNSET   546 PM MST
FEBRUARY 13 2016......SUNRISE   725 AM MST   SUNSET   547 PM MST


-  INDICATES NEGATIVE NUMBERS.
R  INDICATES RECORD WAS SET OR TIED.
MM INDICATES DATA IS MISSING.
T  INDICATES TRACE AMOUNT.




$$
