000
CDUS45 KRIW 060736
CLIP60


CLIMATE REPORT
NATIONAL WEATHER SERVICE RIVERTON WY
127 AM MDT FRI MAY 6 2016


...................................

...THE LAKE YELLOWSTONE WY CLIMATE SUMMARY FOR MAY 5 2016...

CLIMATE NORMAL PERIOD 1981 TO 2010
CLIMATE RECORD PERIOD 1998 TO 2016


WEATHER ITEM   OBSERVED TIME   RECORD YEAR NORMAL DEPARTURE LAST
                VALUE   (LST)  VALUE       VALUE  FROM      YEAR
                                                  NORMAL
..................................................................
TEMPERATURE (F)
 YESTERDAY
  MAXIMUM         64R   248 PM  62    2004  48     16       59
  MINIMUM         29    542 AM   3    2010  26      3       28
  AVERAGE         47                        37     10       44

PRECIPITATION (IN)
  YESTERDAY        0.00          0.28 2012   0.07  -0.07     0.00
  MONTH TO DATE    0.00                      0.35  -0.35     0.04
  SINCE MAR 1      3.60                      3.64  -0.04     1.78
  SINCE JAN 1      6.25                      7.16  -0.91     4.67

DEGREE DAYS
 HEATING
  YESTERDAY       18                        28    -10       21
  MONTH TO DATE  121                       143    -22      111
  SINCE MAR 1   2332                      2457   -125     2273
  SINCE JUL 1  10116                     10394   -278     9837

 COOLING
  YESTERDAY        0                         0      0        0
  MONTH TO DATE    0                         0      0        0
  SINCE MAR 1      0                         0      0        0
  SINCE JAN 1      0                         0      0        0
..................................................................


WIND (MPH)
  HIGHEST WIND SPEED     7   HIGHEST WIND DIRECTION     E (100)
  HIGHEST GUST SPEED    11   HIGHEST GUST DIRECTION     E (90)
  AVERAGE WIND SPEED     1.4


SKY COVER
  POSSIBLE SUNSHINE  MM
  AVERAGE SKY COVER 0.0


WEATHER CONDITIONS
 THE FOLLOWING WEATHER WAS RECORDED YESTERDAY.
  NO SIGNIFICANT WEATHER WAS OBSERVED.


RELATIVE HUMIDITY (PERCENT)
 HIGHEST    85           300 AM
 LOWEST     25           300 PM
 AVERAGE    55

..........................................................


THE LAKE YELLOWSTONE WY CLIMATE NORMALS FOR TODAY
                         NORMAL    RECORD    YEAR
 MAXIMUM TEMPERATURE (F)   49        63      2004
 MINIMUM TEMPERATURE (F)   26         8      1999


SUNRISE AND SUNSET
MAY  6 2016...........SUNRISE   604 AM MDT   SUNSET   833 PM MDT
MAY  7 2016...........SUNRISE   603 AM MDT   SUNSET   834 PM MDT


-  INDICATES NEGATIVE NUMBERS.
R  INDICATES RECORD WAS SET OR TIED.
MM INDICATES DATA IS MISSING.
T  INDICATES TRACE AMOUNT.




$$
