000
CDUS45 KRIW 290030
CLIP60


CLIMATE REPORT
NATIONAL WEATHER SERVICE RIVERTON WY
630 PM MDT SAT MAR 28 2015


...................................

...THE LAKE YELLOWSTONE WY CLIMATE SUMMARY FOR MARCH 28 2015...
VALID TODAY AS OF 0500 PM LOCAL TIME.

CLIMATE NORMAL PERIOD 1981 TO 2010
CLIMATE RECORD PERIOD 1998 TO 2015


WEATHER ITEM   OBSERVED TIME   RECORD YEAR NORMAL DEPARTURE LAST
                VALUE   (LST)  VALUE       VALUE  FROM      YEAR
                                                  NORMAL
..................................................................
TEMPERATURE (F)
 TODAY
  MAXIMUM         51R       MM  46    2013  40     11       31
  MINIMUM         24        MM -11    2008  13     11       15
  AVERAGE         38

PRECIPITATION (IN)
  TODAY            0.01          0.58 2005   0.05  -0.04     0.10
  MONTH TO DATE    0.75                      1.07  -0.32     3.44
  SINCE MAR 1      0.75                      1.07  -0.32     3.44
  SINCE JAN 1      3.64                      4.59  -0.95     8.52

DEGREE DAYS
 HEATING
  TODAY           27                        39    -12       42
  MONTH TO DATE 1086                      1188   -102     1248
  SINCE MAR 1   1086                      1188   -102     1248
  SINCE JUL 1   8650                      9125   -475     9301

 COOLING
  TODAY            0                         0      0        0
  MONTH TO DATE    0                         0      0        0
  SINCE MAR 1      0                         0      0        0
  SINCE JAN 1      0                         0      0        0
..................................................................


WIND (MPH)
  HIGHEST WIND SPEED    16   HIGHEST WIND DIRECTION     W (280)
  HIGHEST GUST SPEED    38   HIGHEST GUST DIRECTION     W (280)
  AVERAGE WIND SPEED     5.1


SKY COVER
  POSSIBLE SUNSHINE  MM
  AVERAGE SKY COVER 0.0


WEATHER CONDITIONS
 THE FOLLOWING WEATHER WAS RECORDED TODAY.
  NO SIGNIFICANT WEATHER WAS OBSERVED.


RELATIVE HUMIDITY (PERCENT)
 HIGHEST    92          1200 AM
 LOWEST     26           400 PM
 AVERAGE    59

..........................................................


THE LAKE YELLOWSTONE WY CLIMATE NORMALS FOR TOMORROW
                         NORMAL    RECORD    YEAR
 MAXIMUM TEMPERATURE (F)   40        45      2013
 MINIMUM TEMPERATURE (F)   13       -14      2008


SUNRISE AND SUNSET
MARCH 28 2015.........SUNRISE   710 AM MDT   SUNSET   744 PM MDT
MARCH 29 2015.........SUNRISE   708 AM MDT   SUNSET   745 PM MDT


-  INDICATES NEGATIVE NUMBERS.
R  INDICATES RECORD WAS SET OR TIED.
MM INDICATES DATA IS MISSING.
T  INDICATES TRACE AMOUNT.




$$
