000
CDUS45 KRIW 240742
CLIP60


CLIMATE REPORT
NATIONAL WEATHER SERVICE RIVERTON WY
132 AM MDT MON JUL 24 2017


...................................

...THE LAKE YELLOWSTONE WY CLIMATE SUMMARY FOR JULY 23 2017...

CLIMATE NORMAL PERIOD 1981 TO 2010
CLIMATE RECORD PERIOD 1998 TO 2017


WEATHER ITEM   OBSERVED TIME   RECORD YEAR NORMAL DEPARTURE LAST
                VALUE   (LST)  VALUE       VALUE  FROM      YEAR
                                                  NORMAL
..................................................................
TEMPERATURE (F)
 YESTERDAY
  MAXIMUM         76    444 PM  84    2007  73      3       72
  MINIMUM         38    539 AM  35    2001  41     -3       37
  AVERAGE         57                        57      0       55

PRECIPITATION (IN)
  YESTERDAY        0.00          0.14 2004   0.06  -0.06     0.00
  MONTH TO DATE    0.38                      1.08  -0.70     0.83
  SINCE JUN 1      2.36                      3.08  -0.72     1.78
  SINCE JAN 1     19.57                     12.16   7.41    10.84

DEGREE DAYS
 HEATING
  YESTERDAY        8                         8      0       10
  MONTH TO DATE  151                       219    -68      263
  SINCE JUN 1    647                       712    -65      631
  SINCE JUL 1    151                       219    -68      263

 COOLING
  YESTERDAY        0                         0      0        0
  MONTH TO DATE    0                         0      0        0
  SINCE JUN 1      0                         0      0        0
  SINCE JAN 1      0                         0      0        0
..................................................................


WIND (MPH)
  HIGHEST WIND SPEED    13   HIGHEST WIND DIRECTION     W (270)
  HIGHEST GUST SPEED    21   HIGHEST GUST DIRECTION    SW (220)
  AVERAGE WIND SPEED     1.9


SKY COVER
  POSSIBLE SUNSHINE  MM
  AVERAGE SKY COVER 0.0


WEATHER CONDITIONS
 THE FOLLOWING WEATHER WAS RECORDED YESTERDAY.
  NO SIGNIFICANT WEATHER WAS OBSERVED.


RELATIVE HUMIDITY (PERCENT)
 HIGHEST    92           500 AM
 LOWEST     19           200 PM
 AVERAGE    56

..........................................................


THE LAKE YELLOWSTONE WY CLIMATE NORMALS FOR TODAY
                         NORMAL    RECORD    YEAR
 MAXIMUM TEMPERATURE (F)   73        80      2007
 MINIMUM TEMPERATURE (F)   41        33      2010


SUNRISE AND SUNSET
JULY 24 2017..........SUNRISE   600 AM MDT   SUNSET   856 PM MDT
JULY 25 2017..........SUNRISE   601 AM MDT   SUNSET   855 PM MDT


-  INDICATES NEGATIVE NUMBERS.
R  INDICATES RECORD WAS SET OR TIED.
MM INDICATES DATA IS MISSING.
T  INDICATES TRACE AMOUNT.




$$
