000
CDUS45 KRIW 230733
CLIP60


CLIMATE REPORT
NATIONAL WEATHER SERVICE RIVERTON WY
133 AM MDT SAT MAY 23 2015


...................................

...THE LAKE YELLOWSTONE WY CLIMATE SUMMARY FOR MAY 22 2015...

CLIMATE NORMAL PERIOD 1981 TO 2010
CLIMATE RECORD PERIOD 1998 TO 2015


WEATHER ITEM   OBSERVED TIME   RECORD YEAR NORMAL DEPARTURE LAST
                VALUE   (LST)  VALUE       VALUE  FROM      YEAR
                                                  NORMAL
..................................................................
TEMPERATURE (F)
 YESTERDAY
  MAXIMUM         55    432 PM  64    2001  53      2       62
  MINIMUM         32   1211 AM  24    2010  30      2       28
                                      2009
  AVERAGE         44                        42      2       45

PRECIPITATION (IN)
  YESTERDAY        0.10          0.70 2004   0.07   0.03     0.00
  MONTH TO DATE    2.05                      1.54   0.51     1.36
  SINCE MAR 1      3.79                      4.83  -1.04     9.72
  SINCE JAN 1      6.68                      8.35  -1.67    14.80

DEGREE DAYS
 HEATING
  YESTERDAY       21                        23     -2       20
  MONTH TO DATE  522                       578    -56      610
  SINCE MAR 1   2684                      2892   -208     3097
  SINCE JUL 1  10248                     10829   -581    11150

 COOLING
  YESTERDAY        0                         0      0        0
  MONTH TO DATE    0                         0      0        0
  SINCE MAR 1      0                         0      0        0
  SINCE JAN 1      0                         0      0        0
..................................................................


WIND (MPH)
  HIGHEST WIND SPEED     8   HIGHEST WIND DIRECTION    SE (150)
  HIGHEST GUST SPEED    14   HIGHEST GUST DIRECTION     N (20)
  AVERAGE WIND SPEED     2.6


SKY COVER
  POSSIBLE SUNSHINE  MM
  AVERAGE SKY COVER 0.0


WEATHER CONDITIONS
 THE FOLLOWING WEATHER WAS RECORDED YESTERDAY.
  NO SIGNIFICANT WEATHER WAS OBSERVED.


RELATIVE HUMIDITY (PERCENT)
 HIGHEST    96           500 AM
 LOWEST     38           400 PM
 AVERAGE    67

..........................................................


THE LAKE YELLOWSTONE WY CLIMATE NORMALS FOR TODAY
                         NORMAL    RECORD    YEAR
 MAXIMUM TEMPERATURE (F)   54        69      2001
 MINIMUM TEMPERATURE (F)   30        21      2010


SUNRISE AND SUNSET
MAY 23 2015...........SUNRISE   546 AM MDT   SUNSET   851 PM MDT
MAY 24 2015...........SUNRISE   545 AM MDT   SUNSET   852 PM MDT


-  INDICATES NEGATIVE NUMBERS.
R  INDICATES RECORD WAS SET OR TIED.
MM INDICATES DATA IS MISSING.
T  INDICATES TRACE AMOUNT.




$$
