000
CDUS45 KRIW 010739
CLIP60


CLIMATE REPORT
NATIONAL WEATHER SERVICE RIVERTON WY
136 AM MDT WED JUL 1 2015


...................................

...THE LAKE YELLOWSTONE WY CLIMATE SUMMARY FOR JUNE 30 2015...

CLIMATE NORMAL PERIOD 1981 TO 2010
CLIMATE RECORD PERIOD 1998 TO 2015


WEATHER ITEM   OBSERVED TIME   RECORD YEAR NORMAL DEPARTURE LAST
                VALUE   (LST)  VALUE       VALUE  FROM      YEAR
                                                  NORMAL
..................................................................
TEMPERATURE (F)
 YESTERDAY
  MAXIMUM         80R   141 PM  79    2013  68     12       59
                                      2012
                                      2010
  MINIMUM         52   1159 PM  29    2014  38     14       29
  AVERAGE         66                        53     13       44

PRECIPITATION (IN)
  YESTERDAY        0.00          0.44 2008   0.04  -0.04     0.00
  MONTH TO DATE    0.91                      2.00  -1.09     2.34
  SINCE JUN 1      0.91                      2.00  -1.09     2.34
  SINCE JAN 1      8.65                     11.08  -2.43    17.48

DEGREE DAYS
 HEATING
  YESTERDAY        0                        12    -12       21
  MONTH TO DATE  326                       493   -167      586
  SINCE JUN 1    326                       493   -167      586
  SINCE JUL 1  10762                     11521   -759    11895

 COOLING
  YESTERDAY        1                         0      1        0
  MONTH TO DATE    1                         0      1        0
  SINCE JUN 1      1                         0      1        0
  SINCE JAN 1      1                         0      1        0
..................................................................


WIND (MPH)
  HIGHEST WIND SPEED    18   HIGHEST WIND DIRECTION     W (280)
  HIGHEST GUST SPEED    29   HIGHEST GUST DIRECTION     W (280)
  AVERAGE WIND SPEED     3.7


SKY COVER
  POSSIBLE SUNSHINE  MM
  AVERAGE SKY COVER 0.0


WEATHER CONDITIONS
 THE FOLLOWING WEATHER WAS RECORDED YESTERDAY.
  NO SIGNIFICANT WEATHER WAS OBSERVED.


RELATIVE HUMIDITY (PERCENT)
 HIGHEST    83           100 AM
 LOWEST     24           200 PM
 AVERAGE    54

..........................................................


THE LAKE YELLOWSTONE WY CLIMATE NORMALS FOR TODAY
                         NORMAL    RECORD    YEAR
 MAXIMUM TEMPERATURE (F)   69        82      2001
 MINIMUM TEMPERATURE (F)   38        29      2014


SUNRISE AND SUNSET
JULY  1 2015..........SUNRISE   540 AM MDT   SUNSET   910 PM MDT
JULY  2 2015..........SUNRISE   541 AM MDT   SUNSET   910 PM MDT


-  INDICATES NEGATIVE NUMBERS.
R  INDICATES RECORD WAS SET OR TIED.
MM INDICATES DATA IS MISSING.
T  INDICATES TRACE AMOUNT.




$$
