000
CDUS45 KLKN 220928
CLIP68


CLIMATE REPORT
NATIONAL WEATHER SERVICE ELKO NV
227 AM PDT MON SEP 22 2014


...................................

...THE EUREKA AIRPORT NV CLIMATE SUMMARY FOR SEPTEMBER 21 2014...

CLIMATE NORMAL PERIOD 1981 TO 2010
CLIMATE RECORD PERIOD 1963 TO 2014


WEATHER ITEM   OBSERVED TIME   RECORD YEAR NORMAL DEPARTURE LAST
                VALUE   (LST)  VALUE       VALUE  FROM      YEAR
                                                  NORMAL
..................................................................
TEMPERATURE (F)
 YESTERDAY
  MAXIMUM         70   1150 AM  88    1966  76     -6       78
  MINIMUM         49   1159 PM  13    1968  37     12       48
  AVERAGE         60                        56      4       63

PRECIPITATION (IN)
  YESTERDAY        0.65R         0.33 1988   0.02   0.63     0.00
  MONTH TO DATE    1.13                      0.41   0.72     1.02
  SINCE OCT 1     10.34                      8.83   1.51     7.41
  SINCE JAN 1      7.94                      6.70   1.24     5.97

DEGREE DAYS
 HEATING
  YESTERDAY        5                         9     -4        2
  MONTH TO DATE   28                       118    -90       60
  SINCE SEP 1     28                       118    -90       60
  SINCE JUL 1     53                       165   -112       61

 COOLING
  YESTERDAY        0                         0      0        0
  MONTH TO DATE   33                         9     24       44
  SINCE SEP 1     33                         9     24       44
  SINCE JAN 1    432                       286    146      585
..................................................................


WIND (MPH)
  HIGHEST WIND SPEED    31   HIGHEST WIND DIRECTION    SW (230)
  HIGHEST GUST SPEED    41   HIGHEST GUST DIRECTION    SW (230)
  AVERAGE WIND SPEED     5.1




RELATIVE HUMIDITY (PERCENT)
 HIGHEST   100           400 AM
 LOWEST     51          1200 PM
 AVERAGE    76

..........................................................


THE EUREKA AIRPORT NV CLIMATE NORMALS FOR TODAY
                         NORMAL    RECORD    YEAR
 MAXIMUM TEMPERATURE (F)   75        88      1992
 MINIMUM TEMPERATURE (F)   36        12      1968


SUNRISE AND SUNSET
SEPTEMBER 22 2014.....SUNRISE   632 AM PDT   SUNSET   641 PM PDT
SEPTEMBER 23 2014.....SUNRISE   632 AM PDT   SUNSET   639 PM PDT


-  INDICATES NEGATIVE NUMBERS.
R  INDICATES RECORD WAS SET OR TIED.
MM INDICATES DATA IS MISSING.
T  INDICATES TRACE AMOUNT.




$$
