000
CDUS45 KLKN 240931
CLIP68


CLIMATE REPORT
NATIONAL WEATHER SERVICE ELKO NV
226 AM PDT SUN MAY 24 2015


...................................

...THE EUREKA AIRPORT NV CLIMATE SUMMARY FOR MAY 23 2015...

CLIMATE NORMAL PERIOD 1981 TO 2010
CLIMATE RECORD PERIOD 1963 TO 2015


WEATHER ITEM   OBSERVED TIME   RECORD YEAR NORMAL DEPARTURE LAST
                VALUE   (LST)  VALUE       VALUE  FROM      YEAR
                                                  NORMAL
..................................................................
TEMPERATURE (F)
 YESTERDAY
  MAXIMUM         60    117 PM  87    2001  72    -12       78
  MINIMUM         46    506 AM  22    2007  35     11       34
  AVERAGE         53                        54     -1       56

PRECIPITATION (IN)
  YESTERDAY        0.14          0.66 2011   0.03   0.11     0.00
  MONTH TO DATE    1.43                      0.56   0.87     0.95
  SINCE OCT 1      3.80                      6.19  -2.39     6.95
  SINCE JAN 1      2.68                      4.06  -1.38     4.55

DEGREE DAYS
 HEATING
  YESTERDAY       12                        12      0        9
  MONTH TO DATE  333                       328      5      321
  SINCE MAR 1   1613                      1847   -234     1688
  SINCE JUL 1   5656                      7132  -1476     6492

 COOLING
  YESTERDAY        0                         0      0        0
  MONTH TO DATE    0                         0      0        0
  SINCE MAR 1      0                         0      0        0
  SINCE JAN 1      0                         0      0        0
..................................................................


WIND (MPH)
  HIGHEST WIND SPEED    24   HIGHEST WIND DIRECTION     N (10)
  HIGHEST GUST SPEED    31   HIGHEST GUST DIRECTION     N (20)
  AVERAGE WIND SPEED     4.5




RELATIVE HUMIDITY (PERCENT)
 HIGHEST    86           100 AM
 LOWEST     57           100 PM
 AVERAGE    72

..........................................................


THE EUREKA AIRPORT NV CLIMATE NORMALS FOR TODAY
                         NORMAL    RECORD    YEAR
 MAXIMUM TEMPERATURE (F)   72        88      2001
 MINIMUM TEMPERATURE (F)   36        22      2010
                                             1989


SUNRISE AND SUNSET
MAY 24 2015...........SUNRISE   523 AM PDT   SUNSET   759 PM PDT
MAY 25 2015...........SUNRISE   522 AM PDT   SUNSET   800 PM PDT


-  INDICATES NEGATIVE NUMBERS.
R  INDICATES RECORD WAS SET OR TIED.
MM INDICATES DATA IS MISSING.
T  INDICATES TRACE AMOUNT.




$$
