000
CDUS45 KLKN 050934
CLIP68


CLIMATE REPORT
NATIONAL WEATHER SERVICE ELKO NV
233 AM PDT SUN JUL 5 2015


...................................

...THE EUREKA AIRPORT NV CLIMATE SUMMARY FOR JULY 4 2015...

CLIMATE NORMAL PERIOD 1981 TO 2010
CLIMATE RECORD PERIOD 1963 TO 2015


WEATHER ITEM   OBSERVED TIME   RECORD YEAR NORMAL DEPARTURE LAST
                VALUE   (LST)  VALUE       VALUE  FROM      YEAR
                                                  NORMAL
..................................................................
TEMPERATURE (F)
 YESTERDAY
  MAXIMUM         82    940 AM  99    2007  87     -5       96
  MINIMUM         60    254 AM  34    1969  47     13       52
                                      1966
  AVERAGE         71                        67      4       74

PRECIPITATION (IN)
  YESTERDAY        0.00          0.12 2006   0.02  -0.02     0.00
  MONTH TO DATE    0.07                      0.05   0.02     0.00
  SINCE OCT 1      5.21                      7.26  -2.05     7.07
  SINCE JAN 1      4.09                      5.13  -1.04     4.67

DEGREE DAYS
 HEATING
  YESTERDAY        0                         1     -1        0
  MONTH TO DATE    0                         4     -4        0
  SINCE JUN 1     39                       164   -125      103
  SINCE JUL 1      0                         4     -4        0

 COOLING
  YESTERDAY        6                         3      3        9
  MONTH TO DATE   43                        11     32       36
  SINCE JUN 1    200                        40    160       77
  SINCE JAN 1    208                        43    165       79
..................................................................


WIND (MPH)
  HIGHEST WIND SPEED    23   HIGHEST WIND DIRECTION     W (260)
  HIGHEST GUST SPEED    28   HIGHEST GUST DIRECTION     W (260)
  AVERAGE WIND SPEED     7.2




RELATIVE HUMIDITY (PERCENT)
 HIGHEST    67          1000 PM
 LOWEST     28           900 AM
 AVERAGE    48

..........................................................


THE EUREKA AIRPORT NV CLIMATE NORMALS FOR TODAY
                         NORMAL    RECORD    YEAR
 MAXIMUM TEMPERATURE (F)   87       105      1985
 MINIMUM TEMPERATURE (F)   48        32      1986


SUNRISE AND SUNSET
JULY  5 2015..........SUNRISE   522 AM PDT   SUNSET   814 PM PDT
JULY  6 2015..........SUNRISE   523 AM PDT   SUNSET   814 PM PDT


-  INDICATES NEGATIVE NUMBERS.
R  INDICATES RECORD WAS SET OR TIED.
MM INDICATES DATA IS MISSING.
T  INDICATES TRACE AMOUNT.




$$
