000
CDUS45 KLKN 260930
CLIP68


CLIMATE REPORT
NATIONAL WEATHER SERVICE ELKO NV
126 AM PST WED NOV 26 2014


...................................

...THE EUREKA AIRPORT NV CLIMATE SUMMARY FOR NOVEMBER 25 2014...

CLIMATE NORMAL PERIOD 1981 TO 2010
CLIMATE RECORD PERIOD 1963 TO 2014


WEATHER ITEM   OBSERVED TIME   RECORD YEAR NORMAL DEPARTURE LAST
                VALUE   (LST)  VALUE       VALUE  FROM      YEAR
                                                  NORMAL
..................................................................
TEMPERATURE (F)
 YESTERDAY
  MAXIMUM         56    128 PM  69    1995  45     11       48
  MINIMUM         20    524 AM -10    1992  17      3       18
  AVERAGE         38                        31      7       33

PRECIPITATION (IN)
  YESTERDAY        0.00          0.20 1984   0.03  -0.03     0.00
  MONTH TO DATE    0.33                      0.68  -0.35     0.64
  SINCE OCT 1      0.33                      1.42  -1.09     1.33
  SINCE JAN 1      8.27                      8.29  -0.02     7.47

DEGREE DAYS
 HEATING
  YESTERDAY       27                        34     -7       32
  MONTH TO DATE  706                       735    -29      663
  SINCE SEP 1   1203                      1535   -332     1471
  SINCE JUL 1   1228                      1582   -354     1472

 COOLING
  YESTERDAY        0                         0      0        0
  MONTH TO DATE    0                         0      0        0
  SINCE SEP 1     37                        11     26       44
  SINCE JAN 1    436                       288    148      585
..................................................................


WIND (MPH)
  HIGHEST WIND SPEED    16   HIGHEST WIND DIRECTION     S (180)
  HIGHEST GUST SPEED    18   HIGHEST GUST DIRECTION     S (180)
  AVERAGE WIND SPEED     6.4




RELATIVE HUMIDITY (PERCENT)
 HIGHEST    78           900 PM
 LOWEST     28          1000 AM
 AVERAGE    53

..........................................................


THE EUREKA AIRPORT NV CLIMATE NORMALS FOR TODAY
                         NORMAL    RECORD    YEAR
 MAXIMUM TEMPERATURE (F)   44        62      1998
 MINIMUM TEMPERATURE (F)   16       -12      1992


SUNRISE AND SUNSET
NOVEMBER 26 2014......SUNRISE   640 AM PST   SUNSET   422 PM PST
NOVEMBER 27 2014......SUNRISE   641 AM PST   SUNSET   422 PM PST


-  INDICATES NEGATIVE NUMBERS.
R  INDICATES RECORD WAS SET OR TIED.
MM INDICATES DATA IS MISSING.
T  INDICATES TRACE AMOUNT.




$$
