000
CDUS43 KPAH 220635
CLIPAH

CLIMATE REPORT
NATIONAL WEATHER SERVICE PADUCAH KY
131 AM CDT MON SEP 22 2014

...................................

...THE PADUCAH KY CLIMATE SUMMARY FOR SEPTEMBER 21 2014...

CLIMATE NORMAL PERIOD 1981 TO 2010
CLIMATE RECORD PERIOD 1937 TO 2014

WEATHER ITEM   OBSERVED TIME   RECORD YEAR NORMAL DEPARTURE LAST
                VALUE   (LST)  VALUE       VALUE  FROM      YEAR
                                                  NORMAL
..................................................................
TEMPERATURE (F)
 YESTERDAY
  MAXIMUM         84    200 PM  98    1940  80      4       76
  MINIMUM         62   1159 PM  38    1991  56      6       53
  AVERAGE         73                        68      5       65

PRECIPITATION (IN)
  YESTERDAY        0.00          2.57 1979   0.12  -0.12     0.02
  MONTH TO DATE    0.91                      2.53  -1.62     1.05
  SINCE SEP 1      0.91                      2.53  -1.62     1.05
  SINCE JAN 1     37.68                     35.01   2.67    41.82

SNOWFALL (IN)
  YESTERDAY        0.0           0.0  2002   0.0    0.0      0.0
                                      2001
  MONTH TO DATE    0.0                       0.0    0.0      0.0
  SINCE SEP 1      0.0                       0.0    0.0      0.0
  SINCE JUL 1      0.0                       0.0    0.0      0.0
  SNOW DEPTH       0

DEGREE DAYS
 HEATING
  YESTERDAY        0                         2     -2        0
  MONTH TO DATE   17                        11      6        2
  SINCE SEP 1     17                        11      6        2
  SINCE JUL 1     17                        12      5        2

 COOLING
  YESTERDAY        8                         5      3        0
  MONTH TO DATE  171                       155     16      205
  SINCE SEP 1    171                       155     16      205
  SINCE JAN 1   1642                      1468    174     1379
..................................................................

WIND (MPH)
  HIGHEST WIND SPEED    16   HIGHEST WIND DIRECTION     N (350)
  HIGHEST GUST SPEED    20   HIGHEST GUST DIRECTION     N (350)
  AVERAGE WIND SPEED     7.4

SKY COVER
  POSSIBLE SUNSHINE  MM
  AVERAGE SKY COVER 0.2

WEATHER CONDITIONS
 THE FOLLOWING WEATHER WAS RECORDED YESTERDAY.
  NO SIGNIFICANT WEATHER WAS OBSERVED.

RELATIVE HUMIDITY (PERCENT)
 HIGHEST    84           700 AM
 LOWEST     31           100 PM
 AVERAGE    58
..........................................................

THE PADUCAH KY CLIMATE NORMALS FOR TODAY
                         NORMAL    RECORD    YEAR
 MAXIMUM TEMPERATURE (F)   80        98      1940
 MINIMUM TEMPERATURE (F)   55        38      1999

SUNRISE AND SUNSET
SEPTEMBER 22 2014.....SUNRISE   643 AM CDT   SUNSET   652 PM CDT
SEPTEMBER 23 2014.....SUNRISE   644 AM CDT   SUNSET   650 PM CDT

-  INDICATES NEGATIVE NUMBERS.
R  INDICATES RECORD WAS SET OR TIED.
MM INDICATES DATA IS MISSING.
T  INDICATES TRACE AMOUNT.

&&
..........................................................

***** AGRICULTURAL DATA *****

SOIL TEMPERATURES AT A DEPTH OF FOUR INCHES

UNDER BARE GROUND...  MAX: MM  MIN: MM
UNDER GRASS.........  MAX: 71  MIN: 70

$$
