000
CDUS43 KPAH 300629
CLIPAH


CLIMATE REPORT
NATIONAL WEATHER SERVICE PADUCAH KY
127 AM CDT SAT AUG 30 2014

...................................

...THE PADUCAH KY CLIMATE SUMMARY FOR AUGUST 29 2014...

CLIMATE NORMAL PERIOD 1981 TO 2010
CLIMATE RECORD PERIOD 1937 TO 2014

WEATHER ITEM   OBSERVED TIME   RECORD YEAR NORMAL DEPARTURE LAST
                VALUE   (LST)  VALUE       VALUE  FROM      YEAR
                                                  NORMAL
..................................................................
TEMPERATURE (F)
 YESTERDAY
  MAXIMUM         93    234 PM  99    2000  88      5       95
  MINIMUM         71    543 AM  44    1986  64      7       72
  AVERAGE         82                        76      6       84

PRECIPITATION (IN)
  YESTERDAY        0.00          1.29 1977   0.09  -0.09     0.00
  MONTH TO DATE    3.30                      2.59   0.71     3.71
  SINCE JUN 1     12.03                     11.09   0.94    15.30
  SINCE JAN 1     32.22                     32.31  -0.09    40.77

SNOWFALL (IN)
  YESTERDAY        0.0           0.0  2002   0.0    0.0      0.0
                                      2001
  MONTH TO DATE    0.0                       0.0    0.0      0.0
  SINCE JUN 1      0.0                       0.0    0.0      0.0
  SINCE JUL 1      0.0                       0.0    0.0      0.0
  SNOW DEPTH       0

DEGREE DAYS
 HEATING
  YESTERDAY        0                         0      0        0
  MONTH TO DATE    0                         0      0        0
  SINCE JUN 1      0                         4     -4        0
  SINCE JUL 1      0                         0      0        0

 COOLING
  YESTERDAY       17                        11      6       19
  MONTH TO DATE  444                       365     79      316
  SINCE JUN 1   1165                      1116     49      956
  SINCE JAN 1   1443                      1288    155     1134
..................................................................

WIND (MPH)
  HIGHEST WIND SPEED    22   HIGHEST WIND DIRECTION     W (260)
  HIGHEST GUST SPEED    31   HIGHEST GUST DIRECTION     W (270)
  AVERAGE WIND SPEED     5.3

SKY COVER
  POSSIBLE SUNSHINE  MM
  AVERAGE SKY COVER 0.1

WEATHER CONDITIONS
 THE FOLLOWING WEATHER WAS RECORDED YESTERDAY.
  FOG
  HAZE

RELATIVE HUMIDITY (PERCENT)
 HIGHEST    93          1200 AM
 LOWEST     41          1200 PM
 AVERAGE    67
..........................................................

THE PADUCAH KY CLIMATE NORMALS FOR TODAY
                         NORMAL    RECORD    YEAR
 MAXIMUM TEMPERATURE (F)   88       100      1947
 MINIMUM TEMPERATURE (F)   64        46      1986

SUNRISE AND SUNSET
AUGUST 30 2014........SUNRISE   624 AM CDT   SUNSET   726 PM CDT
AUGUST 31 2014........SUNRISE   625 AM CDT   SUNSET   725 PM CDT

-  INDICATES NEGATIVE NUMBERS.
R  INDICATES RECORD WAS SET OR TIED.
MM INDICATES DATA IS MISSING.
T  INDICATES TRACE AMOUNT.

$$
