000
CDUS43 KPAH 310627
CLIPAH


CLIMATE REPORT
NATIONAL WEATHER SERVICE PADUCAH KY
126 AM CDT FRI OCT 31 2014


...................................

...THE PADUCAH KY CLIMATE SUMMARY FOR OCTOBER 30 2014...

CLIMATE NORMAL PERIOD 1981 TO 2010
CLIMATE RECORD PERIOD 1937 TO 2014


WEATHER ITEM   OBSERVED TIME   RECORD YEAR NORMAL DEPARTURE LAST
                VALUE   (LST)  VALUE       VALUE  FROM      YEAR
                                                  NORMAL
..................................................................
TEMPERATURE (F)
 YESTERDAY
  MAXIMUM         64    217 PM  84    1950  66     -2       78
  MINIMUM         34    644 AM  27    1980  43     -9       65
  AVERAGE         49                        55     -6       72

PRECIPITATION (IN)
  YESTERDAY        0.04          1.29 2009   0.12  -0.08     0.01
  MONTH TO DATE    3.61                      3.84  -0.23     5.13
  SINCE SEP 1      4.58                      7.59  -3.01     8.23
  SINCE JAN 1     41.35                     40.07   1.28    49.00

SNOWFALL (IN)
  YESTERDAY        0.0           2.0  1993   0.0    0.0      0.0
  MONTH TO DATE    0.0                       0.1   -0.1      0.0
  SINCE SEP 1      0.0                       0.1   -0.1      0.0
  SINCE JUL 1      0.0                       0.1   -0.1      0.0
  SNOW DEPTH       0

DEGREE DAYS
 HEATING
  YESTERDAY       16                        11      5        0
  MONTH TO DATE  184                       217    -33      203
  SINCE SEP 1    205                       255    -50      208
  SINCE JUL 1    205                       256    -51      208

 COOLING
  YESTERDAY        0                         0      0        7
  MONTH TO DATE   49                        39     10       70
  SINCE SEP 1    251                       226     25      304
  SINCE JAN 1   1722                      1539    183     1478
..................................................................


WIND (MPH)
  HIGHEST WIND SPEED     9   HIGHEST WIND DIRECTION    SW (230)
  HIGHEST GUST SPEED    14   HIGHEST GUST DIRECTION    SW (240)
  AVERAGE WIND SPEED     1.9


SKY COVER
  POSSIBLE SUNSHINE  MM
  AVERAGE SKY COVER 0.3


WEATHER CONDITIONS
 THE FOLLOWING WEATHER WAS RECORDED YESTERDAY.
  LIGHT RAIN
  FOG


RELATIVE HUMIDITY (PERCENT)
 HIGHEST   100           200 AM
 LOWEST     39           300 PM
 AVERAGE    70

..........................................................


THE PADUCAH KY CLIMATE NORMALS FOR TODAY
                         NORMAL    RECORD    YEAR
 MAXIMUM TEMPERATURE (F)   66        85      1950
 MINIMUM TEMPERATURE (F)   43        24      1993


SUNRISE AND SUNSET
OCTOBER 31 2014.......SUNRISE   718 AM CDT   SUNSET   559 PM CDT
NOVEMBER  1 2014......SUNRISE   719 AM CDT   SUNSET   558 PM CDT


-  INDICATES NEGATIVE NUMBERS.
R  INDICATES RECORD WAS SET OR TIED.
MM INDICATES DATA IS MISSING.
T  INDICATES TRACE AMOUNT.

&&
..........................................................

***** AGRICULTURAL DATA *****

SOIL TEMPERATURES AT A DEPTH OF FOUR INCHES

UNDER BARE GROUND...  MAX: MM  MIN: MM
UNDER GRASS.........  MAX: 63  MIN: 61


$$
