000
CDUS43 KPAH 280649
CLIPAH


CLIMATE REPORT
NATIONAL WEATHER SERVICE PADUCAH KY
143 AM CDT TUE MAR 28 2017


...................................

...THE PADUCAH KY CLIMATE SUMMARY FOR MARCH 27 2017...

CLIMATE NORMAL PERIOD 1981 TO 2010
CLIMATE RECORD PERIOD 1937 TO 2017


WEATHER ITEM   OBSERVED TIME   RECORD YEAR NORMAL DEPARTURE LAST
                VALUE   (LST)  VALUE       VALUE  FROM      YEAR
                                                  NORMAL
..................................................................
TEMPERATURE (F)
 YESTERDAY
  MAXIMUM         68   1009 AM  82    2007  63      5       77
  MINIMUM         50    349 AM  17    1955  41      9       41
  AVERAGE         59                        52      7       59

PRECIPITATION (IN)
  YESTERDAY        0.48          3.19 1950   0.13   0.35     0.29
  MONTH TO DATE    4.23                      3.35   0.88     6.35
  SINCE MAR 1      4.23                      3.35   0.88     6.35
  SINCE JAN 1      9.06                     10.94  -1.88    11.81

SNOWFALL (IN)
  YESTERDAY        0.0           T    2015   0.0    0.0      0.0
                                      1955
  MONTH TO DATE    1.0                       0.6    0.4       T
  SINCE MAR 1      1.0                       0.6    0.4       T
  SINCE JUL 1      1.2                       9.1   -7.9     12.1
  SNOW DEPTH       0

DEGREE DAYS
 HEATING
  YESTERDAY        6                        14     -8        6
  MONTH TO DATE  415                       472    -57      325
  SINCE MAR 1    415                       472    -57      325
  SINCE JUL 1   2894                      3768   -874     2987

 COOLING
  YESTERDAY        0                         0      0        0
  MONTH TO DATE    1                         0      1        1
  SINCE MAR 1      1                         0      1        1
  SINCE JAN 1      1                         0      1        1
..................................................................


WIND (MPH)
  HIGHEST WIND SPEED    18   HIGHEST WIND DIRECTION    SW (230)
  HIGHEST GUST SPEED    26   HIGHEST GUST DIRECTION    SW (240)
  AVERAGE WIND SPEED     6.0


SKY COVER
  POSSIBLE SUNSHINE  MM
  AVERAGE SKY COVER 0.4


WEATHER CONDITIONS
 THE FOLLOWING WEATHER WAS RECORDED YESTERDAY.
  THUNDERSTORM
  HEAVY RAIN
  RAIN
  LIGHT RAIN
  FOG


RELATIVE HUMIDITY (PERCENT)
 HIGHEST    93           200 AM
 LOWEST     63          1000 AM
 AVERAGE    78

..........................................................


THE PADUCAH KY CLIMATE NORMALS FOR TODAY
                         NORMAL    RECORD    YEAR
 MAXIMUM TEMPERATURE (F)   63        82      2012
                                             1945
 MINIMUM TEMPERATURE (F)   41        20      1947


SUNRISE AND SUNSET
MARCH 28 2017.........SUNRISE   646 AM CDT   SUNSET   714 PM CDT
MARCH 29 2017.........SUNRISE   645 AM CDT   SUNSET   715 PM CDT


-  INDICATES NEGATIVE NUMBERS.
R  INDICATES RECORD WAS SET OR TIED.
MM INDICATES DATA IS MISSING.
T  INDICATES TRACE AMOUNT.

&&
..........................................................
***** AGRICULTURAL DATA *****

SOIL TEMPERATURES AT A DEPTH OF FOUR INCHES

UNDER GRASS...  MAX: 56    MIN: 54


$$
