000
CDUS44 KLZK 272202
CLIPBF


CLIMATE REPORT
NATIONAL WEATHER SERVICE LITTLE ROCK AR
402 PM CST THU NOV 27 2014


...................................

...THE PINE BLUFF CLIMATE SUMMARY FOR NOVEMBER 27 2014...
VALID TODAY AS OF 0400 PM LOCAL TIME.

CLIMATE NORMAL PERIOD 1981 TO 2010
CLIMATE RECORD PERIOD 1883 TO 2014


WEATHER ITEM   OBSERVED TIME   RECORD YEAR NORMAL DEPARTURE LAST
                VALUE   (LST)  VALUE       VALUE  FROM      YEAR
                                                  NORMAL
..................................................................
TEMPERATURE (F)
 TODAY
  MAXIMUM         46    259 PM  84    1927  59    -13       39
  MINIMUM         34    713 AM  17    1938  39     -5       26
  AVERAGE         40                        49     -9       33

PRECIPITATION (IN)
  TODAY            0.00          2.80 1973   0.17  -0.17     0.00
  MONTH TO DATE    3.15                      4.29  -1.14     2.88
  SINCE SEP 1     10.30                     11.98  -1.68    11.30
  SINCE JAN 1     40.21                     45.17  -4.96    44.93

SNOWFALL (IN)
  TODAY            0.0           1.8  1980   0.0    0.0      0.0
  MONTH TO DATE    0.1                       0.0    0.1       T
  SINCE SEP 1      0.1                       0.0    0.1       T
  SINCE JUL 1      0.1                       0.0    0.1       T
  SNOW DEPTH       0

DEGREE DAYS
 HEATING
  TODAY           25                        16      9       32
  MONTH TO DATE  494                       317    177      407
  SINCE SEP 1    578                       454    124      526
  SINCE JUL 1    579                       454    125      526

 COOLING
  TODAY            0                         0      0        0
  MONTH TO DATE    0                        10    -10        6
  SINCE SEP 1    397                       371     26      484
  SINCE JAN 1   1898                      2129   -231     2148
..................................................................


WIND (MPH)
  HIGHEST WIND SPEED    14   HIGHEST WIND DIRECTION     N (20)
  HIGHEST GUST SPEED    20   HIGHEST GUST DIRECTION     N (10)
  AVERAGE WIND SPEED     6.3


SKY COVER
  POSSIBLE SUNSHINE  MM
  AVERAGE SKY COVER 0.1


WEATHER CONDITIONS
 THE FOLLOWING WEATHER WAS RECORDED TODAY.
  NO SIGNIFICANT WEATHER WAS OBSERVED.


RELATIVE HUMIDITY (PERCENT)
 HIGHEST    75           700 AM
 LOWEST     45           300 PM
 AVERAGE    60

..........................................................


THE PINE BLUFF CLIMATE NORMALS FOR TOMORROW
                         NORMAL    RECORD    YEAR
 MAXIMUM TEMPERATURE (F)   58        81      1927
 MINIMUM TEMPERATURE (F)   39        21      1912


SUNRISE AND SUNSET
NOVEMBER 27 2014......SUNRISE   652 AM CST   SUNSET   459 PM CST
NOVEMBER 28 2014......SUNRISE   653 AM CST   SUNSET   459 PM CST


-  INDICATES NEGATIVE NUMBERS.
R  INDICATES RECORD WAS SET OR TIED.
MM INDICATES DATA IS MISSING.
T  INDICATES TRACE AMOUNT.




$$
