000
CDUS44 KLZK 202102
CLIPBF


CLIMATE REPORT
NATIONAL WEATHER SERVICE LITTLE ROCK AR
401 PM CDT WED AUG 20 2014


...................................

...THE PINE BLUFF CLIMATE SUMMARY FOR AUGUST 20 2014...
VALID TODAY AS OF 0400 PM LOCAL TIME.

CLIMATE NORMAL PERIOD 1981 TO 2010
CLIMATE RECORD PERIOD 1883 TO 2014


WEATHER ITEM   OBSERVED TIME   RECORD YEAR NORMAL DEPARTURE LAST
                VALUE   (LST)  VALUE       VALUE  FROM      YEAR
                                                  NORMAL
..................................................................
TEMPERATURE (F)
 TODAY
  MAXIMUM         92    234 PM 108    1925  92      0       91
  MINIMUM         73    610 AM  60    1953  70      3       67
                                      1940
                                      1927
  AVERAGE         83                        81      2       79

PRECIPITATION (IN)
  TODAY            0.00          1.65 1915   0.08  -0.08     0.00
  MONTH TO DATE    1.91                      1.73   0.18     2.96
  SINCE JUN 1      7.29                      9.24  -1.95     6.19
  SINCE JAN 1     29.56                     32.44  -2.88    33.63

SNOWFALL (IN)
  TODAY            0.0          MM      MM   0.0    0.0      0.0
  MONTH TO DATE    0.0                       0.0    0.0      0.0
  SINCE JUN 1      0.0                       0.0    0.0      0.0
  SINCE JUL 1      0.0                       0.0    0.0      0.0
  SNOW DEPTH       0

DEGREE DAYS
 HEATING
  TODAY            0                         0      0        0
  MONTH TO DATE    0                         0      0        0
  SINCE JUN 1      1                         0      1        0
  SINCE JUL 1      1                         0      1        0

 COOLING
  TODAY           18                        16      2       14
  MONTH TO DATE  276                       335    -59      308
  SINCE JUN 1   1055                      1285   -230     1198
  SINCE JAN 1   1318                      1592   -274     1465
..................................................................


WIND (MPH)
  HIGHEST WIND SPEED    15   HIGHEST WIND DIRECTION     W (250)
  HIGHEST GUST SPEED    20   HIGHEST GUST DIRECTION     W (270)
  AVERAGE WIND SPEED     7.1


SKY COVER
  POSSIBLE SUNSHINE  MM
  AVERAGE SKY COVER 0.0


WEATHER CONDITIONS
 THE FOLLOWING WEATHER WAS RECORDED TODAY.
  NO SIGNIFICANT WEATHER WAS OBSERVED.


RELATIVE HUMIDITY (PERCENT)
 HIGHEST    94           100 AM
 LOWEST     52           200 PM
 AVERAGE    73

..........................................................


THE PINE BLUFF CLIMATE NORMALS FOR TOMORROW
                         NORMAL    RECORD    YEAR
 MAXIMUM TEMPERATURE (F)   92       104      1899
 MINIMUM TEMPERATURE (F)   70        57      1956


SUNRISE AND SUNSET
AUGUST 20 2014........SUNRISE   633 AM CDT   SUNSET   749 PM CDT
AUGUST 21 2014........SUNRISE   633 AM CDT   SUNSET   748 PM CDT


-  INDICATES NEGATIVE NUMBERS.
R  INDICATES RECORD WAS SET OR TIED.
MM INDICATES DATA IS MISSING.
T  INDICATES TRACE AMOUNT.




$$
