000
CDUS44 KLZK 220908
CLIPBF


CLIMATE REPORT
NATIONAL WEATHER SERVICE LITTLE ROCK AR
407 AM CDT FRI MAY 22 2015


...................................

...THE PINE BLUFF CLIMATE SUMMARY FOR MAY 21 2015...

CLIMATE NORMAL PERIOD 1981 TO 2010
CLIMATE RECORD PERIOD 1883 TO 2015


WEATHER ITEM   OBSERVED TIME   RECORD YEAR NORMAL DEPARTURE LAST
                VALUE   (LST)  VALUE       VALUE  FROM      YEAR
                                                  NORMAL
..................................................................
TEMPERATURE (F)
 YESTERDAY
  MAXIMUM         69   1202 AM  99    1902  83    -14       85
  MINIMUM         52   1159 PM  45    1954  63    -11       65
                                      1894
  AVERAGE         61                        73    -12       75

PRECIPITATION (IN)
  YESTERDAY        T             3.73 1947   0.15  -0.15     0.00
  MONTH TO DATE    3.09                      3.48  -0.39     3.33
  SINCE MAR 1     18.80                     13.81   4.99    13.02
  SINCE JAN 1     25.73                     21.63   4.10    18.45

SNOWFALL (IN)
  YESTERDAY        0.0          MM      MM   0.0    0.0      0.0
  MONTH TO DATE    0.0                       0.0    0.0      0.0
  SINCE MAR 1      2.0                       0.0    2.0       T
  SINCE JUL 1      9.2                       3.1    6.1      3.7
  SNOW DEPTH       0

DEGREE DAYS
 HEATING
  YESTERDAY        4                         0      4        0
  MONTH TO DATE    9                        15     -6       46
  SINCE MAR 1    511                       491     20      684
  SINCE JUL 1   3245                      2879    366     3453

 COOLING
  YESTERDAY        0                         8     -8       10
  MONTH TO DATE  156                       124     32      102
  SINCE MAR 1    241                       208     33      156
  SINCE JAN 1    241                       211     30      156
..................................................................


WIND (MPH)
  HIGHEST WIND SPEED    20   HIGHEST WIND DIRECTION     N (10)
  HIGHEST GUST SPEED    24   HIGHEST GUST DIRECTION     N (20)
  AVERAGE WIND SPEED    11.9


SKY COVER
  POSSIBLE SUNSHINE  MM
  AVERAGE SKY COVER 0.7


WEATHER CONDITIONS
 THE FOLLOWING WEATHER WAS RECORDED YESTERDAY.
  LIGHT RAIN
  FOG


RELATIVE HUMIDITY (PERCENT)
 HIGHEST    86           700 AM
 LOWEST     64           300 PM
 AVERAGE    75

..........................................................


THE PINE BLUFF CLIMATE NORMALS FOR TODAY
                         NORMAL    RECORD    YEAR
 MAXIMUM TEMPERATURE (F)   83        97      1902
 MINIMUM TEMPERATURE (F)   63        46      1892


SUNRISE AND SUNSET
MAY 22 2015...........SUNRISE   602 AM CDT   SUNSET   808 PM CDT
MAY 23 2015...........SUNRISE   601 AM CDT   SUNSET   808 PM CDT


-  INDICATES NEGATIVE NUMBERS.
R  INDICATES RECORD WAS SET OR TIED.
MM INDICATES DATA IS MISSING.
T  INDICATES TRACE AMOUNT.




$$
