000
CDUS44 KLZK 231005
CLIPBF


CLIMATE REPORT
NATIONAL WEATHER SERVICE LITTLE ROCK AR
404 AM CST SUN NOV 23 2014


...................................

...THE PINE BLUFF CLIMATE SUMMARY FOR NOVEMBER 22 2014...

CLIMATE NORMAL PERIOD 1981 TO 2010
CLIMATE RECORD PERIOD 1883 TO 2014


WEATHER ITEM   OBSERVED TIME   RECORD YEAR NORMAL DEPARTURE LAST
                VALUE   (LST)  VALUE       VALUE  FROM      YEAR
                                                  NORMAL
..................................................................
TEMPERATURE (F)
 YESTERDAY
  MAXIMUM         70    303 PM  80    1931  61      9       63
  MINIMUM         49    124 AM  20    1964  41      8       43
                                      1898
  AVERAGE         60                        51      9       53

PRECIPITATION (IN)
  YESTERDAY        T             5.24 1961   0.16  -0.16     1.11
  MONTH TO DATE    2.44                      3.45  -1.01     2.40
  SINCE SEP 1      9.59                     11.14  -1.55    10.82
  SINCE JAN 1     39.50                     44.33  -4.83    44.45

SNOWFALL (IN)
  YESTERDAY        0.0           5.0  1929   0.0    0.0      0.0
  MONTH TO DATE    0.1                       0.0    0.1      0.0
  SINCE SEP 1      0.1                       0.0    0.1      0.0
  SINCE JUL 1      0.1                       0.0    0.1      0.0
  SNOW DEPTH       0

DEGREE DAYS
 HEATING
  YESTERDAY        5                        14     -9       12
  MONTH TO DATE  408                       240    168      257
  SINCE SEP 1    492                       377    115      376
  SINCE JUL 1    493                       377    116      376

 COOLING
  YESTERDAY        0                         0      0        0
  MONTH TO DATE    0                        10    -10        6
  SINCE SEP 1    397                       371     26      484
  SINCE JAN 1   1898                      2129   -231     2148
..................................................................


WIND (MPH)
  HIGHEST WIND SPEED    20   HIGHEST WIND DIRECTION     S (170)
  HIGHEST GUST SPEED    24   HIGHEST GUST DIRECTION     S (160)
  AVERAGE WIND SPEED     8.6


SKY COVER
  POSSIBLE SUNSHINE  MM
  AVERAGE SKY COVER 0.7


WEATHER CONDITIONS
 THE FOLLOWING WEATHER WAS RECORDED YESTERDAY.
  FOG


RELATIVE HUMIDITY (PERCENT)
 HIGHEST   100           100 AM
 LOWEST     53           200 PM
 AVERAGE    77

..........................................................


THE PINE BLUFF CLIMATE NORMALS FOR TODAY
                         NORMAL    RECORD    YEAR
 MAXIMUM TEMPERATURE (F)   60        82      1931
 MINIMUM TEMPERATURE (F)   40        15      1929


SUNRISE AND SUNSET
NOVEMBER 23 2014......SUNRISE   648 AM CST   SUNSET   500 PM CST
NOVEMBER 24 2014......SUNRISE   649 AM CST   SUNSET   500 PM CST


-  INDICATES NEGATIVE NUMBERS.
R  INDICATES RECORD WAS SET OR TIED.
MM INDICATES DATA IS MISSING.
T  INDICATES TRACE AMOUNT.




$$
