000
CDUS44 KLZK 030921
CLIPBF


CLIMATE REPORT
NATIONAL WEATHER SERVICE LITTLE ROCK AR
421 AM CDT MON AUG 3 2015


...................................

...THE PINE BLUFF CLIMATE SUMMARY FOR AUGUST 2 2015...

CLIMATE NORMAL PERIOD 1981 TO 2010
CLIMATE RECORD PERIOD 1883 TO 2015


WEATHER ITEM   OBSERVED TIME   RECORD YEAR NORMAL DEPARTURE LAST
                VALUE   (LST)  VALUE       VALUE  FROM      YEAR
                                                  NORMAL
..................................................................
TEMPERATURE (F)
 YESTERDAY
  MAXIMUM         96    314 PM 107    1943  93      3       84
                                      1918
  MINIMUM         67    531 AM  61    1949  72     -5       70
                                      1918
  AVERAGE         82                        82      0       77

PRECIPITATION (IN)
  YESTERDAY        0.00          2.00 1985   0.10  -0.10     0.00
  MONTH TO DATE    0.00                      0.21  -0.21     0.06
  SINCE JUN 1      4.70                      7.72  -3.02     5.44
  SINCE JAN 1     32.35                     30.92   1.43    27.71

SNOWFALL (IN)
  YESTERDAY        0.0          MM      MM   0.0    0.0      0.0
  MONTH TO DATE    0.0                       0.0    0.0      0.0
  SINCE JUN 1      0.0                       0.0    0.0      0.0
  SINCE JUL 1      0.0                       0.0    0.0      0.0
  SNOW DEPTH       0

DEGREE DAYS
 HEATING
  YESTERDAY        0                         0      0        0
  MONTH TO DATE    0                         0      0        0
  SINCE JUN 1      0                         0      0        1
  SINCE JUL 1      0                         0      0        1

 COOLING
  YESTERDAY       17                        17      0       12
  MONTH TO DATE   34                        34      0       19
  SINCE JUN 1   1074                       984     90      798
  SINCE JAN 1   1403                      1291    112     1061
..................................................................


WIND (MPH)
  HIGHEST WIND SPEED    10   HIGHEST WIND DIRECTION     E (70)
  HIGHEST GUST SPEED    13   HIGHEST GUST DIRECTION     E (80)
  AVERAGE WIND SPEED     2.6


SKY COVER
  POSSIBLE SUNSHINE  MM
  AVERAGE SKY COVER 0.0


WEATHER CONDITIONS
 THE FOLLOWING WEATHER WAS RECORDED YESTERDAY.
  NO SIGNIFICANT WEATHER WAS OBSERVED.


RELATIVE HUMIDITY (PERCENT)
 HIGHEST    93           400 AM
 LOWEST     36           200 PM
 AVERAGE    65

..........................................................


THE PINE BLUFF CLIMATE NORMALS FOR TODAY
                         NORMAL    RECORD    YEAR
 MAXIMUM TEMPERATURE (F)   93       110      2011
 MINIMUM TEMPERATURE (F)   72        61      1920


SUNRISE AND SUNSET
AUGUST  3 2015........SUNRISE   620 AM CDT   SUNSET   807 PM CDT
AUGUST  4 2015........SUNRISE   621 AM CDT   SUNSET   806 PM CDT


-  INDICATES NEGATIVE NUMBERS.
R  INDICATES RECORD WAS SET OR TIED.
MM INDICATES DATA IS MISSING.
T  INDICATES TRACE AMOUNT.




$$
