000
CDUS44 KLZK 250650
CLIPBF


CLIMATE REPORT
NATIONAL WEATHER SERVICE LITTLE ROCK AR
148 AM CDT SAT MAR 25 2017


...................................

...THE PINE BLUFF CLIMATE SUMMARY FOR MARCH 24 2017...

CLIMATE NORMAL PERIOD 1981 TO 2010
CLIMATE RECORD PERIOD 1883 TO 2017


WEATHER ITEM   OBSERVED TIME   RECORD YEAR NORMAL DEPARTURE LAST
                VALUE   (LST)  VALUE       VALUE  FROM      YEAR
                                                  NORMAL
..................................................................
TEMPERATURE (F)
 YESTERDAY
  MAXIMUM         79    332 PM  95    1929  68     11       67
  MINIMUM         61   1159 PM  28    1974  46     15       43
  AVERAGE         70                        57     13       55

PRECIPITATION (IN)
  YESTERDAY        0.83          2.05 1912   0.17   0.66     0.25
  MONTH TO DATE    2.49                      4.23  -1.74    10.41
  SINCE MAR 1      2.49                      4.23  -1.74    10.41
  SINCE JAN 1      8.79                     12.05  -3.26    16.46

SNOWFALL (IN)
  YESTERDAY        0.0          MM      MM   0.0    0.0      0.0
  MONTH TO DATE    0.0                       0.0    0.0      0.0
  SINCE MAR 1      0.0                       0.0    0.0      0.0
  SINCE JUL 1      1.5                       3.1   -1.6      3.6
  SNOW DEPTH       0

DEGREE DAYS
 HEATING
  YESTERDAY        0                         9     -9       10
  MONTH TO DATE  236                       291    -55      181
  SINCE MAR 1    236                       291    -55      181
  SINCE JUL 1   1947                      2679   -732     2088

 COOLING
  YESTERDAY        5                         1      4        0
  MONTH TO DATE   22                         9     13       15
  SINCE MAR 1     22                         9     13       15
  SINCE JAN 1     43                        12     31       19
..................................................................


WIND (MPH)
  HIGHEST WIND SPEED    32   HIGHEST WIND DIRECTION     S (160)
  HIGHEST GUST SPEED    43   HIGHEST GUST DIRECTION     S (160)
  AVERAGE WIND SPEED    17.0


SKY COVER
  POSSIBLE SUNSHINE  MM
  AVERAGE SKY COVER 0.4


WEATHER CONDITIONS
 THE FOLLOWING WEATHER WAS RECORDED YESTERDAY.
  THUNDERSTORM
  HEAVY RAIN
  FOG


RELATIVE HUMIDITY (PERCENT)
 HIGHEST    81           400 AM
 LOWEST     50           400 PM
 AVERAGE    66

..........................................................


THE PINE BLUFF CLIMATE NORMALS FOR TODAY
                         NORMAL    RECORD    YEAR
 MAXIMUM TEMPERATURE (F)   68        90      1929
                                             1907
 MINIMUM TEMPERATURE (F)   46        27      1955


SUNRISE AND SUNSET
MARCH 25 2017.........SUNRISE   704 AM CDT   SUNSET   724 PM CDT
MARCH 26 2017.........SUNRISE   703 AM CDT   SUNSET   724 PM CDT


-  INDICATES NEGATIVE NUMBERS.
R  INDICATES RECORD WAS SET OR TIED.
MM INDICATES DATA IS MISSING.
T  INDICATES TRACE AMOUNT.




$$
