000
CDUS44 KLZK 271009
CLIPBF


CLIMATE REPORT
NATIONAL WEATHER SERVICE LITTLE ROCK AR
408 AM CST SAT DEC 27 2014


...................................

...THE PINE BLUFF CLIMATE SUMMARY FOR DECEMBER 26 2014...

CLIMATE NORMAL PERIOD 1981 TO 2010
CLIMATE RECORD PERIOD 1883 TO 2014


WEATHER ITEM   OBSERVED TIME   RECORD YEAR NORMAL DEPARTURE LAST
                VALUE   (LST)  VALUE       VALUE  FROM      YEAR
                                                  NORMAL
..................................................................
TEMPERATURE (F)
 YESTERDAY
  MAXIMUM         56    333 PM  77    1942  51      5       49
  MINIMUM         40    736 AM   3    1983  33      7       30
  AVERAGE         48                        42      6       40

PRECIPITATION (IN)
  YESTERDAY        0.08          2.60 1987   0.16  -0.08     0.00
  MONTH TO DATE    0.94                      4.67  -3.73     7.73
  SINCE DEC 1      0.94                      4.67  -3.73     7.73
  SINCE JAN 1     41.15                     50.38  -9.23    52.66

SNOWFALL (IN)
  YESTERDAY        0.0           T    2000   0.1   -0.1      0.0
                                      1990
  MONTH TO DATE    0.0                       0.2   -0.2      0.2
  SINCE DEC 1      0.0                       0.2   -0.2      0.2
  SINCE JUL 1      0.1                       0.2   -0.1      0.2
  SNOW DEPTH       0

DEGREE DAYS
 HEATING
  YESTERDAY       17                        23     -6       25
  MONTH TO DATE  473                       535    -62      551
  SINCE DEC 1    473                       535    -62      551
  SINCE JUL 1   1077                      1039     38     1151

 COOLING
  YESTERDAY        0                         0      0        0
  MONTH TO DATE    0                         0      0        3
  SINCE DEC 1      0                         0      0        3
  SINCE JAN 1   1901                      2131   -230     2151
..................................................................


WIND (MPH)
  HIGHEST WIND SPEED    18   HIGHEST WIND DIRECTION    SE (140)
  HIGHEST GUST SPEED    23   HIGHEST GUST DIRECTION    SE (140)
  AVERAGE WIND SPEED     9.4


SKY COVER
  POSSIBLE SUNSHINE  MM
  AVERAGE SKY COVER 0.7


WEATHER CONDITIONS
 THE FOLLOWING WEATHER WAS RECORDED YESTERDAY.
  LIGHT RAIN
  FOG


RELATIVE HUMIDITY (PERCENT)
 HIGHEST    93          1100 PM
 LOWEST     61          1000 AM
 AVERAGE    77

..........................................................


THE PINE BLUFF CLIMATE NORMALS FOR TODAY
                         NORMAL    RECORD    YEAR
 MAXIMUM TEMPERATURE (F)   51        75      2005
 MINIMUM TEMPERATURE (F)   33        12      1892


SUNRISE AND SUNSET
DECEMBER 27 2014......SUNRISE   712 AM CST   SUNSET   506 PM CST
DECEMBER 28 2014......SUNRISE   713 AM CST   SUNSET   506 PM CST


-  INDICATES NEGATIVE NUMBERS.
R  INDICATES RECORD WAS SET OR TIED.
MM INDICATES DATA IS MISSING.
T  INDICATES TRACE AMOUNT.




$$
