000
CDUS42 KMFL 270827
CLIPBI


CLIMATE REPORT
NATIONAL WEATHER SERVICE MIAMI, FL
426 AM EDT SAT AUG 27 2016


...................................

...THE WEST PALM BEACH CLIMATE SUMMARY FOR AUGUST 26 2016...

CLIMATE NORMAL PERIOD 1981 TO 2010
CLIMATE RECORD PERIOD 1888 TO 2016


WEATHER ITEM   OBSERVED TIME   RECORD YEAR NORMAL DEPARTURE LAST
                VALUE   (LST)  VALUE       VALUE  FROM      YEAR
                                                  NORMAL
..................................................................
TEMPERATURE (F)
 YESTERDAY
  MAXIMUM         91    250 PM  96    1946  90      1       90
                                      1911
  MINIMUM         79   1234 AM  70    2002  76      3       74
                                      1960
                                      1948
  AVERAGE         85                        83      2       82

PRECIPITATION (IN)
  YESTERDAY        0.23          5.52 2012   0.28  -0.05     0.78
  MONTH TO DATE    4.00                      6.58  -2.58     4.46
  SINCE JUN 1     10.11                     20.64 -10.53    14.52
  SINCE JAN 1     31.50                     39.35  -7.85    28.27

SNOWFALL (IN)
  YESTERDAY        0.0
  MONTH TO DATE    0.0
  SINCE JUN 1      0.0
  SINCE JUL 1      0.0
  SNOW DEPTH       0

DEGREE DAYS
 HEATING
  YESTERDAY        0                         0      0        0
  MONTH TO DATE    0                         0      0        0
  SINCE JUN 1      0                         0      0        0
  SINCE JUL 1      0                         0      0        0

 COOLING
  YESTERDAY       20                        18      2       17
  MONTH TO DATE  537                       468     69      482
  SINCE JUN 1   1751                      1507    244     1597
  SINCE JAN 1   3032                      2616    416     3131
..................................................................


WIND (MPH)
  HIGHEST WIND SPEED    20   HIGHEST WIND DIRECTION     E (90)
  HIGHEST GUST SPEED    24   HIGHEST GUST DIRECTION     E (80)
  AVERAGE WIND SPEED     7.7


SKY COVER
  AVERAGE SKY COVER 0.7


WEATHER CONDITIONS
 THE FOLLOWING WEATHER WAS RECORDED YESTERDAY.
  THUNDERSTORM
  HEAVY RAIN
  LIGHT RAIN
  FOG


RELATIVE HUMIDITY (PERCENT)
 HIGHEST    91
 LOWEST     59
 AVERAGE    75

..........................................................


THE WEST PALM BEACH CLIMATE NORMALS FOR TODAY
                         NORMAL    RECORD    YEAR
 MAXIMUM TEMPERATURE (F)   90        96      2011
                                             1912
 MINIMUM TEMPERATURE (F)   76        68      1921
                                             1891


SUNRISE AND SUNSET
AUGUST 27 2016........SUNRISE   658 AM EDT   SUNSET   745 PM EDT
AUGUST 28 2016........SUNRISE   659 AM EDT   SUNSET   744 PM EDT


-  INDICATES NEGATIVE NUMBERS.
R  INDICATES RECORD WAS SET OR TIED.
MM INDICATES DATA IS MISSING.
T  INDICATES TRACE AMOUNT.




$$
