552
CDUS42 KMFL 070925
CLIPBI


CLIMATE REPORT
NATIONAL WEATHER SERVICE MIAMI, FL
425 AM EST SUN FEB 7 2016


...................................

...THE WEST PALM BEACH CLIMATE SUMMARY FOR FEBRUARY 6 2016...

CLIMATE NORMAL PERIOD 1981 TO 2010
CLIMATE RECORD PERIOD 1888 TO 2016


WEATHER ITEM   OBSERVED TIME   RECORD YEAR NORMAL DEPARTURE LAST
                VALUE   (LST)  VALUE       VALUE  FROM      YEAR
                                                  NORMAL
..................................................................
TEMPERATURE (F)
 YESTERDAY
  MAXIMUM         78    234 PM  88    1943  76      2       76
                                      1922
  MINIMUM         61   1159 PM  29    1917  58      3       57
  AVERAGE         70                        67      3       67

PRECIPITATION (IN)
  YESTERDAY        0.62          2.61 1921   0.09   0.53      T
  MONTH TO DATE    0.83                      0.59   0.24     0.63
  SINCE NOV 1     21.13                     11.85   9.28     5.38
  SINCE JAN 1     10.73                      3.72   7.01     1.68

SNOWFALL (IN)
  YESTERDAY        0.0
  MONTH TO DATE    0.0
  SINCE DEC 1      0.0
  SINCE JUL 1      0.0
  SNOW DEPTH       0

DEGREE DAYS
 HEATING
  YESTERDAY        0                         2     -2        0
  MONTH TO DATE    0                        12    -12        1
  SINCE DEC 1     66                       157    -91       54
  SINCE JUL 1     66                       169   -103       71

 COOLING
  YESTERDAY        5                         4      1        2
  MONTH TO DATE   46                        24     22       27
  SINCE DEC 1    493                       287    206      389
  SINCE JAN 1    137                       132      5      191
..................................................................


WIND (MPH)
  HIGHEST WIND SPEED    26   HIGHEST WIND DIRECTION     W (260)
  HIGHEST GUST SPEED    31   HIGHEST GUST DIRECTION     W (270)
  AVERAGE WIND SPEED    10.6


SKY COVER
  AVERAGE SKY COVER 0.8


WEATHER CONDITIONS
 THE FOLLOWING WEATHER WAS RECORDED YESTERDAY.
  HEAVY RAIN
  RAIN
  LIGHT RAIN
  FOG


RELATIVE HUMIDITY (PERCENT)
 HIGHEST   100
 LOWEST     54
 AVERAGE    77

..........................................................


THE WEST PALM BEACH CLIMATE NORMALS FOR TODAY
                         NORMAL    RECORD    YEAR
 MAXIMUM TEMPERATURE (F)   76        89      1949
 MINIMUM TEMPERATURE (F)   58        38      1910


SUNRISE AND SUNSET
FEBRUARY  7 2016......SUNRISE   702 AM EST   SUNSET   607 PM EST
FEBRUARY  8 2016......SUNRISE   702 AM EST   SUNSET   608 PM EST


-  INDICATES NEGATIVE NUMBERS.
R  INDICATES RECORD WAS SET OR TIED.
MM INDICATES DATA IS MISSING.
T  INDICATES TRACE AMOUNT.




$$
