000
CDUS42 KMFL 062016
CLIPBI


CLIMATE REPORT
NATIONAL WEATHER SERVICE MIAMI, FL
416 PM EDT FRI MAY 6 2016


...................................

...THE WEST PALM BEACH CLIMATE SUMMARY FOR MAY 6 2016...
VALID TODAY AS OF 0400 PM LOCAL TIME.

CLIMATE NORMAL PERIOD 1981 TO 2010
CLIMATE RECORD PERIOD 1888 TO 2016


WEATHER ITEM   OBSERVED TIME   RECORD YEAR NORMAL DEPARTURE LAST
                VALUE   (LST)  VALUE       VALUE  FROM      YEAR
                                                  NORMAL
..................................................................
TEMPERATURE (F)
 TODAY
  MAXIMUM         80    233 PM  94    1906  84     -4       83
  MINIMUM         62    611 AM  49    1921  69     -7       68
  AVERAGE         71                        77     -6       76

PRECIPITATION (IN)
  TODAY            0.00          2.07 1890   0.09  -0.09     0.55
  MONTH TO DATE    0.76                      0.50   0.26     0.76
  SINCE NOV 1     27.60                     22.83   4.77    16.65
  SINCE JAN 1     17.20                     14.70   2.50    12.95

SNOWFALL (IN)
  TODAY            0.0
  MONTH TO DATE    0.0
  SINCE MAR 1      0.0
  SINCE JUL 1      0.0
  SNOW DEPTH       0

DEGREE DAYS
 HEATING
  TODAY            0                         0      0        0
  MONTH TO DATE    0                         0      0        0
  SINCE MAR 1      2                        28    -26        2
  SINCE JUL 1    135                       233    -98      126

 COOLING
  TODAY            6                        12     -6       11
  MONTH TO DATE   75                        68      7       62
  SINCE MAR 1    723                       528    195      849
  SINCE JAN 1    925                       763    162     1127
..................................................................


WIND (MPH)
  HIGHEST WIND SPEED    21   HIGHEST WIND DIRECTION     W (260)
  HIGHEST GUST SPEED    25   HIGHEST GUST DIRECTION     W (260)
  AVERAGE WIND SPEED     9.0


SKY COVER
  AVERAGE SKY COVER 0.2


WEATHER CONDITIONS
 THE FOLLOWING WEATHER WAS RECORDED TODAY.
  NO SIGNIFICANT WEATHER WAS OBSERVED.


RELATIVE HUMIDITY (PERCENT)
 HIGHEST    73
 LOWEST     30
 AVERAGE    52

..........................................................


THE WEST PALM BEACH CLIMATE NORMALS FOR TOMORROW
                         NORMAL    RECORD    YEAR
 MAXIMUM TEMPERATURE (F)   85        95      1967
 MINIMUM TEMPERATURE (F)   69        54      1945


SUNRISE AND SUNSET
MAY  6 2016...........SUNRISE   638 AM EDT   SUNSET   756 PM EDT
MAY  7 2016...........SUNRISE   638 AM EDT   SUNSET   757 PM EDT


-  INDICATES NEGATIVE NUMBERS.
R  INDICATES RECORD WAS SET OR TIED.
MM INDICATES DATA IS MISSING.
T  INDICATES TRACE AMOUNT.




$$
