000
CDUS42 KMFL 282030
CLIPBI


CLIMATE REPORT
NATIONAL WEATHER SERVICE MIAMI, FL
429 PM EDT THU MAY 28 2015


...................................

...THE WEST PALM BEACH CLIMATE SUMMARY FOR MAY 28 2015...
VALID TODAY AS OF 0400 PM LOCAL TIME.

CLIMATE NORMAL PERIOD 1981 TO 2010
CLIMATE RECORD PERIOD 1888 TO 2015


WEATHER ITEM   OBSERVED TIME   RECORD YEAR NORMAL DEPARTURE LAST
                VALUE   (LST)  VALUE       VALUE  FROM      YEAR
                                                  NORMAL
..................................................................
TEMPERATURE (F)
 TODAY
  MAXIMUM         86    156 PM  94    1928  87     -1       87
  MINIMUM         76   1127 AM  59    1920  73      3       73
  AVERAGE         81                        80      1       80

PRECIPITATION (IN)
  TODAY            0.03          4.99 1976   0.21  -0.18      T
  MONTH TO DATE    1.51                      3.84  -2.33     2.66
  SINCE NOV 1     17.40                     26.17  -8.77    24.70
  SINCE JAN 1     13.70                     18.04  -4.34    17.58

SNOWFALL (IN)
  TODAY            0.0
  MONTH TO DATE    0.0
  SINCE MAR 1      0.0
  SINCE JUL 1      0.0
  SNOW DEPTH       0

DEGREE DAYS
 HEATING
  TODAY            0                         0      0        0
  MONTH TO DATE    0                         0      0        0
  SINCE MAR 1      2                        28    -26        7
  SINCE JUL 1    126                       233   -107      122

 COOLING
  TODAY           16                        15      1       15
  MONTH TO DATE  421                       367     54      413
  SINCE MAR 1   1208                       827    381      956
  SINCE JAN 1   1486                      1062    424     1302
..................................................................


WIND (MPH)
  HIGHEST WIND SPEED    21   HIGHEST WIND DIRECTION    NE (50)
  HIGHEST GUST SPEED    29   HIGHEST GUST DIRECTION    NE (40)
  AVERAGE WIND SPEED    14.7


SKY COVER
  AVERAGE SKY COVER 0.5


WEATHER CONDITIONS
 THE FOLLOWING WEATHER WAS RECORDED TODAY.
  LIGHT RAIN


RELATIVE HUMIDITY (PERCENT)
 HIGHEST    67
 LOWEST     48
 AVERAGE    58

..........................................................


THE WEST PALM BEACH CLIMATE NORMALS FOR TOMORROW
                         NORMAL    RECORD    YEAR
 MAXIMUM TEMPERATURE (F)   87        96      2000
                                             1971
 MINIMUM TEMPERATURE (F)   73        59      1901


SUNRISE AND SUNSET
MAY 28 2015...........SUNRISE   628 AM EDT   SUNSET   808 PM EDT
MAY 29 2015...........SUNRISE   628 AM EDT   SUNSET   808 PM EDT


-  INDICATES NEGATIVE NUMBERS.
R  INDICATES RECORD WAS SET OR TIED.
MM INDICATES DATA IS MISSING.
T  INDICATES TRACE AMOUNT.




$$
