000
CDUS42 KMFL 112116
CLIPBI


CLIMATE REPORT
NATIONAL WEATHER SERVICE MIAMI, FL
415 PM EST MON DEC 11 2017


...................................

...THE WEST PALM BEACH CLIMATE SUMMARY FOR DECEMBER 11 2017...
VALID TODAY AS OF 0400 PM LOCAL TIME.

CLIMATE NORMAL PERIOD 1981 TO 2010
CLIMATE RECORD PERIOD 1888 TO 2017


WEATHER ITEM   OBSERVED TIME   RECORD YEAR NORMAL DEPARTURE LAST
                VALUE   (LST)  VALUE       VALUE  FROM      YEAR
                                                  NORMAL
..................................................................
TEMPERATURE (F)
 TODAY
  MAXIMUM         68    322 PM  86    2012  77     -9       76
                                      1997
  MINIMUM         43    719 AM  34    1962  61    -18       72
  AVERAGE         56                        69    -13       74

PRECIPITATION (IN)
  TODAY            0.00          2.03 1978   0.10  -0.10     0.39
  MONTH TO DATE    0.63                      1.17  -0.54     2.31
  SINCE NOV 1      3.32                      5.92  -2.60     3.31
  SINCE JAN 1     59.01                     60.12  -1.11    49.92

SNOWFALL (IN)
  TODAY            0.0
  MONTH TO DATE    0.0
  SINCE DEC 1      0.0
  SINCE JUL 1      0.0
  SNOW DEPTH       0

DEGREE DAYS
 HEATING
  TODAY            9                         2      7        0
  MONTH TO DATE   21                        12      9        0
  SINCE DEC 1     21                        12      9        0
  SINCE JUL 1     25                        24      1        1

 COOLING
  TODAY            0                         5     -5        9
  MONTH TO DATE   82                        64     18      112
  SINCE DEC 1     82                        64     18      112
  SINCE JAN 1   4457                      3930    527     4518
..................................................................


WIND (MPH)
  HIGHEST WIND SPEED    14   HIGHEST WIND DIRECTION    NW (330)
  HIGHEST GUST SPEED    18   HIGHEST GUST DIRECTION    NW (330)
  AVERAGE WIND SPEED     7.4


SKY COVER
  AVERAGE SKY COVER 0.1


WEATHER CONDITIONS
 THE FOLLOWING WEATHER WAS RECORDED TODAY.
  NO SIGNIFICANT WEATHER WAS OBSERVED.


RELATIVE HUMIDITY (PERCENT)
 HIGHEST    82
 LOWEST     24
 AVERAGE    53

..........................................................


THE WEST PALM BEACH CLIMATE NORMALS FOR TOMORROW
                         NORMAL    RECORD    YEAR
 MAXIMUM TEMPERATURE (F)   77        87      1997
                                             1986
                                             1947
 MINIMUM TEMPERATURE (F)   61        31      1957
                                             1934


SUNRISE AND SUNSET
DECEMBER 11 2017......SUNRISE   659 AM EST   SUNSET   529 PM EST
DECEMBER 12 2017......SUNRISE   700 AM EST   SUNSET   529 PM EST


-  INDICATES NEGATIVE NUMBERS.
R  INDICATES RECORD WAS SET OR TIED.
MM INDICATES DATA IS MISSING.
T  INDICATES TRACE AMOUNT.




$$
