000
CDUS42 KMFL 270826
CLIPBI


CLIMATE REPORT
NATIONAL WEATHER SERVICE MIAMI, FL
426 AM EDT THU APR 27 2017


...................................

...THE WEST PALM BEACH CLIMATE SUMMARY FOR APRIL 26 2017...

CLIMATE NORMAL PERIOD 1981 TO 2010
CLIMATE RECORD PERIOD 1888 TO 2017


WEATHER ITEM   OBSERVED TIME   RECORD YEAR NORMAL DEPARTURE LAST
                VALUE   (LST)  VALUE       VALUE  FROM      YEAR
                                                  NORMAL
..................................................................
TEMPERATURE (F)
 YESTERDAY
  MAXIMUM         81    442 PM  96    2015  83     -2       82
  MINIMUM         62    616 AM  51    1910  67     -5       68
  AVERAGE         72                        75     -3       75

PRECIPITATION (IN)
  YESTERDAY        0.00          3.58 1940   0.11  -0.11     0.89
  MONTH TO DATE    3.61                      3.27   0.34     1.46
  SINCE NOV 1     13.14                     21.94  -8.80    26.84
  SINCE JAN 1      8.67                     13.81  -5.14    16.44

SNOWFALL (IN)
  YESTERDAY        0.0
  MONTH TO DATE    0.0
  SINCE MAR 1      0.0
  SINCE JUL 1      0.0
  SNOW DEPTH       0

DEGREE DAYS
 HEATING
  YESTERDAY        0                         0      0        0
  MONTH TO DATE    0                         0      0        0
  SINCE MAR 1     16                        24     -8        2
  SINCE JUL 1     68                       229   -161      135

 COOLING
  YESTERDAY        7                        10     -3       10
  MONTH TO DATE  275                       223     52      283
  SINCE MAR 1    469                       416     53      598
  SINCE JAN 1    809                       651    158      800
..................................................................


WIND (MPH)
  HIGHEST WIND SPEED    18   HIGHEST WIND DIRECTION    SE (130)
  HIGHEST GUST SPEED    22   HIGHEST GUST DIRECTION     E (110)
  AVERAGE WIND SPEED     9.0


SKY COVER
  AVERAGE SKY COVER 0.3


WEATHER CONDITIONS
 THE FOLLOWING WEATHER WAS RECORDED YESTERDAY.
  NO SIGNIFICANT WEATHER WAS OBSERVED.


RELATIVE HUMIDITY (PERCENT)
 HIGHEST    84
 LOWEST     45
 AVERAGE    65

..........................................................


THE WEST PALM BEACH CLIMATE NORMALS FOR TODAY
                         NORMAL    RECORD    YEAR
 MAXIMUM TEMPERATURE (F)   83        96      1945
 MINIMUM TEMPERATURE (F)   68        53      1903


SUNRISE AND SUNSET
APRIL 27 2017.........SUNRISE   645 AM EDT   SUNSET   751 PM EDT
APRIL 28 2017.........SUNRISE   645 AM EDT   SUNSET   751 PM EDT


-  INDICATES NEGATIVE NUMBERS.
R  INDICATES RECORD WAS SET OR TIED.
MM INDICATES DATA IS MISSING.
T  INDICATES TRACE AMOUNT.




$$
