000
CDUS42 KMFL 210926
CLIPBI


CLIMATE REPORT
NATIONAL WEATHER SERVICE MIAMI, FL
426 AM EST WED FEB 21 2018


...................................

...THE WEST PALM BEACH CLIMATE SUMMARY FOR FEBRUARY 20 2018...

CLIMATE NORMAL PERIOD 1981 TO 2010
CLIMATE RECORD PERIOD 1888 TO 2018


WEATHER ITEM   OBSERVED TIME   RECORD YEAR NORMAL DEPARTURE LAST
                VALUE   (LST)  VALUE       VALUE  FROM      YEAR
                                                  NORMAL
..................................................................
TEMPERATURE (F)
 YESTERDAY
  MAXIMUM         83    232 PM  88    1988  77      6       81
                                      1975
                                      1911
  MINIMUM         75    734 AM  38    2015  60     15       60
  AVERAGE         79                        68     11       71

PRECIPITATION (IN)
  YESTERDAY        T             1.12 1902   0.09  -0.09     0.00
  MONTH TO DATE    0.07                      1.92  -1.85     0.03
  SINCE NOV 1      7.93                     13.18  -5.25     5.50
  SINCE JAN 1      4.49                      5.05  -0.56     1.03

SNOWFALL (IN)
  YESTERDAY        0.0
  MONTH TO DATE    0.0
  SINCE DEC 1      0.0
  SINCE JUL 1      0.0
  SNOW DEPTH       0

DEGREE DAYS
 HEATING
  YESTERDAY        0                         2     -2        0
  MONTH TO DATE    0                        40    -40        2
  SINCE DEC 1    136                       185    -49       51
  SINCE JUL 1    140                       197    -57       52

 COOLING
  YESTERDAY       14                         5      9        6
  MONTH TO DATE  197                        88    109      108
  SINCE DEC 1    485                       351    134      572
  SINCE JAN 1    308                       196    112      279
..................................................................


WIND (MPH)
  HIGHEST WIND SPEED    23   HIGHEST WIND DIRECTION    SE (120)
  HIGHEST GUST SPEED    28   HIGHEST GUST DIRECTION     E (110)
  AVERAGE WIND SPEED    17.9


SKY COVER
  AVERAGE SKY COVER 0.7


WEATHER CONDITIONS
 THE FOLLOWING WEATHER WAS RECORDED YESTERDAY.
  NO SIGNIFICANT WEATHER WAS OBSERVED.


RELATIVE HUMIDITY (PERCENT)
 HIGHEST    87
 LOWEST     67
 AVERAGE    77

..........................................................


THE WEST PALM BEACH CLIMATE NORMALS FOR TODAY
                         NORMAL    RECORD    YEAR
 MAXIMUM TEMPERATURE (F)   77        87      1989
 MINIMUM TEMPERATURE (F)   60        39      1968


SUNRISE AND SUNSET
FEBRUARY 21 2018......SUNRISE   652 AM EST   SUNSET   617 PM EST
FEBRUARY 22 2018......SUNRISE   651 AM EST   SUNSET   617 PM EST


-  INDICATES NEGATIVE NUMBERS.
R  INDICATES RECORD WAS SET OR TIED.
MM INDICATES DATA IS MISSING.
T  INDICATES TRACE AMOUNT.




$$
