000
CDUS42 KMFL 210935
CLIPBI


CLIMATE REPORT
NATIONAL WEATHER SERVICE MIAMI, FL
432 AM EST TUE FEB 21 2017


...................................

...THE WEST PALM BEACH CLIMATE SUMMARY FOR FEBRUARY 20 2017...

CLIMATE NORMAL PERIOD 1981 TO 2010
CLIMATE RECORD PERIOD 1888 TO 2017


WEATHER ITEM   OBSERVED TIME   RECORD YEAR NORMAL DEPARTURE LAST
                VALUE   (LST)  VALUE       VALUE  FROM      YEAR
                                                  NORMAL
..................................................................
TEMPERATURE (F)
 YESTERDAY
  MAXIMUM         81   1115 AM  88    1988  77      4       76
                                      1975
                                      1911
  MINIMUM         60    734 AM  38    2015  60      0       66
  AVERAGE         71                        68      3       71

PRECIPITATION (IN)
  YESTERDAY        0.00          1.12 1902   0.09  -0.09     0.00
  MONTH TO DATE    0.03                      1.92  -1.89     1.49
  SINCE NOV 1      5.50                     13.18  -7.68    21.79
  SINCE JAN 1      1.03                      5.05  -4.02    11.39

SNOWFALL (IN)
  YESTERDAY        0.0
  MONTH TO DATE    0.0
  SINCE DEC 1      0.0
  SINCE JUL 1      0.0
  SNOW DEPTH       0

DEGREE DAYS
 HEATING
  YESTERDAY        0                         2     -2        0
  MONTH TO DATE    2                        40    -38       50
  SINCE DEC 1     51                       185   -134      116
  SINCE JUL 1     52                       197   -145      116

 COOLING
  YESTERDAY        6                         5      1        6
  MONTH TO DATE  108                        88     20       74
  SINCE DEC 1    572                       351    221      521
  SINCE JAN 1    279                       196     83      165
..................................................................


WIND (MPH)
  HIGHEST WIND SPEED    15   HIGHEST WIND DIRECTION     E (70)
  HIGHEST GUST SPEED    20   HIGHEST GUST DIRECTION    NE (60)
  AVERAGE WIND SPEED     6.7


SKY COVER
  AVERAGE SKY COVER 0.4


WEATHER CONDITIONS
 THE FOLLOWING WEATHER WAS RECORDED YESTERDAY.
  NO SIGNIFICANT WEATHER WAS OBSERVED.


RELATIVE HUMIDITY (PERCENT)
 HIGHEST   100
 LOWEST     48
 AVERAGE    74

..........................................................


THE WEST PALM BEACH CLIMATE NORMALS FOR TODAY
                         NORMAL    RECORD    YEAR
 MAXIMUM TEMPERATURE (F)   77        87      1989
 MINIMUM TEMPERATURE (F)   60        39      1968


SUNRISE AND SUNSET
FEBRUARY 21 2017......SUNRISE   651 AM EST   SUNSET   617 PM EST
FEBRUARY 22 2017......SUNRISE   650 AM EST   SUNSET   618 PM EST


-  INDICATES NEGATIVE NUMBERS.
R  INDICATES RECORD WAS SET OR TIED.
MM INDICATES DATA IS MISSING.
T  INDICATES TRACE AMOUNT.




$$
