000
CDUS42 KMFL 020821
CLIPBI


CLIMATE REPORT
NATIONAL WEATHER SERVICE MIAMI, FL
421 AM EDT TUE SEP 2 2014


...................................

...THE WEST PALM BEACH CLIMATE SUMMARY FOR SEPTEMBER 1 2014...

CLIMATE NORMAL PERIOD 1981 TO 2010
CLIMATE RECORD PERIOD 1894 TO 2014


WEATHER ITEM   OBSERVED TIME   RECORD YEAR NORMAL DEPARTURE LAST
                VALUE   (LST)  VALUE       VALUE  FROM      YEAR
                                                  NORMAL
..................................................................
TEMPERATURE (F)
 YESTERDAY
  MAXIMUM         90    248 PM  94    1998  89      1       90
                                      1947
                                      1911
  MINIMUM         83   1159 PM  69    1919  76      7       76
  AVERAGE         87                        82      5       83

PRECIPITATION (IN)
  YESTERDAY        0.00          2.38 1977   0.29  -0.29     0.00
  MONTH TO DATE    0.00                      0.29  -0.29     0.00
  SINCE JUN 1     25.42                     22.30   3.12    22.67
  SINCE JAN 1     43.14                     41.01   2.13    47.62

SNOWFALL (IN)
  YESTERDAY        0.0
  MONTH TO DATE    0.0
  SINCE SEP 1      0.0
  SINCE JUL 1      0.0
  SNOW DEPTH       0

DEGREE DAYS
 HEATING
  YESTERDAY        0                         0      0
  MONTH TO DATE    0                         0      0
  SINCE SEP 1      0                         0      0
  SINCE JUL 1      0                         0      0

 COOLING
  YESTERDAY       22                        17      5
  MONTH TO DATE   22                        17      5
  SINCE SEP 1     22                        17      5
  SINCE JAN 1   3030                      2723    307
..................................................................


WIND (MPH)
  HIGHEST WIND SPEED    16   HIGHEST WIND DIRECTION     E (100)
  HIGHEST GUST SPEED    21   HIGHEST GUST DIRECTION     E (100)
  AVERAGE WIND SPEED     9.8


SKY COVER
  AVERAGE SKY COVER 0.4


WEATHER CONDITIONS
 THE FOLLOWING WEATHER WAS RECORDED YESTERDAY.
  NO SIGNIFICANT WEATHER WAS OBSERVED.


RELATIVE HUMIDITY (PERCENT)
 HIGHEST    79
 LOWEST     59
 AVERAGE    69

..........................................................


THE WEST PALM BEACH CLIMATE NORMALS FOR TODAY
                         NORMAL    RECORD    YEAR
 MAXIMUM TEMPERATURE (F)   89        94      2013
                                             1911
 MINIMUM TEMPERATURE (F)   76        -1      2013


SUNRISE AND SUNSET
SEPTEMBER  2 2014.....SUNRISE   700 AM EDT   SUNSET   739 PM EDT
SEPTEMBER  3 2014.....SUNRISE   701 AM EDT   SUNSET   738 PM EDT


-  INDICATES NEGATIVE NUMBERS.
R  INDICATES RECORD WAS SET OR TIED.
MM INDICATES DATA IS MISSING.
T  INDICATES TRACE AMOUNT.




$$
