402
CDUS42 KMFL 260833
CLIPBI


CLIMATE REPORT
NATIONAL WEATHER SERVICE MIAMI, FL
433 AM EDT MON SEP 26 2016


...................................

...THE WEST PALM BEACH CLIMATE SUMMARY FOR SEPTEMBER 25 2016...

CLIMATE NORMAL PERIOD 1981 TO 2010
CLIMATE RECORD PERIOD 1888 TO 2016


WEATHER ITEM   OBSERVED TIME   RECORD YEAR NORMAL DEPARTURE LAST
                VALUE   (LST)  VALUE       VALUE  FROM      YEAR
                                                  NORMAL
..................................................................
TEMPERATURE (F)
 YESTERDAY
  MAXIMUM         87    236 PM  95    1919  88     -1       88
  MINIMUM         73    544 AM  64    1903  75     -2       75
  AVERAGE         80                        81     -1       82

PRECIPITATION (IN)
  YESTERDAY        0.01          8.79 2004   0.27  -0.26      T
  MONTH TO DATE    6.28                      7.08  -0.80     8.21
  SINCE JUN 1     19.09                     29.09 -10.00    25.35
  SINCE JAN 1     40.48                     47.80  -7.32    39.10

SNOWFALL (IN)
  YESTERDAY        0.0
  MONTH TO DATE    0.0
  SINCE SEP 1      0.0
  SINCE JUL 1      0.0
  SNOW DEPTH       0

DEGREE DAYS
 HEATING
  YESTERDAY        0                         0      0        0
  MONTH TO DATE    0                         0      0        0
  SINCE SEP 1      0                         0      0        0
  SINCE JUL 1      0                         0      0        0

 COOLING
  YESTERDAY       15                        16     -1       17
  MONTH TO DATE  472                       421     51      432
  SINCE SEP 1    472                       421     51      432
  SINCE JAN 1   3593                      3127    466     3646
..................................................................


WIND (MPH)
  HIGHEST WIND SPEED    21   HIGHEST WIND DIRECTION    SE (130)
  HIGHEST GUST SPEED    24   HIGHEST GUST DIRECTION    SE (120)
  AVERAGE WIND SPEED     6.8


SKY COVER
  AVERAGE SKY COVER 0.7


WEATHER CONDITIONS
 THE FOLLOWING WEATHER WAS RECORDED YESTERDAY.
  THUNDERSTORM
  LIGHT RAIN
  FOG


RELATIVE HUMIDITY (PERCENT)
 HIGHEST    94
 LOWEST     65
 AVERAGE    80

..........................................................


THE WEST PALM BEACH CLIMATE NORMALS FOR TODAY
                         NORMAL    RECORD    YEAR
 MAXIMUM TEMPERATURE (F)   88        96      1919
 MINIMUM TEMPERATURE (F)   75        68      1983


SUNRISE AND SUNSET
SEPTEMBER 26 2016.....SUNRISE   711 AM EDT   SUNSET   712 PM EDT
SEPTEMBER 27 2016.....SUNRISE   711 AM EDT   SUNSET   711 PM EDT


-  INDICATES NEGATIVE NUMBERS.
R  INDICATES RECORD WAS SET OR TIED.
MM INDICATES DATA IS MISSING.
T  INDICATES TRACE AMOUNT.




$$
