000
CDUS42 KMFL 010822
CLIPBI


CLIMATE REPORT
NATIONAL WEATHER SERVICE MIAMI, FL
420 AM EDT FRI AUG 1 2014


...................................

...THE WEST PALM BEACH CLIMATE SUMMARY FOR JULY 31 2014...

CLIMATE NORMAL PERIOD 1981 TO 2010
CLIMATE RECORD PERIOD 1894 TO 2014


WEATHER ITEM   OBSERVED TIME   RECORD YEAR NORMAL DEPARTURE LAST
                VALUE   (LST)  VALUE       VALUE  FROM      YEAR
                                                  NORMAL
..................................................................
TEMPERATURE (F)
 YESTERDAY
  MAXIMUM         91    200 PM  96    1990  91      0       91
                                      1907
  MINIMUM         73    353 PM  67    1914  76     -3       83
  AVERAGE         82                        83     -1       87

PRECIPITATION (IN)
  YESTERDAY        0.37         12.01 1933   0.19   0.18     0.00
  MONTH TO DATE    7.73                      5.76   1.97     5.84
  SINCE JUN 1     15.71                     14.06   1.65    18.57
  SINCE JAN 1     33.43                     32.77   0.66    43.52

SNOWFALL (IN)
  YESTERDAY        0.0
  MONTH TO DATE    0.0
  SINCE JUN 1      0.0
  SINCE JUL 1      0.0
  SNOW DEPTH       0

DEGREE DAYS
 HEATING
  YESTERDAY        0                         0      0
  MONTH TO DATE    0                         0      0
  SINCE JUN 1      0                         0      0
  SINCE JUL 1      0                         0      0

 COOLING
  YESTERDAY       17                        18     -1
  MONTH TO DATE  564                       549     15
  SINCE JUN 1   1052                      1039     13
  SINCE JAN 1   2404                      2148    256
..................................................................


WIND (MPH)
  HIGHEST WIND SPEED    21   HIGHEST WIND DIRECTION     W (260)
  HIGHEST GUST SPEED    27   HIGHEST GUST DIRECTION     W (280)
  AVERAGE WIND SPEED     6.4


SKY COVER
  AVERAGE SKY COVER 0.8


WEATHER CONDITIONS
 THE FOLLOWING WEATHER WAS RECORDED YESTERDAY.
  THUNDERSTORM
  HEAVY RAIN
  RAIN
  FOG


RELATIVE HUMIDITY (PERCENT)
 HIGHEST    91
 LOWEST     59
 AVERAGE    75

..........................................................


THE WEST PALM BEACH CLIMATE NORMALS FOR TODAY
                         NORMAL    RECORD    YEAR
 MAXIMUM TEMPERATURE (F)   91        96      2011
                                             1990
 MINIMUM TEMPERATURE (F)   76        67      1919


SUNRISE AND SUNSET
AUGUST  1 2014........SUNRISE   645 AM EDT   SUNSET   808 PM EDT
AUGUST  2 2014........SUNRISE   646 AM EDT   SUNSET   807 PM EDT


-  INDICATES NEGATIVE NUMBERS.
R  INDICATES RECORD WAS SET OR TIED.
MM INDICATES DATA IS MISSING.
T  INDICATES TRACE AMOUNT.




$$
