804
CDUS42 KMFL 230821
CLIPBI


CLIMATE REPORT
NATIONAL WEATHER SERVICE MIAMI, FL
421 AM EDT THU MAR 23 2017


...................................

...THE WEST PALM BEACH CLIMATE SUMMARY FOR MARCH 22 2017...

CLIMATE NORMAL PERIOD 1981 TO 2010
CLIMATE RECORD PERIOD 1888 TO 2017


WEATHER ITEM   OBSERVED TIME   RECORD YEAR NORMAL DEPARTURE LAST
                VALUE   (LST)  VALUE       VALUE  FROM      YEAR
                                                  NORMAL
..................................................................
TEMPERATURE (F)
 YESTERDAY
  MAXIMUM         83    306 PM  94    1977  79      4       75
  MINIMUM         55    636 AM  42    1924  63     -8       55
  AVERAGE         69                        71     -2       65

PRECIPITATION (IN)
  YESTERDAY        0.00          1.64 1925   0.16  -0.16     0.00
  MONTH TO DATE    0.96                      3.25  -2.29     0.21
  SINCE NOV 1      8.97                     17.33  -8.36    23.17
  SINCE JAN 1      4.50                      9.20  -4.70    12.77

SNOWFALL (IN)
  YESTERDAY        0.0
  MONTH TO DATE    0.0
  SINCE MAR 1      0.0
  SINCE JUL 1      0.0
  SNOW DEPTH       0

DEGREE DAYS
 HEATING
  YESTERDAY        0                         1     -1        0
  MONTH TO DATE   16                        22     -6        2
  SINCE MAR 1     16                        22     -6        2
  SINCE JUL 1     68                       227   -159      135

 COOLING
  YESTERDAY        4                         6     -2        0
  MONTH TO DATE  115                       130    -15      202
  SINCE MAR 1    115                       130    -15      202
  SINCE JAN 1    455                       365     90      404
..................................................................


WIND (MPH)
  HIGHEST WIND SPEED    14   HIGHEST WIND DIRECTION     E (100)
  HIGHEST GUST SPEED    19   HIGHEST GUST DIRECTION     W (280)
  AVERAGE WIND SPEED     5.6


SKY COVER
  AVERAGE SKY COVER 0.1


WEATHER CONDITIONS
 THE FOLLOWING WEATHER WAS RECORDED YESTERDAY.
  FOG


RELATIVE HUMIDITY (PERCENT)
 HIGHEST   100
 LOWEST     34
 AVERAGE    67

..........................................................


THE WEST PALM BEACH CLIMATE NORMALS FOR TODAY
                         NORMAL    RECORD    YEAR
 MAXIMUM TEMPERATURE (F)   79        91      1911
 MINIMUM TEMPERATURE (F)   63        42      1960


SUNRISE AND SUNSET
MARCH 23 2017.........SUNRISE   721 AM EDT   SUNSET   733 PM EDT
MARCH 24 2017.........SUNRISE   720 AM EDT   SUNSET   734 PM EDT


-  INDICATES NEGATIVE NUMBERS.
R  INDICATES RECORD WAS SET OR TIED.
MM INDICATES DATA IS MISSING.
T  INDICATES TRACE AMOUNT.




$$
