000
CDUS42 KMFL 180821
CLIPBI


CLIMATE REPORT
NATIONAL WEATHER SERVICE MIAMI, FL
421 AM EDT FRI AUG 18 2017


...................................

...THE WEST PALM BEACH CLIMATE SUMMARY FOR AUGUST 17 2017...

CLIMATE NORMAL PERIOD 1981 TO 2010
CLIMATE RECORD PERIOD 1888 TO 2017


WEATHER ITEM   OBSERVED TIME   RECORD YEAR NORMAL DEPARTURE LAST
                VALUE   (LST)  VALUE       VALUE  FROM      YEAR
                                                  NORMAL
..................................................................
TEMPERATURE (F)
 YESTERDAY
  MAXIMUM         95    126 PM  97    1938  90      5       90
  MINIMUM         79    224 AM  68    1920  76      3       81
  AVERAGE         87                        83      4       86

PRECIPITATION (IN)
  YESTERDAY        0.00          2.87 1956   0.26  -0.26     0.29
  MONTH TO DATE    3.25                      4.17  -0.92     2.73
  SINCE JUN 1     21.01                     18.23   2.78     8.84
  SINCE JAN 1     32.42                     36.94  -4.52    30.23

SNOWFALL (IN)
  YESTERDAY        0.0
  MONTH TO DATE    0.0
  SINCE JUN 1      0.0
  SINCE JUL 1      0.0
  SNOW DEPTH       0

DEGREE DAYS
 HEATING
  YESTERDAY        0                         0      0        0
  MONTH TO DATE    0                         0      0        0
  SINCE JUN 1      0                         0      0        0
  SINCE JUL 1      0                         0      0        0

 COOLING
  YESTERDAY       22                        18      4       21
  MONTH TO DATE  342                       306     36      349
  SINCE JUN 1   1461                      1345    116     1563
  SINCE JAN 1   2785                      2454    331     2844
..................................................................


WIND (MPH)
  HIGHEST WIND SPEED    16   HIGHEST WIND DIRECTION    SE (130)
  HIGHEST GUST SPEED    20   HIGHEST GUST DIRECTION    SE (130)
  AVERAGE WIND SPEED     5.5


SKY COVER
  AVERAGE SKY COVER 0.4


WEATHER CONDITIONS
 THE FOLLOWING WEATHER WAS RECORDED YESTERDAY.
  NO SIGNIFICANT WEATHER WAS OBSERVED.


RELATIVE HUMIDITY (PERCENT)
 HIGHEST    91
 LOWEST     52
 AVERAGE    72

..........................................................


THE WEST PALM BEACH CLIMATE NORMALS FOR TODAY
                         NORMAL    RECORD    YEAR
 MAXIMUM TEMPERATURE (F)   90        96      1949
 MINIMUM TEMPERATURE (F)   76        69      1921


SUNRISE AND SUNSET
AUGUST 18 2017........SUNRISE   654 AM EDT   SUNSET   754 PM EDT
AUGUST 19 2017........SUNRISE   654 AM EDT   SUNSET   753 PM EDT


-  INDICATES NEGATIVE NUMBERS.
R  INDICATES RECORD WAS SET OR TIED.
MM INDICATES DATA IS MISSING.
T  INDICATES TRACE AMOUNT.




$$
