000
CDUS42 KMFL 272044
CLIPBI


CLIMATE REPORT
NATIONAL WEATHER SERVICE MIAMI, FL
443 PM EDT FRI MAY 27 2016


...................................

...THE WEST PALM BEACH CLIMATE SUMMARY FOR MAY 27 2016...
VALID TODAY AS OF 0400 PM LOCAL TIME.

CLIMATE NORMAL PERIOD 1981 TO 2010
CLIMATE RECORD PERIOD 1888 TO 2016


WEATHER ITEM   OBSERVED TIME   RECORD YEAR NORMAL DEPARTURE LAST
                VALUE   (LST)  VALUE       VALUE  FROM      YEAR
                                                  NORMAL
..................................................................
TEMPERATURE (F)
 TODAY
  MAXIMUM         83    259 PM  96    1928  87     -4       87
  MINIMUM         77    926 AM  62    1928  73      4       79
                                      1927
  AVERAGE         80                        80      0       83

PRECIPITATION (IN)
  TODAY            0.01          3.51 1906   0.22  -0.21      T
  MONTH TO DATE    4.89                      3.63   1.26     1.48
  SINCE NOV 1     31.73                     25.96   5.77    17.37
  SINCE JAN 1     21.33                     17.83   3.50    13.67

SNOWFALL (IN)
  TODAY            0.0
  MONTH TO DATE    0.0
  SINCE MAR 1      0.0
  SINCE JUL 1      0.0
  SNOW DEPTH       0

DEGREE DAYS
 HEATING
  TODAY            0                         0      0        0
  MONTH TO DATE    0                         0      0        0
  SINCE MAR 1      2                        28    -26        2
  SINCE JUL 1    135                       233    -98      126

 COOLING
  TODAY           15                        15      0       18
  MONTH TO DATE  366                       352     14      405
  SINCE MAR 1   1014                       812    202     1192
  SINCE JAN 1   1216                      1047    169     1470
..................................................................


WIND (MPH)
  HIGHEST WIND SPEED    18   HIGHEST WIND DIRECTION     E (70)
  HIGHEST GUST SPEED    25   HIGHEST GUST DIRECTION    NE (40)
  AVERAGE WIND SPEED    11.4


SKY COVER
  AVERAGE SKY COVER 0.5


WEATHER CONDITIONS
 THE FOLLOWING WEATHER WAS RECORDED TODAY.
  LIGHT RAIN


RELATIVE HUMIDITY (PERCENT)
 HIGHEST    74
 LOWEST     58
 AVERAGE    66

..........................................................


THE WEST PALM BEACH CLIMATE NORMALS FOR TOMORROW
                         NORMAL    RECORD    YEAR
 MAXIMUM TEMPERATURE (F)   87        94      1928
 MINIMUM TEMPERATURE (F)   73        59      1920


SUNRISE AND SUNSET
MAY 27 2016...........SUNRISE   628 AM EDT   SUNSET   807 PM EDT
MAY 28 2016...........SUNRISE   628 AM EDT   SUNSET   808 PM EDT


-  INDICATES NEGATIVE NUMBERS.
R  INDICATES RECORD WAS SET OR TIED.
MM INDICATES DATA IS MISSING.
T  INDICATES TRACE AMOUNT.




$$
