000
CDUS42 KMFL 280824
CLIPBI


CLIMATE REPORT
NATIONAL WEATHER SERVICE MIAMI, FL
423 AM EDT WED JUN 28 2017


...................................

...THE WEST PALM BEACH CLIMATE SUMMARY FOR JUNE 27 2017...

CLIMATE NORMAL PERIOD 1981 TO 2010
CLIMATE RECORD PERIOD 1888 TO 2017


WEATHER ITEM   OBSERVED TIME   RECORD YEAR NORMAL DEPARTURE LAST
                VALUE   (LST)  VALUE       VALUE  FROM      YEAR
                                                  NORMAL
..................................................................
TEMPERATURE (F)
 YESTERDAY
  MAXIMUM         91    126 PM  97    1950  89      2       90
  MINIMUM         78    340 PM  64    1904  75      3       78
  AVERAGE         85                        82      3       84

PRECIPITATION (IN)
  YESTERDAY        0.03          2.13 1917   0.27  -0.24     0.00
  MONTH TO DATE   10.32                      7.48   2.84     4.52
  SINCE JUN 1     10.32                      7.48   2.84     4.52
  SINCE JAN 1     21.73                     26.19  -4.46    25.91

SNOWFALL (IN)
  YESTERDAY        0.0
  MONTH TO DATE    0.0
  SINCE JUN 1      0.0
  SINCE JUL 1      0.0
  SNOW DEPTH       0

DEGREE DAYS
 HEATING
  YESTERDAY        0                         0      0        0
  MONTH TO DATE    0                         0      0        0
  SINCE JUN 1      0                         0      0        0
  SINCE JUL 1     68                       233   -165      135

 COOLING
  YESTERDAY       20                        17      3       19
  MONTH TO DATE  456                       441     15      491
  SINCE JUN 1    456                       441     15      491
  SINCE JAN 1   1780                      1550    230     1772
..................................................................


WIND (MPH)
  HIGHEST WIND SPEED    17   HIGHEST WIND DIRECTION    SE (120)
  HIGHEST GUST SPEED    22   HIGHEST GUST DIRECTION    SE (120)
  AVERAGE WIND SPEED     5.6


SKY COVER
  AVERAGE SKY COVER 0.6


WEATHER CONDITIONS
 THE FOLLOWING WEATHER WAS RECORDED YESTERDAY.
  THUNDERSTORM
  LIGHT RAIN


RELATIVE HUMIDITY (PERCENT)
 HIGHEST    85
 LOWEST     52
 AVERAGE    69

..........................................................


THE WEST PALM BEACH CLIMATE NORMALS FOR TODAY
                         NORMAL    RECORD    YEAR
 MAXIMUM TEMPERATURE (F)   89        95      1972
                                             1954
 MINIMUM TEMPERATURE (F)   75        67      1921


SUNRISE AND SUNSET
JUNE 28 2017..........SUNRISE   630 AM EDT   SUNSET   818 PM EDT
JUNE 29 2017..........SUNRISE   630 AM EDT   SUNSET   818 PM EDT


-  INDICATES NEGATIVE NUMBERS.
R  INDICATES RECORD WAS SET OR TIED.
MM INDICATES DATA IS MISSING.
T  INDICATES TRACE AMOUNT.




$$
