000
CDUS42 KFFC 230820
CLIPDK


CLIMATE REPORT
NATIONAL WEATHER SERVICE PEACHTREE CITY GA
419 AM EDT WED JUL 23 2014


...................................

...THE DEKALB PEACHTREE AIRPORT CLIMATE SUMMARY FOR JULY 22 2014...

CLIMATE NORMAL PERIOD 1981 TO 2010
CLIMATE RECORD PERIOD 9999 TO 9999


WEATHER ITEM   OBSERVED TIME   RECORD YEAR NORMAL DEPARTURE LAST
                VALUE   (LST)  VALUE       VALUE  FROM      YEAR
                                                  NORMAL
..................................................................
TEMPERATURE (F)
 YESTERDAY
  MAXIMUM         84    410 PM  MM      MM  89     -5       85
  MINIMUM         71    547 AM  MM      MM  71      0       70
  AVERAGE         78                        80     -2       78

PRECIPITATION (IN)
  YESTERDAY        T            MM      MM   0.15  -0.15     0.23
  MONTH TO DATE    4.58                      3.79   0.79     9.02
  SINCE JUN 1      6.06                      8.55  -2.49    18.69
  SINCE JAN 1     24.94                     31.04  -6.10    28.21

DEGREE DAYS
 COOLING
  YESTERDAY       13                        15     -2       13
  MONTH TO DATE  285                       325    -40      268
  SINCE JUN 1    673                       678     -5      626
  SINCE JAN 1    890                       889      1      791
..................................................................


WIND (MPH)
  RESULTANT WIND SPEED   2   RESULTANT WIND DIRECTION   E (100)
  HIGHEST WIND SPEED     8   HIGHEST WIND DIRECTION    SE (120)
  HIGHEST GUST SPEED    17   HIGHEST GUST DIRECTION    NE (60)
  AVERAGE WIND SPEED     1.6


SKY COVER
  AVERAGE SKY COVER 0.8


WEATHER CONDITIONS
 THE FOLLOWING WEATHER WAS RECORDED YESTERDAY.
  NO SIGNIFICANT WEATHER WAS OBSERVED.


RELATIVE HUMIDITY (PERCENT)
 HIGHEST    93           300 AM
 LOWEST     63           200 PM
 AVERAGE    78

..........................................................


THE DEKALB PEACHTREE AIRPORT CLIMATE NORMALS FOR TODAY
                         NORMAL    RECORD    YEAR
 MAXIMUM TEMPERATURE (F)   89        MM        MM
 MINIMUM TEMPERATURE (F)   71        MM        MM


SUNRISE AND SUNSET
JULY 23 2014..........SUNRISE   643 AM EDT   SUNSET   844 PM EDT
JULY 24 2014..........SUNRISE   643 AM EDT   SUNSET   844 PM EDT


-  INDICATES NEGATIVE NUMBERS.
R  INDICATES RECORD WAS SET OR TIED.
MM INDICATES DATA IS MISSING.
T  INDICATES TRACE AMOUNT.




$$
