000
CDUS46 KPDT 290040
CLIPDT

CLIMATE REPORT
NATIONAL WEATHER SERVICE PENDLETON OR
539 PM PDT THU MAY 28 2015


...................................

...THE PENDLETON OR CLIMATE SUMMARY FOR MAY 28 2015...
VALID TODAY AS OF 0500 PM LOCAL TIME.

CLIMATE NORMAL PERIOD 1981 TO 2010
CLIMATE RECORD PERIOD 1890 TO 2015


WEATHER ITEM   OBSERVED TIME   RECORD YEAR NORMAL DEPARTURE LAST
                VALUE   (LST)  VALUE       VALUE  FROM      YEAR
                                                  NORMAL
..................................................................
TEMPERATURE (F)
 TODAY
  MAXIMUM         85    359 PM 100    1934  73     12       69
  MINIMUM         49    312 AM  31    1918  49      0       49
  AVERAGE         67                        61      6       59

PRECIPITATION (IN)
  TODAY            0.00          1.05 1988   0.04  -0.04      T
  MONTH TO DATE    1.29                      1.20   0.09     0.83
  SINCE OCT 1      9.12                     10.26  -1.14     8.26
  SINCE JAN 1      4.42                      6.26  -1.84     6.47

SNOWFALL (IN)
  TODAY            0.0           0.0  2002   0.0    0.0      0.0
                                      2001
                                      2000
  MONTH TO DATE    0.0                       0.0    0.0      0.0
  SINCE JAN 1      0.4                       7.7   -7.3     15.2
  SINCE JUL 1      7.2                      15.2   -8.0     21.7
  SNOW DEPTH       0

DEGREE DAYS
 HEATING
  TODAY            0                         5     -5        6
  MONTH TO DATE  157                       231    -74      156
  SINCE MAR 1   1103                      1279   -176     1169
  SINCE JUL 1   4596                      5178   -582     5434

 COOLING
  TODAY            2                         1      1        0
  MONTH TO DATE    5                        19    -14       18
  SINCE MAR 1      5                        20    -15       18
  SINCE JAN 1      5                        20    -15       18
..................................................................


WIND (MPH)
  HIGHEST WIND SPEED    12   HIGHEST WIND DIRECTION    SE (130)
  HIGHEST GUST SPEED    15   HIGHEST GUST DIRECTION     N (20)
  AVERAGE WIND SPEED     5.8


SKY COVER
  POSSIBLE SUNSHINE  MM
  AVERAGE SKY COVER 0.0


WEATHER CONDITIONS
 THE FOLLOWING WEATHER WAS RECORDED TODAY.
  NO SIGNIFICANT WEATHER WAS OBSERVED.


RELATIVE HUMIDITY (PERCENT)
 HIGHEST    83           200 AM
 LOWEST     23           100 PM
 AVERAGE    53

..........................................................


THE PENDLETON OR CLIMATE NORMALS FOR TOMORROW
                         NORMAL    RECORD    YEAR
 MAXIMUM TEMPERATURE (F)   73       103      1897
 MINIMUM TEMPERATURE (F)   49        34      1924


SUNRISE AND SUNSET
MAY 28 2015...........SUNRISE   512 AM PDT   SUNSET   834 PM PDT
MAY 29 2015...........SUNRISE   511 AM PDT   SUNSET   835 PM PDT


-  INDICATES NEGATIVE NUMBERS.
R  INDICATES RECORD WAS SET OR TIED.
MM INDICATES DATA IS MISSING.
T  INDICATES TRACE AMOUNT.

$$
