000
CDUS46 KPDT 290832
CLIPDT

CLIMATE REPORT
NATIONAL WEATHER SERVICE PENDLETON OR
132 AM PDT WED JUL 29 2015


...................................

...THE PENDLETON OR CLIMATE SUMMARY FOR JULY 28 2015...

CLIMATE NORMAL PERIOD 1981 TO 2010
CLIMATE RECORD PERIOD 1890 TO 2015


WEATHER ITEM   OBSERVED TIME   RECORD YEAR NORMAL DEPARTURE LAST
                VALUE   (LST)  VALUE       VALUE  FROM      YEAR
                                                  NORMAL
..................................................................
TEMPERATURE (F)
 YESTERDAY
  MAXIMUM         84    422 PM 108    1928  90     -6      101
  MINIMUM         49    447 AM  43    1910  59    -10       67
  AVERAGE         67                        74     -7       84

PRECIPITATION (IN)
  YESTERDAY        0.00          0.14 1947   0.01  -0.01     0.00
  MONTH TO DATE    T                         0.30  -0.30     0.22
  SINCE OCT 1      9.70                     11.69  -1.99     9.50
  SINCE JAN 1      5.00                      7.69  -2.69     7.71

SNOWFALL (IN)
  YESTERDAY        0.0           0.0  2002   0.0    0.0      0.0
                                      2001
                                      2000
  MONTH TO DATE    0.0                       0.0    0.0      0.0
  SINCE JAN 1      0.4                       7.7   -7.3     15.2
  SINCE JUL 1      0.0                       0.0    0.0      0.0
  SNOW DEPTH       0

DEGREE DAYS
 HEATING
  YESTERDAY        0                         0      0        0
  MONTH TO DATE    0                         7     -7        2
  SINCE JUN 1     10                        90    -80       45
  SINCE JUL 1      0                         7     -7        2

 COOLING
  YESTERDAY        2                        10     -8       19
  MONTH TO DATE  311                       217     94      342
  SINCE JUN 1    564                       296    268      402
  SINCE JAN 1    591                       319    272      424
..................................................................


WIND (MPH)
  HIGHEST WIND SPEED    15   HIGHEST WIND DIRECTION    NW (310)
  HIGHEST GUST SPEED    21   HIGHEST GUST DIRECTION    NW (300)
  AVERAGE WIND SPEED     7.2


SKY COVER
  POSSIBLE SUNSHINE  MM
  AVERAGE SKY COVER 0.0


WEATHER CONDITIONS
 THE FOLLOWING WEATHER WAS RECORDED YESTERDAY.
  HAZE


RELATIVE HUMIDITY (PERCENT)
 HIGHEST    63           500 AM
 LOWEST     18           200 PM
 AVERAGE    41

..........................................................


THE PENDLETON OR CLIMATE NORMALS FOR TODAY
                         NORMAL    RECORD    YEAR
 MAXIMUM TEMPERATURE (F)   90       104      2014
                                             2003
                                             1971
 MINIMUM TEMPERATURE (F)   59        38      1917


SUNRISE AND SUNSET
JULY 29 2015..........SUNRISE   535 AM PDT   SUNSET   828 PM PDT
JULY 30 2015..........SUNRISE   536 AM PDT   SUNSET   827 PM PDT


-  INDICATES NEGATIVE NUMBERS.
R  INDICATES RECORD WAS SET OR TIED.
MM INDICATES DATA IS MISSING.
T  INDICATES TRACE AMOUNT.


$$
