000
CDUS46 KPDT 290926
CLIPDT

CLIMATE REPORT
NATIONAL WEATHER SERVICE PENDLETON OR
225 AM PDT MON MAY 29 2017


...................................

...THE PENDLETON OR CLIMATE SUMMARY FOR MAY 28 2017...

CLIMATE NORMAL PERIOD 1981 TO 2010
CLIMATE RECORD PERIOD 1890 TO 2017


WEATHER ITEM   OBSERVED TIME   RECORD YEAR NORMAL DEPARTURE LAST
                VALUE   (LST)  VALUE       VALUE  FROM      YEAR
                                                  NORMAL
..................................................................
TEMPERATURE (F)
 YESTERDAY
  MAXIMUM         87    300 PM 100    1934  73     14       74
  MINIMUM         51    306 AM  31    1918  49      2       45
  AVERAGE         69                        61      8       60

PRECIPITATION (IN)
  YESTERDAY        0.00          1.05 1988   0.04  -0.04     0.00
  MONTH TO DATE    0.93                      1.20  -0.27     1.19
  SINCE OCT 1     14.66                     10.26   4.40     9.86
  SINCE JAN 1      9.14                      6.26   2.88     5.59

SNOWFALL (IN)
  YESTERDAY        0.0           0.0  2002   0.0    0.0      0.0
                                      2001
                                      2000
  MONTH TO DATE    T                         0.0    0.0      0.0
  SINCE JAN 1     25.9                       7.7   18.2       T
  SINCE JUL 1     44.4                      15.2   29.2      4.1
  SNOW DEPTH       0

DEGREE DAYS
 HEATING
  YESTERDAY        0                         5     -5        5
  MONTH TO DATE  240                       231      9      149
  SINCE MAR 1   1287                      1279      8      969
  SINCE JUL 1   5589                      5178    411     4561

 COOLING
  YESTERDAY        4                         1      3        0
  MONTH TO DATE   17                        19     -2       18
  SINCE MAR 1     17                        20     -3       18
  SINCE JAN 1     17                        20     -3       18
..................................................................


WIND (MPH)
  HIGHEST WIND SPEED    12   HIGHEST WIND DIRECTION    SE (150)
  HIGHEST GUST SPEED    15   HIGHEST GUST DIRECTION     N (340)
  AVERAGE WIND SPEED     6.4


SKY COVER
  POSSIBLE SUNSHINE  MM
  AVERAGE SKY COVER 0.0


WEATHER CONDITIONS
 THE FOLLOWING WEATHER WAS RECORDED YESTERDAY.
  NO SIGNIFICANT WEATHER WAS OBSERVED.


RELATIVE HUMIDITY (PERCENT)
 HIGHEST    77           300 AM
 LOWEST     25           100 PM
 AVERAGE    51

..........................................................


THE PENDLETON OR CLIMATE NORMALS FOR TODAY
                         NORMAL    RECORD    YEAR
 MAXIMUM TEMPERATURE (F)   73       103      1897
 MINIMUM TEMPERATURE (F)   49        34      1924


SUNRISE AND SUNSET
MAY 29 2017...........SUNRISE   511 AM PDT   SUNSET   835 PM PDT
MAY 30 2017...........SUNRISE   510 AM PDT   SUNSET   836 PM PDT


-  INDICATES NEGATIVE NUMBERS.
R  INDICATES RECORD WAS SET OR TIED.
MM INDICATES DATA IS MISSING.
T  INDICATES TRACE AMOUNT.

$$
