000
CDUS46 KPDT 250104
CLIPDT

CLIMATE REPORT
NATIONAL WEATHER SERVICE PENDLETON OR
553 PM PDT SUN SEP 24 2017


...................................

...THE PENDLETON OR CLIMATE SUMMARY FOR SEPTEMBER 24 2017...
VALID TODAY AS OF 0500 PM LOCAL TIME.

CLIMATE NORMAL PERIOD 1981 TO 2010
CLIMATE RECORD PERIOD 1890 TO 2017


WEATHER ITEM   OBSERVED TIME   RECORD YEAR NORMAL DEPARTURE LAST
                VALUE   (LST)  VALUE       VALUE  FROM      YEAR
                                                  NORMAL
..................................................................
TEMPERATURE (F)
 TODAY
  MAXIMUM         69    348 PM  95    1899  74     -5       69
  MINIMUM         42    535 AM  21    1926  47     -5       44
  AVERAGE         56                        60     -4       57

PRECIPITATION (IN)
  TODAY            0.00          0.20 1900   0.02  -0.02     0.00
  MONTH TO DATE    0.91                      0.43   0.48     0.68
  SINCE OCT 1     17.80                     12.52   5.28    12.34
  SINCE JAN 1     12.28                      8.52   3.76     8.07

SNOWFALL (IN)
  TODAY            0.0           0.0  2002   0.0    0.0      0.0
                                      2001
                                      1999
  MONTH TO DATE    0.0                       0.0    0.0      0.0
  SINCE JAN 1     25.9                       7.7   18.2       T
  SINCE JUL 1      0.0                       0.0    0.0      0.0
  SNOW DEPTH       0

DEGREE DAYS
 HEATING
  TODAY            9                         6      3        8
  MONTH TO DATE   99                        73     26      108
  SINCE SEP 1     99                        73     26      108
  SINCE JUL 1    101                        95      6      110

 COOLING
  TODAY            0                         1     -1        0
  MONTH TO DATE  110                        59     51        8
  SINCE SEP 1    110                        59     51        8
  SINCE JAN 1    891                       629    262      596
..................................................................


WIND (MPH)
  HIGHEST WIND SPEED    13   HIGHEST WIND DIRECTION    SE (150)
  HIGHEST GUST SPEED    13   HIGHEST GUST DIRECTION     W (290)
  AVERAGE WIND SPEED     6.4


SKY COVER
  POSSIBLE SUNSHINE  MM
  AVERAGE SKY COVER 0.4


WEATHER CONDITIONS
THE FOLLOWING WEATHER WAS RECORDED TODAY.
  NO SIGNIFICANT WEATHER WAS OBSERVED.


RELATIVE HUMIDITY (PERCENT)
 HIGHEST    82           500 AM
 LOWEST     32           200 PM
 AVERAGE    57

..........................................................


THE PENDLETON OR CLIMATE NORMALS FOR TOMORROW
                         NORMAL    RECORD    YEAR
 MAXIMUM TEMPERATURE (F)   74        99      1952
 MINIMUM TEMPERATURE (F)   46        21      1926


SUNRISE AND SUNSET
SEPTEMBER 24 2017.....SUNRISE   645 AM PDT   SUNSET   648 PM PDT
SEPTEMBER 25 2017.....SUNRISE   647 AM PDT   SUNSET   646 PM PDT


-  INDICATES NEGATIVE NUMBERS.
R  INDICATES RECORD WAS SET OR TIED.
MM INDICATES DATA IS MISSING.
T  INDICATES TRACE AMOUNT.




$$
