000
CDUS46 KPQR 240228
CLIPDX


CLIMATE REPORT
NATIONAL WEATHER SERVICE PORTLAND OREGON
728 PM PDT TUE SEP 23 2014


...................................

...THE PORTLAND OR CLIMATE SUMMARY FOR SEPTEMBER 23 2014...
VALID TODAY AS OF 0700 PM LOCAL TIME.

CLIMATE NORMAL PERIOD 1981 TO 2010
CLIMATE RECORD PERIOD 1940 TO 2014


WEATHER ITEM   OBSERVED TIME   RECORD YEAR NORMAL DEPARTURE LAST
                VALUE   (LST)  VALUE       VALUE  FROM      YEAR
                                                  NORMAL
..................................................................
TEMPERATURE (F)
 TODAY
  MAXIMUM         68   1230 PM  94    1974  74     -6       64
  MINIMUM         60    632 AM  40    2000  51      9       54
  AVERAGE         64                        62      2       59

PRECIPITATION (IN)
  TODAY            0.09          0.86 1986   0.06   0.03     0.17
  MONTH TO DATE    0.14                      1.04  -0.90     2.01
  SINCE OCT 1     30.11                     35.60  -5.49    39.22
  SINCE JAN 1     24.29                     21.48   2.81    17.29

DEGREE DAYS
 HEATING
  TODAY            1                         4     -3        6
  MONTH TO DATE    2                        45    -43       23
  SINCE SEP 1      2                        45    -43       23
  SINCE JUL 1      3                        72    -69       28

 COOLING
  TODAY            0                         1     -1        0
  MONTH TO DATE   99                        53     46       86
  SINCE SEP 1     99                        53     46       86
  SINCE JAN 1    634                       416    218      539
..................................................................


WIND (MPH)
  HIGHEST WIND SPEED    10   HIGHEST WIND DIRECTION     E (110)
  HIGHEST GUST SPEED    12   HIGHEST GUST DIRECTION     E (110)
  AVERAGE WIND SPEED     4.6



WEATHER CONDITIONS
 THE FOLLOWING WEATHER WAS RECORDED TODAY.
  LIGHT RAIN
  FOG
  HAZE


RELATIVE HUMIDITY (PERCENT)
 HIGHEST    97           300 AM
 LOWEST     73          1000 AM
 AVERAGE    85

..........................................................


THE PORTLAND OR CLIMATE NORMALS FOR TOMORROW
                         NORMAL    RECORD    YEAR
 MAXIMUM TEMPERATURE (F)   73        96      1974
 MINIMUM TEMPERATURE (F)   51        36      1970


SUNRISE AND SUNSET
SEPTEMBER 23 2014.....SUNRISE   659 AM PDT   SUNSET   706 PM PDT
SEPTEMBER 24 2014.....SUNRISE   700 AM PDT   SUNSET   704 PM PDT


-  INDICATES NEGATIVE NUMBERS.
R  INDICATES RECORD WAS SET OR TIED.
MM INDICATES DATA IS MISSING.
T  INDICATES TRACE AMOUNT.




$$
