000
CDUS46 KPQR 221142
CLIPDX


CLIMATE REPORT
NATIONAL WEATHER SERVICE PORTLAND OREGON
441 AM PDT FRI AUG 22 2014


...................................

...THE PORTLAND OR CLIMATE SUMMARY FOR AUGUST 21 2014...

CLIMATE NORMAL PERIOD 1981 TO 2010
CLIMATE RECORD PERIOD 1940 TO 2014


WEATHER ITEM   OBSERVED TIME   RECORD YEAR NORMAL DEPARTURE LAST
                VALUE   (LST)  VALUE       VALUE  FROM      YEAR
                                                  NORMAL
..................................................................
TEMPERATURE (F)
 YESTERDAY
  MAXIMUM         80    518 PM  95    1945  81     -1       90
  MINIMUM         54    458 AM  45    1955  58     -4       59
  AVERAGE         67                        69     -2       75

PRECIPITATION (IN)
  YESTERDAY        0.00          0.54 2004   0.02  -0.02     0.00
  MONTH TO DATE    0.01                      0.38  -0.37     0.07
  SINCE OCT 1     29.97                     34.27  -4.30    36.50
  SINCE JAN 1     24.15                     20.15   4.00    14.57

DEGREE DAYS
 HEATING
  YESTERDAY        0                         0      0        0
  MONTH TO DATE    0                         0      0        3
  SINCE JUN 1     63                       108    -45       54
  SINCE JUL 1      1                        17    -16        5

 COOLING
  YESTERDAY        2                         5     -3       10
  MONTH TO DATE  187                       114     73      141
  SINCE JUN 1    436                       308    128      376
  SINCE JAN 1    464                       325    139      391
..................................................................


WIND (MPH)
  HIGHEST WIND SPEED    13   HIGHEST WIND DIRECTION    NW (310)
  HIGHEST GUST SPEED    16   HIGHEST GUST DIRECTION    NW (330)
  AVERAGE WIND SPEED     5.0


SKY COVER
  POSSIBLE SUNSHINE  MM
  AVERAGE SKY COVER 0.3


WEATHER CONDITIONS
 THE FOLLOWING WEATHER WAS RECORDED YESTERDAY.
  NO SIGNIFICANT WEATHER WAS OBSERVED.


RELATIVE HUMIDITY (PERCENT)
 HIGHEST    89           500 AM
 LOWEST     28           300 PM
 AVERAGE    59

..........................................................


THE PORTLAND OR CLIMATE NORMALS FOR TODAY
                         NORMAL    RECORD    YEAR
 MAXIMUM TEMPERATURE (F)   81        98      1942
 MINIMUM TEMPERATURE (F)   58        47      1973
                                             1962
                                             1955


SUNRISE AND SUNSET
AUGUST 22 2014........SUNRISE   620 AM PDT   SUNSET   806 PM PDT
AUGUST 23 2014........SUNRISE   621 AM PDT   SUNSET   804 PM PDT


-  INDICATES NEGATIVE NUMBERS.
R  INDICATES RECORD WAS SET OR TIED.
MM INDICATES DATA IS MISSING.
T  INDICATES TRACE AMOUNT.




$$
