000
CDUS46 KPQR 291143
CLIPDX


CLIMATE REPORT
NATIONAL WEATHER SERVICE PORTLAND OREGON
442 AM PDT FRI APR 29 2016


...................................

...THE PORTLAND OR CLIMATE SUMMARY FOR APRIL 28 2016...

CLIMATE NORMAL PERIOD 1981 TO 2010
CLIMATE RECORD PERIOD 1940 TO 2016


WEATHER ITEM   OBSERVED TIME   RECORD YEAR NORMAL DEPARTURE LAST
                VALUE   (LST)  VALUE       VALUE  FROM      YEAR
                                                  NORMAL
..................................................................
TEMPERATURE (F)
 YESTERDAY
  MAXIMUM         63    320 PM  82    1998  64     -1       68
  MINIMUM         48    458 AM  34    1973  45      3       46
                                      1955
  AVERAGE         56                        54      2       57

PRECIPITATION (IN)
  YESTERDAY        T             0.60 1969   0.08  -0.08     0.02
                                      1951
  MONTH TO DATE    1.88                      2.58  -0.70     1.75
  SINCE OCT 1     41.36                     28.92  12.44    28.48
  SINCE JAN 1     17.94                     14.80   3.14    13.50

DEGREE DAYS
 HEATING
  YESTERDAY        9                        11     -2        8
  MONTH TO DATE  208                       363   -155      343
  SINCE MAR 1    657                       885   -228      725
  SINCE JUL 1   3260                      3943   -683     3197

 COOLING
  YESTERDAY        0                         0      0        0
  MONTH TO DATE   18                         0     18        2
  SINCE MAR 1     18                         0     18        2
  SINCE JAN 1     18                         0     18        2
..................................................................


WIND (MPH)
  HIGHEST WIND SPEED    14   HIGHEST WIND DIRECTION    NW (320)
  HIGHEST GUST SPEED    17   HIGHEST GUST DIRECTION    NW (320)
  AVERAGE WIND SPEED     3.5


SKY COVER
  POSSIBLE SUNSHINE  MM
  AVERAGE SKY COVER 0.9


WEATHER CONDITIONS
 THE FOLLOWING WEATHER WAS RECORDED YESTERDAY.
  NO SIGNIFICANT WEATHER WAS OBSERVED.


RELATIVE HUMIDITY (PERCENT)
 HIGHEST    86           600 AM
 LOWEST     43           400 PM
 AVERAGE    65

..........................................................


THE PORTLAND OR CLIMATE NORMALS FOR TODAY
                         NORMAL    RECORD    YEAR
 MAXIMUM TEMPERATURE (F)   64        87      1957
 MINIMUM TEMPERATURE (F)   45        33      1952


SUNRISE AND SUNSET
APRIL 29 2016.........SUNRISE   600 AM PDT   SUNSET   816 PM PDT
APRIL 30 2016.........SUNRISE   559 AM PDT   SUNSET   817 PM PDT


-  INDICATES NEGATIVE NUMBERS.
R  INDICATES RECORD WAS SET OR TIED.
MM INDICATES DATA IS MISSING.
T  INDICATES TRACE AMOUNT.




$$
