192
CDUS46 KPQR 081144
CLIPDX


CLIMATE REPORT
NATIONAL WEATHER SERVICE PORTLAND OREGON
342 AM PST MON FEB 8 2016


...................................

...THE PORTLAND OR CLIMATE SUMMARY FOR FEBRUARY 7 2016...

CLIMATE NORMAL PERIOD 1981 TO 2010
CLIMATE RECORD PERIOD 1940 TO 2016


WEATHER ITEM   OBSERVED TIME   RECORD YEAR NORMAL DEPARTURE LAST
                VALUE   (LST)  VALUE       VALUE  FROM      YEAR
                                                  NORMAL
..................................................................
TEMPERATURE (F)
 YESTERDAY
  MAXIMUM         62R   323 PM  62    1996  50     12       59
  MINIMUM         44    729 AM  20    2014  36      8       49
  AVERAGE         53                        43     10       54

PRECIPITATION (IN)
  YESTERDAY        0.00          1.90 1996   0.13  -0.13     0.68
  MONTH TO DATE    0.83                      0.92  -0.09     2.83
  SINCE OCT 1     31.48                     19.92  11.56    21.14
  SINCE JAN 1      8.06                      5.80   2.26     6.16

DEGREE DAYS
 HEATING
  YESTERDAY       12                        22    -10       11
  MONTH TO DATE  127                       154    -27      113
  SINCE DEC 1   1474                      1649   -175     1415
  SINCE JUL 1   2282                      2618   -336     2148

 COOLING
  YESTERDAY        0                         0      0        0
  MONTH TO DATE    0                         0      0        0
  SINCE DEC 1      0                         0      0        0
  SINCE JAN 1      0                         0      0        0
..................................................................


WIND (MPH)
  HIGHEST WIND SPEED     8   HIGHEST WIND DIRECTION    SE (140)
  HIGHEST GUST SPEED     9   HIGHEST GUST DIRECTION    SE (150)
  AVERAGE WIND SPEED     1.8


SKY COVER
  POSSIBLE SUNSHINE  MM
  AVERAGE SKY COVER 0.7


WEATHER CONDITIONS
 THE FOLLOWING WEATHER WAS RECORDED YESTERDAY.
  NO SIGNIFICANT WEATHER WAS OBSERVED.


RELATIVE HUMIDITY (PERCENT)
 HIGHEST    89           200 AM
 LOWEST     46           300 PM
 AVERAGE    68

..........................................................


THE PORTLAND OR CLIMATE NORMALS FOR TODAY
                         NORMAL    RECORD    YEAR
 MAXIMUM TEMPERATURE (F)   50        64      1995
 MINIMUM TEMPERATURE (F)   36        25      2014
                                             1994
                                             1971


SUNRISE AND SUNSET
FEBRUARY  8 2016......SUNRISE   723 AM PST   SUNSET   527 PM PST
FEBRUARY  9 2016......SUNRISE   722 AM PST   SUNSET   528 PM PST


-  INDICATES NEGATIVE NUMBERS.
R  INDICATES RECORD WAS SET OR TIED.
MM INDICATES DATA IS MISSING.
T  INDICATES TRACE AMOUNT.




$$
