000
CDUS46 KPQR 181141
CLIPDX


CLIMATE REPORT
NATIONAL WEATHER SERVICE PORTLAND OREGON
440 AM PDT FRI APR 18 2014


...................................

...THE PORTLAND OR CLIMATE SUMMARY FOR APRIL 17 2014...

CLIMATE NORMAL PERIOD 1981 TO 2010
CLIMATE RECORD PERIOD 1940 TO 2014


WEATHER ITEM   OBSERVED TIME   RECORD YEAR NORMAL DEPARTURE LAST
                VALUE   (LST)  VALUE       VALUE  FROM      YEAR
                                                  NORMAL
..................................................................
TEMPERATURE (F)
 YESTERDAY
  MAXIMUM         55    657 PM  78    1983  62     -7       60
  MINIMUM         44   1159 PM  31    1977  43      1       36
  AVERAGE         50                        52     -2       48

PRECIPITATION (IN)
  YESTERDAY        0.37          0.55 1987   0.09   0.28     0.01
  MONTH TO DATE    1.25                      1.63  -0.38     1.61
  SINCE OCT 1     22.41                     27.97  -5.56    29.75
  SINCE JAN 1     16.59                     13.85   2.74     7.82

DEGREE DAYS
 HEATING
  YESTERDAY       15                        13      2       17
  MONTH TO DATE  183                       234    -51      242
  SINCE MAR 1    667                       756    -89      740
  SINCE JUL 1   3965                      3814    151     3637

 COOLING
  YESTERDAY        0                         0      0        0
  MONTH TO DATE    0                         0      0        0
  SINCE MAR 1      0                         0      0        0
  SINCE JAN 1      0                         0      0        0
..................................................................


WIND (MPH)
  HIGHEST WIND SPEED    18   HIGHEST WIND DIRECTION    SW (230)
  HIGHEST GUST SPEED    23   HIGHEST GUST DIRECTION    SW (220)
  AVERAGE WIND SPEED     8.5


SKY COVER
  POSSIBLE SUNSHINE  MM
  AVERAGE SKY COVER 1.0


WEATHER CONDITIONS
 THE FOLLOWING WEATHER WAS RECORDED YESTERDAY.
  LIGHT RAIN
  FOG


RELATIVE HUMIDITY (PERCENT)
 HIGHEST    96          1200 AM
 LOWEST     71           800 PM
 AVERAGE    84

..........................................................


THE PORTLAND OR CLIMATE NORMALS FOR TODAY
                         NORMAL    RECORD    YEAR
 MAXIMUM TEMPERATURE (F)   62        80      1962
 MINIMUM TEMPERATURE (F)   43        30      1964


SUNRISE AND SUNSET
APRIL 18 2014.........SUNRISE   619 AM PDT   SUNSET   801 PM PDT
APRIL 19 2014.........SUNRISE   618 AM PDT   SUNSET   802 PM PDT


-  INDICATES NEGATIVE NUMBERS.
R  INDICATES RECORD WAS SET OR TIED.
MM INDICATES DATA IS MISSING.
T  INDICATES TRACE AMOUNT.




$$
