000
CDUS46 KPQR 011146
CLIPDX


CLIMATE REPORT
NATIONAL WEATHER SERVICE PORTLAND OREGON
445 AM PDT SAT OCT 1 2016


...................................

...THE PORTLAND OR CLIMATE SUMMARY FOR SEPTEMBER 30 2016...

CLIMATE NORMAL PERIOD 1981 TO 2010
CLIMATE RECORD PERIOD 1940 TO 2016


WEATHER ITEM   OBSERVED TIME   RECORD YEAR NORMAL DEPARTURE LAST
                VALUE   (LST)  VALUE       VALUE  FROM      YEAR
                                                  NORMAL
..................................................................
TEMPERATURE (F)
 YESTERDAY
  MAXIMUM         70    300 PM  88    1987  71     -1       74
  MINIMUM         45    704 AM  35    1954  50     -5       52
  AVERAGE         58                        60     -2       63

PRECIPITATION (IN)
  YESTERDAY        T             1.68 2005   0.06  -0.06     0.00
  MONTH TO DATE    1.69                      1.47   0.22     1.26
  SINCE OCT 1     47.02                     36.03  10.99    31.96
  SINCE JAN 1     23.60                     21.91   1.69    16.98

DEGREE DAYS
 HEATING
  YESTERDAY        7                         5      2        2
  MONTH TO DATE   72                        76     -4       76
  SINCE SEP 1     72                        76     -4       76
  SINCE JUL 1     78                       103    -25       76

 COOLING
  YESTERDAY        0                         0      0        0
  MONTH TO DATE   30                        59    -29       51
  SINCE SEP 1     30                        59    -29       51
  SINCE JAN 1    548                       422    126      780
..................................................................


WIND (MPH)
  HIGHEST WIND SPEED    17   HIGHEST WIND DIRECTION    SW (210)
  HIGHEST GUST SPEED    24   HIGHEST GUST DIRECTION     S (200)
  AVERAGE WIND SPEED     5.5


SKY COVER
  POSSIBLE SUNSHINE  MM
  AVERAGE SKY COVER 0.6


WEATHER CONDITIONS
 THE FOLLOWING WEATHER WAS RECORDED YESTERDAY.
  FOG


RELATIVE HUMIDITY (PERCENT)
 HIGHEST   100           700 AM
 LOWEST     37           300 PM
 AVERAGE    69

..........................................................


THE PORTLAND OR CLIMATE NORMALS FOR TODAY
                         NORMAL    RECORD    YEAR
 MAXIMUM TEMPERATURE (F)   70        92      1987
 MINIMUM TEMPERATURE (F)   49        33      1950


SUNRISE AND SUNSET
OCTOBER  1 2016.......SUNRISE   709 AM PDT   SUNSET   649 PM PDT
OCTOBER  2 2016.......SUNRISE   711 AM PDT   SUNSET   648 PM PDT


-  INDICATES NEGATIVE NUMBERS.
R  INDICATES RECORD WAS SET OR TIED.
MM INDICATES DATA IS MISSING.
T  INDICATES TRACE AMOUNT.




$$
