000
CDUS46 KPQR 060223
CLIPDX


CLIMATE REPORT
NATIONAL WEATHER SERVICE PORTLAND OREGON
622 PM PST MON DEC 5 2016


...................................

...THE PORTLAND OR CLIMATE SUMMARY FOR DECEMBER 5 2016...
VALID TODAY AS OF 0600 PM LOCAL TIME.

CLIMATE NORMAL PERIOD 1981 TO 2010
CLIMATE RECORD PERIOD 1940 TO 2016


WEATHER ITEM   OBSERVED TIME   RECORD YEAR NORMAL DEPARTURE LAST
                VALUE   (LST)  VALUE       VALUE  FROM      YEAR
                                                  NORMAL
..................................................................
TEMPERATURE (F)
 TODAY
  MAXIMUM         39    225 PM  59    1970  47     -8       47
  MINIMUM         35   1046 AM  19    2013  36     -1       43
  AVERAGE         37                        42     -5       45

PRECIPITATION (IN)
  TODAY            0.25          1.80 1981   0.19   0.06     0.39
  MONTH TO DATE    1.03                      1.00   0.03     2.00
  SINCE OCT 1     16.17                      9.63   6.54    10.18
  SINCE JAN 1     39.77                     31.54   8.23    27.16

DEGREE DAYS
 HEATING
  TODAY           28                        23      5       20
  MONTH TO DATE  111                       114     -3      111
  SINCE DEC 1    111                       114     -3      111
  SINCE JUL 1    821                      1083   -262      919

 COOLING
  TODAY            0                         0      0        0
  MONTH TO DATE    0                         0      0        0
  SINCE DEC 1      0                         0      0        0
  SINCE JAN 1    548                       424    124      785
..................................................................


WIND (MPH)
  HIGHEST WIND SPEED    20   HIGHEST WIND DIRECTION     S (190)
  HIGHEST GUST SPEED    23   HIGHEST GUST DIRECTION     S (190)
  AVERAGE WIND SPEED     8.5



WEATHER CONDITIONS
 THE FOLLOWING WEATHER WAS RECORDED TODAY.
  LIGHT RAIN
  SNOW
  FOG


RELATIVE HUMIDITY (PERCENT)
 HIGHEST    92          1200 AM
 LOWEST     85           600 AM
 AVERAGE    89

..........................................................


THE PORTLAND OR CLIMATE NORMALS FOR TOMORROW
                         NORMAL    RECORD    YEAR
 MAXIMUM TEMPERATURE (F)   47        60      1988
 MINIMUM TEMPERATURE (F)   36        22      1972
                                             1959


SUNRISE AND SUNSET
DECEMBER  5 2016......SUNRISE   735 AM PST   SUNSET   427 PM PST
DECEMBER  6 2016......SUNRISE   737 AM PST   SUNSET   427 PM PST


-  INDICATES NEGATIVE NUMBERS.
R  INDICATES RECORD WAS SET OR TIED.
MM INDICATES DATA IS MISSING.
T  INDICATES TRACE AMOUNT.




$$
