000
CDUS41 KPBZ 230703
CLIPHD


CLIMATE REPORT
NATIONAL WEATHER SERVICE PITTSBURGH PA
302 AM EDT SAT MAY 23 2015


...................................

...THE NEW PHILADELPHIA OH CLIMATE SUMMARY FOR MAY 22 2015...

CLIMATE NORMAL PERIOD 1981 TO 2010
CLIMATE RECORD PERIOD 1946 TO 2015


WEATHER ITEM   OBSERVED TIME   RECORD YEAR NORMAL DEPARTURE LAST
                VALUE   (LST)  VALUE       VALUE  FROM      YEAR
                                                  NORMAL
..................................................................
TEMPERATURE (F)
 YESTERDAY
  MAXIMUM         70    426 PM  89    1977  74     -4       73
  MINIMUM         42            30    2002  50     -8       53
  AVERAGE         56                        62     -6       63

PRECIPITATION (IN)
  YESTERDAY        0.00         MM      MM   0.15  -0.15     0.01
  MONTH TO DATE    2.68                      2.83  -0.15     3.18
  SINCE JUN 1     37.66                     37.56   0.10    39.61
  SINCE JAN 1     12.93                     14.26  -1.33    14.97

DEGREE DAYS
 HEATING
  YESTERDAY        9                         5      4        2
  MONTH TO DATE   80                       158    -78      142
  SINCE MAR 1   1272                      1366    -94     1513
  SINCE JUL 1   5890                      5573    317     6146

 COOLING
  YESTERDAY        0                         2     -2        0
  MONTH TO DATE   98                        15     83       39
  SINCE MAR 1    101                        22     79       40
  SINCE JAN 1    101                        22     79       40
..................................................................


WIND (MPH)
  HIGHEST WIND SPEED    17   HIGHEST WIND DIRECTION    NW (330)
  HIGHEST GUST SPEED    23   HIGHEST GUST DIRECTION    NW (310)
  AVERAGE WIND SPEED     4.8


SKY COVER
  POSSIBLE SUNSHINE  MM
  AVERAGE SKY COVER 0.2


WEATHER CONDITIONS
 THE FOLLOWING WEATHER WAS RECORDED YESTERDAY.
  FOG
  HAZE


RELATIVE HUMIDITY (PERCENT)
 HIGHEST    89          1200 AM
 LOWEST     26           600 PM
 AVERAGE    58

..........................................................


THE NEW PHILADELPHIA OH CLIMATE NORMALS FOR TODAY
                         NORMAL    RECORD    YEAR
 MAXIMUM TEMPERATURE (F)   74        88      1991
 MINIMUM TEMPERATURE (F)   50        30      2002


SUNRISE AND SUNSET
MAY 23 2015...........SUNRISE   603 AM EDT   SUNSET   842 PM EDT
MAY 24 2015...........SUNRISE   602 AM EDT   SUNSET   843 PM EDT


-  INDICATES NEGATIVE NUMBERS.
R  INDICATES RECORD WAS SET OR TIED.
MM INDICATES DATA IS MISSING.
T  INDICATES TRACE AMOUNT.




$$
