000
CDUS41 KPBZ 272111
CLIPHD


CLIMATE REPORT
NATIONAL WEATHER SERVICE PITTSBURGH PA
511 PM EDT SAT MAY 27 2017


...................................

...THE NEW PHILADELPHIA OH CLIMATE SUMMARY FOR MAY 27 2017...
VALID TODAY AS OF 0500 PM LOCAL TIME.

CLIMATE NORMAL PERIOD 1981 TO 2010
CLIMATE RECORD PERIOD 1946 TO 2017


WEATHER ITEM   OBSERVED TIME   RECORD YEAR NORMAL DEPARTURE LAST
                VALUE   (LST)  VALUE       VALUE  FROM      YEAR
                                                  NORMAL
..................................................................
TEMPERATURE (F)
 TODAY
  MAXIMUM         77    348 PM  92    2012  75      2       89
  MINIMUM         57   1211 AM  30    1961  51      6       67
  AVERAGE         67                        63      4       78

PRECIPITATION (IN)
  TODAY            0.24          1.05 1968   0.15   0.09     0.00
  MONTH TO DATE    4.85                      3.57   1.28     3.13
  SINCE JUN 1     40.69                     38.30   2.39    32.73
  SINCE JAN 1     20.11                     15.00   5.11    14.65

DEGREE DAYS
 HEATING
  TODAY            0                         4     -4        0
  MONTH TO DATE  168                       180    -12      173
  SINCE MAR 1   1186                      1388   -202     1197
  SINCE JUL 1   4683                      5595   -912     4811

 COOLING
  TODAY            2                         2      0       13
  MONTH TO DATE   28                        25      3       35
  SINCE MAR 1     53                        32     21       35
  SINCE JAN 1     53                        32     21       35
..................................................................


WIND (MPH)
  HIGHEST WIND SPEED    10   HIGHEST WIND DIRECTION     E (110)
  HIGHEST GUST SPEED    12   HIGHEST GUST DIRECTION     E (110)
  AVERAGE WIND SPEED     2.3


SKY COVER
  POSSIBLE SUNSHINE  MM
  AVERAGE SKY COVER 0.9


WEATHER CONDITIONS
 THE FOLLOWING WEATHER WAS RECORDED TODAY.
  THUNDERSTORM
  RAIN
  LIGHT RAIN
  FOG


RELATIVE HUMIDITY (PERCENT)
 HIGHEST   100           400 AM
 LOWEST     64           400 PM
 AVERAGE    82

..........................................................


THE NEW PHILADELPHIA OH CLIMATE NORMALS FOR TOMORROW
                         NORMAL    RECORD    YEAR
 MAXIMUM TEMPERATURE (F)   76        91      1967
 MINIMUM TEMPERATURE (F)   52        35      1992
                                             1961


SUNRISE AND SUNSET
MAY 27 2017...........SUNRISE   600 AM EDT   SUNSET   846 PM EDT
MAY 28 2017...........SUNRISE   559 AM EDT   SUNSET   847 PM EDT


-  INDICATES NEGATIVE NUMBERS.
R  INDICATES RECORD WAS SET OR TIED.
MM INDICATES DATA IS MISSING.
T  INDICATES TRACE AMOUNT.




$$
