000
CDUS41 KPBZ 222112
CLIPHD


CLIMATE REPORT
NATIONAL WEATHER SERVICE PITTSBURGH PA
511 PM EDT FRI SEP 22 2017


...................................

...THE NEW PHILADELPHIA OH CLIMATE SUMMARY FOR SEPTEMBER 22 2017...
VALID TODAY AS OF 0500 PM LOCAL TIME.

CLIMATE NORMAL PERIOD 1981 TO 2010
CLIMATE RECORD PERIOD 1948 TO 2017


WEATHER ITEM   OBSERVED TIME   RECORD YEAR NORMAL DEPARTURE LAST
                VALUE   (LST)  VALUE       VALUE  FROM      YEAR
                                                  NORMAL
..................................................................
TEMPERATURE (F)
 TODAY
  MAXIMUM         92R   216 PM  89    2016  74     18       89
                                      1978
                                      1970
  MINIMUM         60    631 AM  33    1999  50     10       57
  AVERAGE         76                        62     14       73

PRECIPITATION (IN)
  TODAY            0.00          1.49 1992   0.10  -0.10     0.00
  MONTH TO DATE    0.80                      2.58  -1.78     1.63
  SINCE JUN 1     10.94                     13.93  -2.99     9.49
  SINCE JAN 1     31.69                     29.53   2.16    24.14

DEGREE DAYS
 HEATING
  TODAY            0                         5     -5        0
  MONTH TO DATE   60                        48     12        0
  SINCE SEP 1     60                        48     12        0
  SINCE JUL 1     70                        58     12        0

 COOLING
  TODAY           11                         1     10        8
  MONTH TO DATE   64                        58      6      172
  SINCE SEP 1     64                        58      6      172
  SINCE JAN 1    732                       680     52     1300
..................................................................


WIND (MPH)
  HIGHEST WIND SPEED     9   HIGHEST WIND DIRECTION     N (20)
  HIGHEST GUST SPEED    12   HIGHEST GUST DIRECTION    NE (30)
  AVERAGE WIND SPEED     1.8


SKY COVER
  POSSIBLE SUNSHINE  MM
  AVERAGE SKY COVER 0.1


WEATHER CONDITIONS
 THE FOLLOWING WEATHER WAS RECORDED TODAY.
  FOG
  FOG W/VISIBILITY <= 1/4 MILE


RELATIVE HUMIDITY (PERCENT)
 HIGHEST   100          1200 AM
 LOWEST     38           200 PM
 AVERAGE    69

..........................................................


THE NEW PHILADELPHIA OH CLIMATE NORMALS FOR TOMORROW
                         NORMAL    RECORD    YEAR
 MAXIMUM TEMPERATURE (F)   73        90      2016
                                             2010
 MINIMUM TEMPERATURE (F)   49        30      1995


SUNRISE AND SUNSET
SEPTEMBER 22 2017.....SUNRISE   713 AM EDT   SUNSET   722 PM EDT
SEPTEMBER 23 2017.....SUNRISE   714 AM EDT   SUNSET   721 PM EDT


-  INDICATES NEGATIVE NUMBERS.
R  INDICATES RECORD WAS SET OR TIED.
MM INDICATES DATA IS MISSING.
T  INDICATES TRACE AMOUNT.




$$
