000
CDUS41 KPBZ 262253
CLIPHD


CLIMATE REPORT
NATIONAL WEATHER SERVICE PITTSBURGH PA
523 PM EST FRI DEC 26 2014


...................................

...THE NEW PHILADELPHIA OH CLIMATE SUMMARY FOR DECEMBER 26 2014...
VALID TODAY AS OF 0500 PM LOCAL TIME.

CLIMATE NORMAL PERIOD 1981 TO 2010
CLIMATE RECORD PERIOD 1946 TO 2014


WEATHER ITEM   OBSERVED TIME   RECORD YEAR NORMAL DEPARTURE LAST
                VALUE   (LST)  VALUE       VALUE  FROM      YEAR
                                                  NORMAL
..................................................................
TEMPERATURE (F)
 TODAY
  MAXIMUM         50    339 PM  66    1982  38     12       37
  MINIMUM         28    542 AM  -9    1983  22      6       28
  AVERAGE         39                        30      9       33

PRECIPITATION (IN)
  TODAY            0.00         MM      MM   0.08  -0.08      T
  MONTH TO DATE    2.41                      2.28   0.13     3.17
  SINCE JUN 1     24.32                     22.91   1.41    24.37
  SINCE JAN 1     39.50                     38.51   0.99    34.41

DEGREE DAYS
 HEATING
  TODAY           26                        35     -9       32
  MONTH TO DATE  724                       827   -103      817
  SINCE DEC 1    724                       827   -103      817
  SINCE JUL 1   1958                      1985    -27     2053

 COOLING
  TODAY            0                         0      0        0
  MONTH TO DATE    0                         0      0        0
  SINCE DEC 1      0                         0      0        0
  SINCE JAN 1    630                       697    -67      755
..................................................................


WIND (MPH)
  HIGHEST WIND SPEED    13   HIGHEST WIND DIRECTION    SW (230)
  HIGHEST GUST SPEED    18   HIGHEST GUST DIRECTION    SW (210)
  AVERAGE WIND SPEED     5.1


SKY COVER
  POSSIBLE SUNSHINE  MM
  AVERAGE SKY COVER 0.2


WEATHER CONDITIONS
 THE FOLLOWING WEATHER WAS RECORDED TODAY.
  NO SIGNIFICANT WEATHER WAS OBSERVED.


RELATIVE HUMIDITY (PERCENT)
 HIGHEST    92           600 AM
 LOWEST     52           300 PM
 AVERAGE    72

..........................................................


THE NEW PHILADELPHIA OH CLIMATE NORMALS FOR TOMORROW
                         NORMAL    RECORD    YEAR
 MAXIMUM TEMPERATURE (F)   38        56      1973
 MINIMUM TEMPERATURE (F)   22        -5      2000


SUNRISE AND SUNSET
DECEMBER 26 2014......SUNRISE   748 AM EST   SUNSET   505 PM EST
DECEMBER 27 2014......SUNRISE   748 AM EST   SUNSET   506 PM EST


-  INDICATES NEGATIVE NUMBERS.
R  INDICATES RECORD WAS SET OR TIED.
MM INDICATES DATA IS MISSING.
T  INDICATES TRACE AMOUNT.




$$
