000
CDUS41 KPBZ 242131
CLIPHD


CLIMATE REPORT
NATIONAL WEATHER SERVICE PITTSBURGH PA
531 PM EDT THU APR 24 2014


...................................

...THE NEW PHILADELPHIA OH CLIMATE SUMMARY FOR APRIL 24 2014...
VALID TODAY AS OF 0500 PM LOCAL TIME.

CLIMATE NORMAL PERIOD 1981 TO 2010
CLIMATE RECORD PERIOD 1946 TO 2014


WEATHER ITEM   OBSERVED TIME   RECORD YEAR NORMAL DEPARTURE LAST
                VALUE   (LST)  VALUE       VALUE  FROM      YEAR
                                                  NORMAL
..................................................................
TEMPERATURE (F)
 TODAY
  MAXIMUM         62    357 PM  90    1985  66     -4       64
  MINIMUM         29    246 AM  26    1986  41    -12       34
  AVERAGE         46                        54     -8       49

PRECIPITATION (IN)
  TODAY            0.00         MM      MM   0.11  -0.11     0.57
  MONTH TO DATE    2.73                      2.66   0.07     2.26
  SINCE JUN 1     33.07                     33.96  -0.89    29.65
  SINCE JAN 1      8.43                     10.66  -2.23     7.05

DEGREE DAYS
 HEATING
  TODAY           19                        12      7       16
  MONTH TO DATE  344                       366    -22      348
  SINCE MAR 1   1307                      1145    162     1235
  SINCE JUL 1   5940                      5352    588     5365

 COOLING
  TODAY            0                         0      0        0
  MONTH TO DATE    1                         0      1       12
  SINCE MAR 1      1                         1      0       12
  SINCE JAN 1      1                         1      0       12
..................................................................


WIND (MPH)
  HIGHEST WIND SPEED    12   HIGHEST WIND DIRECTION    NE (60)
  HIGHEST GUST SPEED    16   HIGHEST GUST DIRECTION    SE (140)
  AVERAGE WIND SPEED     3.0


SKY COVER
  POSSIBLE SUNSHINE  MM
  AVERAGE SKY COVER 0.3


WEATHER CONDITIONS
 THE FOLLOWING WEATHER WAS RECORDED TODAY.
  NO SIGNIFICANT WEATHER WAS OBSERVED.


RELATIVE HUMIDITY (PERCENT)
 HIGHEST    85           400 AM
 LOWEST     18           300 PM
 AVERAGE    52

..........................................................


THE NEW PHILADELPHIA OH CLIMATE NORMALS FOR TOMORROW
                         NORMAL    RECORD    YEAR
 MAXIMUM TEMPERATURE (F)   66        83      1990
 MINIMUM TEMPERATURE (F)   41        27      1995


SUNRISE AND SUNSET
APRIL 24 2014.........SUNRISE   634 AM EDT   SUNSET   814 PM EDT
APRIL 25 2014.........SUNRISE   633 AM EDT   SUNSET   815 PM EDT


-  INDICATES NEGATIVE NUMBERS.
R  INDICATES RECORD WAS SET OR TIED.
MM INDICATES DATA IS MISSING.
T  INDICATES TRACE AMOUNT.




$$
