686
CDUS41 KPBZ 092214
CLIPHD


CLIMATE REPORT
NATIONAL WEATHER SERVICE PITTSBURGH PA
513 PM EST FRI DEC 9 2016


...................................

...THE NEW PHILADELPHIA OH CLIMATE SUMMARY FOR DECEMBER 9 2016...
VALID TODAY AS OF 0500 PM LOCAL TIME.

CLIMATE NORMAL PERIOD 1981 TO 2010
CLIMATE RECORD PERIOD 1946 TO 2016


WEATHER ITEM   OBSERVED TIME   RECORD YEAR NORMAL DEPARTURE LAST
                VALUE   (LST)  VALUE       VALUE  FROM      YEAR
                                                  NORMAL
..................................................................
TEMPERATURE (F)
 TODAY
  MAXIMUM         26    359 PM  67    1966  43    -17       55
  MINIMUM         22    912 AM   4    1960  26     -4       28
  AVERAGE         24                        34    -10       42

PRECIPITATION (IN)
  TODAY            T            MM      MM   0.10  -0.10      T
  MONTH TO DATE    0.57                      0.87  -0.30     0.01
  SINCE JUN 1     17.51                     21.50  -3.99    15.13
  SINCE JAN 1     32.16                     37.10  -4.94    28.35

DEGREE DAYS
 HEATING
  TODAY           41                        31     10       23
  MONTH TO DATE  278                       263     15      234
  SINCE DEC 1    278                       263     15      234
  SINCE JUL 1   1145                      1421   -276     1130

 COOLING
  TODAY            0                         0      0        0
  MONTH TO DATE    0                         0      0        0
  SINCE DEC 1      0                         0      0        0
  SINCE JAN 1   1339                       697    642      866
..................................................................


WIND (MPH)
  HIGHEST WIND SPEED    14   HIGHEST WIND DIRECTION     W (250)
  HIGHEST GUST SPEED    19   HIGHEST GUST DIRECTION    SW (240)
  AVERAGE WIND SPEED     6.9


SKY COVER
  POSSIBLE SUNSHINE  MM
  AVERAGE SKY COVER 1.0


WEATHER CONDITIONS
 THE FOLLOWING WEATHER WAS RECORDED TODAY.
  LIGHT SNOW
  FOG
  HAZE


RELATIVE HUMIDITY (PERCENT)
 HIGHEST    84           400 AM
 LOWEST     74          1200 AM
 AVERAGE    79

..........................................................


THE NEW PHILADELPHIA OH CLIMATE NORMALS FOR TOMORROW
                         NORMAL    RECORD    YEAR
 MAXIMUM TEMPERATURE (F)   42        62      1987
 MINIMUM TEMPERATURE (F)   26         0      1977


SUNRISE AND SUNSET
DECEMBER  9 2016......SUNRISE   738 AM EST   SUNSET   459 PM EST
DECEMBER 10 2016......SUNRISE   738 AM EST   SUNSET   459 PM EST


-  INDICATES NEGATIVE NUMBERS.
R  INDICATES RECORD WAS SET OR TIED.
MM INDICATES DATA IS MISSING.
T  INDICATES TRACE AMOUNT.




$$
