000
CDUS41 KPBZ 020805
CLIPHD


CLIMATE REPORT
NATIONAL WEATHER SERVICE PITTSBURGH PA
305 AM EST MON MAR 2 2015


...................................

...THE NEW PHILADELPHIA OH CLIMATE SUMMARY FOR MARCH 1 2015...

CLIMATE NORMAL PERIOD 1981 TO 2010
CLIMATE RECORD PERIOD 1946 TO 2015


WEATHER ITEM   OBSERVED TIME   RECORD YEAR NORMAL DEPARTURE LAST
                VALUE   (LST)  VALUE       VALUE  FROM      YEAR
                                                  NORMAL
..................................................................
TEMPERATURE (F)
 YESTERDAY
  MAXIMUM         36    356 PM  71    1976  45     -9       48
  MINIMUM         22             0    1967  24     -2       18
  AVERAGE         29                        35     -6       33

PRECIPITATION (IN)
  YESTERDAY        0.34         MM      MM   0.08   0.26     0.00
  MONTH TO DATE    0.34                      0.08   0.26     0.00
  SINCE JUN 1     28.14                     28.34  -0.20    28.43
  SINCE JAN 1      3.41                      5.04  -1.63     3.79

DEGREE DAYS
 HEATING
  YESTERDAY       36                        30      6       32
  MONTH TO DATE   36                        30      6       32
  SINCE MAR 1     36                        30      6       32
  SINCE JUL 1   4654                      4237    417     4665

 COOLING
  YESTERDAY        0                         0      0        0
  MONTH TO DATE    0                         0      0        0
  SINCE MAR 1      0                         0      0        0
  SINCE JAN 1      0                         0      0        0
..................................................................


WIND (MPH)
  HIGHEST WIND SPEED    12   HIGHEST WIND DIRECTION     W (280)
  HIGHEST GUST SPEED    17   HIGHEST GUST DIRECTION     W (280)
  AVERAGE WIND SPEED     3.5


SKY COVER
  POSSIBLE SUNSHINE  MM
  AVERAGE SKY COVER 1.0


WEATHER CONDITIONS
 THE FOLLOWING WEATHER WAS RECORDED YESTERDAY.
  SNOW
  LIGHT SNOW
  FOG
  FOG W/VISIBILITY <= 1/4 MILE
  HAZE


RELATIVE HUMIDITY (PERCENT)
 HIGHEST    89          1100 AM
 LOWEST     55          1200 AM
 AVERAGE    72

..........................................................


THE NEW PHILADELPHIA OH CLIMATE NORMALS FOR TODAY
                         NORMAL    RECORD    YEAR
 MAXIMUM TEMPERATURE (F)   45        74      1972
 MINIMUM TEMPERATURE (F)   25         0      1980


SUNRISE AND SUNSET
MARCH  2 2015.........SUNRISE   658 AM EST   SUNSET   618 PM EST
MARCH  3 2015.........SUNRISE   657 AM EST   SUNSET   619 PM EST


-  INDICATES NEGATIVE NUMBERS.
R  INDICATES RECORD WAS SET OR TIED.
MM INDICATES DATA IS MISSING.
T  INDICATES TRACE AMOUNT.




$$
