000
CDUS41 KPBZ 310700
CLIPHD


CLIMATE REPORT
NATIONAL WEATHER SERVICE PITTSBURGH PA
300 AM EDT TUE MAY 31 2016


...................................

...THE NEW PHILADELPHIA OH CLIMATE SUMMARY FOR MAY 30 2016...

CLIMATE NORMAL PERIOD 1981 TO 2010
CLIMATE RECORD PERIOD 1946 TO 2016


WEATHER ITEM   OBSERVED TIME   RECORD YEAR NORMAL DEPARTURE LAST
                VALUE   (LST)  VALUE       VALUE  FROM      YEAR
                                                  NORMAL
..................................................................
TEMPERATURE (F)
 YESTERDAY
  MAXIMUM         88    439 PM  91    1991  76     12       85
  MINIMUM         64            33    1961  52     12       69
  AVERAGE         76                        64     12       77

PRECIPITATION (IN)
  YESTERDAY        0.00         MM      MM   0.16  -0.16     0.04
  MONTH TO DATE    3.13                      4.02  -0.89     2.83
  SINCE JUN 1     32.73                     38.75  -6.02    37.81
  SINCE JAN 1     14.65                     15.45  -0.80    13.08

DEGREE DAYS
 HEATING
  YESTERDAY        0                         3     -3        0
  MONTH TO DATE  173                       191    -18       87
  SINCE MAR 1   1197                      1399   -202     1279
  SINCE JUL 1   4811                      5606   -795     5897

 COOLING
  YESTERDAY       11                         2      9       12
  MONTH TO DATE   69                        31     38      156
  SINCE MAR 1     69                        38     31      159
  SINCE JAN 1     69                        38     31      159
..................................................................


WIND (MPH)
  HIGHEST WIND SPEED    13   HIGHEST WIND DIRECTION    NW (310)
  HIGHEST GUST SPEED    17   HIGHEST GUST DIRECTION    NW (300)
  AVERAGE WIND SPEED     3.0


SKY COVER
  POSSIBLE SUNSHINE  MM
  AVERAGE SKY COVER 0.2


WEATHER CONDITIONS
 THE FOLLOWING WEATHER WAS RECORDED YESTERDAY.
  FOG
  HAZE


RELATIVE HUMIDITY (PERCENT)
 HIGHEST    93           200 AM
 LOWEST     31           400 PM
 AVERAGE    62

..........................................................


THE NEW PHILADELPHIA OH CLIMATE NORMALS FOR TODAY
                         NORMAL    RECORD    YEAR
 MAXIMUM TEMPERATURE (F)   76        90      1988
 MINIMUM TEMPERATURE (F)   53        36      1990


SUNRISE AND SUNSET
MAY 31 2016...........SUNRISE   558 AM EDT   SUNSET   850 PM EDT
JUNE  1 2016..........SUNRISE   557 AM EDT   SUNSET   850 PM EDT


-  INDICATES NEGATIVE NUMBERS.
R  INDICATES RECORD WAS SET OR TIED.
MM INDICATES DATA IS MISSING.
T  INDICATES TRACE AMOUNT.




$$
