000
CDUS41 KPHI 282126
CLIPHL


CLIMATE REPORT
NATIONAL WEATHER SERVICE MOUNT HOLLY NJ
526 PM EDT THU APR 28 2016


...................................

...THE PHILADELPHIA PA CLIMATE SUMMARY FOR APRIL 28 2016...
VALID TODAY AS OF 0500 PM LOCAL TIME.

CLIMATE NORMAL PERIOD 1981 TO 2010
CLIMATE RECORD PERIOD 1872 TO 2016


WEATHER ITEM   OBSERVED TIME   RECORD YEAR NORMAL DEPARTURE LAST
                VALUE   (LST)  VALUE       VALUE  FROM      YEAR
                                                  NORMAL
..................................................................
TEMPERATURE (F)
 TODAY
  MAXIMUM         56   1221 PM  90    1990  68    -12       71
  MINIMUM         48    359 PM  34    1946  48      0       51
                                      1898
  AVERAGE         52                        58     -6       61

PRECIPITATION (IN)
  TODAY            0.08          2.19 1923   0.11  -0.03     0.00
  MONTH TO DATE    1.74                      3.34  -1.60     3.58
  SINCE MAR 1      3.75                      7.13  -3.38     9.10
  SINCE JAN 1     10.74                     12.81  -2.07    15.98

SNOWFALL (IN)
  TODAY            0.0           T    1898   0.0    0.0      0.0
  MONTH TO DATE    0.3                       0.5   -0.2      0.0
  SINCE MAR 1      1.3                       3.4   -2.1     12.0
  SINCE JUL 1     27.5                      22.4    5.1     27.0
  SNOW DEPTH       0

DEGREE DAYS
 HEATING
  TODAY           13                         7      6        4
  MONTH TO DATE  298                       329    -31      281
  SINCE MAR 1    730                       994   -264     1074
  SINCE JUL 1   3416                      4476  -1060     4727

 COOLING
  TODAY            0                         1     -1        0
  MONTH TO DATE   18                        10      8        3
  SINCE MAR 1     23                        11     12        3
  SINCE JAN 1     23                        11     12        3
..................................................................


WIND (MPH)
  HIGHEST WIND SPEED    15   HIGHEST WIND DIRECTION     E (80)
  HIGHEST GUST SPEED    25   HIGHEST GUST DIRECTION     N (20)
  AVERAGE WIND SPEED     7.1


SKY COVER
  POSSIBLE SUNSHINE  MM
  AVERAGE SKY COVER 0.9


WEATHER CONDITIONS
 THE FOLLOWING WEATHER WAS RECORDED TODAY.
  RAIN
  LIGHT RAIN
  FOG


RELATIVE HUMIDITY (PERCENT)
 HIGHEST    86           400 AM
 LOWEST     38          1000 AM
 AVERAGE    62

..........................................................


THE PHILADELPHIA PA CLIMATE NORMALS FOR TOMORROW
                         NORMAL    RECORD    YEAR
 MAXIMUM TEMPERATURE (F)   69        90      1974
                                             1888
 MINIMUM TEMPERATURE (F)   49        29      1874


SUNRISE AND SUNSET
APRIL 28 2016.........SUNRISE   604 AM EDT   SUNSET   753 PM EDT
APRIL 29 2016.........SUNRISE   603 AM EDT   SUNSET   754 PM EDT


-  INDICATES NEGATIVE NUMBERS.
R  INDICATES RECORD WAS SET OR TIED.
MM INDICATES DATA IS MISSING.
T  INDICATES TRACE AMOUNT.




$$
