835
CDUS41 KPHI 172135
CLIPHL


CLIMATE REPORT
NATIONAL WEATHER SERVICE MOUNT HOLLY NJ
434 PM EST SAT FEB 17 2018


...................................

...THE PHILADELPHIA PA CLIMATE SUMMARY FOR FEBRUARY 17 2018...
VALID TODAY AS OF 0400 PM LOCAL TIME.

CLIMATE NORMAL PERIOD 1981 TO 2010
CLIMATE RECORD PERIOD 1872 TO 2018


WEATHER ITEM   OBSERVED TIME   RECORD YEAR NORMAL DEPARTURE LAST
                VALUE   (LST)  VALUE       VALUE  FROM      YEAR
                                                  NORMAL
..................................................................
TEMPERATURE (F)
 TODAY
  MAXIMUM         42    305 PM  68    1976  44     -2       45
  MINIMUM         28    635 AM  -2    1896  28      0       26
  AVERAGE         35                        36     -1       36

PRECIPITATION (IN)
  TODAY            0.00          1.10 1902   0.09  -0.09     0.00
  MONTH TO DATE    4.60                      1.60   3.00     0.79
  SINCE DEC 1      8.76                      8.19   0.57     6.42
  SINCE JAN 1      7.45                      4.63   2.82     3.70

SNOWFALL (IN)
  TODAY            0.0          11.0  1902   0.4   -0.4      0.0
  MONTH TO DATE    0.2                       5.9   -5.7      2.0
  SINCE DEC 1     13.4                      15.8   -2.4      8.0
  SINCE JUL 1     13.4                      16.1   -2.7      8.0
  SNOW DEPTH       0

DEGREE DAYS
 HEATING
  TODAY           30                        29      1       29
  MONTH TO DATE  452                       516    -64      432
  SINCE DEC 1   2336                      2363    -27     2051
  SINCE JUL 1   2971                      3179   -208     2682

 COOLING
  TODAY            0                         0      0        0
  MONTH TO DATE    0                         0      0        0
  SINCE DEC 1      0                         0      0        0
  SINCE JAN 1      0                         0      0        0
..................................................................


WIND (MPH)
  HIGHEST WIND SPEED    16   HIGHEST WIND DIRECTION     S (170)
  HIGHEST GUST SPEED    24   HIGHEST GUST DIRECTION     N (10)
  AVERAGE WIND SPEED     9.6


SKY COVER
  POSSIBLE SUNSHINE  MM
  AVERAGE SKY COVER 0.6


WEATHER CONDITIONS
 THE FOLLOWING WEATHER WAS RECORDED TODAY.
  NO SIGNIFICANT WEATHER WAS OBSERVED.


RELATIVE HUMIDITY (PERCENT)
 HIGHEST    61           300 AM
 LOWEST     44          1200 PM
 AVERAGE    53

..........................................................


THE PHILADELPHIA PA CLIMATE NORMALS FOR TOMORROW
                         NORMAL    RECORD    YEAR
 MAXIMUM TEMPERATURE (F)   44        69      2011
                                             1891
                                             1890
 MINIMUM TEMPERATURE (F)   28         0      1979


SUNRISE AND SUNSET
FEBRUARY 17 2018......SUNRISE   651 AM EST   SUNSET   539 PM EST
FEBRUARY 18 2018......SUNRISE   650 AM EST   SUNSET   541 PM EST


-  INDICATES NEGATIVE NUMBERS.
R  INDICATES RECORD WAS SET OR TIED.
MM INDICATES DATA IS MISSING.
T  INDICATES TRACE AMOUNT.




$$
