579
CDUS41 KPHI 252133
CLIPHL


CLIMATE REPORT
NATIONAL WEATHER SERVICE MOUNT HOLLY NJ
431 PM EST SAT FEB 25 2017


...................................

...THE PHILADELPHIA PA CLIMATE SUMMARY FOR FEBRUARY 25 2017...
VALID TODAY AS OF 0400 PM LOCAL TIME.

CLIMATE NORMAL PERIOD 1981 TO 2010
CLIMATE RECORD PERIOD 1872 TO 2017


WEATHER ITEM   OBSERVED TIME   RECORD YEAR NORMAL DEPARTURE LAST
                VALUE   (LST)  VALUE       VALUE  FROM      YEAR
                                                  NORMAL
..................................................................
TEMPERATURE (F)
 TODAY
  MAXIMUM         73    251 PM  79    1930  46     27       62
  MINIMUM         56    735 AM   4    1894  30     26       40
  AVERAGE         65                        38     27       51

PRECIPITATION (IN)
  TODAY            T             0.90 2011   0.10  -0.10     0.09
                                      1960
  MONTH TO DATE    0.79                      2.36  -1.57     4.35
  SINCE DEC 1      6.42                      8.95  -2.53    12.12
  SINCE JAN 1      3.70                      5.39  -1.69     6.98

SNOWFALL (IN)
  TODAY            0.0           6.4  1885   0.3   -0.3      0.0
  MONTH TO DATE    2.0                       8.2   -6.2      3.3
  SINCE DEC 1      8.0                      18.1  -10.1     26.2
  SINCE JUL 1      8.0                      18.4  -10.4     26.2
  SNOW DEPTH       0

DEGREE DAYS
 HEATING
  TODAY            0                        27    -27       14
  MONTH TO DATE  514                       739   -225      675
  SINCE DEC 1   2133                      2586   -453     2043
  SINCE JUL 1   2764                      3402   -638     2603

 COOLING
  TODAY            0                         0      0        0
  MONTH TO DATE    0                         0      0        0
  SINCE DEC 1      0                         0      0        2
  SINCE JAN 1      0                         0      0        0
..................................................................


WIND (MPH)
  HIGHEST WIND SPEED    22   HIGHEST WIND DIRECTION     S (170)
  HIGHEST GUST SPEED    29   HIGHEST GUST DIRECTION     S (180)
  AVERAGE WIND SPEED     9.8


SKY COVER
  POSSIBLE SUNSHINE  MM
  AVERAGE SKY COVER 0.7


WEATHER CONDITIONS
 THE FOLLOWING WEATHER WAS RECORDED TODAY.
  LIGHT RAIN


RELATIVE HUMIDITY (PERCENT)
 HIGHEST    93          1200 AM
 LOWEST     57          1200 PM
 AVERAGE    75

..........................................................


THE PHILADELPHIA PA CLIMATE NORMALS FOR TOMORROW
                         NORMAL    RECORD    YEAR
 MAXIMUM TEMPERATURE (F)   47        69      1890
 MINIMUM TEMPERATURE (F)   30        10      1990
                                             1970


SUNRISE AND SUNSET
FEBRUARY 25 2017......SUNRISE   640 AM EST   SUNSET   549 PM EST
FEBRUARY 26 2017......SUNRISE   638 AM EST   SUNSET   550 PM EST


-  INDICATES NEGATIVE NUMBERS.
R  INDICATES RECORD WAS SET OR TIED.
MM INDICATES DATA IS MISSING.
T  INDICATES TRACE AMOUNT.




$$
