000
CDUS41 KPHI 232129
CLIPHL


CLIMATE REPORT
NATIONAL WEATHER SERVICE MOUNT HOLLY NJ
527 PM EDT MON OCT 23 2017


...................................

...THE PHILADELPHIA PA CLIMATE SUMMARY FOR OCTOBER 23 2017...
VALID TODAY AS OF 0500 PM LOCAL TIME.

CLIMATE NORMAL PERIOD 1981 TO 2010
CLIMATE RECORD PERIOD 1872 TO 2017


WEATHER ITEM   OBSERVED TIME   RECORD YEAR NORMAL DEPARTURE LAST
                VALUE   (LST)  VALUE       VALUE  FROM      YEAR
                                                  NORMAL
..................................................................
TEMPERATURE (F)
 TODAY
  MAXIMUM         77    104 PM  87    1947  64     13       66
  MINIMUM         59   1213 AM  31    1969  46     13       47
                                      1944
  AVERAGE         68                        55     13       57

PRECIPITATION (IN)
  TODAY            T             1.92 1883   0.10  -0.10     0.00
  MONTH TO DATE    0.96                      2.41  -1.45     1.36
  SINCE SEP 1      4.82                      6.19  -1.37     4.88
  SINCE JAN 1     36.03                     34.21   1.82    29.73

SNOWFALL (IN)
  TODAY            0.0           0.0    MM   0.0    0.0      0.0
  MONTH TO DATE    0.0                       0.0    0.0      0.0
  SINCE SEP 1      0.0                       0.0    0.0      0.0
  SINCE JUL 1      0.0                       0.0    0.0      0.0
  SNOW DEPTH       0

DEGREE DAYS
 HEATING
  TODAY            0                        10    -10        8
  MONTH TO DATE   43                       162   -119       86
  SINCE SEP 1     57                       199   -142       96
  SINCE JUL 1     57                       200   -143       96

 COOLING
  TODAY            3                         0      3        0
  MONTH TO DATE   82                        19     63       40
  SINCE SEP 1    296                       180    116      312
  SINCE JAN 1   1486                      1297    189     1724
..................................................................


WIND (MPH)
  HIGHEST WIND SPEED    16   HIGHEST WIND DIRECTION    SE (130)
  HIGHEST GUST SPEED    21   HIGHEST GUST DIRECTION    SE (140)
  AVERAGE WIND SPEED     6.8


SKY COVER
  POSSIBLE SUNSHINE  MM
  AVERAGE SKY COVER 1.0


WEATHER CONDITIONS
 THE FOLLOWING WEATHER WAS RECORDED TODAY.
  LIGHT RAIN
  FOG


RELATIVE HUMIDITY (PERCENT)
 HIGHEST   100           300 AM
 LOWEST     64           100 PM
 AVERAGE    82

..........................................................


THE PHILADELPHIA PA CLIMATE NORMALS FOR TOMORROW
                         NORMAL    RECORD    YEAR
 MAXIMUM TEMPERATURE (F)   64        83      2001
 MINIMUM TEMPERATURE (F)   46        25      1969


SUNRISE AND SUNSET
OCTOBER 23 2017.......SUNRISE   720 AM EDT   SUNSET   610 PM EDT
OCTOBER 24 2017.......SUNRISE   721 AM EDT   SUNSET   608 PM EDT


-  INDICATES NEGATIVE NUMBERS.
R  INDICATES RECORD WAS SET OR TIED.
MM INDICATES DATA IS MISSING.
T  INDICATES TRACE AMOUNT.




$$
