000
CDUS41 KPHI 180632
CLIPHL


CLIMATE REPORT
NATIONAL WEATHER SERVICE MOUNT HOLLY NJ
229 AM EDT FRI APR 18 2014


...................................

...THE PHILADELPHIA PA CLIMATE SUMMARY FOR APRIL 17 2014...

CLIMATE NORMAL PERIOD 1981 TO 2010
CLIMATE RECORD PERIOD 1872 TO 2014


WEATHER ITEM   OBSERVED TIME   RECORD YEAR NORMAL DEPARTURE LAST
                VALUE   (LST)  VALUE       VALUE  FROM      YEAR
                                                  NORMAL
..................................................................
TEMPERATURE (F)
 YESTERDAY
  MAXIMUM         53    311 PM  95    2002  65    -12       73
  MINIMUM         37    550 AM  27    1980  45     -8       54
                                      1962
  AVERAGE         45                        55    -10       64

PRECIPITATION (IN)
  YESTERDAY        0.00          1.16 1910   0.12  -0.12      T
  MONTH TO DATE    1.38                      2.10  -0.72     1.47
  SINCE MAR 1      5.61                      5.89  -0.28     3.89
  SINCE JAN 1     14.28                     11.57   2.71     9.35

SNOWFALL (IN)
  YESTERDAY        0.0           T    1935   0.0    0.0      0.0
                                      1928
                                      1911
  MONTH TO DATE    T                         0.4   -0.4      0.0
  SINCE MAR 1      8.5                       3.3    5.2      1.3
  SINCE JUL 1     68.0                      22.3   45.7      8.3
  SNOW DEPTH       0

DEGREE DAYS
 HEATING
  YESTERDAY       20                        11      9        1
  MONTH TO DATE  197                       230    -33      194
  SINCE MAR 1    998                       895    103      924
  SINCE JUL 1   4654                      4377    277     4131

 COOLING
  YESTERDAY        0                         0      0        0
  MONTH TO DATE    9                         0      9       16
  SINCE MAR 1      9                         1      8       16
  SINCE JAN 1      9                         1      8       16
..................................................................


WIND (MPH)
  HIGHEST WIND SPEED    17   HIGHEST WIND DIRECTION     E (80)
  HIGHEST GUST SPEED    30   HIGHEST GUST DIRECTION     E (100)
  AVERAGE WIND SPEED    10.1


SKY COVER
  POSSIBLE SUNSHINE  MM
  AVERAGE SKY COVER 0.3


WEATHER CONDITIONS
 THE FOLLOWING WEATHER WAS RECORDED YESTERDAY.
  NO SIGNIFICANT WEATHER WAS OBSERVED.


RELATIVE HUMIDITY (PERCENT)
 HIGHEST    70          1000 PM
 LOWEST     34          1200 AM
 AVERAGE    52

..........................................................


THE PHILADELPHIA PA CLIMATE NORMALS FOR TODAY
                         NORMAL    RECORD    YEAR
 MAXIMUM TEMPERATURE (F)   65        94      1976
 MINIMUM TEMPERATURE (F)   45        25      1875


SUNRISE AND SUNSET
APRIL 18 2014.........SUNRISE   619 AM EDT   SUNSET   742 PM EDT
APRIL 19 2014.........SUNRISE   617 AM EDT   SUNSET   743 PM EDT


-  INDICATES NEGATIVE NUMBERS.
R  INDICATES RECORD WAS SET OR TIED.
MM INDICATES DATA IS MISSING.
T  INDICATES TRACE AMOUNT.




$$
