000
CDUS41 KPHI 232133
CLIPHL


CLIMATE REPORT
NATIONAL WEATHER SERVICE MOUNT HOLLY NJ
533 PM EDT THU MAR 23 2017


...................................

...THE PHILADELPHIA PA CLIMATE SUMMARY FOR MARCH 23 2017...
VALID TODAY AS OF 0500 PM LOCAL TIME.

CLIMATE NORMAL PERIOD 1981 TO 2010
CLIMATE RECORD PERIOD 1872 TO 2017


WEATHER ITEM   OBSERVED TIME   RECORD YEAR NORMAL DEPARTURE LAST
                VALUE   (LST)  VALUE       VALUE  FROM      YEAR
                                                  NORMAL
..................................................................
TEMPERATURE (F)
 TODAY
  MAXIMUM         45    359 PM  80    2012  55    -10       73
  MINIMUM         24    611 AM  14    1885  36    -12       48
                                      1875
  AVERAGE         35                        46    -11       61

PRECIPITATION (IN)
  TODAY            0.00          1.36 2005   0.12  -0.12     0.00
  MONTH TO DATE    2.06                      2.73  -0.67     1.55
  SINCE MAR 1      2.06                      2.73  -0.67     1.55
  SINCE JAN 1      6.27                      8.41  -2.14     8.54

SNOWFALL (IN)
  TODAY            0.0           2.8  1896   0.0    0.0      0.0
  MONTH TO DATE    7.0                       2.5    4.5      1.0
  SINCE MAR 1      7.0                       2.5    4.5      1.0
  SINCE JUL 1     15.0                      21.5   -6.5     27.2
  SNOW DEPTH       0

DEGREE DAYS
 HEATING
  TODAY           30                        19     11        4
  MONTH TO DATE  579                       524     55      355
  SINCE MAR 1    579                       524     55      355
  SINCE JUL 1   3405                      4006   -601     3041

 COOLING
  TODAY            0                         0      0        0
  MONTH TO DATE    0                         0      0        5
  SINCE MAR 1      0                         0      0        5
  SINCE JAN 1      0                         0      0        5
..................................................................


WIND (MPH)
  HIGHEST WIND SPEED    16   HIGHEST WIND DIRECTION     N (350)
  HIGHEST GUST SPEED    24   HIGHEST GUST DIRECTION     N (350)
  AVERAGE WIND SPEED     9.7


SKY COVER
  POSSIBLE SUNSHINE  MM
  AVERAGE SKY COVER 0.1


WEATHER CONDITIONS
 THE FOLLOWING WEATHER WAS RECORDED TODAY.
  NO SIGNIFICANT WEATHER WAS OBSERVED.


RELATIVE HUMIDITY (PERCENT)
 HIGHEST    42           500 AM
 LOWEST     20           400 PM
 AVERAGE    31

..........................................................


THE PHILADELPHIA PA CLIMATE NORMALS FOR TOMORROW
                         NORMAL    RECORD    YEAR
 MAXIMUM TEMPERATURE (F)   56        76      1988
 MINIMUM TEMPERATURE (F)   37        15      1896


SUNRISE AND SUNSET
MARCH 23 2017.........SUNRISE   659 AM EDT   SUNSET   716 PM EDT
MARCH 24 2017.........SUNRISE   658 AM EDT   SUNSET   717 PM EDT


-  INDICATES NEGATIVE NUMBERS.
R  INDICATES RECORD WAS SET OR TIED.
MM INDICATES DATA IS MISSING.
T  INDICATES TRACE AMOUNT.




$$
