016
CDUS43 KUNR 190831
CLIPHP


CLIMATE REPORT
NATIONAL WEATHER SERVICE RAPID CITY SD
130 AM MST SUN NOV 19 2017


...................................

...THE PHILIP SD CLIMATE SUMMARY FOR NOVEMBER 18 2017...

CLIMATE NORMAL PERIOD 1981 TO 2010
CLIMATE RECORD PERIOD 9999 TO 9999


WEATHER ITEM   OBSERVED TIME   NORMAL DEPARTURE LAST
                VALUE   (LST)  VALUE  FROM      YEAR
                                      NORMAL
......................................................
TEMPERATURE (F)
 YESTERDAY
  MAXIMUM         46    109 PM  46      0       35
  MINIMUM         27   1159 PM  20      7       19
  AVERAGE         37            33      4       27

PRECIPITATION (IN)
  YESTERDAY        0.00          0.01  -0.01      T
  MONTH TO DATE    0.24          0.44  -0.20     0.01
  SINCE SEP 1      2.69          3.36  -0.67     0.69
  SINCE JAN 1     10.55         16.74  -6.19    12.70

DEGREE DAYS
 HEATING
  YESTERDAY       28            32     -4       38
  MONTH TO DATE  531           504     27      299
  SINCE SEP 1   1187          1182      5      741
  SINCE JUL 1   1193          1207    -14      760

 COOLING
  YESTERDAY        0             0      0        0
  MONTH TO DATE    0             0      0        0
  SINCE SEP 1    115            83     32       78
  SINCE JAN 1    911           818     93      908
......................................................


WIND (MPH)
  HIGHEST WIND SPEED    24   HIGHEST WIND DIRECTION    NW (320)
  HIGHEST GUST SPEED    29   HIGHEST GUST DIRECTION    NW (320)
  AVERAGE WIND SPEED    11.5


SKY COVER
  AVERAGE SKY COVER 0.2


WEATHER CONDITIONS
 THE FOLLOWING WEATHER WAS RECORDED YESTERDAY.
  NO SIGNIFICANT WEATHER WAS OBSERVED.


RELATIVE HUMIDITY (PERCENT)
 HIGHEST   100           200 AM
 LOWEST     41           300 PM
 AVERAGE    71

..........................................................




SUNRISE AND SUNSET
NOVEMBER 19 2017......SUNRISE   647 AM MST   SUNSET   416 PM MST
NOVEMBER 20 2017......SUNRISE   648 AM MST   SUNSET   415 PM MST


-  INDICATES NEGATIVE NUMBERS.
R  INDICATES RECORD WAS SET OR TIED.
MM INDICATES DATA IS MISSING.
T  INDICATES TRACE AMOUNT.




$$
