360
CDUS43 KUNR 260832
CLIPHP


CLIMATE REPORT
NATIONAL WEATHER SERVICE RAPID CITY SD
231 AM MDT MON SEP 26 2016


...................................

...THE PHILIP SD CLIMATE SUMMARY FOR SEPTEMBER 25 2016...

CLIMATE NORMAL PERIOD 1981 TO 2010
CLIMATE RECORD PERIOD 9999 TO 9999


WEATHER ITEM   OBSERVED TIME   NORMAL DEPARTURE LAST
                VALUE   (LST)  VALUE  FROM      YEAR
                                      NORMAL
......................................................
TEMPERATURE (F)
 YESTERDAY
  MAXIMUM         69    258 PM  73     -4       78
  MINIMUM         39   1055 PM  43     -4       54
  AVERAGE         54            58     -4       66

PRECIPITATION (IN)
  YESTERDAY        0.00          0.05  -0.05     0.00
  MONTH TO DATE    0.23          1.25  -1.02     0.16
  SINCE SEP 1      0.23          1.25  -1.02     0.16
  SINCE JAN 1     12.24         14.63  -2.39    16.49

DEGREE DAYS
 HEATING
  YESTERDAY       11             8      3        0
  MONTH TO DATE   71           115    -44       42
  SINCE SEP 1     71           115    -44       42
  SINCE JUL 1     90           140    -50       74

 COOLING
  YESTERDAY        0             1     -1        1
  MONTH TO DATE   62            75    -13      101
  SINCE SEP 1     62            75    -13      101
  SINCE JAN 1    892           810     82      722
......................................................


WIND (MPH)
  HIGHEST WIND SPEED    36   HIGHEST WIND DIRECTION    NW (320)
  HIGHEST GUST SPEED    50   HIGHEST GUST DIRECTION    NW (310)
  AVERAGE WIND SPEED    19.9


SKY COVER
  AVERAGE SKY COVER 0.3


WEATHER CONDITIONS
 THE FOLLOWING WEATHER WAS RECORDED YESTERDAY.
  NO SIGNIFICANT WEATHER WAS OBSERVED.


RELATIVE HUMIDITY (PERCENT)
 HIGHEST    79          1100 PM
 LOWEST     21           200 PM
 AVERAGE    50

..........................................................




SUNRISE AND SUNSET
SEPTEMBER 26 2016.....SUNRISE   639 AM MDT   SUNSET   635 PM MDT
SEPTEMBER 27 2016.....SUNRISE   640 AM MDT   SUNSET   634 PM MDT


-  INDICATES NEGATIVE NUMBERS.
R  INDICATES RECORD WAS SET OR TIED.
MM INDICATES DATA IS MISSING.
T  INDICATES TRACE AMOUNT.




$$
