000
CDUS43 KUNR 010831
CLIPHP


CLIMATE REPORT
NATIONAL WEATHER SERVICE RAPID CITY SD
231 AM MDT WED OCT 1 2014


...................................

...THE PHILIP SD CLIMATE SUMMARY FOR SEPTEMBER 30 2014...

CLIMATE NORMAL PERIOD 1981 TO 2010
CLIMATE RECORD PERIOD 9999 TO 9999


WEATHER ITEM   OBSERVED TIME   NORMAL DEPARTURE LAST
                VALUE   (LST)  VALUE  FROM      YEAR
                                      NORMAL
......................................................
TEMPERATURE (F)
 YESTERDAY
  MAXIMUM         67    111 PM  71     -4       91
  MINIMUM         49   1159 PM  41      8       45
  AVERAGE         58            56      2       68

PRECIPITATION (IN)
  YESTERDAY        0.01          0.05  -0.04     0.00
  MONTH TO DATE    2.27          1.49   0.78     0.58
  SINCE SEP 1      2.27          1.49   0.78     0.58
  SINCE JAN 1     15.70         14.87   0.83    10.99

DEGREE DAYS
 HEATING
  YESTERDAY        7            10     -3        0
  MONTH TO DATE  172           161     11       60
  SINCE SEP 1    172           161     11       60
  SINCE JUL 1    191           186      5       63

 COOLING
  YESTERDAY        0             1     -1        3
  MONTH TO DATE   70            79     -9      182
  SINCE SEP 1     70            79     -9      182
  SINCE JAN 1    649           814   -165      945
......................................................


WIND (MPH)
  HIGHEST WIND SPEED    35   HIGHEST WIND DIRECTION     W (270)
  HIGHEST GUST SPEED    43   HIGHEST GUST DIRECTION     W (270)
  AVERAGE WIND SPEED    16.5


SKY COVER
  AVERAGE SKY COVER 0.8


WEATHER CONDITIONS
 THE FOLLOWING WEATHER WAS RECORDED YESTERDAY.
  LIGHT RAIN
  FOG


RELATIVE HUMIDITY (PERCENT)
 HIGHEST    90          1200 AM
 LOWEST     56           400 PM
 AVERAGE    73

..........................................................




SUNRISE AND SUNSET
OCTOBER  1 2014.......SUNRISE   644 AM MDT   SUNSET   627 PM MDT
OCTOBER  2 2014.......SUNRISE   645 AM MDT   SUNSET   625 PM MDT


-  INDICATES NEGATIVE NUMBERS.
R  INDICATES RECORD WAS SET OR TIED.
MM INDICATES DATA IS MISSING.
T  INDICATES TRACE AMOUNT.




$$
