000
CDUS43 KUNR 200836
CLIPHP


CLIMATE REPORT
NATIONAL WEATHER SERVICE RAPID CITY SD
135 AM MST SAT JAN 20 2018


...................................

...THE PHILIP SD CLIMATE SUMMARY FOR JANUARY 19 2018...

CLIMATE NORMAL PERIOD 1981 TO 2010
CLIMATE RECORD PERIOD 9999 TO 9999


WEATHER ITEM   OBSERVED TIME   NORMAL DEPARTURE LAST
                VALUE   (LST)  VALUE  FROM      YEAR
                                      NORMAL
......................................................
TEMPERATURE (F)
 YESTERDAY
  MAXIMUM         48   1204 PM  35     13       34
  MINIMUM         25    354 AM  10     15        6
  AVERAGE         37            22     15       20

PRECIPITATION (IN)
  YESTERDAY        0.00          0.01  -0.01     0.00
  MONTH TO DATE    0.12          0.19  -0.07     0.13
  SINCE DEC 1      0.51          0.62  -0.11     0.55
  SINCE JAN 1      0.12          0.19  -0.07     0.13

DEGREE DAYS
 HEATING
  YESTERDAY       28            43    -15       45
  MONTH TO DATE  907           824     83     1053
  SINCE DEC 1   2181          2124     57     2545
  SINCE JUL 1   3630          3759   -129     3683

 COOLING
  YESTERDAY        0             0      0        0
  MONTH TO DATE    0             0      0        0
  SINCE DEC 1      0             0      0        0
  SINCE JAN 1      0             0      0        0
......................................................


WIND (MPH)
  HIGHEST WIND SPEED    21   HIGHEST WIND DIRECTION     N (350)
  HIGHEST GUST SPEED    25   HIGHEST GUST DIRECTION     N (360)
  AVERAGE WIND SPEED     7.3


SKY COVER
  AVERAGE SKY COVER 0.0


WEATHER CONDITIONS
 THE FOLLOWING WEATHER WAS RECORDED YESTERDAY.
  NO SIGNIFICANT WEATHER WAS OBSERVED.


RELATIVE HUMIDITY (PERCENT)
 HIGHEST   100           200 AM
 LOWEST     54          1200 PM
 AVERAGE    77

..........................................................




SUNRISE AND SUNSET
JANUARY 20 2018.......SUNRISE   715 AM MST   SUNSET   440 PM MST
JANUARY 21 2018.......SUNRISE   714 AM MST   SUNSET   442 PM MST


-  INDICATES NEGATIVE NUMBERS.
R  INDICATES RECORD WAS SET OR TIED.
MM INDICATES DATA IS MISSING.
T  INDICATES TRACE AMOUNT.




$$
