000
CDUS43 KUNR 300835
CLIPHP


CLIMATE REPORT
NATIONAL WEATHER SERVICE RAPID CITY SD
233 AM MDT TUE JUN 30 2015


...................................

...THE PHILIP SD CLIMATE SUMMARY FOR JUNE 29 2015...

CLIMATE NORMAL PERIOD 1981 TO 2010
CLIMATE RECORD PERIOD 9999 TO 9999


WEATHER ITEM   OBSERVED TIME   NORMAL DEPARTURE LAST
                VALUE   (LST)  VALUE  FROM      YEAR
                                      NORMAL
......................................................
TEMPERATURE (F)
 YESTERDAY
  MAXIMUM         93    516 PM  85      8       82
  MINIMUM         59    411 AM  57      2       53
  AVERAGE         76            71      5       68

PRECIPITATION (IN)
  YESTERDAY        0.00          0.09  -0.09     0.00
  MONTH TO DATE    5.83          2.85   2.98     4.00
  SINCE JUN 1      5.83          2.85   2.98     4.00
  SINCE JAN 1     12.81          9.77   3.04     8.82

DEGREE DAYS
 HEATING
  YESTERDAY        0             1     -1        0
  MONTH TO DATE   12            63    -51       78
  SINCE JUN 1     12            63    -51       78
  SINCE JUL 1   6686          7197   -511     7545

 COOLING
  YESTERDAY       11             7      4        3
  MONTH TO DATE   99           117    -18       55
  SINCE JUN 1     99           117    -18       55
  SINCE JAN 1    105           144    -39       95
......................................................


WIND (MPH)
  HIGHEST WIND SPEED    13   HIGHEST WIND DIRECTION     W (250)
  HIGHEST GUST SPEED    15   HIGHEST GUST DIRECTION     W (250)
  AVERAGE WIND SPEED     2.4


SKY COVER
  AVERAGE SKY COVER 0.0


WEATHER CONDITIONS
 THE FOLLOWING WEATHER WAS RECORDED YESTERDAY.
  NO SIGNIFICANT WEATHER WAS OBSERVED.


RELATIVE HUMIDITY (PERCENT)
 HIGHEST    97           200 AM
 LOWEST     36           300 PM
 AVERAGE    67

..........................................................




SUNRISE AND SUNSET
JUNE 30 2015..........SUNRISE   507 AM MDT   SUNSET   833 PM MDT
JULY  1 2015..........SUNRISE   507 AM MDT   SUNSET   833 PM MDT


-  INDICATES NEGATIVE NUMBERS.
R  INDICATES RECORD WAS SET OR TIED.
MM INDICATES DATA IS MISSING.
T  INDICATES TRACE AMOUNT.




$$
