000
CDUS43 KUNR 240837
CLIPHP


CLIMATE REPORT
NATIONAL WEATHER SERVICE RAPID CITY SD
236 AM MDT MON APR 24 2017


...................................

...THE PHILIP SD CLIMATE SUMMARY FOR APRIL 23 2017...

CLIMATE NORMAL PERIOD 1981 TO 2010
CLIMATE RECORD PERIOD 9999 TO 9999


WEATHER ITEM   OBSERVED TIME   NORMAL DEPARTURE LAST
                VALUE   (LST)  VALUE  FROM      YEAR
                                      NORMAL
......................................................
TEMPERATURE (F)
 YESTERDAY
  MAXIMUM         77    458 PM  63     14       85
  MINIMUM         41   1159 PM  35      6       47
  AVERAGE         59            49     10       66

PRECIPITATION (IN)
  YESTERDAY        0.00          0.08  -0.08     0.00
  MONTH TO DATE    1.50          1.23   0.27     2.71
  SINCE MAR 1      2.30          2.50  -0.20     3.42
  SINCE JAN 1      3.37          3.28   0.09     4.10

DEGREE DAYS
 HEATING
  YESTERDAY        6            16    -10        0
  MONTH TO DATE  348           460   -112      361
  SINCE MAR 1   1161          1398   -237     1092
  SINCE JUL 1   6221          6763   -542     5904

 COOLING
  YESTERDAY        0             0      0        1
  MONTH TO DATE    0             0      0        1
  SINCE MAR 1      0             0      0        1
  SINCE JAN 1      0             0      0        1
......................................................


WIND (MPH)
  HIGHEST WIND SPEED    25   HIGHEST WIND DIRECTION    SW (220)
  HIGHEST GUST SPEED    31   HIGHEST GUST DIRECTION    SW (220)
  AVERAGE WIND SPEED    11.9


SKY COVER
  AVERAGE SKY COVER 0.0


WEATHER CONDITIONS
 THE FOLLOWING WEATHER WAS RECORDED YESTERDAY.
  NO SIGNIFICANT WEATHER WAS OBSERVED.


RELATIVE HUMIDITY (PERCENT)
 HIGHEST    83          1100 PM
 LOWEST     23           300 PM
 AVERAGE    53

..........................................................




SUNRISE AND SUNSET
APRIL 24 2017.........SUNRISE   548 AM MDT   SUNSET   742 PM MDT
APRIL 25 2017.........SUNRISE   546 AM MDT   SUNSET   743 PM MDT


-  INDICATES NEGATIVE NUMBERS.
R  INDICATES RECORD WAS SET OR TIED.
MM INDICATES DATA IS MISSING.
T  INDICATES TRACE AMOUNT.




$$
