000
CDUS43 KUNR 240843
CLIPHP


CLIMATE REPORT
NATIONAL WEATHER SERVICE RAPID CITY SD
242 AM MDT SUN SEP 24 2017


...................................

...THE PHILIP SD CLIMATE SUMMARY FOR SEPTEMBER 23 2017...

CLIMATE NORMAL PERIOD 1981 TO 2010
CLIMATE RECORD PERIOD 9999 TO 9999


WEATHER ITEM   OBSERVED TIME   NORMAL DEPARTURE LAST
                VALUE   (LST)  VALUE  FROM      YEAR
                                      NORMAL
......................................................
TEMPERATURE (F)
 YESTERDAY
  MAXIMUM         52    930 AM  74    -22       85
  MINIMUM         48    730 AM  44      4       56
  AVERAGE         50            59     -9       71

PRECIPITATION (IN)
  YESTERDAY        0.50          0.05   0.45     0.05
  MONTH TO DATE    0.86          1.15  -0.29     0.23
  SINCE SEP 1      0.86          1.15  -0.29     0.23
  SINCE JAN 1      8.72         14.53  -5.81    12.24

DEGREE DAYS
 HEATING
  YESTERDAY       15             7      8        0
  MONTH TO DATE   90            99     -9       59
  SINCE SEP 1     90            99     -9       59
  SINCE JUL 1     96           124    -28       78

 COOLING
  YESTERDAY        0             1     -1        6
  MONTH TO DATE  106            73     33       62
  SINCE SEP 1    106            73     33       62
  SINCE JAN 1    902           808     94      892
......................................................


WIND (MPH)
  HIGHEST WIND SPEED    21   HIGHEST WIND DIRECTION    NE (30)
  HIGHEST GUST SPEED    26   HIGHEST GUST DIRECTION    NE (30)
  AVERAGE WIND SPEED    10.6


SKY COVER
  AVERAGE SKY COVER 1.0


WEATHER CONDITIONS
 THE FOLLOWING WEATHER WAS RECORDED YESTERDAY.
  THUNDERSTORM
  HEAVY RAIN
  RAIN
  LIGHT RAIN
  FOG


RELATIVE HUMIDITY (PERCENT)
 HIGHEST   100          1200 PM
 LOWEST     77           900 AM
 AVERAGE    89

..........................................................




SUNRISE AND SUNSET
SEPTEMBER 24 2017.....SUNRISE   636 AM MDT   SUNSET   640 PM MDT
SEPTEMBER 25 2017.....SUNRISE   637 AM MDT   SUNSET   638 PM MDT


-  INDICATES NEGATIVE NUMBERS.
R  INDICATES RECORD WAS SET OR TIED.
MM INDICATES DATA IS MISSING.
T  INDICATES TRACE AMOUNT.




$$
