000
CDUS43 KUNR 300832
CLIPHP


CLIMATE REPORT
NATIONAL WEATHER SERVICE RAPID CITY SD
231 AM MDT SAT AUG 30 2014


...................................

...THE PHILIP SD CLIMATE SUMMARY FOR AUGUST 29 2014...

CLIMATE NORMAL PERIOD 1981 TO 2010
CLIMATE RECORD PERIOD 9999 TO 9999


WEATHER ITEM   OBSERVED TIME   NORMAL DEPARTURE LAST
                VALUE   (LST)  VALUE  FROM      YEAR
                                      NORMAL
......................................................
TEMPERATURE (F)
 YESTERDAY
  MAXIMUM         80   1127 AM  85     -5       99
  MINIMUM         55   1159 PM  54      1       64
  AVERAGE         68            70     -2       82

PRECIPITATION (IN)
  YESTERDAY        T             0.05  -0.05     0.00
  MONTH TO DATE    4.19          1.40   2.79     1.26
  SINCE JUN 1      8.30          6.36   1.94     4.85
  SINCE JAN 1     13.12         13.28  -0.16    10.41

DEGREE DAYS
 HEATING
  YESTERDAY        0             1     -1        0
  MONTH TO DATE    3             9     -6        0
  SINCE JUN 1     97            80     17       67
  SINCE JUL 1     19            17      2        3

 COOLING
  YESTERDAY        3             6     -3       17
  MONTH TO DATE  228           267    -39      259
  SINCE JUN 1    534           695   -161      719
  SINCE JAN 1    574           722   -148      740
......................................................


WIND (MPH)
  HIGHEST WIND SPEED    29   HIGHEST WIND DIRECTION     N (350)
  HIGHEST GUST SPEED    36   HIGHEST GUST DIRECTION     N (350)
  AVERAGE WIND SPEED    10.4


SKY COVER
  AVERAGE SKY COVER 0.2


WEATHER CONDITIONS
 THE FOLLOWING WEATHER WAS RECORDED YESTERDAY.
  LIGHT RAIN
  FOG


RELATIVE HUMIDITY (PERCENT)
 HIGHEST   100           100 AM
 LOWEST     47          1100 AM
 AVERAGE    74

..........................................................




SUNRISE AND SUNSET
AUGUST 30 2014........SUNRISE   607 AM MDT   SUNSET   726 PM MDT
AUGUST 31 2014........SUNRISE   608 AM MDT   SUNSET   724 PM MDT


-  INDICATES NEGATIVE NUMBERS.
R  INDICATES RECORD WAS SET OR TIED.
MM INDICATES DATA IS MISSING.
T  INDICATES TRACE AMOUNT.




$$
