000
CDUS43 KUNR 210838
CLIPHP


CLIMATE REPORT
NATIONAL WEATHER SERVICE RAPID CITY SD
136 AM MST SAT JAN 21 2017


...................................

...THE PHILIP SD CLIMATE SUMMARY FOR JANUARY 20 2017...

CLIMATE NORMAL PERIOD 1981 TO 2010
CLIMATE RECORD PERIOD 9999 TO 9999


WEATHER ITEM   OBSERVED TIME   NORMAL DEPARTURE LAST
                VALUE   (LST)  VALUE  FROM      YEAR
                                      NORMAL
......................................................
TEMPERATURE (F)
 YESTERDAY
  MAXIMUM         36    402 PM  35      1       23
  MINIMUM         12    403 AM  10      2        4
  AVERAGE         24            22      2       14

PRECIPITATION (IN)
  YESTERDAY        0.00          0.01  -0.01      T
  MONTH TO DATE    0.13          0.20  -0.07     0.14
  SINCE DEC 1      0.55          0.63  -0.08     1.13
  SINCE JAN 1      0.13          0.20  -0.07     0.14

DEGREE DAYS
 HEATING
  YESTERDAY       41            43     -2       51
  MONTH TO DATE 1094           867    227      955
  SINCE DEC 1   2586          2167    419     2217
  SINCE JUL 1   3724          3802    -78     3557

 COOLING
  YESTERDAY        0             0      0        0
  MONTH TO DATE    0             0      0        0
  SINCE DEC 1      0             0      0        0
  SINCE JAN 1      0             0      0        0
......................................................


WIND (MPH)
  HIGHEST WIND SPEED    15   HIGHEST WIND DIRECTION     W (280)
  HIGHEST GUST SPEED    16   HIGHEST GUST DIRECTION     W (280)
  AVERAGE WIND SPEED     6.2


SKY COVER
  AVERAGE SKY COVER 0.1


WEATHER CONDITIONS
 THE FOLLOWING WEATHER WAS RECORDED YESTERDAY.
  NO SIGNIFICANT WEATHER WAS OBSERVED.


RELATIVE HUMIDITY (PERCENT)
 HIGHEST    92          1200 AM
 LOWEST     75          1200 PM
 AVERAGE    84

..........................................................




SUNRISE AND SUNSET
JANUARY 21 2017.......SUNRISE   714 AM MST   SUNSET   442 PM MST
JANUARY 22 2017.......SUNRISE   713 AM MST   SUNSET   443 PM MST


-  INDICATES NEGATIVE NUMBERS.
R  INDICATES RECORD WAS SET OR TIED.
MM INDICATES DATA IS MISSING.
T  INDICATES TRACE AMOUNT.




$$
