000
CDUS43 KUNR 240831
CLIPHP


CLIMATE REPORT
NATIONAL WEATHER SERVICE RAPID CITY SD
231 AM MDT WED AUG 24 2016


...................................

...THE PHILIP SD CLIMATE SUMMARY FOR AUGUST 23 2016...

CLIMATE NORMAL PERIOD 1981 TO 2010
CLIMATE RECORD PERIOD 9999 TO 9999


WEATHER ITEM   OBSERVED TIME   NORMAL DEPARTURE LAST
                VALUE   (LST)  VALUE  FROM      YEAR
                                      NORMAL
......................................................
TEMPERATURE (F)
 YESTERDAY
  MAXIMUM         87    254 PM  87      0       74
  MINIMUM         52   1111 PM  57     -5       44
  AVERAGE         70            72     -2       59

PRECIPITATION (IN)
  YESTERDAY        0.00          0.05  -0.05     0.00
  MONTH TO DATE    2.17          1.10   1.07     2.73
  SINCE JUN 1      4.61          6.06  -1.45     9.18
  SINCE JAN 1     11.33         12.98  -1.65    16.16

DEGREE DAYS
 HEATING
  YESTERDAY        0             1     -1        6
  MONTH TO DATE    9             3      6       24
  SINCE JUN 1     20            74    -54       36
  SINCE JUL 1     13            11      2       24

 COOLING
  YESTERDAY        5             8     -3        0
  MONTH TO DATE  219           226     -7      176
  SINCE JUN 1    772           654    118      567
  SINCE JAN 1    786           681    105      573
......................................................


WIND (MPH)
  HIGHEST WIND SPEED    33   HIGHEST WIND DIRECTION    NW (310)
  HIGHEST GUST SPEED    41   HIGHEST GUST DIRECTION    NW (320)
  AVERAGE WIND SPEED    15.8


SKY COVER
  AVERAGE SKY COVER 0.0


WEATHER CONDITIONS
 THE FOLLOWING WEATHER WAS RECORDED YESTERDAY.
  NO SIGNIFICANT WEATHER WAS OBSERVED.


RELATIVE HUMIDITY (PERCENT)
 HIGHEST    81           600 AM
 LOWEST     14           300 PM
 AVERAGE    48

..........................................................




SUNRISE AND SUNSET
AUGUST 24 2016........SUNRISE   601 AM MDT   SUNSET   735 PM MDT
AUGUST 25 2016........SUNRISE   602 AM MDT   SUNSET   734 PM MDT


-  INDICATES NEGATIVE NUMBERS.
R  INDICATES RECORD WAS SET OR TIED.
MM INDICATES DATA IS MISSING.
T  INDICATES TRACE AMOUNT.




$$
