000
CDUS45 KPSR 282319
CLIPHX

CLIMATE REPORT
NATIONAL WEATHER SERVICE PHOENIX AZ
418 PM MST SAT MAR 28 2015


...................................

...THE PHOENIX AZ CLIMATE SUMMARY FOR MARCH 28 2015...
VALID TODAY AS OF 0400 PM LOCAL TIME.

CLIMATE NORMAL PERIOD 1981 TO 2010
CLIMATE RECORD PERIOD 1895 TO 2015


WEATHER ITEM   OBSERVED TIME   RECORD YEAR NORMAL DEPARTURE LAST
                VALUE   (LST)  VALUE       VALUE  FROM      YEAR
                                                  NORMAL
..................................................................
TEMPERATURE (F)
 TODAY
  MAXIMUM         95R   338 PM  95    1986  80     15       79
  MINIMUM         64    635 AM  34    1898  56      8       55
  AVERAGE         80                        68     12       67

PRECIPITATION (IN)
  TODAY            0.00          0.91 1926   0.02  -0.02     0.00
  MONTH TO DATE    0.33                      0.93  -0.60     0.99
  SINCE OCT 1      2.19                      4.87  -2.68     3.81
  SINCE JAN 1      1.15                      2.76  -1.61     0.99

SNOWFALL (IN)
  TODAY            0.0
  MONTH TO DATE    0.0
  SINCE JAN 1      0.0
  SINCE JUL 1      0.0
  SNOW DEPTH       0

DEGREE DAYS
 HEATING
  TODAY            0                         2     -2        0
  MONTH TO DATE   25                        78    -53        7
  SINCE MAR 1     25                        78    -53        7
  SINCE JUL 1    520                       911   -391      541

 COOLING
  TODAY           15                         4     11        2
  MONTH TO DATE  204                        73    131      116
  SINCE MAR 1    204                        73    131      116
  SINCE JAN 1    252                        90    162      178
..................................................................


WIND (MPH)
  HIGHEST WIND SPEED    10   HIGHEST WIND DIRECTION    NW (300)
  HIGHEST GUST SPEED    14   HIGHEST GUST DIRECTION     W (270)
  AVERAGE WIND SPEED     5.6


SKY COVER
  AVERAGE SKY COVER 0.0


WEATHER CONDITIONS
 THE FOLLOWING WEATHER WAS RECORDED TODAY.
  NO SIGNIFICANT WEATHER WAS OBSERVED.


RELATIVE HUMIDITY (PERCENT)
 HIGHEST    28           500 AM
 LOWEST      5           400 PM
 AVERAGE    17

..........................................................


THE PHOENIX AZ CLIMATE NORMALS FOR TOMORROW
                         NORMAL    RECORD    YEAR
 MAXIMUM TEMPERATURE (F)   80        95      1971
 MINIMUM TEMPERATURE (F)   56        36      1907


SUNRISE AND SUNSET
MARCH 28 2015.........SUNRISE   621 AM MST   SUNSET   645 PM MST
MARCH 29 2015.........SUNRISE   620 AM MST   SUNSET   646 PM MST


-  INDICATES NEGATIVE NUMBERS.
R  INDICATES RECORD WAS SET OR TIED.
MM INDICATES DATA IS MISSING.
T  INDICATES TRACE AMOUNT.

$$
