000
CDUS45 KPSR 270806
CLIPHX

CDUS45 KPSR DDHHMM
CLIPHX

CLIMATE REPORT
NATIONAL WEATHER SERVICE PHOENIX AZ
105 AM MST WED MAY 27 2015

...................................

...THE PHOENIX AZ CLIMATE SUMMARY FOR MAY 26 2015...

CLIMATE NORMAL PERIOD 1981 TO 2010
CLIMATE RECORD PERIOD 1895 TO 2015


WEATHER ITEM   OBSERVED TIME   RECORD YEAR NORMAL DEPARTURE LAST
                VALUE   (LST)  VALUE       VALUE  FROM      YEAR
                                                  NORMAL
..................................................................
TEMPERATURE (F)
 YESTERDAY
  MAXIMUM         96    348 PM 112    1951  98     -2      104
  MINIMUM         71    547 AM  48    1916  72     -1       76
  AVERAGE         84                        85     -1       90

PRECIPITATION (IN)
  YESTERDAY        0.00          0.14 1926   0.01  -0.01     0.00
  MONTH TO DATE    1.17                      0.10   1.07     0.00
  SINCE OCT 1      3.54                      5.31  -1.77     3.81
  SINCE JAN 1      2.50                      3.20  -0.70     0.99

SNOWFALL (IN)
  YESTERDAY        0.0
  MONTH TO DATE    0.0
  SINCE JAN 1      0.0
  SINCE JUL 1      0.0
  SNOW DEPTH       0

DEGREE DAYS
 HEATING
  YESTERDAY        0                         0      0        0
  MONTH TO DATE    0                         0      0        0
  SINCE MAR 1     25                       101    -76       12
  SINCE JUL 1    520                       934   -414      546

 COOLING
  YESTERDAY       19                        20     -1       25
  MONTH TO DATE  319                       427   -108      431
  SINCE MAR 1    861                       765     96      874
  SINCE JAN 1    909                       782    127      936
..................................................................


WIND (MPH)
  HIGHEST WIND SPEED    16   HIGHEST WIND DIRECTION     W (270)
  HIGHEST GUST SPEED    21   HIGHEST GUST DIRECTION     S (200)
  AVERAGE WIND SPEED     6.5


SKY COVER
  AVERAGE SKY COVER 0.4


WEATHER CONDITIONS
 THE FOLLOWING WEATHER WAS RECORDED YESTERDAY.
  NO SIGNIFICANT WEATHER WAS OBSERVED.


RELATIVE HUMIDITY (PERCENT)
 HIGHEST    34           600 AM
 LOWEST     12           400 PM
 AVERAGE    23

..........................................................


THE PHOENIX AZ CLIMATE NORMALS FOR TODAY
                         NORMAL    RECORD    YEAR
 MAXIMUM TEMPERATURE (F)   98       111      1983
 MINIMUM TEMPERATURE (F)   72        48      1917


SUNRISE AND SUNSET
MAY 27 2015...........SUNRISE   521 AM MST   SUNSET   730 PM MST
MAY 28 2015...........SUNRISE   521 AM MST   SUNSET   730 PM MST


-  INDICATES NEGATIVE NUMBERS.
R  INDICATES RECORD WAS SET OR TIED.
MM INDICATES DATA IS MISSING.
T  INDICATES TRACE AMOUNT.

&&
.....................................................................

DEW POINT
  HIGHEST DEW POINT    43
   LOWEST DEW POINT    32
  AVERAGE DEW POINT    38
.....................................................................

$$
