000
CDUS45 KPSR 290819
CLIPHX

CDUS45 KPSR DDHHMM
CLIPHX

CLIMATE REPORT
NATIONAL WEATHER SERVICE PHOENIX AZ
118 AM MST THU JUN 29 2017


...................................

...THE PHOENIX AZ CLIMATE SUMMARY FOR JUNE 28 2017...

CLIMATE NORMAL PERIOD 1981 TO 2010
CLIMATE RECORD PERIOD 1895 TO 2017


WEATHER ITEM   OBSERVED TIME   RECORD YEAR NORMAL DEPARTURE LAST
                VALUE   (LST)  VALUE       VALUE  FROM      YEAR
                                                  NORMAL
..................................................................
TEMPERATURE (F)
 YESTERDAY
  MAXIMUM        108    545 PM 118    1990 106      2      113
  MINIMUM         84    530 AM  59    1965  81      3       89
  AVERAGE         96                        94      2      101

PRECIPITATION (IN)
  YESTERDAY        0.00          0.26 1938   0.01  -0.01      T
  MONTH TO DATE    0.00                      0.02  -0.02     0.01
  SINCE OCT 1      4.24                      5.34  -1.10     3.05
  SINCE JAN 1      2.41                      3.23  -0.82     1.88

SNOWFALL (IN)
  YESTERDAY        0.0
  MONTH TO DATE    0.0
  SINCE JAN 1      0.0
  SINCE JUL 1      0.0
  SNOW DEPTH       0

DEGREE DAYS
 HEATING
  YESTERDAY        0                         0      0        0
  MONTH TO DATE    0                         0      0        0
  SINCE JUN 1      0                         0      0        0
  SINCE JUL 1    693                       935   -242      829

 COOLING
  YESTERDAY       31                        29      2       36
  MONTH TO DATE  837                       716    121      846
  SINCE JUN 1    837                       716    121      846
  SINCE JAN 1   1911                      1602    309     1853
..................................................................


WIND (MPH)
  HIGHEST WIND SPEED    20   HIGHEST WIND DIRECTION     W (280)
  HIGHEST GUST SPEED    25   HIGHEST GUST DIRECTION     W (290)
  AVERAGE WIND SPEED     8.0


SKY COVER
  AVERAGE SKY COVER 0.1


WEATHER CONDITIONS
 THE FOLLOWING WEATHER WAS RECORDED YESTERDAY.
  NO SIGNIFICANT WEATHER WAS OBSERVED.


RELATIVE HUMIDITY (PERCENT)
 HIGHEST    23           600 AM
 LOWEST      9           500 PM
 AVERAGE    16

..........................................................


THE PHOENIX AZ CLIMATE NORMALS FOR TODAY
                         NORMAL    RECORD    YEAR
 MAXIMUM TEMPERATURE (F)  107       119      2013
 MINIMUM TEMPERATURE (F)   81        59      1913


SUNRISE AND SUNSET
JUNE 29 2017..........SUNRISE   521 AM MST   SUNSET   742 PM MST
JUNE 30 2017..........SUNRISE   522 AM MST   SUNSET   742 PM MST


-  INDICATES NEGATIVE NUMBERS.
R  INDICATES RECORD WAS SET OR TIED.
MM INDICATES DATA IS MISSING.
T  INDICATES TRACE AMOUNT.

&&
.....................................................................

DEW POINT
  HIGHEST DEW POINT    49
   LOWEST DEW POINT    37
  AVERAGE DEW POINT    43
.....................................................................

$$
