000
CDUS45 KPSR 270806
CLIPHX

CLIMATE REPORT
NATIONAL WEATHER SERVICE PHOENIX AZ
106 AM MST SAT AUG 27 2016


...................................

...THE PHOENIX AZ CLIMATE SUMMARY FOR AUGUST 26 2016...

CLIMATE NORMAL PERIOD 1981 TO 2010
CLIMATE RECORD PERIOD 1895 TO 2016


WEATHER ITEM   OBSERVED TIME   RECORD YEAR NORMAL DEPARTURE LAST
                VALUE   (LST)  VALUE       VALUE  FROM      YEAR
                                                  NORMAL
..................................................................
TEMPERATURE (F)
 YESTERDAY
  MAXIMUM         98    533 PM 117    2011 104     -6      106
  MINIMUM         80    619 AM  65    1928  82     -2       84
  AVERAGE         89                        93     -4       95

PRECIPITATION (IN)
  YESTERDAY        T             0.65 1911   0.03  -0.03     0.00
  MONTH TO DATE    1.27                      0.86   0.41     0.64
  SINCE OCT 1      5.21                      7.25  -2.04     5.56
  SINCE JAN 1      4.04                      5.14  -1.10     4.52

SNOWFALL (IN)
  YESTERDAY        0.0
  MONTH TO DATE    0.0
  SINCE JAN 1      0.0
  SINCE JUL 1      0.0
  SNOW DEPTH       0

DEGREE DAYS
 HEATING
  YESTERDAY        0                         0      0        0
  MONTH TO DATE    0                         0      0        0
  SINCE JUN 1      0                         0      0        0
  SINCE JUL 1      0                         0      0        0

 COOLING
  YESTERDAY       24                        28     -4       30
  MONTH TO DATE  705                       746    -41      840
  SINCE JUN 1   2611                      2444    167     2642
  SINCE JAN 1   3618                      3330    288     3667
..................................................................


WIND (MPH)
  HIGHEST WIND SPEED    25   HIGHEST WIND DIRECTION     E (70)
  HIGHEST GUST SPEED    29   HIGHEST GUST DIRECTION     E (70)
  AVERAGE WIND SPEED    10.2


SKY COVER
  AVERAGE SKY COVER 0.7


WEATHER CONDITIONS
 THE FOLLOWING WEATHER WAS RECORDED YESTERDAY.
  THUNDERSTORM


RELATIVE HUMIDITY (PERCENT)
 HIGHEST    47           500 AM
 LOWEST     24           200 PM
 AVERAGE    36

..........................................................


THE PHOENIX AZ CLIMATE NORMALS FOR TODAY
                         NORMAL    RECORD    YEAR
 MAXIMUM TEMPERATURE (F)  104       113      2009
                                             1981
 MINIMUM TEMPERATURE (F)   82        64      1920


SUNRISE AND SUNSET
AUGUST 27 2016........SUNRISE   559 AM MST   SUNSET   659 PM MST
AUGUST 28 2016........SUNRISE   600 AM MST   SUNSET   658 PM MST


-  INDICATES NEGATIVE NUMBERS.
R  INDICATES RECORD WAS SET OR TIED.
MM INDICATES DATA IS MISSING.
T  INDICATES TRACE AMOUNT.

&&
.....................................................................

DEW POINT
  HIGHEST DEW POINT    60
   LOWEST DEW POINT    54
  AVERAGE DEW POINT    57
.....................................................................

$$
