000
CDUS45 KPSR 290833
CLIPHX

CLIMATE REPORT
NATIONAL WEATHER SERVICE PHOENIX AZ
132 AM MST FRI JUL 29 2016


...................................

...THE PHOENIX AZ CLIMATE SUMMARY FOR JULY 28 2016...

CLIMATE NORMAL PERIOD 1981 TO 2010
CLIMATE RECORD PERIOD 1895 TO 2016


WEATHER ITEM   OBSERVED TIME   RECORD YEAR NORMAL DEPARTURE LAST
                VALUE   (LST)  VALUE       VALUE  FROM      YEAR
                                                  NORMAL
..................................................................
TEMPERATURE (F)
 YESTERDAY
  MAXIMUM        110        MM 121    1995 105      5      106
  MINIMUM         89        MM  66    1913  84      5       88
  AVERAGE        100                        95      5       97

PRECIPITATION (IN)
  YESTERDAY        0.00          1.90 1984   0.05  -0.05     0.00
  MONTH TO DATE    0.36                      0.93  -0.57     0.41
  SINCE OCT 1      3.41                      6.27  -2.86     4.20
  SINCE JAN 1      2.24                      4.16  -1.92     3.16

SNOWFALL (IN)
  YESTERDAY        0.0
  MONTH TO DATE    0.0
  SINCE JAN 1      0.0
  SINCE JUL 1      0.0
  SNOW DEPTH       0

DEGREE DAYS
 HEATING
  YESTERDAY        0                         0      0        0
  MONTH TO DATE    0                         0      0        0
  SINCE JUN 1      0                         0      0        0
  SINCE JUL 1      0                         0      0        0

 COOLING
  YESTERDAY       35                        30      5       32
  MONTH TO DATE  921                       837     84      837
  SINCE JUN 1   1821                      1611    210     1713
  SINCE JAN 1   2828                      2497    331     2738
..................................................................


WIND (MPH)
  HIGHEST WIND SPEED    17   HIGHEST WIND DIRECTION    SE (150)
  HIGHEST GUST SPEED    24   HIGHEST GUST DIRECTION    SE (150)
  AVERAGE WIND SPEED     7.3


SKY COVER
  AVERAGE SKY COVER 0.4


WEATHER CONDITIONS
 THE FOLLOWING WEATHER WAS RECORDED YESTERDAY.
  NO SIGNIFICANT WEATHER WAS OBSERVED.


RELATIVE HUMIDITY (PERCENT)
 HIGHEST    41           600 AM
 LOWEST     17           400 PM
 AVERAGE    29

..........................................................


THE PHOENIX AZ CLIMATE NORMALS FOR TODAY
                         NORMAL    RECORD    YEAR
 MAXIMUM TEMPERATURE (F)  105       115      1995
 MINIMUM TEMPERATURE (F)   84        68      1913


SUNRISE AND SUNSET
JULY 29 2016..........SUNRISE   539 AM MST   SUNSET   730 PM MST
JULY 30 2016..........SUNRISE   540 AM MST   SUNSET   729 PM MST


-  INDICATES NEGATIVE NUMBERS.
R  INDICATES RECORD WAS SET OR TIED.
MM INDICATES DATA IS MISSING.
T  INDICATES TRACE AMOUNT.

&&
.....................................................................

DEW POINT
  HIGHEST DEW POINT    62
   LOWEST DEW POINT    54
  AVERAGE DEW POINT    58
.....................................................................

$$
