000
CDUS45 KPSR 080806
CLIPHX

CDUS45 KPSR DDHHMM
CLIPHX

CLIMATE REPORT
NATIONAL WEATHER SERVICE PHOENIX AZ
105 AM MST MON FEB 8 2016

...................................

...THE PHOENIX AZ CLIMATE SUMMARY FOR FEBRUARY 7 2016...

CLIMATE NORMAL PERIOD 1981 TO 2010
CLIMATE RECORD PERIOD 1895 TO 2016


WEATHER ITEM   OBSERVED TIME   RECORD YEAR NORMAL DEPARTURE LAST
                VALUE   (LST)  VALUE       VALUE  FROM      YEAR
                                                  NORMAL
..................................................................
TEMPERATURE (F)
 YESTERDAY
  MAXIMUM         79    433 PM  89    1963  70      9       81
  MINIMUM         47    517 AM  24    1899  48     -1       53
  AVERAGE         63                        59      4       67

PRECIPITATION (IN)
  YESTERDAY        0.00          0.74 1935   0.03  -0.03     0.00
  MONTH TO DATE    0.00                      0.20  -0.20     0.00
  SINCE OCT 1      2.48                      3.22  -0.74     1.85
  SINCE JAN 1      1.31                      1.11   0.20     0.81

SNOWFALL (IN)
  YESTERDAY        0.0
  MONTH TO DATE    0.0
  SINCE JAN 1      0.0
  SINCE JUL 1      0.0
  SNOW DEPTH       0

DEGREE DAYS
 HEATING
  YESTERDAY        2                         7     -5        0
  MONTH TO DATE   86                        49     37       11
  SINCE DEC 1    692                       616     76      427
  SINCE JUL 1    813                       719     94      481

 COOLING
  YESTERDAY        0                         0      0        2
  MONTH TO DATE    0                         0      0        8
  SINCE DEC 1      0                         3     -3       18
  SINCE JAN 1      0                         2     -2        8
..................................................................


WIND (MPH)
  HIGHEST WIND SPEED    13   HIGHEST WIND DIRECTION    NE (50)
  HIGHEST GUST SPEED    17   HIGHEST GUST DIRECTION    NE (50)
  AVERAGE WIND SPEED     4.3


SKY COVER
  AVERAGE SKY COVER 0.1


WEATHER CONDITIONS
 THE FOLLOWING WEATHER WAS RECORDED YESTERDAY.
  NO SIGNIFICANT WEATHER WAS OBSERVED.


RELATIVE HUMIDITY (PERCENT)
 HIGHEST    42           400 AM
 LOWEST     11           200 PM
 AVERAGE    27

..........................................................


THE PHOENIX AZ CLIMATE NORMALS FOR TODAY
                         NORMAL    RECORD    YEAR
 MAXIMUM TEMPERATURE (F)   70        86      1970
 MINIMUM TEMPERATURE (F)   48        24      1933


SUNRISE AND SUNSET
FEBRUARY  8 2016......SUNRISE   719 AM MST   SUNSET   606 PM MST
FEBRUARY  9 2016......SUNRISE   718 AM MST   SUNSET   607 PM MST


-  INDICATES NEGATIVE NUMBERS.
R  INDICATES RECORD WAS SET OR TIED.
MM INDICATES DATA IS MISSING.
T  INDICATES TRACE AMOUNT.

&&
.....................................................................

DEW POINT
  HIGHEST DEW POINT    28
   LOWEST DEW POINT    17
  AVERAGE DEW POINT    22
.....................................................................

$$
