000
CDUS45 KPSR 210013
CLIPHX

CLIMATE REPORT
NATIONAL WEATHER SERVICE PHOENIX AZ
513 PM MST THU NOV 20 2014


...................................

...THE PHOENIX AZ CLIMATE SUMMARY FOR NOVEMBER 20 2014...
VALID TODAY AS OF 0500 PM LOCAL TIME.

CLIMATE NORMAL PERIOD 1981 TO 2010
CLIMATE RECORD PERIOD 1895 TO 2014


WEATHER ITEM   OBSERVED TIME   RECORD YEAR NORMAL DEPARTURE LAST
                VALUE   (LST)  VALUE       VALUE  FROM      YEAR
                                                  NORMAL
..................................................................
TEMPERATURE (F)
 TODAY
  MAXIMUM         74    407 PM  89    2006  73      1       75
  MINIMUM         48    651 AM  31    1956  51     -3       62
  AVERAGE         61                        62     -1       69

PRECIPITATION (IN)
  TODAY            0.00          1.16 1902   0.03  -0.03     0.00
  MONTH TO DATE    0.00                      0.39  -0.39      T
  SINCE OCT 1      0.13                      0.97  -0.84      T
  SINCE JAN 1      7.46                      6.89   0.57     5.60

SNOWFALL (IN)
  TODAY            0.0
  MONTH TO DATE    0.0
  SINCE JAN 1      0.0
  SINCE JUL 1      0.0
  SNOW DEPTH       0

DEGREE DAYS
 HEATING
  TODAY            4                         4      0        0
  MONTH TO DATE   21                        42    -21        0
  SINCE SEP 1     21                        48    -27        1
  SINCE JUL 1     21                        48    -27        1

 COOLING
  TODAY            0                         1     -1        4
  MONTH TO DATE   84                        64     20      111
  SINCE SEP 1   1283                      1131    152     1135
  SINCE JAN 1   5028                      4600    428     5023
..................................................................


WIND (MPH)
  HIGHEST WIND SPEED     9   HIGHEST WIND DIRECTION     E (100)
  HIGHEST GUST SPEED    12   HIGHEST GUST DIRECTION     E (100)
  AVERAGE WIND SPEED     5.0


SKY COVER
  AVERAGE SKY COVER 0.2


WEATHER CONDITIONS
 THE FOLLOWING WEATHER WAS RECORDED TODAY.
  NO SIGNIFICANT WEATHER WAS OBSERVED.


RELATIVE HUMIDITY (PERCENT)
 HIGHEST    42           600 AM
 LOWEST     12           400 PM
 AVERAGE    27

..........................................................


THE PHOENIX AZ CLIMATE NORMALS FOR TOMORROW
                         NORMAL    RECORD    YEAR
 MAXIMUM TEMPERATURE (F)   73        88      1924
 MINIMUM TEMPERATURE (F)   51        30      1956
                                             1953


SUNRISE AND SUNSET
NOVEMBER 20 2014......SUNRISE   704 AM MST   SUNSET   523 PM MST
NOVEMBER 21 2014......SUNRISE   705 AM MST   SUNSET   523 PM MST


-  INDICATES NEGATIVE NUMBERS.
R  INDICATES RECORD WAS SET OR TIED.
MM INDICATES DATA IS MISSING.
T  INDICATES TRACE AMOUNT.

$$
