313
CDUS43 KILX 080631
CLIPIA


CLIMATE REPORT
NATIONAL WEATHER SERVICE LINCOLN IL
1230 AM CST THU DEC 8 2016


...................................

...THE PEORIA IL CLIMATE SUMMARY FOR DECEMBER 7 2016...

CLIMATE NORMAL PERIOD 1981 TO 2010
CLIMATE RECORD PERIOD 1883 TO 2016


WEATHER ITEM   OBSERVED TIME   RECORD YEAR NORMAL DEPARTURE LAST
                VALUE   (LST)  VALUE       VALUE  FROM      YEAR
                                                  NORMAL
..................................................................
TEMPERATURE (F)
 YESTERDAY
  MAXIMUM         32   1149 AM  67    1916  39     -7       42
  MINIMUM         22   1159 PM  -9    1977  23     -1       31
  AVERAGE         27                        31     -4       37

PRECIPITATION (IN)
  YESTERDAY        0.00          1.27 1966   0.09  -0.09     0.00
  MONTH TO DATE    0.41                      0.64  -0.23     0.22
  SINCE DEC 1      0.41                      0.64  -0.23     0.22
  SINCE JAN 1     36.43                     34.71   1.72    43.89

SNOWFALL (IN)
  YESTERDAY        0.0           4.9  1909   0.2   -0.2      0.0
  MONTH TO DATE    4.2                       1.3    2.9      1.1
  SINCE DEC 1      4.2                       1.3    2.9      1.1
  SINCE JUL 1      4.2                       2.4    1.8      5.7
  SNOW DEPTH       0

DEGREE DAYS
 HEATING
  YESTERDAY       38                        34      4       28
  MONTH TO DATE  213                       229    -16      192
  SINCE DEC 1    213                       229    -16      192
  SINCE JUL 1    951                      1377   -426      949

 COOLING
  YESTERDAY        0                         0      0        0
  MONTH TO DATE    0                         0      0        0
  SINCE DEC 1      0                         0      0        0
  SINCE JAN 1   1423                      1039    384     1419
..................................................................


WIND (MPH)
  HIGHEST WIND SPEED    20   HIGHEST WIND DIRECTION    NW (300)
  HIGHEST GUST SPEED    27   HIGHEST GUST DIRECTION    NW (300)
  AVERAGE WIND SPEED    10.9


SKY COVER
  POSSIBLE SUNSHINE  MM
  AVERAGE SKY COVER 0.4


WEATHER CONDITIONS
 THE FOLLOWING WEATHER WAS RECORDED YESTERDAY.
  NO SIGNIFICANT WEATHER WAS OBSERVED.


RELATIVE HUMIDITY (PERCENT)
 HIGHEST    68           800 AM
 LOWEST     58           100 AM
 AVERAGE    63

..........................................................


THE PEORIA IL CLIMATE NORMALS FOR TODAY
                         NORMAL    RECORD    YEAR
 MAXIMUM TEMPERATURE (F)   38        69      1991
 MINIMUM TEMPERATURE (F)   23        -4      2006
                                             1958


SUNRISE AND SUNSET
DECEMBER  8 2016......SUNRISE   710 AM CST   SUNSET   431 PM CST
DECEMBER  9 2016......SUNRISE   711 AM CST   SUNSET   431 PM CST


-  INDICATES NEGATIVE NUMBERS.
R  INDICATES RECORD WAS SET OR TIED.
MM INDICATES DATA IS MISSING.
T  INDICATES TRACE AMOUNT.




$$
