000
CDUS43 KILX 230709
CLIPIA


CLIMATE REPORT
NATIONAL WEATHER SERVICE LINCOLN IL
101 AM CST THU FEB 23 2017


...................................

...THE PEORIA IL CLIMATE SUMMARY FOR FEBRUARY 22 2017...

CLIMATE NORMAL PERIOD 1981 TO 2010
CLIMATE RECORD PERIOD 1883 TO 2017


WEATHER ITEM   OBSERVED TIME   RECORD YEAR NORMAL DEPARTURE LAST
                VALUE   (LST)  VALUE       VALUE  FROM      YEAR
                                                  NORMAL
..................................................................
TEMPERATURE (F)
 YESTERDAY
  MAXIMUM         66    353 PM  71    1922  40     26       48
  MINIMUM         47   1156 PM -13    1885  23     24       27
  AVERAGE         57                        32     25       38

PRECIPITATION (IN)
  YESTERDAY        0.00          1.06 1990   0.08  -0.08     0.00
  MONTH TO DATE    0.68                      1.33  -0.65     0.61
  SINCE DEC 1      3.47                      5.53  -2.06     7.68
  SINCE JAN 1      2.25                      3.11  -0.86     1.37

SNOWFALL (IN)
  YESTERDAY        0.0           3.5  1919   0.2   -0.2      0.0
  MONTH TO DATE    3.5                       5.1   -1.6      2.8
  SINCE DEC 1      9.5                      19.1   -9.6     10.5
  SINCE JUL 1      9.5                      20.2  -10.7     15.1
  SNOW DEPTH       0

DEGREE DAYS
 HEATING
  YESTERDAY        8                        33    -25       27
  MONTH TO DATE  552                       804   -252      741
  SINCE DEC 1   2743                      3177   -434     2654
  SINCE JUL 1   3481                      4325   -844     3411

 COOLING
  YESTERDAY        0                         0      0        0
  MONTH TO DATE    0                         0      0        0
  SINCE DEC 1      0                         0      0        0
  SINCE JAN 1      0                         0      0        0
..................................................................


WIND (MPH)
  HIGHEST WIND SPEED    21   HIGHEST WIND DIRECTION     S (180)
  HIGHEST GUST SPEED    27   HIGHEST GUST DIRECTION     S (180)
  AVERAGE WIND SPEED    10.3


SKY COVER
  POSSIBLE SUNSHINE  MM
  AVERAGE SKY COVER 0.6


WEATHER CONDITIONS
 THE FOLLOWING WEATHER WAS RECORDED YESTERDAY.
  FOG
  FOG W/VISIBILITY <= 1/4 MILE
  HAZE


RELATIVE HUMIDITY (PERCENT)
 HIGHEST   100          1200 AM
 LOWEST     73           300 PM
 AVERAGE    87

..........................................................


THE PEORIA IL CLIMATE NORMALS FOR TODAY
                         NORMAL    RECORD    YEAR
 MAXIMUM TEMPERATURE (F)   41        64      1930
 MINIMUM TEMPERATURE (F)   24        -9      1910


SUNRISE AND SUNSET
FEBRUARY 23 2017......SUNRISE   641 AM CST   SUNSET   543 PM CST
FEBRUARY 24 2017......SUNRISE   640 AM CST   SUNSET   545 PM CST


-  INDICATES NEGATIVE NUMBERS.
R  INDICATES RECORD WAS SET OR TIED.
MM INDICATES DATA IS MISSING.
T  INDICATES TRACE AMOUNT.




$$
