000
CDUS43 KILX 130649
CLIPIA


CLIMATE REPORT
NATIONAL WEATHER SERVICE LINCOLN IL
1237 AM CST WED DEC 13 2017


...................................

...THE PEORIA IL CLIMATE SUMMARY FOR DECEMBER 12 2017...

CLIMATE NORMAL PERIOD 1981 TO 2010
CLIMATE RECORD PERIOD 1883 TO 2017


WEATHER ITEM   OBSERVED TIME   RECORD YEAR NORMAL DEPARTURE LAST
                VALUE   (LST)  VALUE       VALUE  FROM      YEAR
                                                  NORMAL
..................................................................
TEMPERATURE (F)
 YESTERDAY
  MAXIMUM         34   1250 AM  68    2015  37     -3       32
  MINIMUM         19    734 AM -10    1962  22     -3       18
  AVERAGE         27                        29     -2       25

PRECIPITATION (IN)
  YESTERDAY        0.00          1.42 1972   0.08  -0.08     0.00
  MONTH TO DATE    0.06                      1.08  -1.02     0.56
  SINCE DEC 1      0.06                      1.08  -1.02     0.56
  SINCE JAN 1     33.20                     35.15  -1.95    36.58

SNOWFALL (IN)
  YESTERDAY        0.0           4.0  1899   0.2   -0.2      0.0
  MONTH TO DATE    T                         2.4   -2.4      4.6
  SINCE DEC 1      T                         2.4   -2.4      4.6
  SINCE JUL 1      T                         3.5   -3.5      4.6
  SNOW DEPTH       0

DEGREE DAYS
 HEATING
  YESTERDAY       38                        36      2       40
  MONTH TO DATE  361                       404    -43      410
  SINCE DEC 1    361                       404    -43      410
  SINCE JUL 1   1348                      1552   -204     1148

 COOLING
  YESTERDAY        0                         0      0        0
  MONTH TO DATE    0                         0      0        0
  SINCE DEC 1      0                         0      0        0
  SINCE JAN 1   1157                      1039    118     1423
..................................................................


WIND (MPH)
  HIGHEST WIND SPEED    20   HIGHEST WIND DIRECTION    NW (320)
  HIGHEST GUST SPEED    36   HIGHEST GUST DIRECTION    NW (310)
  AVERAGE WIND SPEED     9.7


SKY COVER
  POSSIBLE SUNSHINE  MM
  AVERAGE SKY COVER 0.3


WEATHER CONDITIONS
 THE FOLLOWING WEATHER WAS RECORDED YESTERDAY.
  NO SIGNIFICANT WEATHER WAS OBSERVED.


RELATIVE HUMIDITY (PERCENT)
 HIGHEST    73           700 AM
 LOWEST     31           400 PM
 AVERAGE    52

..........................................................


THE PEORIA IL CLIMATE NORMALS FOR TODAY
                         NORMAL    RECORD    YEAR
 MAXIMUM TEMPERATURE (F)   36        66      2015
 MINIMUM TEMPERATURE (F)   21        -8      1958


SUNRISE AND SUNSET
DECEMBER 13 2017......SUNRISE   714 AM CST   SUNSET   432 PM CST
DECEMBER 14 2017......SUNRISE   715 AM CST   SUNSET   432 PM CST


-  INDICATES NEGATIVE NUMBERS.
R  INDICATES RECORD WAS SET OR TIED.
MM INDICATES DATA IS MISSING.
T  INDICATES TRACE AMOUNT.




$$
