000
CDUS43 KILX 220632
CLIPIA


CLIMATE REPORT
NATIONAL WEATHER SERVICE LINCOLN IL
131 AM CDT FRI SEP 22 2017


...................................

...THE PEORIA IL CLIMATE SUMMARY FOR SEPTEMBER 21 2017...

CLIMATE NORMAL PERIOD 1981 TO 2010
CLIMATE RECORD PERIOD 1883 TO 2017


WEATHER ITEM   OBSERVED TIME   RECORD YEAR NORMAL DEPARTURE LAST
                VALUE   (LST)  VALUE       VALUE  FROM      YEAR
                                                  NORMAL
..................................................................
TEMPERATURE (F)
 YESTERDAY
  MAXIMUM         91    306 PM  93    1940  75     16       88
                                      1931
                                      1887
  MINIMUM         70    557 AM  35    1995  53     17       67
  AVERAGE         81                        64     17       78

PRECIPITATION (IN)
  YESTERDAY        0.00          3.63 1888   0.10  -0.10      T
  MONTH TO DATE    0.54                      2.27  -1.73     3.86
  SINCE SEP 1      0.54                      2.27  -1.73     3.86
  SINCE JAN 1     26.27                     27.22  -0.95    28.87

SNOWFALL (IN)
  YESTERDAY        0.0           0.0    MM   0.0    0.0      0.0
  MONTH TO DATE    0.0                       0.0    0.0      0.0
  SINCE SEP 1      0.0                       0.0    0.0      0.0
  SINCE JUL 1      0.0                       0.0    0.0      0.0
  SNOW DEPTH       0

DEGREE DAYS
 HEATING
  YESTERDAY        0                         4     -4        0
  MONTH TO DATE   21                        37    -16        0
  SINCE SEP 1     21                        37    -16        0
  SINCE JUL 1     21                        43    -22        4

 COOLING
  YESTERDAY       16                         3     13       13
  MONTH TO DATE  108                       100      8      167
  SINCE SEP 1    108                       100      8      167
  SINCE JAN 1   1034                      1007     27     1324
..................................................................


WIND (MPH)
  HIGHEST WIND SPEED    14   HIGHEST WIND DIRECTION     S (160)
  HIGHEST GUST SPEED    20   HIGHEST GUST DIRECTION    SE (150)
  AVERAGE WIND SPEED     4.9


SKY COVER
  POSSIBLE SUNSHINE  MM
  AVERAGE SKY COVER 0.0


WEATHER CONDITIONS
 THE FOLLOWING WEATHER WAS RECORDED YESTERDAY.
  NO SIGNIFICANT WEATHER WAS OBSERVED.


RELATIVE HUMIDITY (PERCENT)
 HIGHEST    90           600 AM
 LOWEST     45          1200 PM
 AVERAGE    68

..........................................................


THE PEORIA IL CLIMATE NORMALS FOR TODAY
                         NORMAL    RECORD    YEAR
 MAXIMUM TEMPERATURE (F)   75        93      1930
 MINIMUM TEMPERATURE (F)   52        34      1995


SUNRISE AND SUNSET
SEPTEMBER 22 2017.....SUNRISE   646 AM CDT   SUNSET   655 PM CDT
SEPTEMBER 23 2017.....SUNRISE   647 AM CDT   SUNSET   654 PM CDT


-  INDICATES NEGATIVE NUMBERS.
R  INDICATES RECORD WAS SET OR TIED.
MM INDICATES DATA IS MISSING.
T  INDICATES TRACE AMOUNT.




$$
