000
CDUS43 KILX 240635
CLIPIA


CLIMATE REPORT
NATIONAL WEATHER SERVICE LINCOLN IL
135 AM CDT MON APR 24 2017


...................................

...THE PEORIA IL CLIMATE SUMMARY FOR APRIL 23 2017...

CLIMATE NORMAL PERIOD 1981 TO 2010
CLIMATE RECORD PERIOD 1883 TO 2017


WEATHER ITEM   OBSERVED TIME   RECORD YEAR NORMAL DEPARTURE LAST
                VALUE   (LST)  VALUE       VALUE  FROM      YEAR
                                                  NORMAL
..................................................................
TEMPERATURE (F)
 YESTERDAY
  MAXIMUM         72    534 PM  88    1886  66      6       69
  MINIMUM         36    502 AM  23    1910  44     -8       41
  AVERAGE         54                        55     -1       55

PRECIPITATION (IN)
  YESTERDAY        0.00          2.00 1976   0.12  -0.12     0.00
  MONTH TO DATE    3.25                      2.72   0.53     0.65
  SINCE MAR 1      7.28                      5.52   1.76     2.97
  SINCE JAN 1      9.94                      9.09   0.85     4.35

SNOWFALL (IN)
  YESTERDAY        0.0           1.4  1967   0.0    0.0      0.0
  MONTH TO DATE    0.0                       0.6   -0.6       T
  SINCE MAR 1      4.2                       3.3    0.9      0.2
  SINCE JUL 1     13.9                      24.6  -10.7     15.3
  SNOW DEPTH       0

DEGREE DAYS
 HEATING
  YESTERDAY       11                        11      0       10
  MONTH TO DATE  187                       330   -143      312
  SINCE MAR 1    879                      1086   -207      859
  SINCE JUL 1   4486                      5602  -1116     4442

 COOLING
  YESTERDAY        0                         1     -1        0
  MONTH TO DATE   16                         6     10        9
  SINCE MAR 1     16                         7      9        9
  SINCE JAN 1     16                         7      9        9
..................................................................


WIND (MPH)
  HIGHEST WIND SPEED    16   HIGHEST WIND DIRECTION     E (80)
  HIGHEST GUST SPEED    20   HIGHEST GUST DIRECTION     E (70)
  AVERAGE WIND SPEED     4.1


SKY COVER
  POSSIBLE SUNSHINE  MM
  AVERAGE SKY COVER 0.0


WEATHER CONDITIONS
 THE FOLLOWING WEATHER WAS RECORDED YESTERDAY.
  NO SIGNIFICANT WEATHER WAS OBSERVED.


RELATIVE HUMIDITY (PERCENT)
 HIGHEST    89           500 AM
 LOWEST     11           600 PM
 AVERAGE    50

..........................................................


THE PEORIA IL CLIMATE NORMALS FOR TODAY
                         NORMAL    RECORD    YEAR
 MAXIMUM TEMPERATURE (F)   66        85      1990
                                             1948
                                             1925
 MINIMUM TEMPERATURE (F)   45        22      1910


SUNRISE AND SUNSET
APRIL 24 2017.........SUNRISE   606 AM CDT   SUNSET   748 PM CDT
APRIL 25 2017.........SUNRISE   605 AM CDT   SUNSET   749 PM CDT


-  INDICATES NEGATIVE NUMBERS.
R  INDICATES RECORD WAS SET OR TIED.
MM INDICATES DATA IS MISSING.
T  INDICATES TRACE AMOUNT.




$$
