000
CDUS43 KILX 200628
CLIPIA


CLIMATE REPORT
NATIONAL WEATHER SERVICE LINCOLN IL
127 AM CDT WED AUG 20 2014


...................................

...THE PEORIA IL CLIMATE SUMMARY FOR AUGUST 19 2014...

CLIMATE NORMAL PERIOD 1981 TO 2010
CLIMATE RECORD PERIOD 1883 TO 2014


WEATHER ITEM   OBSERVED TIME   RECORD YEAR NORMAL DEPARTURE LAST
                VALUE   (LST)  VALUE       VALUE  FROM      YEAR
                                                  NORMAL
..................................................................
TEMPERATURE (F)
 YESTERDAY
  MAXIMUM         86    338 PM 100    1983  84      2       86
  MINIMUM         69    937 AM  51    1950  64      5       61
  AVERAGE         78                        74      4       74

PRECIPITATION (IN)
  YESTERDAY        0.94          2.38 1924   0.10   0.84     0.00
  MONTH TO DATE    4.23                      1.97   2.26     0.33
  SINCE JUN 1     15.39                      9.35   6.04     4.31
  SINCE JAN 1     27.37                     23.68   3.69    31.83

SNOWFALL (IN)
  YESTERDAY        0.0           0.0    MM   0.0    0.0      0.0
  MONTH TO DATE    0.0                       0.0    0.0      0.0
  SINCE JUN 1      0.0                       0.0    0.0      0.0
  SINCE JUL 1      0.0                       0.0    0.0      0.0
  SNOW DEPTH       0

DEGREE DAYS
 HEATING
  YESTERDAY        0                         0      0        0
  MONTH TO DATE    0                         0      0        1
  SINCE JUN 1      2                        19    -17       23
  SINCE JUL 1      2                         1      1        5

 COOLING
  YESTERDAY       13                         9      4        9
  MONTH TO DATE  164                       180    -16      130
  SINCE JUN 1    688                       730    -42      653
  SINCE JAN 1    846                       811     35      760
..................................................................


WIND (MPH)
  HIGHEST WIND SPEED    29   HIGHEST WIND DIRECTION     W (280)
  HIGHEST GUST SPEED    40   HIGHEST GUST DIRECTION     W (280)
  AVERAGE WIND SPEED     6.1


SKY COVER
  POSSIBLE SUNSHINE  MM
  AVERAGE SKY COVER 0.2


WEATHER CONDITIONS
 THE FOLLOWING WEATHER WAS RECORDED YESTERDAY.
  THUNDERSTORM
  HEAVY RAIN
  RAIN
  LIGHT RAIN
  FOG
  HAZE


RELATIVE HUMIDITY (PERCENT)
 HIGHEST    90          1200 AM
 LOWEST     58           200 PM
 AVERAGE    74

..........................................................


THE PEORIA IL CLIMATE NORMALS FOR TODAY
                         NORMAL    RECORD    YEAR
 MAXIMUM TEMPERATURE (F)   84       102      1983
 MINIMUM TEMPERATURE (F)   64        43      1950


SUNRISE AND SUNSET
AUGUST 20 2014........SUNRISE   614 AM CDT   SUNSET   749 PM CDT
AUGUST 21 2014........SUNRISE   615 AM CDT   SUNSET   748 PM CDT


-  INDICATES NEGATIVE NUMBERS.
R  INDICATES RECORD WAS SET OR TIED.
MM INDICATES DATA IS MISSING.
T  INDICATES TRACE AMOUNT.




$$
