000
CDUS43 KILX 280635
CLIPIA


CLIMATE REPORT
NATIONAL WEATHER SERVICE LINCOLN IL
133 AM CDT SUN MAY 28 2017


...................................

...THE PEORIA IL CLIMATE SUMMARY FOR MAY 27 2017...

CLIMATE NORMAL PERIOD 1981 TO 2010
CLIMATE RECORD PERIOD 1883 TO 2017


WEATHER ITEM   OBSERVED TIME   RECORD YEAR NORMAL DEPARTURE LAST
                VALUE   (LST)  VALUE       VALUE  FROM      YEAR
                                                  NORMAL
..................................................................
TEMPERATURE (F)
 YESTERDAY
  MAXIMUM         78    357 PM  94    1911  77      1       80
  MINIMUM         59    700 AM  35    1992  55      4       66
  AVERAGE         69                        66      3       73

PRECIPITATION (IN)
  YESTERDAY        0.00          1.66 1996   0.13  -0.13     0.07
  MONTH TO DATE    3.62                      3.82  -0.20     2.78
  SINCE MAR 1     15.83                     10.25   5.58     7.65
  SINCE JAN 1     18.49                     13.82   4.67     9.03

SNOWFALL (IN)
  YESTERDAY        0.0           0.0    MM   0.0    0.0      0.0
  MONTH TO DATE    0.0                       0.0    0.0      0.0
  SINCE MAR 1      4.2                       3.3    0.9      0.2
  SINCE JUL 1     13.9                      24.6  -10.7     15.3
  SNOW DEPTH       0

DEGREE DAYS
 HEATING
  YESTERDAY        0                         3     -3        0
  MONTH TO DATE  149                       139     10      147
  SINCE MAR 1   1093                      1288   -195     1058
  SINCE JUL 1   4700                      5804  -1104     4641

 COOLING
  YESTERDAY        4                         3      1        8
  MONTH TO DATE   55                        51      4       51
  SINCE MAR 1     73                        65      8       69
  SINCE JAN 1     73                        65      8       69
..................................................................


WIND (MPH)
  HIGHEST WIND SPEED    10   HIGHEST WIND DIRECTION     S (190)
  HIGHEST GUST SPEED    13   HIGHEST GUST DIRECTION     S (200)
  AVERAGE WIND SPEED     4.8


SKY COVER
  POSSIBLE SUNSHINE  MM
  AVERAGE SKY COVER 0.4


WEATHER CONDITIONS
 THE FOLLOWING WEATHER WAS RECORDED YESTERDAY.
  FOG


RELATIVE HUMIDITY (PERCENT)
 HIGHEST   100          1200 AM
 LOWEST     58           400 PM
 AVERAGE    79

..........................................................


THE PEORIA IL CLIMATE NORMALS FOR TODAY
                         NORMAL    RECORD    YEAR
 MAXIMUM TEMPERATURE (F)   77        94      2006
 MINIMUM TEMPERATURE (F)   55        36      1907


SUNRISE AND SUNSET
MAY 28 2017...........SUNRISE   532 AM CDT   SUNSET   821 PM CDT
MAY 29 2017...........SUNRISE   531 AM CDT   SUNSET   822 PM CDT


-  INDICATES NEGATIVE NUMBERS.
R  INDICATES RECORD WAS SET OR TIED.
MM INDICATES DATA IS MISSING.
T  INDICATES TRACE AMOUNT.




$$
