000
CDUS43 KILX 240700
CLIPIA


CLIMATE REPORT
NATIONAL WEATHER SERVICE LINCOLN IL
157 AM CDT FRI MAR 24 2017


...................................

...THE PEORIA IL CLIMATE SUMMARY FOR MARCH 23 2017...

CLIMATE NORMAL PERIOD 1981 TO 2010
CLIMATE RECORD PERIOD 1883 TO 2017


WEATHER ITEM   OBSERVED TIME   RECORD YEAR NORMAL DEPARTURE LAST
                VALUE   (LST)  VALUE       VALUE  FROM      YEAR
                                                  NORMAL
..................................................................
TEMPERATURE (F)
 YESTERDAY
  MAXIMUM         47   1106 PM  85    1910  54     -7       64
  MINIMUM         34    644 AM  10    1960  33      1       49
  AVERAGE         41                        44     -3       57

PRECIPITATION (IN)
  YESTERDAY        T             1.57 1897   0.09  -0.09     0.00
  MONTH TO DATE    1.06                      2.00  -0.94     1.49
  SINCE MAR 1      1.06                      2.00  -0.94     1.49
  SINCE JAN 1      3.72                      5.57  -1.85     2.87

SNOWFALL (IN)
  YESTERDAY        0.0           2.7  1965   0.1   -0.1      0.0
  MONTH TO DATE    4.2                       2.3    1.9      0.2
  SINCE MAR 1      4.2                       2.3    1.9      0.2
  SINCE JUL 1     13.9                      23.6   -9.7     15.3
  SNOW DEPTH       0

DEGREE DAYS
 HEATING
  YESTERDAY       24                        22      2        8
  MONTH TO DATE  581                       598    -17      413
  SINCE MAR 1    581                       598    -17      413
  SINCE JUL 1   4188                      5114   -926     3996

 COOLING
  YESTERDAY        0                         0      0        0
  MONTH TO DATE    0                         0      0        0
  SINCE MAR 1      0                         0      0        0
  SINCE JAN 1      0                         0      0        0
..................................................................


WIND (MPH)
  HIGHEST WIND SPEED    21   HIGHEST WIND DIRECTION     S (180)
  HIGHEST GUST SPEED    27   HIGHEST GUST DIRECTION     S (170)
  AVERAGE WIND SPEED    12.4


SKY COVER
  POSSIBLE SUNSHINE  MM
  AVERAGE SKY COVER 0.6


WEATHER CONDITIONS
 THE FOLLOWING WEATHER WAS RECORDED YESTERDAY.
  LIGHT RAIN


RELATIVE HUMIDITY (PERCENT)
 HIGHEST    76           700 PM
 LOWEST     54           800 AM
 AVERAGE    65

..........................................................


THE PEORIA IL CLIMATE NORMALS FOR TODAY
                         NORMAL    RECORD    YEAR
 MAXIMUM TEMPERATURE (F)   54        81      1929
 MINIMUM TEMPERATURE (F)   34         6      1974


SUNRISE AND SUNSET
MARCH 24 2017.........SUNRISE   655 AM CDT   SUNSET   715 PM CDT
MARCH 25 2017.........SUNRISE   653 AM CDT   SUNSET   716 PM CDT


-  INDICATES NEGATIVE NUMBERS.
R  INDICATES RECORD WAS SET OR TIED.
MM INDICATES DATA IS MISSING.
T  INDICATES TRACE AMOUNT.




$$
