357
CDUS43 KILX 290630
CLIPIA


CLIMATE REPORT
NATIONAL WEATHER SERVICE LINCOLN IL
130 AM CDT FRI APR 29 2016


...................................

...THE PEORIA IL CLIMATE SUMMARY FOR APRIL 28 2016...

CLIMATE NORMAL PERIOD 1981 TO 2010
CLIMATE RECORD PERIOD 1883 TO 2016


WEATHER ITEM   OBSERVED TIME   RECORD YEAR NORMAL DEPARTURE LAST
                VALUE   (LST)  VALUE       VALUE  FROM      YEAR
                                                  NORMAL
..................................................................
TEMPERATURE (F)
 YESTERDAY
  MAXIMUM         63    206 PM  91    1894  68     -5       72
  MINIMUM         49    521 AM  30    1928  46      3       39
  AVERAGE         56                        57     -1       56

PRECIPITATION (IN)
  YESTERDAY        0.09          1.94 1956   0.12  -0.03     0.00
  MONTH TO DATE    1.75                      3.36  -1.61     3.38
  SINCE MAR 1      4.07                      6.16  -2.09     4.03
  SINCE JAN 1      5.45                      9.73  -4.28     7.75

SNOWFALL (IN)
  YESTERDAY        0.0           T    2008   0.0    0.0      0.0
                                      1950
                                      1908
  MONTH TO DATE    T                         0.6   -0.6      0.0
  SINCE MAR 1      0.2                       3.3   -3.1      2.7
  SINCE JUL 1     15.3                      24.6   -9.3     27.0
  SNOW DEPTH       0

DEGREE DAYS
 HEATING
  YESTERDAY        9                         9      0        9
  MONTH TO DATE  338                       378    -40      256
  SINCE MAR 1    885                      1134   -249      999
  SINCE JUL 1   4468                      5650  -1182     5705

 COOLING
  YESTERDAY        0                         1     -1        0
  MONTH TO DATE   18                        11      7       11
  SINCE MAR 1     18                        12      6       11
  SINCE JAN 1     18                        12      6       11
..................................................................


WIND (MPH)
  HIGHEST WIND SPEED    22   HIGHEST WIND DIRECTION     E (90)
  HIGHEST GUST SPEED    28   HIGHEST GUST DIRECTION     W (280)
  AVERAGE WIND SPEED     5.4


SKY COVER
  POSSIBLE SUNSHINE  MM
  AVERAGE SKY COVER 0.8


WEATHER CONDITIONS
 THE FOLLOWING WEATHER WAS RECORDED YESTERDAY.
  THUNDERSTORM
  HEAVY RAIN
  RAIN
  LIGHT RAIN
  FOG
  HAZE


RELATIVE HUMIDITY (PERCENT)
 HIGHEST    96           600 AM
 LOWEST     60           300 PM
 AVERAGE    78

..........................................................


THE PEORIA IL CLIMATE NORMALS FOR TODAY
                         NORMAL    RECORD    YEAR
 MAXIMUM TEMPERATURE (F)   68        92      1899
                                             1894
 MINIMUM TEMPERATURE (F)   46        30      1958


SUNRISE AND SUNSET
APRIL 29 2016.........SUNRISE   559 AM CDT   SUNSET   753 PM CDT
APRIL 30 2016.........SUNRISE   558 AM CDT   SUNSET   754 PM CDT


-  INDICATES NEGATIVE NUMBERS.
R  INDICATES RECORD WAS SET OR TIED.
MM INDICATES DATA IS MISSING.
T  INDICATES TRACE AMOUNT.




$$
