000
CDUS43 KILX 252155
CLIPIA


CLIMATE REPORT
NATIONAL WEATHER SERVICE LINCOLN IL
455 PM CDT TUE JUL 25 2017


...................................

...THE PEORIA IL CLIMATE SUMMARY FOR JULY 25 2017...
VALID TODAY AS OF 0400 PM LOCAL TIME.

CLIMATE NORMAL PERIOD 1981 TO 2010
CLIMATE RECORD PERIOD 1883 TO 2017


WEATHER ITEM   OBSERVED TIME   RECORD YEAR NORMAL DEPARTURE LAST
                VALUE   (LST)  VALUE       VALUE  FROM      YEAR
                                                  NORMAL
..................................................................
TEMPERATURE (F)
 TODAY
  MAXIMUM         83    246 PM 104    1940  85     -2       87
  MINIMUM         63    530 AM  51    1911  65     -2       71
  AVERAGE         73                        75     -2       79

PRECIPITATION (IN)
  TODAY            0.00          2.63 1948   0.12  -0.12      T
  MONTH TO DATE    3.76                      3.14   0.62     5.01
  SINCE JUN 1      5.54                      6.67  -1.13     8.45
  SINCE JAN 1     24.03                     21.00   3.03    17.56

SNOWFALL (IN)
  TODAY            0.0           0.0    MM   0.0    0.0      0.0
  MONTH TO DATE    0.0                       0.0    0.0      0.0
  SINCE JUN 1      0.0                       0.0    0.0      0.0
  SINCE JUL 1      0.0                       0.0    0.0      0.0
  SNOW DEPTH       0

DEGREE DAYS
 HEATING
  TODAY            0                         0      0        0
  MONTH TO DATE    0                         0      0        4
  SINCE JUN 1      6                        18    -12        4
  SINCE JUL 1      0                         0      0        4

 COOLING
  TODAY            8                        10     -2       14
  MONTH TO DATE  317                       269     48      292
  SINCE JUN 1    576                       491     85      619
  SINCE JAN 1    657                       572     85      725
..................................................................


WIND (MPH)
  HIGHEST WIND SPEED    10   HIGHEST WIND DIRECTION     S (170)
  HIGHEST GUST SPEED    16   HIGHEST GUST DIRECTION    SE (120)
  AVERAGE WIND SPEED     6.5


SKY COVER
  POSSIBLE SUNSHINE  MM
  AVERAGE SKY COVER 0.1


WEATHER CONDITIONS
 THE FOLLOWING WEATHER WAS RECORDED TODAY.
  NO SIGNIFICANT WEATHER WAS OBSERVED.


RELATIVE HUMIDITY (PERCENT)
 HIGHEST   100           500 AM
 LOWEST     55           200 PM
 AVERAGE    78

..........................................................


THE PEORIA IL CLIMATE NORMALS FOR TOMORROW
                         NORMAL    RECORD    YEAR
 MAXIMUM TEMPERATURE (F)   85       105      1936
 MINIMUM TEMPERATURE (F)   65        46      1911


SUNRISE AND SUNSET
JULY 25 2017..........SUNRISE   549 AM CDT   SUNSET   821 PM CDT
JULY 26 2017..........SUNRISE   550 AM CDT   SUNSET   820 PM CDT


-  INDICATES NEGATIVE NUMBERS.
R  INDICATES RECORD WAS SET OR TIED.
MM INDICATES DATA IS MISSING.
T  INDICATES TRACE AMOUNT.




$$
