000
CDUS43 KILX 012138
CLIPIA


CLIMATE REPORT
NATIONAL WEATHER SERVICE LINCOLN IL
428 PM CDT MON JUN 1 2015


...................................

...THE PEORIA IL CLIMATE SUMMARY FOR JUNE 1 2015...
VALID TODAY AS OF 0400 PM LOCAL TIME.

CLIMATE NORMAL PERIOD 1981 TO 2010
CLIMATE RECORD PERIOD 1883 TO 2015


WEATHER ITEM   OBSERVED TIME   RECORD YEAR NORMAL DEPARTURE LAST
                VALUE   (LST)  VALUE       VALUE  FROM      YEAR
                                                  NORMAL
..................................................................
TEMPERATURE (F)
 TODAY
  MAXIMUM         67    259 PM 105    1934  78    -11       89
  MINIMUM         54    707 AM  39    1993  57     -3       72
  AVERAGE         61                        67     -6       81

PRECIPITATION (IN)
  TODAY            0.00          2.13 1980   0.12  -0.12     0.07
  MONTH TO DATE    0.00                      0.12  -0.12     0.07
  SINCE JUN 1      0.00                      0.12  -0.12     0.07
  SINCE JAN 1     12.77                     14.45  -1.68    12.05

SNOWFALL (IN)
  TODAY            0.0           0.0    MM   0.0    0.0      0.0
  MONTH TO DATE    0.0                       0.0    0.0      0.0
  SINCE JUN 1      0.0                       0.0    0.0      0.0
  SINCE JUL 1     27.0                      24.6    2.4     57.6
  SNOW DEPTH       0

DEGREE DAYS
 HEATING
  TODAY            4                         2      2        0
  MONTH TO DATE    4                         2      2        0
  SINCE JUN 1      4                         2      2        0
  SINCE JUL 1   5814                      5815     -1     6586

 COOLING
  TODAY            0                         4     -4       16
  MONTH TO DATE    0                         4     -4       16
  SINCE JUN 1      0                         4     -4       16
  SINCE JAN 1    154                        85     69      174
..................................................................


WIND (MPH)
  HIGHEST WIND SPEED    13   HIGHEST WIND DIRECTION     E (70)
  HIGHEST GUST SPEED    16   HIGHEST GUST DIRECTION    NE (60)
  AVERAGE WIND SPEED     8.1


SKY COVER
  POSSIBLE SUNSHINE  MM
  AVERAGE SKY COVER 1.0


WEATHER CONDITIONS
 THE FOLLOWING WEATHER WAS RECORDED TODAY.
  NO SIGNIFICANT WEATHER WAS OBSERVED.


RELATIVE HUMIDITY (PERCENT)
 HIGHEST    72           800 AM
 LOWEST     61           100 AM
 AVERAGE    67

..........................................................


THE PEORIA IL CLIMATE NORMALS FOR TOMORROW
                         NORMAL    RECORD    YEAR
 MAXIMUM TEMPERATURE (F)   78       100      1934
 MINIMUM TEMPERATURE (F)   57        44      1929
                                             1910


SUNRISE AND SUNSET
JUNE  1 2015..........SUNRISE   530 AM CDT   SUNSET   823 PM CDT
JUNE  2 2015..........SUNRISE   530 AM CDT   SUNSET   824 PM CDT


-  INDICATES NEGATIVE NUMBERS.
R  INDICATES RECORD WAS SET OR TIED.
MM INDICATES DATA IS MISSING.
T  INDICATES TRACE AMOUNT.




$$
