771
CDUS43 KILX 250650
CLIPIA


CLIMATE REPORT
NATIONAL WEATHER SERVICE LINCOLN IL
1249 AM CST SUN FEB 25 2018


...................................

...THE PEORIA IL CLIMATE SUMMARY FOR FEBRUARY 24 2018...

CLIMATE NORMAL PERIOD 1981 TO 2010
CLIMATE RECORD PERIOD 1883 TO 2018


WEATHER ITEM   OBSERVED TIME   RECORD YEAR NORMAL DEPARTURE LAST
                VALUE   (LST)  VALUE       VALUE  FROM      YEAR
                                                  NORMAL
..................................................................
TEMPERATURE (F)
 YESTERDAY
  MAXIMUM         51    929 PM  71    1930  41     10       63
  MINIMUM         33    617 AM  -5    1989  24      9       33
                                      1910
  AVERAGE         42                        32     10       48

PRECIPITATION (IN)
  YESTERDAY        0.40          1.67 2001   0.08   0.32     0.01
  MONTH TO DATE    4.65                      1.48   3.17     0.70
  SINCE DEC 1      7.19                      5.68   1.51     3.49
  SINCE JAN 1      6.39                      3.26   3.13     2.27

SNOWFALL (IN)
  YESTERDAY        0.0           2.8  1965   0.2   -0.2       T
  MONTH TO DATE    9.4                       5.5    3.9      3.5
  SINCE DEC 1     20.3                      19.5    0.8      9.5
  SINCE JUL 1     20.3                      20.6   -0.3      9.5
  SNOW DEPTH       0

DEGREE DAYS
 HEATING
  YESTERDAY       23                        32     -9       17
  MONTH TO DATE  905                       869     36      586
  SINCE DEC 1   3301                      3242     59     2777
  SINCE JUL 1   4288                      4390   -102     3515

 COOLING
  YESTERDAY        0                         0      0        0
  MONTH TO DATE    0                         0      0        0
  SINCE DEC 1      0                         0      0        0
  SINCE JAN 1      0                         0      0        0
..................................................................


WIND (MPH)
  HIGHEST WIND SPEED    29   HIGHEST WIND DIRECTION     W (270)
  HIGHEST GUST SPEED    44   HIGHEST GUST DIRECTION     W (270)
  AVERAGE WIND SPEED    12.9


SKY COVER
  POSSIBLE SUNSHINE  MM
  AVERAGE SKY COVER 0.9


WEATHER CONDITIONS
 THE FOLLOWING WEATHER WAS RECORDED YESTERDAY.
  HEAVY RAIN
  RAIN
  LIGHT RAIN
  FOG


RELATIVE HUMIDITY (PERCENT)
 HIGHEST   100           900 AM
 LOWEST     82          1200 AM
 AVERAGE    91

..........................................................


THE PEORIA IL CLIMATE NORMALS FOR TODAY
                         NORMAL    RECORD    YEAR
 MAXIMUM TEMPERATURE (F)   42        70      2000
                                             1932
 MINIMUM TEMPERATURE (F)   24        -9      1967


SUNRISE AND SUNSET
FEBRUARY 25 2018......SUNRISE   639 AM CST   SUNSET   545 PM CST
FEBRUARY 26 2018......SUNRISE   637 AM CST   SUNSET   547 PM CST


-  INDICATES NEGATIVE NUMBERS.
R  INDICATES RECORD WAS SET OR TIED.
MM INDICATES DATA IS MISSING.
T  INDICATES TRACE AMOUNT.




$$
