000
CDUS43 KILX 010631
CLIPIA


CLIMATE REPORT
NATIONAL WEATHER SERVICE LINCOLN IL
130 AM CDT MON SEP 1 2014


...................................

...THE PEORIA IL CLIMATE SUMMARY FOR AUGUST 31 2014...

CLIMATE NORMAL PERIOD 1981 TO 2010
CLIMATE RECORD PERIOD 1883 TO 2014


WEATHER ITEM   OBSERVED TIME   RECORD YEAR NORMAL DEPARTURE LAST
                VALUE   (LST)  VALUE       VALUE  FROM      YEAR
                                                  NORMAL
..................................................................
TEMPERATURE (F)
 YESTERDAY
  MAXIMUM         86    415 PM  96    2000  82      4       94
                                      1953
                                      1943
  MINIMUM         71    540 AM  41    1915  61     10       72
  AVERAGE         79                        72      7       83

PRECIPITATION (IN)
  YESTERDAY        0.00          1.79 1938   0.11  -0.11     0.00
  MONTH TO DATE    6.94                      3.24   3.70     0.33
  SINCE JUN 1     18.10                     10.62   7.48     4.31
  SINCE JAN 1     30.08                     24.95   5.13    31.83

SNOWFALL (IN)
  YESTERDAY        0.0           0.0    MM   0.0    0.0      0.0
  MONTH TO DATE    0.0                       0.0    0.0      0.0
  SINCE JUN 1      0.0                       0.0    0.0      0.0
  SINCE JUL 1      0.0                       0.0    0.0      0.0
  SNOW DEPTH       0

DEGREE DAYS
 HEATING
  YESTERDAY        0                         0      0        0
  MONTH TO DATE    0                         0      0        1
  SINCE JUN 1      2                        24    -22       23
  SINCE JUL 1      2                         6     -4        5

 COOLING
  YESTERDAY       14                         7      7       18
  MONTH TO DATE  342                       276     66      312
  SINCE JUN 1    866                       826     40      835
  SINCE JAN 1   1024                       907    117      942
..................................................................


WIND (MPH)
  HIGHEST WIND SPEED    14   HIGHEST WIND DIRECTION     S (160)
  HIGHEST GUST SPEED    18   HIGHEST GUST DIRECTION     S (160)
  AVERAGE WIND SPEED     7.1


SKY COVER
  POSSIBLE SUNSHINE  MM
  AVERAGE SKY COVER 0.4


WEATHER CONDITIONS
 THE FOLLOWING WEATHER WAS RECORDED YESTERDAY.
  FOG
  FOG W/VISIBILITY <= 1/4 MILE
  HAZE


RELATIVE HUMIDITY (PERCENT)
 HIGHEST    93           500 AM
 LOWEST     61           300 PM
 AVERAGE    77

..........................................................


THE PEORIA IL CLIMATE NORMALS FOR TODAY
                         NORMAL    RECORD    YEAR
 MAXIMUM TEMPERATURE (F)   82       101      1913
 MINIMUM TEMPERATURE (F)   61        44      1967


SUNRISE AND SUNSET
SEPTEMBER  1 2014.....SUNRISE   626 AM CDT   SUNSET   731 PM CDT
SEPTEMBER  2 2014.....SUNRISE   627 AM CDT   SUNSET   729 PM CDT


-  INDICATES NEGATIVE NUMBERS.
R  INDICATES RECORD WAS SET OR TIED.
MM INDICATES DATA IS MISSING.
T  INDICATES TRACE AMOUNT.




$$
