000
CDUS45 KPIH 240732
CLIPIH


CLIMATE REPORT
NATIONAL WEATHER SERVICE POCATELLO ID
131 AM MDT SAT JUN 24 2017


...................................

...THE POCATELLO ID CLIMATE SUMMARY FOR JUNE 23 2017...

CLIMATE NORMAL PERIOD 1981 TO 2010
CLIMATE RECORD PERIOD 1939 TO 2017


WEATHER ITEM   OBSERVED TIME   RECORD YEAR NORMAL DEPARTURE LAST
                VALUE   (LST)  VALUE       VALUE  FROM      YEAR
                                                  NORMAL
..................................................................
TEMPERATURE (F)
 YESTERDAY
  MAXIMUM         79    415 PM  99    1974  81     -2       91
  MINIMUM         42    448 AM  32    2003  48     -6       47
  AVERAGE         61                        64     -3       69

PRECIPITATION (IN)
  YESTERDAY        0.00          0.33 1952   0.02  -0.02     0.00
  MONTH TO DATE    1.14                      0.85   0.29     0.02
  SINCE OCT 1     17.61                      9.90   7.71    10.73
  SINCE JAN 1     11.05                      6.68   4.37     7.16

SNOWFALL (IN)
  YESTERDAY        0.0
  MONTH TO DATE    0.0
  SINCE JUN 1      0.0
  SINCE JUL 1     87.6
  SNOW DEPTH       0

DEGREE DAYS
 HEATING
  YESTERDAY        4                         3      1        0
  MONTH TO DATE   81                       116    -35       35
  SINCE JUN 1     81                       116    -35       35
  SINCE JUL 1   6942                      7163   -221     6384

 COOLING
  YESTERDAY        0                         2     -2        4
  MONTH TO DATE   44                        28     16       61
  SINCE JUN 1     44                        28     16       61
  SINCE JAN 1     46                        33     13       61
..................................................................


WIND (MPH)
  HIGHEST WIND SPEED    20   HIGHEST WIND DIRECTION    NE (30)
  HIGHEST GUST SPEED    24   HIGHEST GUST DIRECTION    NE (30)
  AVERAGE WIND SPEED     5.8


SKY COVER
  POSSIBLE SUNSHINE  MM
  AVERAGE SKY COVER 0.0


WEATHER CONDITIONS
 THE FOLLOWING WEATHER WAS RECORDED YESTERDAY.
  NO SIGNIFICANT WEATHER WAS OBSERVED.


RELATIVE HUMIDITY (PERCENT)
 HIGHEST    76           500 AM
 LOWEST     16           300 PM
 AVERAGE    46

..........................................................


THE POCATELLO ID CLIMATE NORMALS FOR TODAY
                         NORMAL    RECORD    YEAR
 MAXIMUM TEMPERATURE (F)   81        99      1988
 MINIMUM TEMPERATURE (F)   48        33      1997


SUNRISE AND SUNSET
JUNE 24 2017..........SUNRISE   553 AM MDT   SUNSET   913 PM MDT
JUNE 25 2017..........SUNRISE   553 AM MDT   SUNSET   913 PM MDT


-  INDICATES NEGATIVE NUMBERS.
R  INDICATES RECORD WAS SET OR TIED.
MM INDICATES DATA IS MISSING.
T  INDICATES TRACE AMOUNT.




$$
