000
CDUS45 KPIH 272338
CLIPIH


CLIMATE REPORT
NATIONAL WEATHER SERVICE POCATELLO ID
535 PM MDT WED AUG 27 2014


...................................

...THE POCATELLO ID CLIMATE SUMMARY FOR AUGUST 27 2014...
VALID TODAY AS OF 0500 PM LOCAL TIME.

CLIMATE NORMAL PERIOD 1981 TO 2010
CLIMATE RECORD PERIOD 1939 TO 2014


WEATHER ITEM   OBSERVED TIME   RECORD YEAR NORMAL DEPARTURE LAST
                VALUE   (LST)  VALUE       VALUE  FROM      YEAR
                                                  NORMAL
..................................................................
TEMPERATURE (F)
 TODAY
  MAXIMUM         82    304 PM  96    2012  84     -2       86
  MINIMUM         48    557 AM  34    1993  49     -1       60
  AVERAGE         65                        66     -1       73

PRECIPITATION (IN)
  TODAY            0.00          0.57 1991   0.02  -0.02     0.00
  MONTH TO DATE    2.18                      0.52   1.66     0.09
  SINCE OCT 1     10.15                     11.20  -1.05     8.07
  SINCE JAN 1      8.78                      7.98   0.80     3.91

SNOWFALL (IN)
  TODAY            0.0
  MONTH TO DATE    0.0
  SINCE JUN 1      0.0
  SINCE JUL 1      0.0
  SNOW DEPTH       0

DEGREE DAYS
 HEATING
  TODAY            0                         2     -2        0
  MONTH TO DATE   29                        15     14        0
  SINCE JUN 1    141                       166    -25       90
  SINCE JUL 1     31                        35     -4        0

 COOLING
  TODAY            0                         3     -3        8
  MONTH TO DATE  109                       134    -25      206
  SINCE JUN 1    376                       352     24      591
  SINCE JAN 1    376                       357     19      600
..................................................................


WIND (MPH)
  HIGHEST WIND SPEED    17   HIGHEST WIND DIRECTION     W (250)
  HIGHEST GUST SPEED    22   HIGHEST GUST DIRECTION     W (250)
  AVERAGE WIND SPEED     6.6


SKY COVER
  POSSIBLE SUNSHINE  MM
  AVERAGE SKY COVER 0.2


WEATHER CONDITIONS
 THE FOLLOWING WEATHER WAS RECORDED TODAY.
  NO SIGNIFICANT WEATHER WAS OBSERVED.


RELATIVE HUMIDITY (PERCENT)
 HIGHEST    96           400 AM
 LOWEST     25           200 PM
 AVERAGE    61

..........................................................


THE POCATELLO ID CLIMATE NORMALS FOR TOMORROW
                         NORMAL    RECORD    YEAR
 MAXIMUM TEMPERATURE (F)   84        97      2012
 MINIMUM TEMPERATURE (F)   48        38      2004


SUNRISE AND SUNSET
AUGUST 27 2014........SUNRISE   650 AM MDT   SUNSET   813 PM MDT
AUGUST 28 2014........SUNRISE   651 AM MDT   SUNSET   812 PM MDT


-  INDICATES NEGATIVE NUMBERS.
R  INDICATES RECORD WAS SET OR TIED.
MM INDICATES DATA IS MISSING.
T  INDICATES TRACE AMOUNT.




$$
