000
CDUS45 KPIH 300733
CLIPIH


CLIMATE REPORT
NATIONAL WEATHER SERVICE POCATELLO ID
128 AM MDT SAT APR 30 2016


...................................

...THE POCATELLO ID CLIMATE SUMMARY FOR APRIL 29 2016...

CLIMATE NORMAL PERIOD 1981 TO 2010
CLIMATE RECORD PERIOD 1939 TO 2016


WEATHER ITEM   OBSERVED TIME   RECORD YEAR NORMAL DEPARTURE LAST
                VALUE   (LST)  VALUE       VALUE  FROM      YEAR
                                                  NORMAL
..................................................................
TEMPERATURE (F)
 YESTERDAY
  MAXIMUM         51    507 PM  86    1992  63    -12       78
  MINIMUM         39   1159 PM  21    1994  36      3       35
  AVERAGE         45                        49     -4       57

PRECIPITATION (IN)
  YESTERDAY        0.23          0.50 1995   0.05   0.18      T
  MONTH TO DATE    1.25                      1.11   0.14     0.41
  SINCE OCT 1      9.43                      7.55   1.88     4.15
  SINCE JAN 1      5.86                      4.33   1.53     1.76

SNOWFALL (IN)
  YESTERDAY        0.0
  MONTH TO DATE    T
  SINCE MAR 1      5.3
  SINCE JUL 1     33.5
  SNOW DEPTH       0

DEGREE DAYS
 HEATING
  YESTERDAY       20                        16      4        8
  MONTH TO DATE  442                       566   -124      544
  SINCE MAR 1   1154                      1405   -251     1181
  SINCE JUL 1   5996                      6678   -682     5522

 COOLING
  YESTERDAY        0                         0      0        0
  MONTH TO DATE    0                         0      0        0
  SINCE MAR 1      0                         0      0        0
  SINCE JAN 1      0                         0      0        0
..................................................................


WIND (MPH)
  HIGHEST WIND SPEED    16   HIGHEST WIND DIRECTION     W (260)
  HIGHEST GUST SPEED    20   HIGHEST GUST DIRECTION     W (270)
  AVERAGE WIND SPEED     6.7


SKY COVER
  POSSIBLE SUNSHINE  MM
  AVERAGE SKY COVER 1.0


WEATHER CONDITIONS
 THE FOLLOWING WEATHER WAS RECORDED YESTERDAY.
  THUNDERSTORM
  LIGHT RAIN
  FOG


RELATIVE HUMIDITY (PERCENT)
 HIGHEST    89           800 PM
 LOWEST     60           800 AM
 AVERAGE    75

..........................................................


THE POCATELLO ID CLIMATE NORMALS FOR TODAY
                         NORMAL    RECORD    YEAR
 MAXIMUM TEMPERATURE (F)   63        81      1968
 MINIMUM TEMPERATURE (F)   36        24      1967
                                             1950


SUNRISE AND SUNSET
APRIL 30 2016.........SUNRISE   625 AM MDT   SUNSET   831 PM MDT
MAY  1 2016...........SUNRISE   624 AM MDT   SUNSET   832 PM MDT


-  INDICATES NEGATIVE NUMBERS.
R  INDICATES RECORD WAS SET OR TIED.
MM INDICATES DATA IS MISSING.
T  INDICATES TRACE AMOUNT.




$$
