000
CDUS45 KPIH 060730
CLIPIH


CLIMATE REPORT
NATIONAL WEATHER SERVICE POCATELLO ID
130 AM MDT MON JUL 6 2015


...................................

...THE POCATELLO ID CLIMATE SUMMARY FOR JULY 5 2015...

CLIMATE NORMAL PERIOD 1981 TO 2010
CLIMATE RECORD PERIOD 1939 TO 2015


WEATHER ITEM   OBSERVED TIME   RECORD YEAR NORMAL DEPARTURE LAST
                VALUE   (LST)  VALUE       VALUE  FROM      YEAR
                                                  NORMAL
..................................................................
TEMPERATURE (F)
 YESTERDAY
  MAXIMUM         86    329 PM 100    1981  85      1       95
  MINIMUM         69   1130 PM  37    1999  51     18       54
  AVERAGE         78                        68     10       75

PRECIPITATION (IN)
  YESTERDAY        0.01          0.04 1939   0.01   0.00     0.00
  MONTH TO DATE    0.01                      0.09  -0.08      T
  SINCE OCT 1      7.31                     10.13  -2.82     7.51
  SINCE JAN 1      4.92                      6.91  -1.99     6.14

SNOWFALL (IN)
  YESTERDAY        0.0
  MONTH TO DATE    0.0
  SINCE JUN 1      0.0
  SINCE JUL 1      0.0
  SNOW DEPTH       0

DEGREE DAYS
 HEATING
  YESTERDAY        0                         1     -1        0
  MONTH TO DATE    0                         6     -6        2
  SINCE JUN 1     28                       137   -109      112
  SINCE JUL 1      0                         6     -6        2

 COOLING
  YESTERDAY       13                         4      9       10
  MONTH TO DATE   67                        19     48       31
  SINCE JUN 1    202                        65    137       51
  SINCE JAN 1    206                        70    136       51
..................................................................


WIND (MPH)
  HIGHEST WIND SPEED    24   HIGHEST WIND DIRECTION     S (180)
  HIGHEST GUST SPEED    30   HIGHEST GUST DIRECTION    SW (210)
  AVERAGE WIND SPEED    13.6


SKY COVER
  POSSIBLE SUNSHINE  MM
  AVERAGE SKY COVER 0.3


WEATHER CONDITIONS
 THE FOLLOWING WEATHER WAS RECORDED YESTERDAY.
  LIGHT RAIN


RELATIVE HUMIDITY (PERCENT)
 HIGHEST    49           900 PM
 LOWEST     32           100 AM
 AVERAGE    41

..........................................................


THE POCATELLO ID CLIMATE NORMALS FOR TODAY
                         NORMAL    RECORD    YEAR
 MAXIMUM TEMPERATURE (F)   86       102      2007
 MINIMUM TEMPERATURE (F)   51        35      1986


SUNRISE AND SUNSET
JULY  6 2015..........SUNRISE   558 AM MDT   SUNSET   912 PM MDT
JULY  7 2015..........SUNRISE   559 AM MDT   SUNSET   911 PM MDT


-  INDICATES NEGATIVE NUMBERS.
R  INDICATES RECORD WAS SET OR TIED.
MM INDICATES DATA IS MISSING.
T  INDICATES TRACE AMOUNT.




$$
