000
CDUS43 KABR 252253
CLIPIR


CLIMATE REPORT
NATIONAL WEATHER SERVICE ABERDEEN SD
549 PM CDT FRI JUL 25 2014


...................................

...THE PIERRE SD CLIMATE SUMMARY FOR JULY 25 2014...
VALID TODAY AS OF 0500 PM LOCAL TIME.

CLIMATE NORMAL PERIOD 1981 TO 2010
CLIMATE RECORD PERIOD 1892 TO 2014


WEATHER ITEM   OBSERVED TIME   RECORD YEAR NORMAL DEPARTURE LAST
                VALUE   (LST)  VALUE       VALUE  FROM      YEAR
                                                  NORMAL
..................................................................
TEMPERATURE (F)
 TODAY
  MAXIMUM         88    359 PM 109    2007  90     -2       86
  MINIMUM         68    446 AM  48    2004  63      5       57
  AVERAGE         78                        76      2       72

PRECIPITATION (IN)
  TODAY            0.00          4.00 1984   0.09  -0.09     0.16
  MONTH TO DATE    0.32                      2.11  -1.79     2.57
  SINCE JUN 1      4.71                      5.68  -0.97     5.53
  SINCE JAN 1     12.64                     12.88  -0.24    14.39

DEGREE DAYS
 COOLING
  TODAY           13                        11      2        7
  MONTH TO DATE  198                       256    -58      253
  SINCE JUN 1    257                       390   -133      372
  SINCE JAN 1    305                       422   -117      394
..................................................................


WIND (MPH)
  HIGHEST GUST SPEED    29   HIGHEST GUST DIRECTION    NW (310)




..........................................................


THE PIERRE SD CLIMATE NORMALS FOR TOMORROW
                         NORMAL    RECORD    YEAR
 MAXIMUM TEMPERATURE (F)   90       108      1935
 MINIMUM TEMPERATURE (F)   63        46      1971


SUNRISE AND SUNSET
JULY 25 2014..........SUNRISE   621 AM CDT   SUNSET   914 PM CDT
JULY 26 2014..........SUNRISE   622 AM CDT   SUNSET   913 PM CDT


-  INDICATES NEGATIVE NUMBERS.
R  INDICATES RECORD WAS SET OR TIED.
MM INDICATES DATA IS MISSING.
T  INDICATES TRACE AMOUNT.




$$
