000
CDUS43 KABR 271523
CLIPIR


CLIMATE REPORT...CORRECTED
NATIONAL WEATHER SERVICE ABERDEEN SD
921 AM CST SAT DEC 27 2014


...................................

...THE PIERRE SD CLIMATE SUMMARY FOR DECEMBER 26 2014...

CLIMATE NORMAL PERIOD 1981 TO 2010
CLIMATE RECORD PERIOD 1892 TO 2014


WEATHER ITEM   OBSERVED TIME   RECORD YEAR NORMAL DEPARTURE LAST
                VALUE   (LST)  VALUE       VALUE  FROM      YEAR
                                                  NORMAL
..................................................................
TEMPERATURE (F)
 YESTERDAY
  MAXIMUM         26    235 AM  55    1947  29     -3       38
  MINIMUM          8   1156 PM -22    1996  10     -2       20
  AVERAGE         17                        20     -3       29

PRECIPITATION (IN)
  YESTERDAY        T             0.32 1988   0.01  -0.01     0.00
  MONTH TO DATE    0.74                      0.46   0.28     1.34
  SINCE DEC 1      0.74                      0.46   0.28     1.34
  SINCE JAN 1     18.69                     19.92  -1.23    24.42

SNOWFALL (IN)
  YESTERDAY        T             5.0  1988   0.2   -0.2      0.0
  MONTH TO DATE    9.3                       4.2    5.1     12.9
  SINCE OCT 1     18.5                      10.5    8.0     14.9
  SINCE JUL 1     18.5                      10.5    8.0     14.9
  SNOW DEPTH       4

DEGREE DAYS
 HEATING
  YESTERDAY       48                        45      3       36
  MONTH TO DATE  977                      1115   -138     1354
  SINCE DEC 1    977                      1115   -138     1354
  SINCE JUL 1   2699                      2735    -36     2973

 COOLING
  YESTERDAY        0                         0      0        0
  MONTH TO DATE    0                         0      0        0
  SINCE DEC 1      0                         0      0        0
  SINCE JAN 1    622                       868   -246      853
..................................................................


WIND (MPH)
  RESULTANT WIND SPEED  11   RESULTANT WIND DIRECTION   N (0)
  HIGHEST WIND SPEED    20   HIGHEST WIND DIRECTION     N (10)
  HIGHEST GUST SPEED    22   HIGHEST GUST DIRECTION     N (10)
  AVERAGE WIND SPEED    11.2




RELATIVE HUMIDITY (PERCENT)
 HIGHEST    88           300 AM
 LOWEST     77           500 PM
 AVERAGE    83

..........................................................


THE PIERRE SD CLIMATE NORMALS FOR TODAY
                         NORMAL    RECORD    YEAR
 MAXIMUM TEMPERATURE (F)   29        54      1980
 MINIMUM TEMPERATURE (F)   10        -9      1951


SUNRISE AND SUNSET
DECEMBER 27 2014......SUNRISE   816 AM CST   SUNSET   508 PM CST
DECEMBER 28 2014......SUNRISE   817 AM CST   SUNSET   509 PM CST


-  INDICATES NEGATIVE NUMBERS.
R  INDICATES RECORD WAS SET OR TIED.
MM INDICATES DATA IS MISSING.
T  INDICATES TRACE AMOUNT.




$$
