000
CDUS43 KABR 231028
CLIPIR


CLIMATE REPORT
NATIONAL WEATHER SERVICE ABERDEEN SD
528 AM CDT TUE SEP 23 2014


...................................

...THE PIERRE SD CLIMATE SUMMARY FOR SEPTEMBER 22 2014...

CLIMATE NORMAL PERIOD 1981 TO 2010
CLIMATE RECORD PERIOD 1892 TO 2014


WEATHER ITEM   OBSERVED TIME   RECORD YEAR NORMAL DEPARTURE LAST
                VALUE   (LST)  VALUE       VALUE  FROM      YEAR
                                                  NORMAL
..................................................................
TEMPERATURE (F)
 YESTERDAY
  MAXIMUM         82    308 PM  99    1936  73      9       93
  MINIMUM         44    620 AM  21    1995  46     -2       60
  AVERAGE         63                        60      3       77

PRECIPITATION (IN)
  YESTERDAY        0.00          0.80 2004   0.07  -0.07     0.00
  MONTH TO DATE    0.56                      1.34  -0.78     0.07
  SINCE SEP 1      0.56                      1.34  -0.78     0.07
  SINCE JAN 1     16.78                     16.52   0.26    16.99

DEGREE DAYS
 HEATING
  YESTERDAY        2                         7     -5        0
  MONTH TO DATE  119                        84     35       32
  SINCE SEP 1    119                        84     35       32
  SINCE JUL 1    147                       104     43       41

 COOLING
  YESTERDAY        0                         1     -1       12
  MONTH TO DATE   47                        80    -33      155
  SINCE SEP 1     47                        80    -33      155
  SINCE JAN 1    583                       857   -274      841
..................................................................


WIND (MPH)
  RESULTANT WIND SPEED  14   RESULTANT WIND DIRECTION   S (160)
  HIGHEST WIND SPEED    31   HIGHEST WIND DIRECTION     S (170)
  HIGHEST GUST SPEED    39   HIGHEST GUST DIRECTION     S (160)
  AVERAGE WIND SPEED    15.4




RELATIVE HUMIDITY (PERCENT)
 HIGHEST    86           200 AM
 LOWEST     28           300 PM
 AVERAGE    57

..........................................................


THE PIERRE SD CLIMATE NORMALS FOR TODAY
                         NORMAL    RECORD    YEAR
 MAXIMUM TEMPERATURE (F)   73        97      2007
                                             1958
 MINIMUM TEMPERATURE (F)   46        29      1942


SUNRISE AND SUNSET
SEPTEMBER 23 2014.....SUNRISE   729 AM CDT   SUNSET   737 PM CDT
SEPTEMBER 24 2014.....SUNRISE   731 AM CDT   SUNSET   735 PM CDT


-  INDICATES NEGATIVE NUMBERS.
R  INDICATES RECORD WAS SET OR TIED.
MM INDICATES DATA IS MISSING.
T  INDICATES TRACE AMOUNT.




$$
