000
CDUS43 KABR 212226
CLIPIR


CLIMATE REPORT
NATIONAL WEATHER SERVICE ABERDEEN SD
525 PM CDT TUE OCT 21 2014


...................................

...THE PIERRE SD CLIMATE SUMMARY FOR OCTOBER 21 2014...
VALID TODAY AS OF 0500 PM LOCAL TIME.

CLIMATE NORMAL PERIOD 1981 TO 2010
CLIMATE RECORD PERIOD 1892 TO 2014


WEATHER ITEM   OBSERVED TIME   RECORD YEAR NORMAL DEPARTURE LAST
                VALUE   (LST)  VALUE       VALUE  FROM      YEAR
                                                  NORMAL
..................................................................
TEMPERATURE (F)
 TODAY
  MAXIMUM         84    232 PM  93    1947  59     25       44
  MINIMUM         50    720 AM  14    1987  35     15       31
  AVERAGE         67                        46     21       38

PRECIPITATION (IN)
  TODAY            0.00          0.65 1953   0.04  -0.04     0.09
  MONTH TO DATE    0.18                      1.25  -1.07     4.64
  SINCE SEP 1      0.79                      3.12  -2.33     5.80
  SINCE JAN 1     17.01                     18.30  -1.29    22.72

SNOWFALL (IN)
  TODAY            0.0
  MONTH TO DATE    0.0
  SINCE OCT 1      0.0
  SINCE JUL 1      0.0
  SNOW DEPTH       0

DEGREE DAYS
 HEATING
  TODAY            0                        18    -18       27
  MONTH TO DATE  246                       300    -54      344
  SINCE SEP 1    373                       451    -78      400
  SINCE JUL 1    401                       471    -70      409

 COOLING
  TODAY            2                         0      2        0
  MONTH TO DATE    2                         2      0        0
  SINCE SEP 1     86                        88     -2      167
  SINCE JAN 1    622                       865   -243      853
..................................................................


WIND (MPH)
  HIGHEST GUST SPEED    42   HIGHEST GUST DIRECTION     S (190)




..........................................................


THE PIERRE SD CLIMATE NORMALS FOR TOMORROW
                         NORMAL    RECORD    YEAR
 MAXIMUM TEMPERATURE (F)   58        85      1992
 MINIMUM TEMPERATURE (F)   34        18      1981


SUNRISE AND SUNSET
OCTOBER 21 2014.......SUNRISE   804 AM CDT   SUNSET   647 PM CDT
OCTOBER 22 2014.......SUNRISE   805 AM CDT   SUNSET   645 PM CDT


-  INDICATES NEGATIVE NUMBERS.
R  INDICATES RECORD WAS SET OR TIED.
MM INDICATES DATA IS MISSING.
T  INDICATES TRACE AMOUNT.




$$
