000
CDUS43 KABR 271052
CLIPIR


CLIMATE REPORT
NATIONAL WEATHER SERVICE ABERDEEN SD
551 AM CDT WED JUL 27 2016


...................................

...THE PIERRE SD CLIMATE SUMMARY FOR JULY 26 2016...

CLIMATE NORMAL PERIOD 1981 TO 2010
CLIMATE RECORD PERIOD 1892 TO 2016


WEATHER ITEM   OBSERVED TIME   RECORD YEAR NORMAL DEPARTURE LAST
                VALUE   (LST)  VALUE       VALUE  FROM      YEAR
                                                  NORMAL
..................................................................
TEMPERATURE (F)
 YESTERDAY
  MAXIMUM         95    425 PM 108    1935  90      5       91
  MINIMUM         68   1159 PM  46    1971  63      5       54
  AVERAGE         82                        76      6       73

PRECIPITATION (IN)
  YESTERDAY        0.04          2.34 1903   0.08  -0.04     0.00
  MONTH TO DATE    2.17                      2.19  -0.02     1.83
  SINCE JUN 1      4.00                      5.76  -1.76     7.99
  SINCE JAN 1     11.44                     12.96  -1.52    15.34

DEGREE DAYS
 HEATING
  YESTERDAY        0                         0      0        0
  MONTH TO DATE    4                         0      4        2
  SINCE JUN 1     16                        53    -37        7
  SINCE JUL 1      4                         0      4        2

 COOLING
  YESTERDAY       17                        11      6        8
  MONTH TO DATE  303                       267     36      244
  SINCE JUN 1    530                       401    129      379
  SINCE JAN 1    553                       433    120      393
..................................................................


WIND (MPH)
  RESULTANT WIND SPEED   4   RESULTANT WIND DIRECTION  SE (150)
  HIGHEST WIND SPEED    25   HIGHEST WIND DIRECTION    SE (130)
  HIGHEST GUST SPEED    31   HIGHEST GUST DIRECTION    SE (120)
  AVERAGE WIND SPEED    11.0




RELATIVE HUMIDITY (PERCENT)
 HIGHEST    78          1000 PM
 LOWEST     30           200 PM
 AVERAGE    54

..........................................................


THE PIERRE SD CLIMATE NORMALS FOR TODAY
                         NORMAL    RECORD    YEAR
 MAXIMUM TEMPERATURE (F)   90       107      1988
 MINIMUM TEMPERATURE (F)   63        44      2013


SUNRISE AND SUNSET
JULY 27 2016..........SUNRISE   623 AM CDT   SUNSET   911 PM CDT
JULY 28 2016..........SUNRISE   624 AM CDT   SUNSET   910 PM CDT


-  INDICATES NEGATIVE NUMBERS.
R  INDICATES RECORD WAS SET OR TIED.
MM INDICATES DATA IS MISSING.
T  INDICATES TRACE AMOUNT.




$$
