000
CDUS43 KABR 272239
CLIPIR


CLIMATE REPORT
NATIONAL WEATHER SERVICE ABERDEEN SD
538 PM CDT FRI MAY 27 2016


...................................

...THE PIERRE SD CLIMATE SUMMARY FOR MAY 27 2016...
VALID TODAY AS OF 0500 PM LOCAL TIME.

CLIMATE NORMAL PERIOD 1981 TO 2010
CLIMATE RECORD PERIOD 1892 TO 2016


WEATHER ITEM   OBSERVED TIME   RECORD YEAR NORMAL DEPARTURE LAST
                VALUE   (LST)  VALUE       VALUE  FROM      YEAR
                                                  NORMAL
..................................................................
TEMPERATURE (F)
 TODAY
  MAXIMUM         70    358 PM 105    1969  73     -3       80
  MINIMUM         52    609 AM  32    1992  50      2       48
  AVERAGE         61                        61      0       64

PRECIPITATION (IN)
  TODAY            T             1.35 1984   0.12  -0.12     0.16
  MONTH TO DATE    1.17                      2.69  -1.52     3.78
  SINCE MAR 1      6.41                      5.73   0.68     4.60
  SINCE JAN 1      7.41                      6.74   0.67     4.95

DEGREE DAYS
 COOLING
  TODAY            0                         1     -1        0
  MONTH TO DATE   12                        25    -13        5
  SINCE MAR 1     18                        29    -11       10
  SINCE JAN 1     18                        29    -11       10
..................................................................


WIND (MPH)
  HIGHEST GUST SPEED    22   HIGHEST GUST DIRECTION     N (360)




..........................................................


THE PIERRE SD CLIMATE NORMALS FOR TOMORROW
                         NORMAL    RECORD    YEAR
 MAXIMUM TEMPERATURE (F)   73       105      1934
 MINIMUM TEMPERATURE (F)   50        29      1965


SUNRISE AND SUNSET
MAY 27 2016...........SUNRISE   603 AM CDT   SUNSET   915 PM CDT
MAY 28 2016...........SUNRISE   602 AM CDT   SUNSET   915 PM CDT


-  INDICATES NEGATIVE NUMBERS.
R  INDICATES RECORD WAS SET OR TIED.
MM INDICATES DATA IS MISSING.
T  INDICATES TRACE AMOUNT.




$$
