000
CDUS43 KABR 251032
CLIPIR


CLIMATE REPORT
NATIONAL WEATHER SERVICE ABERDEEN SD
531 AM CDT SAT MAR 25 2017


...................................

...THE PIERRE SD CLIMATE SUMMARY FOR MARCH 24 2017...

CLIMATE NORMAL PERIOD 1981 TO 2010
CLIMATE RECORD PERIOD 1892 TO 2017


WEATHER ITEM   OBSERVED TIME   RECORD YEAR NORMAL DEPARTURE LAST
                VALUE   (LST)  VALUE       VALUE  FROM      YEAR
                                                  NORMAL
..................................................................
TEMPERATURE (F)
 YESTERDAY
  MAXIMUM         59    325 PM  84    1939  49     10       53
  MINIMUM         29   1157 PM  -3    1965  26      3       17
  AVERAGE         44                        38      6       35

PRECIPITATION (IN)
  YESTERDAY        0.00          1.65 1937   0.05  -0.05     0.00
  MONTH TO DATE    0.33                      0.88  -0.55     0.94
  SINCE MAR 1      0.33                      0.88  -0.55     0.94
  SINCE JAN 1      1.56                      1.89  -0.33     1.94

SNOWFALL (IN)
  YESTERDAY        0.0          13.5  1937   0.2   -0.2      0.0
  MONTH TO DATE    4.5                       4.9   -0.4      1.5
  SINCE OCT 1     32.6                      26.7    5.9     28.7
  SINCE JUL 1     32.6                      26.7    5.9     28.7
  SNOW DEPTH       0

DEGREE DAYS
 HEATING
  YESTERDAY       21                        27     -6       30
  MONTH TO DATE  726                       766    -40      594
  SINCE MAR 1    726                       766    -40      594
  SINCE JUL 1   5882                      6264   -382     5428

 COOLING
  YESTERDAY        0                         0      0        0
  MONTH TO DATE    0                         0      0        0
  SINCE MAR 1      0                         0      0        0
  SINCE JAN 1      0                         0      0        0
..................................................................


WIND (MPH)
  RESULTANT WIND SPEED   7   RESULTANT WIND DIRECTION  NE (30)
  HIGHEST WIND SPEED    17   HIGHEST WIND DIRECTION     E (90)
  HIGHEST GUST SPEED    23   HIGHEST GUST DIRECTION     E (90)
  AVERAGE WIND SPEED     9.3




RELATIVE HUMIDITY (PERCENT)
 HIGHEST    89          1000 PM
 LOWEST     38           500 PM
 AVERAGE    64

..........................................................


THE PIERRE SD CLIMATE NORMALS FOR TODAY
                         NORMAL    RECORD    YEAR
 MAXIMUM TEMPERATURE (F)   49        82      1939
 MINIMUM TEMPERATURE (F)   27        -2      1964


SUNRISE AND SUNSET
MARCH 25 2017.........SUNRISE   735 AM CDT   SUNSET   800 PM CDT
MARCH 26 2017.........SUNRISE   733 AM CDT   SUNSET   801 PM CDT


-  INDICATES NEGATIVE NUMBERS.
R  INDICATES RECORD WAS SET OR TIED.
MM INDICATES DATA IS MISSING.
T  INDICATES TRACE AMOUNT.




$$
