955
CDUS43 KABR 231618
CLIPIR


CLIMATE REPORT
NATIONAL WEATHER SERVICE ABERDEEN SD
1018 AM CST THU FEB 23 2017


...................................

...THE PIERRE SD CLIMATE SUMMARY FOR FEBRUARY 22 2017...

CLIMATE NORMAL PERIOD 1981 TO 2010
CLIMATE RECORD PERIOD 1892 TO 2017


WEATHER ITEM   OBSERVED TIME   RECORD YEAR NORMAL DEPARTURE LAST
                VALUE   (LST)  VALUE       VALUE  FROM      YEAR
                                                  NORMAL
..................................................................
TEMPERATURE (F)
 YESTERDAY
  MAXIMUM         55    218 PM  69    2000  37     18       43
  MINIMUM         32   1159 PM -18    1962  16     16       26
  AVERAGE         44                        26     18       35

PRECIPITATION (IN)
  YESTERDAY        T             0.32 1994   0.03  -0.03     0.00
  MONTH TO DATE    0.16                      0.43  -0.27     0.41
  SINCE DEC 1      2.81                      1.40   1.41     1.59
  SINCE JAN 1      1.11                      0.85   0.26     0.58

SNOWFALL (IN)
  YESTERDAY        0.0          10.8  1942   0.3   -0.3      0.0
  MONTH TO DATE    0.2                       4.4   -4.2      1.3
  SINCE OCT 1     27.1                      20.3    6.8     24.2
  SINCE JUL 1     27.1                      20.3    6.8     24.2
  SNOW DEPTH       0

DEGREE DAYS
 HEATING
  YESTERDAY       21                        39    -18       30
  MONTH TO DATE  756                       914   -158      713
  SINCE DEC 1   3807                      3654    153     3338
  SINCE JUL 1   4944                      5274   -330     4635

 COOLING
  YESTERDAY        0                         0      0        0
  MONTH TO DATE    0                         0      0        0
  SINCE DEC 1      0                         0      0        0
  SINCE JAN 1      0                         0      0        0
..................................................................


WIND (MPH)
  RESULTANT WIND SPEED  11   RESULTANT WIND DIRECTION  NW (330)
  HIGHEST WIND SPEED    30   HIGHEST WIND DIRECTION     N (350)
  HIGHEST GUST SPEED    36   HIGHEST GUST DIRECTION     N (350)
  AVERAGE WIND SPEED    15.0




RELATIVE HUMIDITY (PERCENT)
 HIGHEST    82           300 AM
 LOWEST     50           300 PM
 AVERAGE    66

..........................................................


THE PIERRE SD CLIMATE NORMALS FOR TODAY
                         NORMAL    RECORD    YEAR
 MAXIMUM TEMPERATURE (F)   37        68      1976
 MINIMUM TEMPERATURE (F)   16       -20      1965


SUNRISE AND SUNSET
FEBRUARY 23 2017......SUNRISE   728 AM CST   SUNSET   622 PM CST
FEBRUARY 24 2017......SUNRISE   726 AM CST   SUNSET   623 PM CST


-  INDICATES NEGATIVE NUMBERS.
R  INDICATES RECORD WAS SET OR TIED.
MM INDICATES DATA IS MISSING.
T  INDICATES TRACE AMOUNT.




$$
