000
CDUS43 KABR 301026
CLIPIR


CLIMATE REPORT
NATIONAL WEATHER SERVICE ABERDEEN SD
525 AM CDT TUE SEP 30 2014


...................................

...THE PIERRE SD CLIMATE SUMMARY FOR SEPTEMBER 29 2014...

CLIMATE NORMAL PERIOD 1981 TO 2010
CLIMATE RECORD PERIOD 1892 TO 2014


WEATHER ITEM   OBSERVED TIME   RECORD YEAR NORMAL DEPARTURE LAST
                VALUE   (LST)  VALUE       VALUE  FROM      YEAR
                                                  NORMAL
..................................................................
TEMPERATURE (F)
 YESTERDAY
  MAXIMUM         67    430 PM  92    2007  70     -3       83
                                      1938
  MINIMUM         51    447 AM  29    2009  43      8       39
                                      1984
  AVERAGE         59                        56      3       61

PRECIPITATION (IN)
  YESTERDAY        0.01          0.93 1965   0.07  -0.06     0.00
  MONTH TO DATE    0.57                      1.81  -1.24     1.16
  SINCE SEP 1      0.57                      1.81  -1.24     1.16
  SINCE JAN 1     16.79                     16.99  -0.20    18.08

DEGREE DAYS
 HEATING
  YESTERDAY        6                         9     -3        4
  MONTH TO DATE  126                       141    -15       56
  SINCE SEP 1    126                       141    -15       56
  SINCE JUL 1    154                       161     -7       65

 COOLING
  YESTERDAY        0                         1     -1        0
  MONTH TO DATE   84                        87     -3      163
  SINCE SEP 1     84                        87     -3      163
  SINCE JAN 1    620                       864   -244      849
..................................................................


WIND (MPH)
  RESULTANT WIND SPEED  12   RESULTANT WIND DIRECTION   E (90)
  HIGHEST WIND SPEED    29   HIGHEST WIND DIRECTION    SE (120)
  HIGHEST GUST SPEED    36   HIGHEST GUST DIRECTION    SE (120)
  AVERAGE WIND SPEED    13.9




RELATIVE HUMIDITY (PERCENT)
 HIGHEST    89           200 AM
 LOWEST     68           400 PM
 AVERAGE    79

..........................................................


THE PIERRE SD CLIMATE NORMALS FOR TODAY
                         NORMAL    RECORD    YEAR
 MAXIMUM TEMPERATURE (F)   69        98      1980
 MINIMUM TEMPERATURE (F)   43        23      1974


SUNRISE AND SUNSET
SEPTEMBER 30 2014.....SUNRISE   738 AM CDT   SUNSET   724 PM CDT
OCTOBER  1 2014.......SUNRISE   739 AM CDT   SUNSET   722 PM CDT


-  INDICATES NEGATIVE NUMBERS.
R  INDICATES RECORD WAS SET OR TIED.
MM INDICATES DATA IS MISSING.
T  INDICATES TRACE AMOUNT.




$$
