000
CDUS41 KPBZ 231340
CLIPIT

CLIMATE REPORT
NATIONAL WEATHER SERVICE PITTSBURGH PA
840 AM EST THU NOV 23 2017

...................................

...THE PITTSBURGH PA CLIMATE SUMMARY FOR NOVEMBER 23 2017...
VALID AS OF 0800 AM LOCAL TIME.

CLIMATE NORMAL PERIOD 1981 TO 2010
CLIMATE RECORD PERIOD 1871 TO 2017

WEATHER ITEM   OBSERVED TIME   RECORD YEAR NORMAL DEPARTURE LAST
                VALUE   (LST)  VALUE       VALUE  FROM      YEAR
                                                  NORMAL
..................................................................
TEMPERATURE (F)
 TODAY
  MAXIMUM         29   1238 AM  74    1979
  MINIMUM         22    659 AM   8    1880  33    -11       23

PRECIPITATION (IN)
  TODAY            0.00          1.33 1961   0.11  -0.11      T
  MONTH TO DATE    4.00                      2.47   1.53     0.58
  SINCE JUN 1     21.52                     19.48   2.04    17.11
  SINCE JAN 1     40.23                     34.58   5.65    30.73

SNOWFALL (IN)
  TODAY            0.0           2.4  2005   0.1   -0.1      0.0
  MONTH TO DATE    T                         1.3   -1.3      2.1
  SINCE OCT 1      T                         1.7   -1.7      2.1
  SINCE JUL 1      T                         1.7   -1.7      2.1
  SNOW DEPTH       0

DEGREE DAYS
 HEATING
  TODAY           39

 COOLING
  TODAY            0
..................................................................


WEATHER CONDITIONS
 THE FOLLOWING WEATHER WAS RECORDED TODAY.
  NO SIGNIFICANT WEATHER WAS OBSERVED.


RELATIVE HUMIDITY (PERCENT)
 HIGHEST   100           800 AM

..........................................................


THE PITTSBURGH PA CLIMATE NORMALS FOR TOMORROW
                         NORMAL    RECORD    YEAR
 MAXIMUM TEMPERATURE (F)   48        69      1931
 MINIMUM TEMPERATURE (F)   32        11      1950


SUNRISE AND SUNSET
NOVEMBER 23 2017......SUNRISE   717 AM EST   SUNSET   458 PM EST
NOVEMBER 24 2017......SUNRISE   718 AM EST   SUNSET   457 PM EST


-  INDICATES NEGATIVE NUMBERS.
R  INDICATES RECORD WAS SET OR TIED.
MM INDICATES DATA IS MISSING.
T  INDICATES TRACE AMOUNT.

&&

SNOW DEPTH IS MEASURED AT 7 AM EST OR 8 AM EDT.

$$
