726
CDUS41 KPBZ 222139
CLIPIT

CLIMATE REPORT
NATIONAL WEATHER SERVICE PITTSBURGH PA
534 PM EDT SAT APR 22 2017

...................................

...THE PITTSBURGH PA CLIMATE SUMMARY FOR APRIL 22 2017...
VALID TODAY AS OF 0500 PM LOCAL TIME.

CLIMATE NORMAL PERIOD 1981 TO 2010
CLIMATE RECORD PERIOD 1871 TO 2017

WEATHER ITEM   OBSERVED TIME   RECORD YEAR NORMAL DEPARTURE LAST
                VALUE   (LST)  VALUE       VALUE  FROM      YEAR
                                                  NORMAL
..................................................................
TEMPERATURE (F)
 TODAY
  MAXIMUM         54    337 PM  86    1902  64    -10       68
                                      1878
  MINIMUM         43    711 AM  22    1875  42      1       55
  AVERAGE         49                        53     -4       62

PRECIPITATION (IN)
  TODAY            0.02          0.85 1931   0.11  -0.09     0.11
  MONTH TO DATE    2.33                      2.29   0.04     1.70
  SINCE JUN 1     33.74                     33.42   0.32    35.54
  SINCE JAN 1     12.35                     10.33   2.02     9.46

SNOWFALL (IN)
  TODAY           MM             1.0  1931   0.0   MM        0.0
  MONTH TO DATE    T                         1.4   -1.4      3.1
  SINCE OCT 1     32.0                      41.8   -9.8     29.6
  SINCE JUL 1     32.0                      41.8   -9.8     29.6
  SNOW DEPTH       0

DEGREE DAYS
 HEATING
  TODAY           16                        12      4        3
  MONTH TO DATE  212                       343   -131      333
  SINCE MAR 1    985                      1131   -146      853
  SINCE JUL 1   4411                      5388   -977     4419

 COOLING
  TODAY            0                         0      0        0
  MONTH TO DATE   12                         0     12        1
  SINCE MAR 1     14                         1     13        3
  SINCE JAN 1     15                         1     14        3
..................................................................

WIND (MPH)
  HIGHEST WIND SPEED    17   HIGHEST WIND DIRECTION    NW (330)
  HIGHEST GUST SPEED    23   HIGHEST GUST DIRECTION     N (10)
  AVERAGE WIND SPEED    10.5


SKY COVER
  POSSIBLE SUNSHINE  MM
  AVERAGE SKY COVER 1.0


WEATHER CONDITIONS
 THE FOLLOWING WEATHER WAS RECORDED TODAY.
  LIGHT RAIN


RELATIVE HUMIDITY (PERCENT)
 HIGHEST    96           600 AM
 LOWEST     54           400 PM
 AVERAGE    75

..........................................................


THE PITTSBURGH PA CLIMATE NORMALS FOR TOMORROW
                         NORMAL    RECORD    YEAR
 MAXIMUM TEMPERATURE (F)   65        89      1885
 MINIMUM TEMPERATURE (F)   43        26      1936


SUNRISE AND SUNSET
APRIL 22 2017.........SUNRISE   632 AM EDT   SUNSET   808 PM EDT
APRIL 23 2017.........SUNRISE   630 AM EDT   SUNSET   809 PM EDT


-  INDICATES NEGATIVE NUMBERS.
R  INDICATES RECORD WAS SET OR TIED.
MM INDICATES DATA IS MISSING.
T  INDICATES TRACE AMOUNT.

&&

SNOW DEPTH IS MEASURED AT 7 AM EST OR 8 AM EDT.

$$
