000
CDUS41 KPBZ 010706
CLIPIT

CLIMATE REPORT
NATIONAL WEATHER SERVICE PITTSBURGH PA
306 AM EDT TUE SEP 1 2015

...................................

...THE PITTSBURGH PA CLIMATE SUMMARY FOR AUGUST 31 2015...

CLIMATE NORMAL PERIOD 1981 TO 2010
CLIMATE RECORD PERIOD 1871 TO 2015

WEATHER ITEM   OBSERVED TIME   RECORD YEAR NORMAL DEPARTURE LAST
                VALUE   (LST)  VALUE       VALUE  FROM      YEAR
                                                  NORMAL
..................................................................
TEMPERATURE (F)
 YESTERDAY
  MAXIMUM         88    443 PM  97    1881  80      8       76
  MINIMUM         66    624 AM  42    1976  59      7       69
  AVERAGE         77                        69      8       73

PRECIPITATION (IN)
  YESTERDAY        0.00          1.39 2001   0.11  -0.11     1.07
  MONTH TO DATE    2.29                      3.48  -1.19     5.05
  SINCE JUN 1     13.24                     11.61   1.63    14.29
  SINCE JAN 1     27.72                     26.71   1.01    29.38

SNOWFALL (IN)
  YESTERDAY        0.0           0.0  2002   0.0    0.0      0.0
                                      2001
  MONTH TO DATE    0.0                       0.0    0.0      0.0
  SINCE OCT 1     47.5                      41.9    5.6     63.4
  SINCE JUL 1      0.0                       0.0    0.0      0.0
  SNOW DEPTH       0

DEGREE DAYS
 HEATING
  YESTERDAY        0                         1     -1        0
  MONTH TO DATE    6                         4      2       10
  SINCE JUN 1     31                        51    -20       30
  SINCE JUL 1      6                        13     -7       21

 COOLING
  YESTERDAY       12                         5      7        8
  MONTH TO DATE  210                       209      1      174
  SINCE JUN 1    669                       600     69      547
  SINCE JAN 1    803                       652    151      621
..................................................................

WIND (MPH)
  HIGHEST WIND SPEED    15   HIGHEST WIND DIRECTION     W (280)
  HIGHEST GUST SPEED    18   HIGHEST GUST DIRECTION     W (280)
  AVERAGE WIND SPEED     4.5


SKY COVER
  POSSIBLE SUNSHINE  MM
  AVERAGE SKY COVER 0.5


WEATHER CONDITIONS
 THE FOLLOWING WEATHER WAS RECORDED YESTERDAY.
  FOG
  HAZE


RELATIVE HUMIDITY (PERCENT)
 HIGHEST    93           600 AM
 LOWEST     40           300 PM
 AVERAGE    67

..........................................................


THE PITTSBURGH PA CLIMATE NORMALS FOR TODAY
                         NORMAL    RECORD    YEAR
 MAXIMUM TEMPERATURE (F)   79        97      1953
 MINIMUM TEMPERATURE (F)   59        45      1967


SUNRISE AND SUNSET
SEPTEMBER  1 2015.....SUNRISE   648 AM EDT   SUNSET   753 PM EDT
SEPTEMBER  2 2015.....SUNRISE   649 AM EDT   SUNSET   752 PM EDT


-  INDICATES NEGATIVE NUMBERS.
R  INDICATES RECORD WAS SET OR TIED.
MM INDICATES DATA IS MISSING.
T  INDICATES TRACE AMOUNT.

&&

SNOW DEPTH IS MEASURED AT 7 AM EST OR 8 AM EDT.

$$
