000
CDUS41 KPBZ 231339
CLIPIT

CLIMATE REPORT
NATIONAL WEATHER SERVICE PITTSBURGH PA
838 AM EST FRI FEB 23 2018

...................................

...THE PITTSBURGH PA CLIMATE SUMMARY FOR FEBRUARY 23 2018...
VALID AS OF 0800 AM LOCAL TIME.

CLIMATE NORMAL PERIOD 1981 TO 2010
CLIMATE RECORD PERIOD 1871 TO 2018

WEATHER ITEM   OBSERVED TIME   RECORD YEAR NORMAL DEPARTURE LAST
                VALUE   (LST)  VALUE       VALUE  FROM      YEAR
                                                  NORMAL
..................................................................
TEMPERATURE (F)
 TODAY
  MAXIMUM         43    659 AM  70    1922
  MINIMUM         41    303 AM  -1    2015  24     17       54
                                      1963

PRECIPITATION (IN)
  TODAY            0.03          2.29 1975   0.09  -0.06      T
  MONTH TO DATE    5.99                      1.96   4.03     1.16
  SINCE JUN 1     33.71                     27.75   5.96    26.09
  SINCE JAN 1     10.27                      4.66   5.61     4.70

SNOWFALL (IN)
  TODAY           MM             6.5  1914   0.4   MM        0.0
  MONTH TO DATE    9.7                       8.4    1.3      6.7
  SINCE OCT 1     40.2                      30.9    9.3     22.3
  SINCE JUL 1     40.2                      30.9    9.3     22.3
  SNOW DEPTH       0

DEGREE DAYS
 HEATING
  TODAY           23

 COOLING
  TODAY            0
..................................................................


WEATHER CONDITIONS
 THE FOLLOWING WEATHER WAS RECORDED TODAY.
  LIGHT RAIN
  FOG


RELATIVE HUMIDITY (PERCENT)
 HIGHEST   100           600 AM

..........................................................


THE PITTSBURGH PA CLIMATE NORMALS FOR TOMORROW
                         NORMAL    RECORD    YEAR
 MAXIMUM TEMPERATURE (F)   42        76      2017
 MINIMUM TEMPERATURE (F)   24        -9      2015


SUNRISE AND SUNSET
FEBRUARY 23 2018......SUNRISE   703 AM EST   SUNSET   605 PM EST
FEBRUARY 24 2018......SUNRISE   702 AM EST   SUNSET   607 PM EST


-  INDICATES NEGATIVE NUMBERS.
R  INDICATES RECORD WAS SET OR TIED.
MM INDICATES DATA IS MISSING.
T  INDICATES TRACE AMOUNT.

&&

SNOW DEPTH IS MEASURED AT 7 AM EST OR 8 AM EDT.

$$
