000
CDUS41 KPBZ 240703
CLIPIT


CLIMATE REPORT
NATIONAL WEATHER SERVICE PITTSBURGH PA
302 AM EDT FRI OCT 24 2014


...................................

...THE PITTSBURGH PA CLIMATE SUMMARY FOR OCTOBER 23 2014...

CLIMATE NORMAL PERIOD 1981 TO 2010
CLIMATE RECORD PERIOD 1871 TO 2014


WEATHER ITEM   OBSERVED TIME   RECORD YEAR NORMAL DEPARTURE LAST
                VALUE   (LST)  VALUE       VALUE  FROM      YEAR
                                                  NORMAL
..................................................................
TEMPERATURE (F)
 YESTERDAY
  MAXIMUM         61    324 PM  82    1947  60      1       44
  MINIMUM         42   1159 PM  25    1997  41      1       37
                                      1976
  AVERAGE         52                        50      2       41

PRECIPITATION (IN)
  YESTERDAY        0.00          1.45 1878   0.08  -0.08     0.06
  MONTH TO DATE    1.70                      1.65   0.05     2.17
  SINCE JUN 1     16.96                     16.37   0.59    17.90
  SINCE JAN 1     32.05                     31.47   0.58    30.24

SNOWFALL (IN)
  YESTERDAY        0.0           0.4  1969   0.0    0.0       T
  MONTH TO DATE    T                         0.1   -0.1       T
  SINCE OCT 1      T                         0.1   -0.1       T
  SINCE JUL 1      T                         0.1   -0.1       T
  SNOW DEPTH       0

DEGREE DAYS
 HEATING
  YESTERDAY       13                        15     -2       24
  MONTH TO DATE  236                       262    -26      146
  SINCE SEP 1    328                       363    -35      244
  SINCE JUL 1    349                       376    -27      255

 COOLING
  YESTERDAY        0                         0      0        0
  MONTH TO DATE    4                         6     -2       36
  SINCE SEP 1     79                        82     -3      112
  SINCE JAN 1    700                       734    -34      831
..................................................................


WIND (MPH)
  HIGHEST WIND SPEED    21   HIGHEST WIND DIRECTION    NW (330)
  HIGHEST GUST SPEED    28   HIGHEST GUST DIRECTION    NW (320)
  AVERAGE WIND SPEED    10.8


SKY COVER
  POSSIBLE SUNSHINE  MM
  AVERAGE SKY COVER 0.5


WEATHER CONDITIONS
 THE FOLLOWING WEATHER WAS RECORDED YESTERDAY.
  NO SIGNIFICANT WEATHER WAS OBSERVED.


RELATIVE HUMIDITY (PERCENT)
 HIGHEST    92           400 AM
 LOWEST     51           100 PM
 AVERAGE    72

..........................................................


THE PITTSBURGH PA CLIMATE NORMALS FOR TODAY
                         NORMAL    RECORD    YEAR
 MAXIMUM TEMPERATURE (F)   60        81      1963
 MINIMUM TEMPERATURE (F)   41        21      1969


SUNRISE AND SUNSET
OCTOBER 24 2014.......SUNRISE   742 AM EDT   SUNSET   628 PM EDT
OCTOBER 25 2014.......SUNRISE   743 AM EDT   SUNSET   626 PM EDT


-  INDICATES NEGATIVE NUMBERS.
R  INDICATES RECORD WAS SET OR TIED.
MM INDICATES DATA IS MISSING.
T  INDICATES TRACE AMOUNT.





&&
SNOW DEPTH IS MEASURED AT 7 AM EST OR 8 AM EDT.
$$
