000
CDUS41 KRLX 270725
CLIPKB


CLIMATE REPORT
NATIONAL WEATHER SERVICE CHARLESTON WV
321 AM EDT TUE SEP 27 2016


...................................

...THE PARKERSBURG WV CLIMATE SUMMARY FOR SEPTEMBER 26 2016...

CLIMATE NORMAL PERIOD 1981 TO 2010
CLIMATE RECORD PERIOD 1889 TO 2016


WEATHER ITEM   OBSERVED TIME   RECORD YEAR NORMAL DEPARTURE LAST
                VALUE   (LST)  VALUE       VALUE  FROM      YEAR
                                                  NORMAL
..................................................................
TEMPERATURE (F)
 YESTERDAY
  MAXIMUM         83   1140 AM  92    1900  73     10       74
  MINIMUM         55    640 AM  36    1940  51      4       61
  AVERAGE         69                        62      7       68

PRECIPITATION (IN)
  YESTERDAY        0.00          1.33 2000   0.10  -0.10     0.00
  MONTH TO DATE    0.73                      2.68  -1.95     2.92
  SINCE JAN 1     26.62                     31.47  -4.85    30.89

SNOWFALL (IN)
  YESTERDAY       MM
  MONTH TO DATE   MM
  SINCE SEP 1     MM
  SNOW DEPTH      MM

DEGREE DAYS
 HEATING
  YESTERDAY        0                         5     -5        0
  MONTH TO DATE    0                        50    -50       29
  SINCE SEP 1      0                        50    -50       29
  SINCE JUL 1      0                        55    -55       32

 COOLING
  YESTERDAY        4                         2      2        3
  MONTH TO DATE  234                       100    134      147
  SINCE SEP 1    234                       100    134      147
  SINCE JAN 1   1312                       930    382     1023
..................................................................


WIND (MPH)
  HIGHEST WIND SPEED    21   HIGHEST WIND DIRECTION    NW (310)
  HIGHEST GUST SPEED    30   HIGHEST GUST DIRECTION    NW (320)
  AVERAGE WIND SPEED     5.2


SKY COVER
  POSSIBLE SUNSHINE  MM
  AVERAGE SKY COVER 0.3


WEATHER CONDITIONS
 THE FOLLOWING WEATHER WAS RECORDED YESTERDAY.
  NO SIGNIFICANT WEATHER WAS OBSERVED.


RELATIVE HUMIDITY (PERCENT)
 HIGHEST    93           300 AM
 LOWEST     54           200 PM
 AVERAGE    74

..........................................................


THE PARKERSBURG WV CLIMATE NORMALS FOR TODAY
                         NORMAL    RECORD    YEAR
 MAXIMUM TEMPERATURE (F)   73        91      1891
 MINIMUM TEMPERATURE (F)   51        35      1991


SUNRISE AND SUNSET
SEPTEMBER 27 2016.....SUNRISE   718 AM EDT   SUNSET   714 PM EDT
SEPTEMBER 28 2016.....SUNRISE   719 AM EDT   SUNSET   712 PM EDT


-  INDICATES NEGATIVE NUMBERS.
R  INDICATES RECORD WAS SET OR TIED.
MM INDICATES DATA IS MISSING.
T  INDICATES TRACE AMOUNT.




$$
