000
CDUS41 KRLX 152124
CLIPKB


CLIMATE REPORT
NATIONAL WEATHER SERVICE CHARLESTON WV
522 PM EDT TUE APR 15 2014


...................................

...THE PARKERSBURG WV CLIMATE SUMMARY FOR APRIL 15 2014...
VALID TODAY AS OF 0500 PM LOCAL TIME.

CLIMATE NORMAL PERIOD 1981 TO 2010
CLIMATE RECORD PERIOD 1889 TO 2014


WEATHER ITEM   OBSERVED TIME   RECORD YEAR NORMAL DEPARTURE LAST
                VALUE   (LST)  VALUE       VALUE  FROM      YEAR
                                                  NORMAL
..................................................................
TEMPERATURE (F)
 TODAY
  MAXIMUM         67    148 AM  84    2010  66      1       68
                                      2002
                                      1941
  MINIMUM         32   1229 PM  25    1935  42    -10       58
  AVERAGE         50                        54     -4       63

PRECIPITATION (IN)
  TODAY            0.32          0.20 2006   0.10   0.22     0.00
  MONTH TO DATE    1.96                      1.62   0.34     0.14
  SINCE MAR 1      3.48                      5.35  -1.87     3.33
  SINCE JAN 1      7.37                     11.00  -3.63     8.35

DEGREE DAYS
 HEATING
  TODAY           15                        11      4        2
  MONTH TO DATE  139                       205    -66      186
  SINCE MAR 1    724                       876   -152      998
  SINCE JUL 1   4487                      4666   -179     4734

 COOLING
  TODAY            0                         1     -1        0
  MONTH TO DATE    5                         5      0       16
  SINCE MAR 1      5                         8     -3       16
  SINCE JAN 1      5                         8     -3       16
..................................................................


WIND (MPH)
  HIGHEST WIND SPEED    23   HIGHEST WIND DIRECTION    NW (300)
  HIGHEST GUST SPEED    32   HIGHEST GUST DIRECTION    NW (300)
  AVERAGE WIND SPEED    11.0


SKY COVER
  POSSIBLE SUNSHINE  MM
  AVERAGE SKY COVER 1.0


WEATHER CONDITIONS
 THE FOLLOWING WEATHER WAS RECORDED TODAY.
  LIGHT RAIN
  SNOW
  LIGHT SNOW
  FOG


RELATIVE HUMIDITY (PERCENT)
 HIGHEST    92           800 AM
 LOWEST     58          1200 AM
 AVERAGE    75

..........................................................


THE PARKERSBURG WV CLIMATE NORMALS FOR TOMORROW
                         NORMAL    RECORD    YEAR
 MAXIMUM TEMPERATURE (F)   67        88      2002
 MINIMUM TEMPERATURE (F)   42        22      1962


SUNRISE AND SUNSET
APRIL 15 2014.........SUNRISE   649 AM EDT   SUNSET   803 PM EDT
APRIL 16 2014.........SUNRISE   647 AM EDT   SUNSET   804 PM EDT


-  INDICATES NEGATIVE NUMBERS.
R  INDICATES RECORD WAS SET OR TIED.
MM INDICATES DATA IS MISSING.
T  INDICATES TRACE AMOUNT.




$$
