000
CDUS41 KRLX 302212
CLIPKB


CLIMATE REPORT
NATIONAL WEATHER SERVICE CHARLESTON WV
611 PM EDT SUN AUG 30 2015


...................................

...THE PARKERSBURG WV CLIMATE SUMMARY FOR AUGUST 30 2015...
VALID TODAY AS OF 0500 PM LOCAL TIME.

CLIMATE NORMAL PERIOD 1981 TO 2010
CLIMATE RECORD PERIOD 1889 TO 2015


WEATHER ITEM   OBSERVED TIME   RECORD YEAR NORMAL DEPARTURE LAST
                VALUE   (LST)  VALUE       VALUE  FROM      YEAR
                                                  NORMAL
..................................................................
TEMPERATURE (F)
 TODAY
  MAXIMUM         85    351 PM 100    1953  83      2       92
  MINIMUM         63    558 AM  44    1986  61      2       65
  AVERAGE         74                        72      2       79

PRECIPITATION (IN)
  TODAY            0.00          0.81 2005   0.11  -0.11     0.00
  MONTH TO DATE    2.74                      3.49  -0.75     3.05
  SINCE JUN 1      9.78                     11.72  -1.94    MM
  SINCE JAN 1     27.97                     28.67  -0.70    MM

DEGREE DAYS
 HEATING
  TODAY            0                         0      0        0
  MONTH TO DATE    3                         0      3        1
  SINCE JUN 1     18                        20     -2       MM
  SINCE JUL 1      3                         1      2       MM

 COOLING
  TODAY            9                         7      2       14
  MONTH TO DATE  199                       254    -55      229
  SINCE JUN 1    701                       737    -36       MM
  SINCE JAN 1    862                       821     41       MM
..................................................................


WIND (MPH)
  HIGHEST WIND SPEED    14   HIGHEST WIND DIRECTION    SW (210)
  HIGHEST GUST SPEED    18   HIGHEST GUST DIRECTION     S (190)
  AVERAGE WIND SPEED     4.1


SKY COVER
  POSSIBLE SUNSHINE  MM
  AVERAGE SKY COVER 0.2


WEATHER CONDITIONS
 THE FOLLOWING WEATHER WAS RECORDED TODAY.
  FOG


RELATIVE HUMIDITY (PERCENT)
 HIGHEST    93          1200 AM
 LOWEST     51           400 PM
 AVERAGE    72

..........................................................


THE PARKERSBURG WV CLIMATE NORMALS FOR TOMORROW
                         NORMAL    RECORD    YEAR
 MAXIMUM TEMPERATURE (F)   83        99      1953
 MINIMUM TEMPERATURE (F)   60        46      1890


SUNRISE AND SUNSET
AUGUST 30 2015........SUNRISE   652 AM EDT   SUNSET   800 PM EDT
AUGUST 31 2015........SUNRISE   653 AM EDT   SUNSET   758 PM EDT


-  INDICATES NEGATIVE NUMBERS.
R  INDICATES RECORD WAS SET OR TIED.
MM INDICATES DATA IS MISSING.
T  INDICATES TRACE AMOUNT.




$$
