000
CDUS41 KRLX 220719
CLIPKB


CLIMATE REPORT
NATIONAL WEATHER SERVICE CHARLESTON WV
318 AM EDT THU JUN 22 2017


...................................

...THE PARKERSBURG WV CLIMATE SUMMARY FOR JUNE 21 2017...

CLIMATE NORMAL PERIOD 1981 TO 2010
CLIMATE RECORD PERIOD 1889 TO 2017


WEATHER ITEM   OBSERVED TIME   RECORD YEAR NORMAL DEPARTURE LAST
                VALUE   (LST)  VALUE       VALUE  FROM      YEAR
                                                  NORMAL
..................................................................
TEMPERATURE (F)
 YESTERDAY
  MAXIMUM         85    208 PM  97    1953  83      2       88
                                      1933
  MINIMUM         59    334 AM  44    1992  61     -2       67
  AVERAGE         72                        72      0       78

PRECIPITATION (IN)
  YESTERDAY        0.08          2.16 1937   0.12  -0.04     0.03
  MONTH TO DATE    3.06                      2.91   0.15     0.98
  SINCE JAN 1     23.65                     19.86   3.79    17.51

SNOWFALL (IN)
  YESTERDAY       MM
  MONTH TO DATE   MM
  SINCE SEP 1     MM
  SNOW DEPTH      MM

DEGREE DAYS
 HEATING
  YESTERDAY        0                         0      0        0
  MONTH TO DATE   14                        18     -4        7
  SINCE JUN 1     14                        18     -4        7
  SINCE JUL 1   3989                      4971   -982     4148

 COOLING
  YESTERDAY        7                         8     -1       13
  MONTH TO DATE  135                       117     18      161
  SINCE JUN 1    135                       117     18      161
  SINCE JAN 1    255                       201     54      249
..................................................................


WIND (MPH)
  HIGHEST WIND SPEED    16   HIGHEST WIND DIRECTION    SW (240)
  HIGHEST GUST SPEED    24   HIGHEST GUST DIRECTION     W (280)
  AVERAGE WIND SPEED     4.2


SKY COVER
  POSSIBLE SUNSHINE  MM
  AVERAGE SKY COVER 0.5


WEATHER CONDITIONS
 THE FOLLOWING WEATHER WAS RECORDED YESTERDAY.
  LIGHT RAIN
  HAZE


RELATIVE HUMIDITY (PERCENT)
 HIGHEST    93           900 PM
 LOWEST     44           200 PM
 AVERAGE    69

..........................................................


THE PARKERSBURG WV CLIMATE NORMALS FOR TODAY
                         NORMAL    RECORD    YEAR
 MAXIMUM TEMPERATURE (F)   84        98      1988
 MINIMUM TEMPERATURE (F)   62        39      1992


SUNRISE AND SUNSET
JUNE 22 2017..........SUNRISE   559 AM EDT   SUNSET   856 PM EDT
JUNE 23 2017..........SUNRISE   600 AM EDT   SUNSET   856 PM EDT


-  INDICATES NEGATIVE NUMBERS.
R  INDICATES RECORD WAS SET OR TIED.
MM INDICATES DATA IS MISSING.
T  INDICATES TRACE AMOUNT.




$$
