000
CDUS41 KRLX 042218
CLIPKB


CLIMATE REPORT
NATIONAL WEATHER SERVICE CHARLESTON WV
518 PM EST SUN DEC 4 2016


...................................

...THE PARKERSBURG WV CLIMATE SUMMARY FOR DECEMBER 4 2016...
VALID TODAY AS OF 0500 PM LOCAL TIME.

CLIMATE NORMAL PERIOD 1981 TO 2010
CLIMATE RECORD PERIOD 1889 TO 2016


WEATHER ITEM   OBSERVED TIME   RECORD YEAR NORMAL DEPARTURE LAST
                VALUE   (LST)  VALUE       VALUE  FROM      YEAR
                                                  NORMAL
..................................................................
TEMPERATURE (F)
 TODAY
  MAXIMUM         44    313 PM  72    1982  47     -3       48
  MINIMUM         32    806 AM  10    1966  30      2       29
  AVERAGE         38                        38      0       39

PRECIPITATION (IN)
  TODAY            0.00          T    2001   0.10  -0.10     0.00
                                      2001
                                      2007
  MONTH TO DATE    T                         0.42  -0.42     0.85
  SINCE DEC 1      T                         0.42  -0.42     0.85
  SINCE JAN 1     32.11                     38.51  -6.40    38.86

DEGREE DAYS
 HEATING
  TODAY           27                        27      0       26
  MONTH TO DATE  104                       105     -1       85
  SINCE DEC 1    104                       105     -1       85
  SINCE JUL 1    858                      1090   -232      847

 COOLING
  TODAY            0                         0      0        0
  MONTH TO DATE    0                         0      0        0
  SINCE DEC 1      0                         0      0        0
  SINCE JAN 1   1352                       955    397     1040
..................................................................


WIND (MPH)
  HIGHEST WIND SPEED    10   HIGHEST WIND DIRECTION     E (80)
  HIGHEST GUST SPEED    14   HIGHEST GUST DIRECTION     E (70)
  AVERAGE WIND SPEED     3.1


SKY COVER
  POSSIBLE SUNSHINE  MM
  AVERAGE SKY COVER 0.3


WEATHER CONDITIONS
 THE FOLLOWING WEATHER WAS RECORDED TODAY.
  FOG
  HAZE


RELATIVE HUMIDITY (PERCENT)
 HIGHEST    92           500 AM
 LOWEST     53           100 PM
 AVERAGE    73

..........................................................


THE PARKERSBURG WV CLIMATE NORMALS FOR TOMORROW
                         NORMAL    RECORD    YEAR
 MAXIMUM TEMPERATURE (F)   46        74      2001
 MINIMUM TEMPERATURE (F)   30        14      1991


SUNRISE AND SUNSET
DECEMBER  4 2016......SUNRISE   730 AM EST   SUNSET   502 PM EST
DECEMBER  5 2016......SUNRISE   731 AM EST   SUNSET   502 PM EST


-  INDICATES NEGATIVE NUMBERS.
R  INDICATES RECORD WAS SET OR TIED.
MM INDICATES DATA IS MISSING.
T  INDICATES TRACE AMOUNT.




$$
