000
CDUS41 KRLX 102227
CLIPKB


CLIMATE REPORT
NATIONAL WEATHER SERVICE CHARLESTON WV
525 PM EST SUN DEC 10 2017


...................................

...THE PARKERSBURG WV CLIMATE SUMMARY FOR DECEMBER 10 2017...
VALID TODAY AS OF 0500 PM LOCAL TIME.

CLIMATE NORMAL PERIOD 1981 TO 2010
CLIMATE RECORD PERIOD 1889 TO 2017


WEATHER ITEM   OBSERVED TIME   RECORD YEAR NORMAL DEPARTURE LAST
                VALUE   (LST)  VALUE       VALUE  FROM      YEAR
                                                  NORMAL
..................................................................
TEMPERATURE (F)
 TODAY
  MAXIMUM         33    359 PM  77    1971  45    -12       29
  MINIMUM         27    726 AM   1    1958  28     -1       23
  AVERAGE         30                        36     -6       26

PRECIPITATION (IN)
  TODAY            T             0.94 2012   0.11  -0.11      T
  MONTH TO DATE    0.56                      1.06  -0.50     0.80
  SINCE DEC 1      0.56                      1.06  -0.50     0.80
  SINCE JAN 1     49.36                     39.15  10.21    32.91

DEGREE DAYS
 HEATING
  TODAY           35                        29      6       39
  MONTH TO DATE  284                       272     12      286
  SINCE DEC 1    284                       272     12      286
  SINCE JUL 1   1184                      1257    -73     1040

 COOLING
  TODAY            0                         0      0        0
  MONTH TO DATE    0                         0      0        0
  SINCE DEC 1      0                         0      0        0
  SINCE JAN 1    975                       955     20     1352
..................................................................


WIND (MPH)
  HIGHEST WIND SPEED    17   HIGHEST WIND DIRECTION     S (200)
  HIGHEST GUST SPEED    25   HIGHEST GUST DIRECTION     S (190)
  AVERAGE WIND SPEED     8.8


SKY COVER
  POSSIBLE SUNSHINE  MM
  AVERAGE SKY COVER 0.9


WEATHER CONDITIONS
 THE FOLLOWING WEATHER WAS RECORDED TODAY.
  FOG
  HAZE


RELATIVE HUMIDITY (PERCENT)
 HIGHEST    85           100 AM
 LOWEST     51           200 PM
 AVERAGE    68

..........................................................


THE PARKERSBURG WV CLIMATE NORMALS FOR TOMORROW
                         NORMAL    RECORD    YEAR
 MAXIMUM TEMPERATURE (F)   44        70      2007
 MINIMUM TEMPERATURE (F)   28         5      1958


SUNRISE AND SUNSET
DECEMBER 10 2017......SUNRISE   735 AM EST   SUNSET   502 PM EST
DECEMBER 11 2017......SUNRISE   736 AM EST   SUNSET   503 PM EST


-  INDICATES NEGATIVE NUMBERS.
R  INDICATES RECORD WAS SET OR TIED.
MM INDICATES DATA IS MISSING.
T  INDICATES TRACE AMOUNT.




$$
