000
CDUS46 KLOX 211106
CLIPMD


CLIMATE REPORT
NATIONAL WEATHER SERVICE LOS ANGELES/OXNARD CA
406 AM PDT TUE OCT 21 2014


...................................

...THE PALMDALE AIRPORT CA CLIMATE SUMMARY FOR OCTOBER 20 2014...

CLIMATE NORMAL PERIOD 1981 TO 2010
CLIMATE RECORD PERIOD 1931 TO 2014


WEATHER ITEM   OBSERVED TIME   RECORD YEAR NORMAL DEPARTURE LAST
                VALUE   (LST)  VALUE       VALUE  FROM      YEAR
                                                  NORMAL
..................................................................
TEMPERATURE (F)
 YESTERDAY
  MAXIMUM         83    208 PM  98    1991  77      6       84
  MINIMUM         55    556 AM  31    1949  47      8       44
  AVERAGE         69                        62      7       64

PRECIPITATION (IN)
  YESTERDAY        0.00          0.69 2004   0.02  -0.02     0.00
  MONTH TO DATE    0.00                      0.34  -0.34     0.08
  SINCE JUL 1      0.16                      0.87  -0.71     0.21
  SINCE JAN 1      3.21                      6.19  -2.98     1.07

SNOWFALL (IN)
  YESTERDAY        0.0           0.0  1973  MM               0.0
  MONTH TO DATE    0.0                      MM               0.0
  SINCE SEP 1      0.0                      MM               0.0
  SINCE JUL 1      0.0                      MM               0.0
  SNOW DEPTH       0

DEGREE DAYS
 HEATING
  YESTERDAY        0                         4     -4        1
  MONTH TO DATE    2                        50    -48       94
  SINCE SEP 1      3                        62    -59      108
  SINCE JUL 1      3                        62    -59      108

 COOLING
  YESTERDAY        4                         1      3        0
  MONTH TO DATE  110                        52     58       10
  SINCE SEP 1    498                       327    171      359
  SINCE JAN 1   2211                      1809    402     2124
..................................................................


WIND (MPH)
  HIGHEST WIND SPEED    33   HIGHEST WIND DIRECTION     W (290)
  HIGHEST GUST SPEED    40   HIGHEST GUST DIRECTION     W (290)
  AVERAGE WIND SPEED    12.7


SKY COVER
  POSSIBLE SUNSHINE  MM
  AVERAGE SKY COVER 0.0


WEATHER CONDITIONS
 THE FOLLOWING WEATHER WAS RECORDED YESTERDAY.
  HAZE


RELATIVE HUMIDITY (PERCENT)
 HIGHEST    55           600 AM
 LOWEST     20          1100 AM
 AVERAGE    38

..........................................................


THE PALMDALE AIRPORT CA CLIMATE NORMALS FOR TODAY
                         NORMAL    RECORD    YEAR
 MAXIMUM TEMPERATURE (F)   77        93      2003
 MINIMUM TEMPERATURE (F)   46        26      1949


SUNRISE AND SUNSET
OCTOBER 21 2014.......SUNRISE   703 AM PDT   SUNSET   610 PM PDT
OCTOBER 22 2014.......SUNRISE   704 AM PDT   SUNSET   609 PM PDT


-  INDICATES NEGATIVE NUMBERS.
R  INDICATES RECORD WAS SET OR TIED.
MM INDICATES DATA IS MISSING.
T  INDICATES TRACE AMOUNT.




$$
