000
CDUS46 KLOX 010113
CLIPMD


CLIMATE REPORT
NATIONAL WEATHER SERVICE LOS ANGELES/OXNARD CA
613 PM PDT SUN APR 30 2017


...................................

...THE PALMDALE AIRPORT CA CLIMATE SUMMARY FOR APRIL 30 2017...
VALID TODAY AS OF 0600 PM LOCAL TIME.

CLIMATE NORMAL PERIOD 1981 TO 2010
CLIMATE RECORD PERIOD 1931 TO 2017


WEATHER ITEM   OBSERVED TIME   RECORD YEAR NORMAL DEPARTURE LAST
                VALUE   (LST)  VALUE       VALUE  FROM      YEAR
                                                  NORMAL
..................................................................
TEMPERATURE (F)
 TODAY
  MAXIMUM         84    318 PM  95    1996  77      7       70
  MINIMUM         46    509 AM  33    1937  48     -2       49
  AVERAGE         65                        62      3       60

PRECIPITATION (IN)
  TODAY            0.00          0.51 1955   0.01  -0.01     0.05
  MONTH TO DATE    T                         0.47  -0.47     0.19
  SINCE OCT 1      5.91                      7.43  -1.52     4.28
  SINCE JAN 1      4.12                      4.98  -0.86     2.47

SNOWFALL (IN)
  TODAY            0.0           0.0  1973  MM              MM
  MONTH TO DATE    0.0                      MM               0.0
  SINCE MAR 1      0.0                      MM               0.0
  SINCE JUL 1      0.0                      MM                T
  SNOW DEPTH       0

DEGREE DAYS
 HEATING
  TODAY            0                         4     -4        5
  MONTH TO DATE  110                       228   -118      114
  SINCE MAR 1    353                       605   -252      383
  SINCE JUL 1   2262                      2850   -588     2544

 COOLING
  TODAY            0                         2     -2        0
  MONTH TO DATE    7                        21    -14       20
  SINCE MAR 1     14                        23     -9       20
  SINCE JAN 1     14                        23     -9       20
..................................................................


WIND (MPH)
  HIGHEST WIND SPEED    21   HIGHEST WIND DIRECTION     W (250)
  HIGHEST GUST SPEED    26   HIGHEST GUST DIRECTION     W (260)
  AVERAGE WIND SPEED     7.5


SKY COVER
  POSSIBLE SUNSHINE  MM
  AVERAGE SKY COVER 0.0


WEATHER CONDITIONS
 THE FOLLOWING WEATHER WAS RECORDED TODAY.
  NO SIGNIFICANT WEATHER WAS OBSERVED.


RELATIVE HUMIDITY (PERCENT)
 HIGHEST    42           500 AM
 LOWEST      7           100 PM
 AVERAGE    25

..........................................................


THE PALMDALE AIRPORT CA CLIMATE NORMALS FOR TOMORROW
                         NORMAL    RECORD    YEAR
 MAXIMUM TEMPERATURE (F)   78        95      1996
 MINIMUM TEMPERATURE (F)   48        28      1988


SUNRISE AND SUNSET
APRIL 30 2017.........SUNRISE   603 AM PDT   SUNSET   737 PM PDT
MAY  1 2017...........SUNRISE   602 AM PDT   SUNSET   737 PM PDT


-  INDICATES NEGATIVE NUMBERS.
R  INDICATES RECORD WAS SET OR TIED.
MM INDICATES DATA IS MISSING.
T  INDICATES TRACE AMOUNT.




$$
