000
CDUS46 KLOX 150914
CLIPMD


CLIMATE REPORT
NATIONAL WEATHER SERVICE LOS ANGELES/OXNARD CA
114 AM PST FRI DEC 15 2017


...................................

...THE PALMDALE AIRPORT CA CLIMATE SUMMARY FOR DECEMBER 14 2017...

CLIMATE NORMAL PERIOD 1981 TO 2010
CLIMATE RECORD PERIOD 1931 TO 2017


WEATHER ITEM   OBSERVED TIME   RECORD YEAR NORMAL DEPARTURE LAST
                VALUE   (LST)  VALUE       VALUE  FROM      YEAR
                                                  NORMAL
..................................................................
TEMPERATURE (F)
 YESTERDAY
  MAXIMUM         72    232 PM  78    1977  58     14       74
  MINIMUM         27    558 AM  16    1972  30     -3       40
  AVERAGE         50                        44      6       57

PRECIPITATION (IN)
  YESTERDAY        0.00          0.35 1933   0.03  -0.03     0.00
  MONTH TO DATE    0.00                      0.24  -0.24     0.00
  SINCE OCT 1      T                         1.54  -1.54     0.32
  SINCE JAN 1      4.56                      7.39  -2.83     2.79

SNOWFALL (IN)
  YESTERDAY        0.0           1.0  1967  MM               0.0
  MONTH TO DATE    0.0                      MM               0.0
  SINCE DEC 1      0.0                      MM               0.0
  SINCE JUL 1      0.0                      MM               0.0
  SNOW DEPTH       0

DEGREE DAYS
 HEATING
  YESTERDAY       15                        21     -6        8
  MONTH TO DATE  232                       280    -48      190
  SINCE DEC 1    232                       280    -48      190
  SINCE JUL 1    517                       807   -290      573

 COOLING
  YESTERDAY        0                         0      0        0
  MONTH TO DATE    0                         0      0        0
  SINCE DEC 1      0                         0      0        0
  SINCE JAN 1   2269                      1815    454     2086
..................................................................


WIND (MPH)
  HIGHEST WIND SPEED    23   HIGHEST WIND DIRECTION     E (90)
  HIGHEST GUST SPEED    30   HIGHEST GUST DIRECTION    NE (60)
  AVERAGE WIND SPEED     7.8


SKY COVER
  POSSIBLE SUNSHINE  MM
  AVERAGE SKY COVER 0.0


WEATHER CONDITIONS
 THE FOLLOWING WEATHER WAS RECORDED YESTERDAY.
  NO SIGNIFICANT WEATHER WAS OBSERVED.


RELATIVE HUMIDITY (PERCENT)
 HIGHEST    31           800 PM
 LOWEST     10          1200 PM
 AVERAGE    21

..........................................................


THE PALMDALE AIRPORT CA CLIMATE NORMALS FOR TODAY
                         NORMAL    RECORD    YEAR
 MAXIMUM TEMPERATURE (F)   58        74      1981
 MINIMUM TEMPERATURE (F)   30        12      1940


SUNRISE AND SUNSET
DECEMBER 15 2017......SUNRISE   652 AM PST   SUNSET   443 PM PST
DECEMBER 16 2017......SUNRISE   653 AM PST   SUNSET   444 PM PST


-  INDICATES NEGATIVE NUMBERS.
R  INDICATES RECORD WAS SET OR TIED.
MM INDICATES DATA IS MISSING.
T  INDICATES TRACE AMOUNT.




$$
