000
CDUS46 KLOX 310905
CLIPMD


CLIMATE REPORT
NATIONAL WEATHER SERVICE LOS ANGELES/OXNARD CA
105 AM PST SAT JAN 31 2015


...................................

...THE PALMDALE AIRPORT CA CLIMATE SUMMARY FOR JANUARY 30 2015...

CLIMATE NORMAL PERIOD 1981 TO 2010
CLIMATE RECORD PERIOD 1931 TO 2015


WEATHER ITEM   OBSERVED TIME   RECORD YEAR NORMAL DEPARTURE LAST
                VALUE   (LST)  VALUE       VALUE  FROM      YEAR
                                                  NORMAL
..................................................................
TEMPERATURE (F)
 YESTERDAY
  MAXIMUM         61    130 PM  74    2003  60      1       62
  MINIMUM         49    749 AM  11    1957  33     16       50
  AVERAGE         55                        46      9       56

PRECIPITATION (IN)
  YESTERDAY        0.05          0.43 1966   0.05   0.00      T
  MONTH TO DATE    0.73                      1.51  -0.78      T
  SINCE OCT 1      3.30                      3.96  -0.66     1.94
  SINCE JAN 1      0.73                      1.51  -0.78      T

SNOWFALL (IN)
  YESTERDAY       MM             T    1966  MM               0.0
  MONTH TO DATE    0.0                      MM               0.0
  SINCE DEC 1      0.0                      MM               0.0
  SINCE JUL 1      0.0                      MM               0.0
  SNOW DEPTH       0

DEGREE DAYS
 HEATING
  YESTERDAY       10                        19     -9        9
  MONTH TO DATE  506                       602    -96      437
  SINCE DEC 1   1041                      1239   -198     1060
  SINCE JUL 1   1355                      1766   -411     1573

 COOLING
  YESTERDAY        0                         0      0        0
  MONTH TO DATE    0                         0      0        0
  SINCE DEC 1      0                         0      0        0
  SINCE JAN 1      0                         0      0        0
..................................................................


WIND (MPH)
  HIGHEST WIND SPEED    12   HIGHEST WIND DIRECTION     W (290)
  HIGHEST GUST SPEED    14   HIGHEST GUST DIRECTION    NW (320)
  AVERAGE WIND SPEED     4.3


SKY COVER
  POSSIBLE SUNSHINE  MM
  AVERAGE SKY COVER 0.7


WEATHER CONDITIONS
 THE FOLLOWING WEATHER WAS RECORDED YESTERDAY.
  LIGHT RAIN


RELATIVE HUMIDITY (PERCENT)
 HIGHEST   100           500 AM
 LOWEST     55           100 PM
 AVERAGE    78

..........................................................


THE PALMDALE AIRPORT CA CLIMATE NORMALS FOR TODAY
                         NORMAL    RECORD    YEAR
 MAXIMUM TEMPERATURE (F)   60        79      2003
 MINIMUM TEMPERATURE (F)   33         9      1957


SUNRISE AND SUNSET
JANUARY 31 2015.......SUNRISE   651 AM PST   SUNSET   521 PM PST
FEBRUARY  1 2015......SUNRISE   651 AM PST   SUNSET   522 PM PST


-  INDICATES NEGATIVE NUMBERS.
R  INDICATES RECORD WAS SET OR TIED.
MM INDICATES DATA IS MISSING.
T  INDICATES TRACE AMOUNT.




$$
