000
CDUS46 KLOX 250915
CLIPMD


CLIMATE REPORT
NATIONAL WEATHER SERVICE LOS ANGELES/OXNARD CA
215 AM PDT SAT MAR 25 2017


...................................

...THE PALMDALE AIRPORT CA CLIMATE SUMMARY FOR MARCH 24 2017...

CLIMATE NORMAL PERIOD 1981 TO 2010
CLIMATE RECORD PERIOD 1931 TO 2017


WEATHER ITEM   OBSERVED TIME   RECORD YEAR NORMAL DEPARTURE LAST
                VALUE   (LST)  VALUE       VALUE  FROM      YEAR
                                                  NORMAL
..................................................................
TEMPERATURE (F)
 YESTERDAY
  MAXIMUM         74    111 PM  84    1956  68      6       75
  MINIMUM         41    548 AM  27    1962  40      1       37
  AVERAGE         58                        54      4       56

PRECIPITATION (IN)
  YESTERDAY        0.00          0.56 1983   0.02  -0.02     0.00
  MONTH TO DATE    0.02                      1.04  -1.02     0.83
  SINCE OCT 1      5.91                      6.78  -0.87     4.09
  SINCE JAN 1      4.12                      4.33  -0.21     2.28

SNOWFALL (IN)
  YESTERDAY        0.0           0.0  1974  MM               0.0
  MONTH TO DATE    0.0                      MM               0.0
  SINCE MAR 1      0.0                      MM               0.0
  SINCE JUL 1      0.0                      MM                T
  SNOW DEPTH       0

DEGREE DAYS
 HEATING
  YESTERDAY        7                        11     -4        9
  MONTH TO DATE  180                       299   -119      198
  SINCE MAR 1    180                       299   -119      198
  SINCE JUL 1   2089                      2544   -455     2359

 COOLING
  YESTERDAY        0                         0      0        0
  MONTH TO DATE    7                         0      7        0
  SINCE MAR 1      7                         0      7        0
  SINCE JAN 1      7                         0      7        0
..................................................................


WIND (MPH)
  HIGHEST WIND SPEED    24   HIGHEST WIND DIRECTION    SW (240)
  HIGHEST GUST SPEED    29   HIGHEST GUST DIRECTION     W (250)
  AVERAGE WIND SPEED    10.7


SKY COVER
  POSSIBLE SUNSHINE  MM
  AVERAGE SKY COVER 0.0


WEATHER CONDITIONS
 THE FOLLOWING WEATHER WAS RECORDED YESTERDAY.
  NO SIGNIFICANT WEATHER WAS OBSERVED.


RELATIVE HUMIDITY (PERCENT)
 HIGHEST    70           600 AM
 LOWEST     20          1000 AM
 AVERAGE    45

..........................................................


THE PALMDALE AIRPORT CA CLIMATE NORMALS FOR TODAY
                         NORMAL    RECORD    YEAR
 MAXIMUM TEMPERATURE (F)   68        85      1988
 MINIMUM TEMPERATURE (F)   40        27      1964


SUNRISE AND SUNSET
MARCH 25 2017.........SUNRISE   649 AM PDT   SUNSET   708 PM PDT
MARCH 26 2017.........SUNRISE   647 AM PDT   SUNSET   709 PM PDT


-  INDICATES NEGATIVE NUMBERS.
R  INDICATES RECORD WAS SET OR TIED.
MM INDICATES DATA IS MISSING.
T  INDICATES TRACE AMOUNT.




$$
