000
CDUS46 KLOX 260111
CLIPMD


CLIMATE REPORT
NATIONAL WEATHER SERVICE LOS ANGELES/OXNARD CA
611 PM PDT MON MAY 25 2015


...................................

...THE PALMDALE AIRPORT CA CLIMATE SUMMARY FOR MAY 25 2015...
VALID TODAY AS OF 0600 PM LOCAL TIME.

CLIMATE NORMAL PERIOD 1981 TO 2010
CLIMATE RECORD PERIOD 1931 TO 2015


WEATHER ITEM   OBSERVED TIME   RECORD YEAR NORMAL DEPARTURE LAST
                VALUE   (LST)  VALUE       VALUE  FROM      YEAR
                                                  NORMAL
..................................................................
TEMPERATURE (F)
 TODAY
  MAXIMUM         81    251 PM 104    1951  86     -5       95
  MINIMUM         54    316 AM  35    1980  55     -1       62
  AVERAGE         68                        70     -2       79

PRECIPITATION (IN)
  TODAY            0.00          0.40 1931   0.01  -0.01     0.00
  MONTH TO DATE    0.10                      0.23  -0.13     0.96
  SINCE OCT 1      4.22                      7.66  -3.44     4.99
  SINCE JAN 1      1.65                      5.21  -3.56     3.05

SNOWFALL (IN)
  TODAY            0.0          MM      MM  MM               0.0
  MONTH TO DATE    0.0                      MM               0.0
  SINCE MAR 1      0.0                      MM               0.0
  SINCE JUL 1      0.0                      MM               0.0
  SNOW DEPTH       0

DEGREE DAYS
 HEATING
  TODAY            0                         1     -1        0
  MONTH TO DATE   98                        62     36       35
  SINCE MAR 1    444                       667   -223      433
  SINCE JUL 1   2099                      2912   -813     2331

 COOLING
  TODAY            3                         7     -4       14
  MONTH TO DATE   30                       104    -74      108
  SINCE MAR 1     65                       127    -62      151
  SINCE JAN 1     65                       127    -62      152
..................................................................


WIND (MPH)
  HIGHEST WIND SPEED    26   HIGHEST WIND DIRECTION     W (250)
  HIGHEST GUST SPEED    32   HIGHEST GUST DIRECTION     W (270)
  AVERAGE WIND SPEED    13.2


SKY COVER
  POSSIBLE SUNSHINE  MM
  AVERAGE SKY COVER 0.0


WEATHER CONDITIONS
 THE FOLLOWING WEATHER WAS RECORDED TODAY.
  NO SIGNIFICANT WEATHER WAS OBSERVED.


RELATIVE HUMIDITY (PERCENT)
 HIGHEST    72           100 AM
 LOWEST     26           100 PM
 AVERAGE    49

..........................................................


THE PALMDALE AIRPORT CA CLIMATE NORMALS FOR TOMORROW
                         NORMAL    RECORD    YEAR
 MAXIMUM TEMPERATURE (F)   86       100      1974
 MINIMUM TEMPERATURE (F)   55        38      1980


SUNRISE AND SUNSET
MAY 25 2015...........SUNRISE   543 AM PDT   SUNSET   755 PM PDT
MAY 26 2015...........SUNRISE   543 AM PDT   SUNSET   756 PM PDT


-  INDICATES NEGATIVE NUMBERS.
R  INDICATES RECORD WAS SET OR TIED.
MM INDICATES DATA IS MISSING.
T  INDICATES TRACE AMOUNT.




$$
