000
CDUS44 KMOB 170645
CLIPNS


CLIMATE REPORT
NATIONAL WEATHER SERVICE MOBILE AL
145 AM CDT THU AUG 17 2017


...................................

...THE PENSACOLA CLIMATE SUMMARY FOR AUGUST 16 2017...

CLIMATE NORMAL PERIOD 1981 TO 2010
CLIMATE RECORD PERIOD 1879 TO 2017


WEATHER ITEM   OBSERVED TIME   RECORD YEAR NORMAL DEPARTURE LAST
                VALUE   (LST)  VALUE       VALUE  FROM      YEAR
                                                  NORMAL
..................................................................
TEMPERATURE (F)
 YESTERDAY
  MAXIMUM         91    349 PM 101    1943  90      1       90
  MINIMUM         78   1204 PM  67    1989  74      4       78
  AVERAGE         85                        82      3       84

PRECIPITATION (IN)
  YESTERDAY        0.98          4.35 1939   0.21   0.77     0.00
  MONTH TO DATE   12.47                      3.75   8.72     9.73
  SINCE MAR 1     51.53                     32.07  19.46    39.82
  SINCE JAN 1     66.88                     41.76  25.12    48.47

DEGREE DAYS
 COOLING
  YESTERDAY       20                        17      3       19
  MONTH TO DATE  295                       272     23      283
  SINCE JUN 1   1386                      1270    116     1414
  SINCE JAN 1   2182                      1718    464     2010
..................................................................


WIND (MPH)
  HIGHEST WIND SPEED    22   HIGHEST WIND DIRECTION     N (340)
  HIGHEST GUST SPEED    26   HIGHEST GUST DIRECTION     N (340)
  AVERAGE WIND SPEED     5.0


SKY COVER
  POSSIBLE SUNSHINE  MM
  AVERAGE SKY COVER 0.3


WEATHER CONDITIONS
 THE FOLLOWING WEATHER WAS RECORDED YESTERDAY.
  THUNDERSTORM
  HEAVY RAIN
  RAIN
  LIGHT RAIN
  FOG


RELATIVE HUMIDITY (PERCENT)
 HIGHEST    91           100 AM
 LOWEST     64           900 AM
 AVERAGE    78

..........................................................


THE PENSACOLA CLIMATE NORMALS FOR TODAY
                         NORMAL    RECORD    YEAR
 MAXIMUM TEMPERATURE (F)   89        97      1956
                                             1952
                                             1943
 MINIMUM TEMPERATURE (F)   74        68      1892
                                             1889


SUNRISE AND SUNSET
AUGUST 17 2017........SUNRISE   617 AM CDT   SUNSET   728 PM CDT
AUGUST 18 2017........SUNRISE   617 AM CDT   SUNSET   727 PM CDT


-  INDICATES NEGATIVE NUMBERS.
R  INDICATES RECORD WAS SET OR TIED.
MM INDICATES DATA IS MISSING.
T  INDICATES TRACE AMOUNT.




$$
