000
CDUS44 KMOB 242225
CLIPNS


CLIMATE REPORT
NATIONAL WEATHER SERVICE MOBILE AL
525 PM CDT SAT JUN 24 2017


...................................

...THE PENSACOLA CLIMATE SUMMARY FOR JUNE 24 2017...
VALID TODAY AS OF 0500 PM LOCAL TIME.

CLIMATE NORMAL PERIOD 1981 TO 2010
CLIMATE RECORD PERIOD 1879 TO 2017


WEATHER ITEM   OBSERVED TIME   RECORD YEAR NORMAL DEPARTURE LAST
                VALUE   (LST)  VALUE       VALUE  FROM      YEAR
                                                  NORMAL
..................................................................
TEMPERATURE (F)
 TODAY
  MAXIMUM         90    343 PM  99    1944  89      1       91
  MINIMUM         80    527 AM  64    1955  74      6       74
  AVERAGE         85                        82      3       83

PRECIPITATION (IN)
  TODAY            0.13          2.76 1957   0.25  -0.12     0.00
  MONTH TO DATE   18.34                      5.11  13.23     4.78
  SINCE MAR 1     31.49                     19.42  12.07    20.39
  SINCE JAN 1     46.84                     29.11  17.73    29.04

DEGREE DAYS
 COOLING
  TODAY           20                        17      3       18
  MONTH TO DATE  365                       363      2      413
  SINCE JUN 1    365                       363      2      413
  SINCE JAN 1   1161                       811    350     1009
..................................................................


WIND (MPH)
  HIGHEST WIND SPEED    18   HIGHEST WIND DIRECTION     W (270)
  HIGHEST GUST SPEED    26   HIGHEST GUST DIRECTION     W (270)
  AVERAGE WIND SPEED     8.9


SKY COVER
  POSSIBLE SUNSHINE  MM
  AVERAGE SKY COVER 0.5


WEATHER CONDITIONS
 THE FOLLOWING WEATHER WAS RECORDED TODAY.
  THUNDERSTORM
  RAIN
  LIGHT RAIN


RELATIVE HUMIDITY (PERCENT)
 HIGHEST    85          1200 AM
 LOWEST     64          1000 AM
 AVERAGE    75

..........................................................


THE PENSACOLA CLIMATE NORMALS FOR TOMORROW
                         NORMAL    RECORD    YEAR
 MAXIMUM TEMPERATURE (F)   89        99      1988
                                             1950
 MINIMUM TEMPERATURE (F)   74        62      1974


SUNRISE AND SUNSET
JUNE 24 2017..........SUNRISE   548 AM CDT   SUNSET   755 PM CDT
JUNE 25 2017..........SUNRISE   548 AM CDT   SUNSET   755 PM CDT


-  INDICATES NEGATIVE NUMBERS.
R  INDICATES RECORD WAS SET OR TIED.
MM INDICATES DATA IS MISSING.
T  INDICATES TRACE AMOUNT.




$$
