000
CDUS44 KMOB 240636
CLIPNS


CLIMATE REPORT
NATIONAL WEATHER SERVICE MOBILE AL
125 AM CDT THU JUL 24 2014


...................................

...THE PENSACOLA CLIMATE SUMMARY FOR JULY 23 2014...

CLIMATE NORMAL PERIOD 1981 TO 2010
CLIMATE RECORD PERIOD 1879 TO 2014


WEATHER ITEM   OBSERVED TIME   RECORD YEAR NORMAL DEPARTURE LAST
                VALUE   (LST)  VALUE       VALUE  FROM      YEAR
                                                  NORMAL
..................................................................
TEMPERATURE (F)
 YESTERDAY
  MAXIMUM         85   1128 AM  98    2010  90     -5       91
                                      1952
                                      1948
  MINIMUM         73    524 AM  64    1947  75     -2       74
  AVERAGE         79                        82     -3       83

PRECIPITATION (IN)
  YESTERDAY        0.04          3.05 1890   0.24  -0.20      T
  MONTH TO DATE    6.23                      5.45   0.78    14.40
  SINCE MAR 1     54.64                     26.36  28.28    30.52
  SINCE JAN 1     65.97                     36.05  29.92    44.79

DEGREE DAYS
 COOLING
  YESTERDAY       14                        17     -3       18
  MONTH TO DATE  370                       391    -21      360
  SINCE JUN 1    849                       856     -7      874
  SINCE JAN 1   1300                      1304     -4     1316
..................................................................


WIND (MPH)
  HIGHEST WIND SPEED    17   HIGHEST WIND DIRECTION    SW (210)
  HIGHEST GUST SPEED    23   HIGHEST GUST DIRECTION    SW (210)
  AVERAGE WIND SPEED     4.7


SKY COVER
  POSSIBLE SUNSHINE  MM
  AVERAGE SKY COVER 0.2


WEATHER CONDITIONS
 THE FOLLOWING WEATHER WAS RECORDED YESTERDAY.
  RAIN
  FOG


RELATIVE HUMIDITY (PERCENT)
 HIGHEST   100           200 AM
 LOWEST     63           500 PM
 AVERAGE    82

..........................................................


THE PENSACOLA CLIMATE NORMALS FOR TODAY
                         NORMAL    RECORD    YEAR
 MAXIMUM TEMPERATURE (F)   90       102      1952
 MINIMUM TEMPERATURE (F)   75        68      2007
                                             1890


SUNRISE AND SUNSET
JULY 24 2014..........SUNRISE   602 AM CDT   SUNSET   748 PM CDT
JULY 25 2014..........SUNRISE   603 AM CDT   SUNSET   748 PM CDT


-  INDICATES NEGATIVE NUMBERS.
R  INDICATES RECORD WAS SET OR TIED.
MM INDICATES DATA IS MISSING.
T  INDICATES TRACE AMOUNT.




$$
