000
CDUS44 KMOB 190645
CLIPNS


CLIMATE REPORT
NATIONAL WEATHER SERVICE MOBILE AL
145 AM CDT SAT APR 19 2014


...................................

...THE PENSACOLA CLIMATE SUMMARY FOR APRIL 18 2014...

CLIMATE NORMAL PERIOD 1981 TO 2010
CLIMATE RECORD PERIOD 1879 TO 2014


WEATHER ITEM   OBSERVED TIME   RECORD YEAR NORMAL DEPARTURE LAST
                VALUE   (LST)  VALUE       VALUE  FROM      YEAR
                                                  NORMAL
..................................................................
TEMPERATURE (F)
 YESTERDAY
  MAXIMUM         63    337 PM  87    2006  76    -13       78
                                      1987
                                      1967
  MINIMUM         58   1159 PM  40    1921  58      0       69
  AVERAGE         61                        67     -6       74

PRECIPITATION (IN)
  YESTERDAY        3.07R         2.84 1944   0.13   2.94      T
  MONTH TO DATE    9.06                      2.73   6.33     4.13
  SINCE MAR 1     18.84                      8.54  10.30     5.68
  SINCE JAN 1     30.17                     18.23  11.94    19.95

DEGREE DAYS
 HEATING
  YESTERDAY        4                         1      3        0
  MONTH TO DATE   37                        42     -5       18
  SINCE MAR 1    242                       218     24      275
  SINCE JUL 1   1579                      1526     53     1156

 COOLING
  YESTERDAY        0                         3     -3        9
  MONTH TO DATE   46                        45      1       64
  SINCE MAR 1     52                        78    -26       79
  SINCE JAN 1     67                        92    -25      119
..................................................................


WIND (MPH)
  HIGHEST WIND SPEED    20   HIGHEST WIND DIRECTION     N (360)
  HIGHEST GUST SPEED    30   HIGHEST GUST DIRECTION     N (350)
  AVERAGE WIND SPEED    12.0


SKY COVER
  POSSIBLE SUNSHINE  MM
  AVERAGE SKY COVER 1.0


WEATHER CONDITIONS
 THE FOLLOWING WEATHER WAS RECORDED YESTERDAY.
  HEAVY RAIN
  RAIN
  LIGHT RAIN
  FOG


RELATIVE HUMIDITY (PERCENT)
 HIGHEST    90          1200 AM
 LOWEST     78           200 PM
 AVERAGE    84

..........................................................


THE PENSACOLA CLIMATE NORMALS FOR TODAY
                         NORMAL    RECORD    YEAR
 MAXIMUM TEMPERATURE (F)   76        87      1976
                                             1908
 MINIMUM TEMPERATURE (F)   58        41      1983


SUNRISE AND SUNSET
APRIL 19 2014.........SUNRISE   617 AM CDT   SUNSET   719 PM CDT
APRIL 20 2014.........SUNRISE   616 AM CDT   SUNSET   720 PM CDT


-  INDICATES NEGATIVE NUMBERS.
R  INDICATES RECORD WAS SET OR TIED.
MM INDICATES DATA IS MISSING.
T  INDICATES TRACE AMOUNT.




$$
