000
CDUS44 KMOB 230645
CLIPNS


CLIMATE REPORT
NATIONAL WEATHER SERVICE MOBILE AL
145 AM CDT WED APR 23 2014


...................................

...THE PENSACOLA CLIMATE SUMMARY FOR APRIL 22 2014...

CLIMATE NORMAL PERIOD 1981 TO 2010
CLIMATE RECORD PERIOD 1879 TO 2014


WEATHER ITEM   OBSERVED TIME   RECORD YEAR NORMAL DEPARTURE LAST
                VALUE   (LST)  VALUE       VALUE  FROM      YEAR
                                                  NORMAL
..................................................................
TEMPERATURE (F)
 YESTERDAY
  MAXIMUM         78   1217 PM  96    1987  77      1       74
  MINIMUM         59    442 AM  46    1993  59      0       61
  AVERAGE         69                        68      1       68

PRECIPITATION (IN)
  YESTERDAY        0.00          2.95 1945   0.13  -0.13     0.00
  MONTH TO DATE    9.06                      3.28   5.78     4.29
  SINCE MAR 1     18.84                      9.09   9.75     5.84
  SINCE JAN 1     30.17                     18.78  11.39    20.11

DEGREE DAYS
 HEATING
  YESTERDAY        0                         1     -1        0
  MONTH TO DATE   41                        46     -5       29
  SINCE MAR 1    246                       222     24      286
  SINCE JUL 1   1583                      1530     53     1167

 COOLING
  YESTERDAY        4                         4      0        3
  MONTH TO DATE   53                        61     -8       67
  SINCE MAR 1     59                        94    -35       82
  SINCE JAN 1     74                       108    -34      122
..................................................................


WIND (MPH)
  HIGHEST WIND SPEED    18   HIGHEST WIND DIRECTION     S (180)
  HIGHEST GUST SPEED    22   HIGHEST GUST DIRECTION     W (250)
  AVERAGE WIND SPEED     8.4


SKY COVER
  POSSIBLE SUNSHINE  MM
  AVERAGE SKY COVER 0.2


WEATHER CONDITIONS
 THE FOLLOWING WEATHER WAS RECORDED YESTERDAY.
  FOG


RELATIVE HUMIDITY (PERCENT)
 HIGHEST    90          1200 AM
 LOWEST     50          1100 AM
 AVERAGE    70

..........................................................


THE PENSACOLA CLIMATE NORMALS FOR TODAY
                         NORMAL    RECORD    YEAR
 MAXIMUM TEMPERATURE (F)   77        87      1987
                                             1963
 MINIMUM TEMPERATURE (F)   60        45      1993


SUNRISE AND SUNSET
APRIL 23 2014.........SUNRISE   613 AM CDT   SUNSET   722 PM CDT
APRIL 24 2014.........SUNRISE   612 AM CDT   SUNSET   722 PM CDT


-  INDICATES NEGATIVE NUMBERS.
R  INDICATES RECORD WAS SET OR TIED.
MM INDICATES DATA IS MISSING.
T  INDICATES TRACE AMOUNT.




$$
