000
CDUS44 KMOB 312257
CLIPNS


CLIMATE REPORT
NATIONAL WEATHER SERVICE MOBILE AL
556 PM CDT TUE MAY 31 2016


...................................

...THE PENSACOLA CLIMATE SUMMARY FOR MAY 31 2016...
VALID TODAY AS OF 0500 PM LOCAL TIME.

CLIMATE NORMAL PERIOD 1981 TO 2010
CLIMATE RECORD PERIOD 1879 TO 2016


WEATHER ITEM   OBSERVED TIME   RECORD YEAR NORMAL DEPARTURE LAST
                VALUE   (LST)  VALUE       VALUE  FROM      YEAR
                                                  NORMAL
..................................................................
TEMPERATURE (F)
 TODAY
  MAXIMUM         90    207 PM  98    1951  87      3       85
  MINIMUM         72    516 AM  47    1889  70      2       69
  AVERAGE         81                        78      3       77

PRECIPITATION (IN)
  TODAY            0.00          4.25 1970   0.15  -0.15     0.00
  MONTH TO DATE    1.96                      4.18  -2.22     5.13
  SINCE MAR 1     15.61                     14.31   1.30    17.49
  SINCE JAN 1     24.26                     24.00   0.26    27.90

DEGREE DAYS
 COOLING
  TODAY           16                        13      3       12
  MONTH TO DATE  351                       300     51      345
  SINCE MAR 1    578                       434    144      646
  SINCE JAN 1    596                       448    148      653
..................................................................


WIND (MPH)
  HIGHEST WIND SPEED    17   HIGHEST WIND DIRECTION    NW (330)
  HIGHEST GUST SPEED    22   HIGHEST GUST DIRECTION     S (190)
  AVERAGE WIND SPEED     4.7


SKY COVER
  POSSIBLE SUNSHINE  MM
  AVERAGE SKY COVER 0.0


WEATHER CONDITIONS
 THE FOLLOWING WEATHER WAS RECORDED TODAY.
  THUNDERSTORM


RELATIVE HUMIDITY (PERCENT)
 HIGHEST    93           500 AM
 LOWEST     52          1200 PM
 AVERAGE    73

..........................................................


THE PENSACOLA CLIMATE NORMALS FOR TOMORROW
                         NORMAL    RECORD    YEAR
 MAXIMUM TEMPERATURE (F)   87       101      2011
 MINIMUM TEMPERATURE (F)   70        55      1889


SUNRISE AND SUNSET
MAY 31 2016...........SUNRISE   547 AM CDT   SUNSET   746 PM CDT
JUNE  1 2016..........SUNRISE   547 AM CDT   SUNSET   747 PM CDT


-  INDICATES NEGATIVE NUMBERS.
R  INDICATES RECORD WAS SET OR TIED.
MM INDICATES DATA IS MISSING.
T  INDICATES TRACE AMOUNT.




$$
