000
CDUS44 KMOB 051724
CLIPNS


CLIMATE REPORT
NATIONAL WEATHER SERVICE MOBILE AL
1123 AM CST MON DEC 5 2016


...................................

...THE PENSACOLA CLIMATE SUMMARY FOR DECEMBER 4 2016...

CLIMATE NORMAL PERIOD 1981 TO 2010
CLIMATE RECORD PERIOD 1879 TO 2016


WEATHER ITEM   OBSERVED TIME   RECORD YEAR NORMAL DEPARTURE LAST
                VALUE   (LST)  VALUE       VALUE  FROM      YEAR
                                                  NORMAL
..................................................................
TEMPERATURE (F)
 YESTERDAY
  MAXIMUM         77   1118 AM  78    2005  65     12       64
                                      1978
                                      1964
  MINIMUM         60    226 AM  26    1989  47     13       39
                                      1929
  AVERAGE         69                        56     13       52

PRECIPITATION (IN)
  YESTERDAY        1.62          2.37 1904   0.16   1.46     0.00
  MONTH TO DATE    1.62                      0.63   0.99     0.59
  SINCE MAR 1     47.97                     51.66  -3.69    57.53
  SINCE JAN 1     56.62                     61.35  -4.73    67.94

SNOWFALL (IN)
  YESTERDAY        0.0           0.0  2002   0.0    0.0      0.0
                                      2001
                                      2000
  MONTH TO DATE    0.0                       0.0    0.0      0.0
  SINCE MAR 1      0.0                       0.0    0.0      0.0
  SINCE JUL 1      0.0                       0.0    0.0      0.0
  SNOW DEPTH       0

DEGREE DAYS
 HEATING
  YESTERDAY        0                        10    -10       13
  MONTH TO DATE   18                        38    -20       32
  SINCE DEC 1     18                        38    -20       32
  SINCE JUL 1     87                       250   -163      109

 COOLING
  YESTERDAY        4                         1      3        0
  MONTH TO DATE    4                         4      0        6
  SINCE DEC 1      4                         4      0        6
  SINCE JAN 1   3212                      2600    612     3039
..................................................................


WIND (MPH)
  HIGHEST WIND SPEED    28   HIGHEST WIND DIRECTION    SW (220)
  HIGHEST GUST SPEED    36   HIGHEST GUST DIRECTION    SW (210)
  AVERAGE WIND SPEED     9.5


SKY COVER
  POSSIBLE SUNSHINE  MM
  AVERAGE SKY COVER 1.0


WEATHER CONDITIONS
 THE FOLLOWING WEATHER WAS RECORDED YESTERDAY.
  THUNDERSTORM
  HEAVY RAIN
  RAIN
  LIGHT RAIN
  FOG
  HAZE


RELATIVE HUMIDITY (PERCENT)
 HIGHEST    93           500 PM
 LOWEST     46          1200 AM
 AVERAGE    70

..........................................................


THE PENSACOLA CLIMATE NORMALS FOR TODAY
                         NORMAL    RECORD    YEAR
 MAXIMUM TEMPERATURE (F)   65        79      2013
                                             1998
                                             1958
 MINIMUM TEMPERATURE (F)   46        26      1893


SUNRISE AND SUNSET
DECEMBER  5 2016......SUNRISE   632 AM CST   SUNSET   448 PM CST
DECEMBER  6 2016......SUNRISE   632 AM CST   SUNSET   448 PM CST


-  INDICATES NEGATIVE NUMBERS.
R  INDICATES RECORD WAS SET OR TIED.
MM INDICATES DATA IS MISSING.
T  INDICATES TRACE AMOUNT.




$$
