000
CDUS44 KMOB 190645
CLIPNS


CLIMATE REPORT
NATIONAL WEATHER SERVICE MOBILE AL
1245 AM CST SUN FEB 19 2017


...................................

...THE PENSACOLA CLIMATE SUMMARY FOR FEBRUARY 18 2017...

CLIMATE NORMAL PERIOD 1981 TO 2010
CLIMATE RECORD PERIOD 1879 TO 2017


WEATHER ITEM   OBSERVED TIME   RECORD YEAR NORMAL DEPARTURE LAST
                VALUE   (LST)  VALUE       VALUE  FROM      YEAR
                                                  NORMAL
..................................................................
TEMPERATURE (F)
 YESTERDAY
  MAXIMUM         72    400 PM  79    1956  64      8       69
  MINIMUM         57    255 AM  19    1900  46     11       46
  AVERAGE         65                        55     10       58

PRECIPITATION (IN)
  YESTERDAY        0.25          3.41 1988   0.18   0.07     0.00
  MONTH TO DATE    1.61                      3.22  -1.61     2.27
  SINCE MAR 1     69.31                     63.43   5.88    71.48
  SINCE JAN 1     13.34                      7.85   5.49     6.21

SNOWFALL (IN)
  YESTERDAY        0.0          MM      MM   0.0    0.0      0.0
  MONTH TO DATE    0.0                       0.0    0.0      0.0
  SINCE MAR 1      0.0                       0.0    0.0      0.0
  SINCE JUL 1      0.0                       0.0    0.0      0.0
  SNOW DEPTH       0

DEGREE DAYS
 HEATING
  YESTERDAY        0                        10    -10        7
  MONTH TO DATE   74                       208   -134      186
  SINCE DEC 1    457                      1007   -550      738
  SINCE JUL 1    526                      1219   -693      815

 COOLING
  YESTERDAY        0                         0      0        0
  MONTH TO DATE   25                         0     25       10
  SINCE DEC 1    136                        19    117       85
  SINCE JAN 1     89                         6     83       10
..................................................................


WIND (MPH)
  HIGHEST WIND SPEED    23   HIGHEST WIND DIRECTION    SE (120)
  HIGHEST GUST SPEED    29   HIGHEST GUST DIRECTION     E (110)
  AVERAGE WIND SPEED     5.4


SKY COVER
  POSSIBLE SUNSHINE  MM
  AVERAGE SKY COVER 0.4


WEATHER CONDITIONS
 THE FOLLOWING WEATHER WAS RECORDED YESTERDAY.
  HEAVY RAIN
  RAIN
  LIGHT RAIN
  FOG
  FOG W/VISIBILITY <= 1/4 MILE


RELATIVE HUMIDITY (PERCENT)
 HIGHEST    97          1000 PM
 LOWEST     68           300 PM
 AVERAGE    83

..........................................................


THE PENSACOLA CLIMATE NORMALS FOR TODAY
                         NORMAL    RECORD    YEAR
 MAXIMUM TEMPERATURE (F)   65        77      2011
 MINIMUM TEMPERATURE (F)   46        25      1958
                                             1928


SUNRISE AND SUNSET
FEBRUARY 19 2017......SUNRISE   625 AM CST   SUNSET   540 PM CST
FEBRUARY 20 2017......SUNRISE   624 AM CST   SUNSET   541 PM CST


-  INDICATES NEGATIVE NUMBERS.
R  INDICATES RECORD WAS SET OR TIED.
MM INDICATES DATA IS MISSING.
T  INDICATES TRACE AMOUNT.




$$
