000
CDUS41 KALY 220624
CLIPOU


CLIMATE REPORT
NATIONAL WEATHER SERVICE ALBANY NY
223 AM EDT FRI SEP 22 2017


...................................

...THE POUGHKEEPSIE NY CLIMATE SUMMARY FOR SEPTEMBER 21 2017...

CLIMATE NORMAL PERIOD 1981 TO 2010
CLIMATE RECORD PERIOD 1949 TO 2017


WEATHER ITEM   OBSERVED TIME   RECORD YEAR NORMAL DEPARTURE LAST
                VALUE   (LST)  VALUE       VALUE  FROM      YEAR
                                                  NORMAL
..................................................................
TEMPERATURE (F)
 YESTERDAY
  MAXIMUM         78    441 PM  89    1965  73      5       82
  MINIMUM         63   1159 PM  30    1962  49     14       54
  AVERAGE         71                        61     10       68

PRECIPITATION (IN)
  YESTERDAY        0.00          3.77 1966   0.14  -0.14     0.00
  MONTH TO DATE    1.56                      2.92  -1.36     0.46
  SINCE SEP 1      1.56                      2.92  -1.36     0.46
  SINCE JAN 1     30.66                     33.70  -3.04    22.78

DEGREE DAYS
 HEATING
  YESTERDAY        0                         5     -5        0
  MONTH TO DATE   65                        61      4       16
  SINCE SEP 1     65                        61      4       16
  SINCE JUL 1     85                        78      7       18

 COOLING
  YESTERDAY        6                         1      5        3
  MONTH TO DATE   64                        57      7      103
  SINCE SEP 1     64                        57      7      103
  SINCE JAN 1    638                       661    -23     1045
..................................................................


WIND (MPH)
  HIGHEST WIND SPEED    16   HIGHEST WIND DIRECTION     N (10)
  HIGHEST GUST SPEED    21   HIGHEST GUST DIRECTION     N (10)
  AVERAGE WIND SPEED     6.3


SKY COVER
  AVERAGE SKY COVER 0.0



RELATIVE HUMIDITY (PERCENT)
 HIGHEST    93           900 PM
 LOWEST     58          1100 AM
 AVERAGE    76

..........................................................


THE POUGHKEEPSIE NY CLIMATE NORMALS FOR TODAY
                         NORMAL    RECORD    YEAR
 MAXIMUM TEMPERATURE (F)   73        91      1980
 MINIMUM TEMPERATURE (F)   49        29      1962


SUNRISE AND SUNSET
SEPTEMBER 22 2017.....SUNRISE   643 AM EDT   SUNSET   652 PM EDT
SEPTEMBER 23 2017.....SUNRISE   644 AM EDT   SUNSET   651 PM EDT


-  INDICATES NEGATIVE NUMBERS.
R  INDICATES RECORD WAS SET OR TIED.
MM INDICATES DATA IS MISSING.
T  INDICATES TRACE AMOUNT.




RECORDS FOR KPOU DATE BACK TO 1949...
HOWEVER...DATA IS MISSING FROM JANUARY 1993 - JULY 2000.
$$
