000
CDUS41 KALY 290622
CLIPOU


CLIMATE REPORT
NATIONAL WEATHER SERVICE ALBANY NY
222 AM EDT WED JUL 29 2015


...................................

...THE POUGHKEEPSIE NY CLIMATE SUMMARY FOR JULY 28 2015...

CLIMATE NORMAL PERIOD 1981 TO 2010
CLIMATE RECORD PERIOD 1949 TO 2015


WEATHER ITEM   OBSERVED TIME   RECORD YEAR NORMAL DEPARTURE LAST
                VALUE   (LST)  VALUE       VALUE  FROM      YEAR
                                                  NORMAL
..................................................................
TEMPERATURE (F)
 YESTERDAY
  MAXIMUM         93    427 PM  96    1949  85      8       83
  MINIMUM         66    504 AM  47    1977  61      5       67
  AVERAGE         80                        73      7       75

PRECIPITATION (IN)
  YESTERDAY        0.00          2.01 1986   0.16  -0.16     0.05
  MONTH TO DATE    1.74                      4.14  -2.40     4.96
  SINCE JUN 1      5.87                      8.57  -2.70     7.25
  SINCE JAN 1     16.54                     26.07  -9.53    21.28

DEGREE DAYS
 HEATING
  YESTERDAY        0                         0      0        0
  MONTH TO DATE    0                         0      0        0
  SINCE JUN 1     46                        49     -3        7
  SINCE JUL 1      0                         0      0        0

 COOLING
  YESTERDAY       15                         8      7       10
  MONTH TO DATE  243                       216     27      255
  SINCE JUN 1    376                       343     33      393
  SINCE JAN 1    489                       379    110      426
..................................................................


WIND (MPH)
  HIGHEST WIND SPEED     9   HIGHEST WIND DIRECTION     N (360)
  HIGHEST GUST SPEED    12   HIGHEST GUST DIRECTION    NW (300)
  AVERAGE WIND SPEED     1.0


SKY COVER
  AVERAGE SKY COVER 0.3



RELATIVE HUMIDITY (PERCENT)
 HIGHEST    97           700 AM
 LOWEST     34           300 PM
 AVERAGE    66

..........................................................


THE POUGHKEEPSIE NY CLIMATE NORMALS FOR TODAY
                         NORMAL    RECORD    YEAR
 MAXIMUM TEMPERATURE (F)   85        95      1949
 MINIMUM TEMPERATURE (F)   61        49      1987


SUNRISE AND SUNSET
JULY 29 2015..........SUNRISE   547 AM EDT   SUNSET   817 PM EDT
JULY 30 2015..........SUNRISE   548 AM EDT   SUNSET   816 PM EDT


-  INDICATES NEGATIVE NUMBERS.
R  INDICATES RECORD WAS SET OR TIED.
MM INDICATES DATA IS MISSING.
T  INDICATES TRACE AMOUNT.




RECORDS FOR KPOU DATE BACK TO 1949...
HOWEVER...DATA IS MISSING FROM JANUARY 1993 - JULY 2000.
$$
