000
CDUS41 KALY 270626
CLIPOU


CLIMATE REPORT
NATIONAL WEATHER SERVICE ALBANY NY
226 AM EDT SAT MAY 27 2017


...................................

...THE POUGHKEEPSIE NY CLIMATE SUMMARY FOR MAY 26 2017...

CLIMATE NORMAL PERIOD 1981 TO 2010
CLIMATE RECORD PERIOD 1949 TO 2017


WEATHER ITEM   OBSERVED TIME   RECORD YEAR NORMAL DEPARTURE LAST
                VALUE   (LST)  VALUE       VALUE  FROM      YEAR
                                                  NORMAL
..................................................................
TEMPERATURE (F)
 YESTERDAY
  MAXIMUM         72    324 PM  95    2010  74     -2       90
                                      1965
  MINIMUM         53    646 AM  31    1949  50      3       58
  AVERAGE         63                        62      1       74

PRECIPITATION (IN)
  YESTERDAY        0.31          1.49 1983   0.16   0.15     0.00
  MONTH TO DATE    2.16                      3.63  -1.47     2.76
  SINCE MAR 1      9.85                     10.98  -1.13     6.03
  SINCE JAN 1     14.72                     16.72  -2.00    11.71

DEGREE DAYS
 HEATING
  YESTERDAY        2                         5     -3        0
  MONTH TO DATE  242                       202     40      184
  SINCE MAR 1   1604                      1570     34     1237
  SINCE JUL 1   5646                      6141   -495     4769

 COOLING
  YESTERDAY        0                         2     -2        9
  MONTH TO DATE   29                        22      7       14
  SINCE MAR 1     46                        27     19       18
  SINCE JAN 1     46                        27     19       18
..................................................................


WIND (MPH)
  HIGHEST WIND SPEED    17   HIGHEST WIND DIRECTION     W (270)
  HIGHEST GUST SPEED    28   HIGHEST GUST DIRECTION     W (250)
  AVERAGE WIND SPEED     4.6


SKY COVER
  AVERAGE SKY COVER 1.0



RELATIVE HUMIDITY (PERCENT)
 HIGHEST    93           300 AM
 LOWEST     53           300 PM
 AVERAGE    73

..........................................................


THE POUGHKEEPSIE NY CLIMATE NORMALS FOR TODAY
                         NORMAL    RECORD    YEAR
 MAXIMUM TEMPERATURE (F)   74        91      1965
                                             1933
 MINIMUM TEMPERATURE (F)   50        35      1969
                                             1968


SUNRISE AND SUNSET
MAY 27 2017...........SUNRISE   526 AM EDT   SUNSET   820 PM EDT
MAY 28 2017...........SUNRISE   526 AM EDT   SUNSET   820 PM EDT


-  INDICATES NEGATIVE NUMBERS.
R  INDICATES RECORD WAS SET OR TIED.
MM INDICATES DATA IS MISSING.
T  INDICATES TRACE AMOUNT.




RECORDS FOR KPOU DATE BACK TO 1949...
HOWEVER...DATA IS MISSING FROM JANUARY 1993 - JULY 2000.
$$
