000
CDUS41 KALY 240621
CLIPOU


CLIMATE REPORT
NATIONAL WEATHER SERVICE ALBANY NY
220 AM EDT MON JUL 24 2017


...................................

...THE POUGHKEEPSIE NY CLIMATE SUMMARY FOR JULY 23 2017...

CLIMATE NORMAL PERIOD 1981 TO 2010
CLIMATE RECORD PERIOD 1949 TO 2017


WEATHER ITEM   OBSERVED TIME   RECORD YEAR NORMAL DEPARTURE LAST
                VALUE   (LST)  VALUE       VALUE  FROM      YEAR
                                                  NORMAL
..................................................................
TEMPERATURE (F)
 YESTERDAY
  MAXIMUM         81    146 PM  98    1955  85     -4       96
  MINIMUM         69    600 AM  48    1977  61      8       69
  AVERAGE         75                        73      2       83

PRECIPITATION (IN)
  YESTERDAY        T             2.08 2004   0.16  -0.16     0.00
  MONTH TO DATE    2.39                      3.33  -0.94     2.84
  SINCE JUN 1      5.77                      7.76  -1.99     4.87
  SINCE JAN 1     22.33                     25.26  -2.93    17.03

DEGREE DAYS
 HEATING
  YESTERDAY        0                         0      0        0
  MONTH TO DATE    0                         0      0        0
  SINCE JUN 1     50                        49      1        8
  SINCE JUL 1      0                         0      0        0

 COOLING
  YESTERDAY       10                         8      2       18
  MONTH TO DATE  212                       176     36      254
  SINCE JUN 1    351                       303     48      425
  SINCE JAN 1    399                       339     60      506
..................................................................


WIND (MPH)
  HIGHEST WIND SPEED    10   HIGHEST WIND DIRECTION     N (360)
  HIGHEST GUST SPEED    13   HIGHEST GUST DIRECTION    SE (130)
  AVERAGE WIND SPEED     5.2


SKY COVER
  AVERAGE SKY COVER 0.8



RELATIVE HUMIDITY (PERCENT)
 HIGHEST    84          1200 AM
 LOWEST     58           200 PM
 AVERAGE    71

..........................................................


THE POUGHKEEPSIE NY CLIMATE NORMALS FOR TODAY
                         NORMAL    RECORD    YEAR
 MAXIMUM TEMPERATURE (F)   85        96      2001
 MINIMUM TEMPERATURE (F)   61        48      1985


SUNRISE AND SUNSET
JULY 24 2017..........SUNRISE   542 AM EDT   SUNSET   821 PM EDT
JULY 25 2017..........SUNRISE   543 AM EDT   SUNSET   820 PM EDT


-  INDICATES NEGATIVE NUMBERS.
R  INDICATES RECORD WAS SET OR TIED.
MM INDICATES DATA IS MISSING.
T  INDICATES TRACE AMOUNT.




RECORDS FOR KPOU DATE BACK TO 1949...
HOWEVER...DATA IS MISSING FROM JANUARY 1993 - JULY 2000.
$$
