000
CDUS46 KLOX 280903
CLIPRB


CLIMATE REPORT
NATIONAL WEATHER SERVICE LOS ANGELES/OXNARD CA
203 AM PDT SAT MAY 28 2016


...................................

...THE PASO ROBLES AIRPORT CA CLIMATE SUMMARY FOR MAY 27 2016...

CLIMATE NORMAL PERIOD 1981 TO 2010
CLIMATE RECORD PERIOD 1948 TO 2016


WEATHER ITEM   OBSERVED TIME   RECORD YEAR NORMAL DEPARTURE LAST
                VALUE   (LST)  VALUE       VALUE  FROM      YEAR
                                                  NORMAL
..................................................................
TEMPERATURE (F)
 YESTERDAY
  MAXIMUM         90    251 PM  99    2003  83      7       84
  MINIMUM         49    402 AM  38    1980  48      1       51
  AVERAGE         70                        65      5       68

PRECIPITATION (IN)
  YESTERDAY        0.00          0.26 1990   0.01  -0.01     0.00
  MONTH TO DATE    T                         0.25  -0.25     0.15
  SINCE OCT 1      8.06                     12.42  -4.36     8.63
  SINCE JAN 1      6.00                      8.76  -2.76     2.91

SNOWFALL (IN)
  YESTERDAY        0.0
  MONTH TO DATE    0.0
  SINCE MAR 1      0.0
  SINCE JUL 1      0.0

DEGREE DAYS
 HEATING
  YESTERDAY        0                         2     -2        0
  MONTH TO DATE   69                       100    -31      115
  SINCE MAR 1    471                       719   -248      443
  SINCE JUL 1   2258                      2812   -554     1803

 COOLING
  YESTERDAY        5                         3      2        3
  MONTH TO DATE   34                        47    -13       11
  SINCE MAR 1     39                        56    -17       51
  SINCE JAN 1     39                        56    -17       51
..................................................................


WIND (MPH)
  HIGHEST WIND SPEED    17   HIGHEST WIND DIRECTION    SW (240)
  HIGHEST GUST SPEED    20   HIGHEST GUST DIRECTION    SW (230)
  AVERAGE WIND SPEED     5.2


SKY COVER
  POSSIBLE SUNSHINE  MM
  AVERAGE SKY COVER 0.2


WEATHER CONDITIONS
 THE FOLLOWING WEATHER WAS RECORDED YESTERDAY.
  HAZE


RELATIVE HUMIDITY (PERCENT)
 HIGHEST    93           400 AM
 LOWEST     21           300 PM
 AVERAGE    57

..........................................................


THE PASO ROBLES AIRPORT CA CLIMATE NORMALS FOR TODAY
                         NORMAL    RECORD    YEAR
 MAXIMUM TEMPERATURE (F)   83       101      2000
                                             1973
 MINIMUM TEMPERATURE (F)   48        39      2008


SUNRISE AND SUNSET
MAY 28 2016...........SUNRISE   549 AM PDT   SUNSET   811 PM PDT
MAY 29 2016...........SUNRISE   549 AM PDT   SUNSET   811 PM PDT


-  INDICATES NEGATIVE NUMBERS.
R  INDICATES RECORD WAS SET OR TIED.
MM INDICATES DATA IS MISSING.
T  INDICATES TRACE AMOUNT.




$$
