000
CDUS46 KLOX 160912
CLIPRB


CLIMATE REPORT
NATIONAL WEATHER SERVICE LOS ANGELES/OXNARD CA
111 AM PST SAT DEC 16 2017


...................................

...THE PASO ROBLES AIRPORT CA CLIMATE SUMMARY FOR DECEMBER 15 2017...

CLIMATE NORMAL PERIOD 1981 TO 2010
CLIMATE RECORD PERIOD 1948 TO 2017


WEATHER ITEM   OBSERVED TIME   RECORD YEAR NORMAL DEPARTURE LAST
                VALUE   (LST)  VALUE       VALUE  FROM      YEAR
                                                  NORMAL
..................................................................
TEMPERATURE (F)
 YESTERDAY
  MAXIMUM         74R   309 PM  73    1958  59     15       57
  MINIMUM         25    629 AM  18    1975  33     -8       50
  AVERAGE         50                        46      4       54

PRECIPITATION (IN)
  YESTERDAY        0.00          1.22 1957   0.06  -0.06     0.72
  MONTH TO DATE    0.00                      0.80  -0.80     0.75
  SINCE OCT 1      0.25                      2.45  -2.20     3.40
  SINCE JAN 1     12.74                     11.57   1.17     9.40

SNOWFALL (IN)
  YESTERDAY        0.0
  MONTH TO DATE    0.0
  SINCE DEC 1      0.0
  SINCE JUL 1      0.0

DEGREE DAYS
 HEATING
  YESTERDAY       15                        19     -4       11
  MONTH TO DATE  244                       272    -28      197
  SINCE DEC 1    244                       272    -28      197
  SINCE JUL 1    621                       821   -200      581

 COOLING
  YESTERDAY        0                         0      0        0
  MONTH TO DATE    0                         0      0        0
  SINCE DEC 1      0                         0      0        0
  SINCE JAN 1   1370                       927    443     1073
..................................................................


WIND (MPH)
  HIGHEST WIND SPEED    MM   HIGHEST WIND DIRECTION    MM
  HIGHEST GUST SPEED    MM   HIGHEST GUST DIRECTION    MM
  AVERAGE WIND SPEED     3.6


SKY COVER
  POSSIBLE SUNSHINE  MM
  AVERAGE SKY COVER 0.0


WEATHER CONDITIONS
 THE FOLLOWING WEATHER WAS RECORDED YESTERDAY.
  HAZE


RELATIVE HUMIDITY (PERCENT)
 HIGHEST    69           400 AM
 LOWEST     12           300 PM
 AVERAGE    41

..........................................................


THE PASO ROBLES AIRPORT CA CLIMATE NORMALS FOR TODAY
                         NORMAL    RECORD    YEAR
 MAXIMUM TEMPERATURE (F)   59        77      1958
 MINIMUM TEMPERATURE (F)   33        20      1975


SUNRISE AND SUNSET
DECEMBER 16 2017......SUNRISE   706 AM PST   SUNSET   451 PM PST
DECEMBER 17 2017......SUNRISE   706 AM PST   SUNSET   451 PM PST


-  INDICATES NEGATIVE NUMBERS.
R  INDICATES RECORD WAS SET OR TIED.
MM INDICATES DATA IS MISSING.
T  INDICATES TRACE AMOUNT.




$$
