000
CDUS46 KLOX 180900
CLIPRB


CLIMATE REPORT
NATIONAL WEATHER SERVICE LOS ANGELES/OXNARD CA
200 AM PDT WED OCT 18 2017


...................................

...THE PASO ROBLES AIRPORT CA CLIMATE SUMMARY FOR OCTOBER 17 2017...

CLIMATE NORMAL PERIOD 1981 TO 2010
CLIMATE RECORD PERIOD 1948 TO 2017


WEATHER ITEM   OBSERVED TIME   RECORD YEAR NORMAL DEPARTURE LAST
                VALUE   (LST)  VALUE       VALUE  FROM      YEAR
                                                  NORMAL
..................................................................
TEMPERATURE (F)
 YESTERDAY
  MAXIMUM         88    131 PM  99    1988  79      9       74
  MINIMUM         47    555 AM  32    1981  44      3       54
  AVERAGE         68                        62      6       64

PRECIPITATION (IN)
  YESTERDAY        0.00          0.51 2004   0.02  -0.02     0.00
  MONTH TO DATE    0.00                      0.25  -0.25     0.15
  SINCE OCT 1      0.00                      0.25  -0.25     0.15
  SINCE JAN 1     12.49                      9.37   3.12     6.15

SNOWFALL (IN)
  YESTERDAY        0.0
  MONTH TO DATE    0.0
  SINCE SEP 1      0.0
  SINCE JUL 1      0.0

DEGREE DAYS
 HEATING
  YESTERDAY        0                         4     -4        1
  MONTH TO DATE   54                        52      2       53
  SINCE SEP 1     70                        76     -6       71
  SINCE JUL 1     71                        84    -13       71

 COOLING
  YESTERDAY        3                         1      2        0
  MONTH TO DATE   11                        31    -20       10
  SINCE SEP 1    235                       189     46      174
  SINCE JAN 1   1335                       922    413     1063
..................................................................


WIND (MPH)
  HIGHEST WIND SPEED    15   HIGHEST WIND DIRECTION    NW (330)
  HIGHEST GUST SPEED    20   HIGHEST GUST DIRECTION    NW (320)
  AVERAGE WIND SPEED     4.3


SKY COVER
  POSSIBLE SUNSHINE  MM
  AVERAGE SKY COVER 0.2


WEATHER CONDITIONS
 THE FOLLOWING WEATHER WAS RECORDED YESTERDAY.
  NO SIGNIFICANT WEATHER WAS OBSERVED.


RELATIVE HUMIDITY (PERCENT)
 HIGHEST    54           700 AM
 LOWEST     10           400 PM
 AVERAGE    32

..........................................................


THE PASO ROBLES AIRPORT CA CLIMATE NORMALS FOR TODAY
                         NORMAL    RECORD    YEAR
 MAXIMUM TEMPERATURE (F)   78        95      1991
 MINIMUM TEMPERATURE (F)   44        28      1949


SUNRISE AND SUNSET
OCTOBER 18 2017.......SUNRISE   712 AM PDT   SUNSET   623 PM PDT
OCTOBER 19 2017.......SUNRISE   713 AM PDT   SUNSET   621 PM PDT


-  INDICATES NEGATIVE NUMBERS.
R  INDICATES RECORD WAS SET OR TIED.
MM INDICATES DATA IS MISSING.
T  INDICATES TRACE AMOUNT.




$$
