000
CDUS46 KLOX 230114
CLIPRB


CLIMATE REPORT
NATIONAL WEATHER SERVICE LOS ANGELES/OXNARD CA
614 PM PDT MON MAY 22 2017


...................................

...THE PASO ROBLES AIRPORT CA CLIMATE SUMMARY FOR MAY 22 2017...
VALID TODAY AS OF 0600 PM LOCAL TIME.

CLIMATE NORMAL PERIOD 1981 TO 2010
CLIMATE RECORD PERIOD 1948 TO 2017


WEATHER ITEM   OBSERVED TIME   RECORD YEAR NORMAL DEPARTURE LAST
                VALUE   (LST)  VALUE       VALUE  FROM      YEAR
                                                  NORMAL
..................................................................
TEMPERATURE (F)
 TODAY
  MAXIMUM         99    124 PM 108    2000  82     17       74
  MINIMUM         50    515 AM  37    1989  47      3       41
  AVERAGE         75                        64     11       58

PRECIPITATION (IN)
  TODAY            T             0.37 1958   0.00   0.00     0.00
  MONTH TO DATE    0.18                      0.22  -0.04      T
  SINCE OCT 1     16.14                     12.39   3.75     8.06
  SINCE JAN 1     12.46                      8.73   3.73     6.00

SNOWFALL (IN)
  TODAY            0.0
  MONTH TO DATE    0.0
  SINCE MAR 1      0.0
  SINCE JUL 1      0.0

DEGREE DAYS
 HEATING
  TODAY            0                         3     -3        7
  MONTH TO DATE   61                        88    -27       59
  SINCE MAR 1    512                       707   -195      461
  SINCE JUL 1   2313                      2800   -487     2248

 COOLING
  TODAY           10                         2      8        0
  MONTH TO DATE   61                        34     27       28
  SINCE MAR 1     62                        43     19       33
  SINCE JAN 1     62                        43     19       33
..................................................................


WIND (MPH)
  HIGHEST WIND SPEED    23   HIGHEST WIND DIRECTION     S (200)
  HIGHEST GUST SPEED    26   HIGHEST GUST DIRECTION    SW (210)
  AVERAGE WIND SPEED     3.7


SKY COVER
  POSSIBLE SUNSHINE  MM
  AVERAGE SKY COVER 0.0


WEATHER CONDITIONS
 THE FOLLOWING WEATHER WAS RECORDED TODAY.
  LIGHT RAIN


RELATIVE HUMIDITY (PERCENT)
 HIGHEST    77           300 AM
 LOWEST     14          1200 PM
 AVERAGE    46

..........................................................


THE PASO ROBLES AIRPORT CA CLIMATE NORMALS FOR TOMORROW
                         NORMAL    RECORD    YEAR
 MAXIMUM TEMPERATURE (F)   82       103      2000
 MINIMUM TEMPERATURE (F)   47        36      1960


SUNRISE AND SUNSET
MAY 22 2017...........SUNRISE   552 AM PDT   SUNSET   806 PM PDT
MAY 23 2017...........SUNRISE   552 AM PDT   SUNSET   807 PM PDT


-  INDICATES NEGATIVE NUMBERS.
R  INDICATES RECORD WAS SET OR TIED.
MM INDICATES DATA IS MISSING.
T  INDICATES TRACE AMOUNT.




$$
