690
CDUS46 KLOX 261311
CLIPRB


CLIMATE REPORT
NATIONAL WEATHER SERVICE LOS ANGELES/OXNARD CA
611 AM PDT MON SEP 26 2016


...................................

...THE PASO ROBLES AIRPORT CA CLIMATE SUMMARY FOR SEPTEMBER 25 2016...

CLIMATE NORMAL PERIOD 1981 TO 2010
CLIMATE RECORD PERIOD 1948 TO 2016


WEATHER ITEM   OBSERVED TIME   RECORD YEAR NORMAL DEPARTURE LAST
                VALUE   (LST)  VALUE       VALUE  FROM      YEAR
                                                  NORMAL
..................................................................
TEMPERATURE (F)
 YESTERDAY
  MAXIMUM         98    238 PM 105    2009  86     12       99
  MINIMUM         51    617 AM  34    1948  49      2       57
  AVERAGE         75                        68      7       78

PRECIPITATION (IN)
  YESTERDAY        0.00          0.69 1982   0.01  -0.01     0.00
  MONTH TO DATE    0.00                      0.15  -0.15     0.05
  SINCE OCT 1      8.06                     12.71  -4.65    11.03
  SINCE JAN 1      6.00                      9.05  -3.05     5.31

SNOWFALL (IN)
  YESTERDAY        0.0
  MONTH TO DATE    0.0
  SINCE SEP 1      0.0
  SINCE JUL 1      0.0

DEGREE DAYS
 HEATING
  YESTERDAY        0                         1     -1        0
  MONTH TO DATE   18                        13      5        4
  SINCE SEP 1     18                        13      5        4
  SINCE JUL 1     18                        21     -3        4

 COOLING
  YESTERDAY       10                         4      6       13
  MONTH TO DATE  126                       141    -15      208
  SINCE SEP 1    126                       141    -15      208
  SINCE JAN 1   1015                       874    141     1147
..................................................................


WIND (MPH)
  HIGHEST WIND SPEED    16   HIGHEST WIND DIRECTION    SW (230)
  HIGHEST GUST SPEED    MM   HIGHEST GUST DIRECTION    MM
  AVERAGE WIND SPEED     2.7


SKY COVER
  POSSIBLE SUNSHINE  MM
  AVERAGE SKY COVER 0.0


WEATHER CONDITIONS
 THE FOLLOWING WEATHER WAS RECORDED YESTERDAY.
  NO SIGNIFICANT WEATHER WAS OBSERVED.


RELATIVE HUMIDITY (PERCENT)
 HIGHEST    68           600 AM
 LOWEST      8           200 PM
 AVERAGE    38

..........................................................


THE PASO ROBLES AIRPORT CA CLIMATE NORMALS FOR TODAY
                         NORMAL    RECORD    YEAR
 MAXIMUM TEMPERATURE (F)   86       107      2009
 MINIMUM TEMPERATURE (F)   49        34      1948


SUNRISE AND SUNSET
SEPTEMBER 26 2016.....SUNRISE   654 AM PDT   SUNSET   653 PM PDT
SEPTEMBER 27 2016.....SUNRISE   655 AM PDT   SUNSET   651 PM PDT


-  INDICATES NEGATIVE NUMBERS.
R  INDICATES RECORD WAS SET OR TIED.
MM INDICATES DATA IS MISSING.
T  INDICATES TRACE AMOUNT.




$$
