000
CDUS46 KLOX 190948
CLIPRB


CLIMATE REPORT
NATIONAL WEATHER SERVICE LOS ANGELES/OXNARD CA
147 AM PST SUN FEB 19 2017


...................................

...THE PASO ROBLES AIRPORT CA CLIMATE SUMMARY FOR FEBRUARY 18 2017...

CLIMATE NORMAL PERIOD 1981 TO 2010
CLIMATE RECORD PERIOD 1948 TO 2017


WEATHER ITEM   OBSERVED TIME   RECORD YEAR NORMAL DEPARTURE LAST
                VALUE   (LST)  VALUE       VALUE  FROM      YEAR
                                                  NORMAL
..................................................................
TEMPERATURE (F)
 YESTERDAY
  MAXIMUM         MM        MM  80    1977  62     MM       63
  MINIMUM         MM        MM  26    1952  39     MM       40
  AVERAGE         MM                        51     MM       52

PRECIPITATION (IN)
  YESTERDAY        0.07          1.67 1993   0.09  -0.02     0.06
  MONTH TO DATE    3.53                      1.60   1.93     0.32
  SINCE OCT 1     14.12                      8.01   6.11     5.87
  SINCE JAN 1     10.44                      4.35   6.09     3.81

SNOWFALL (IN)
  YESTERDAY       MM
  MONTH TO DATE    0.0
  SINCE DEC 1      0.0
  SINCE JUL 1      0.0

DEGREE DAYS
 HEATING
  YESTERDAY       MM                        14     MM       13
  MONTH TO DATE  182                       280    -98      213
  SINCE DEC 1   1233                      1407   -174     1242
  SINCE JUL 1   1617                      1956   -339     1678

 COOLING
  YESTERDAY       MM                         0     MM        0
  MONTH TO DATE    0                         0      0        0
  SINCE DEC 1      0                         0      0        0
  SINCE JAN 1      0                         0      0        0
..................................................................


WIND (MPH)
  HIGHEST WIND SPEED    18   HIGHEST WIND DIRECTION    NW (330)
  HIGHEST GUST SPEED    22   HIGHEST GUST DIRECTION    NW (300)
  AVERAGE WIND SPEED     9.6


SKY COVER
  POSSIBLE SUNSHINE  MM
  AVERAGE SKY COVER 0.7


WEATHER CONDITIONS
 THE FOLLOWING WEATHER WAS RECORDED YESTERDAY.
  RAIN
  LIGHT RAIN


RELATIVE HUMIDITY (PERCENT)
 HIGHEST   100          1200 AM
 LOWEST     83          1000 AM
 AVERAGE    92

..........................................................


THE PASO ROBLES AIRPORT CA CLIMATE NORMALS FOR TODAY
                         NORMAL    RECORD    YEAR
 MAXIMUM TEMPERATURE (F)   63        78      1991
 MINIMUM TEMPERATURE (F)   39        25      1988


SUNRISE AND SUNSET
FEBRUARY 19 2017......SUNRISE   644 AM PST   SUNSET   549 PM PST
FEBRUARY 20 2017......SUNRISE   643 AM PST   SUNSET   550 PM PST


-  INDICATES NEGATIVE NUMBERS.
R  INDICATES RECORD WAS SET OR TIED.
MM INDICATES DATA IS MISSING.
T  INDICATES TRACE AMOUNT.




$$
