000
CDUS46 KLOX 030856
CLIPRB


CLIMATE REPORT
NATIONAL WEATHER SERVICE LOS ANGELES/OXNARD CA
1256 AM PST TUE MAR 3 2015


...................................

...THE PASO ROBLES AIRPORT CA CLIMATE SUMMARY FOR MARCH 2 2015...

CLIMATE NORMAL PERIOD 1981 TO 2010
CLIMATE RECORD PERIOD 1948 TO 2015


WEATHER ITEM   OBSERVED TIME   RECORD YEAR NORMAL DEPARTURE LAST
                VALUE   (LST)  VALUE       VALUE  FROM      YEAR
                                                  NORMAL
..................................................................
TEMPERATURE (F)
 YESTERDAY
  MAXIMUM         61    234 PM  80    2013  64     -3       57
  MINIMUM         37    339 AM  20    1971  40     -3       47
  AVERAGE         49                        52     -3       52

PRECIPITATION (IN)
  YESTERDAY        0.00          0.84 1983   0.10  -0.10     0.05
  MONTH TO DATE    0.02                      0.20  -0.18     0.77
  SINCE OCT 1      8.05                      9.20  -1.15     3.89
  SINCE JAN 1      2.33                      5.54  -3.21     3.43

SNOWFALL (IN)
  YESTERDAY        0.0
  MONTH TO DATE    0.0
  SINCE MAR 1      0.0
  SINCE JUL 1      0.0

DEGREE DAYS
 HEATING
  YESTERDAY       16                        13      3       13
  MONTH TO DATE   32                        26      6       22
  SINCE MAR 1     32                        26      6       22
  SINCE JUL 1   1392                      2119   -727     1727

 COOLING
  YESTERDAY        0                         0      0        0
  MONTH TO DATE    0                         0      0        0
  SINCE MAR 1      0                         0      0        0
  SINCE JAN 1      0                         0      0        0
..................................................................


WIND (MPH)
  HIGHEST WIND SPEED    17   HIGHEST WIND DIRECTION     S (190)
  HIGHEST GUST SPEED    21   HIGHEST GUST DIRECTION     S (200)
  AVERAGE WIND SPEED     5.8


SKY COVER
  POSSIBLE SUNSHINE  MM
  AVERAGE SKY COVER 0.3


WEATHER CONDITIONS
 THE FOLLOWING WEATHER WAS RECORDED YESTERDAY.
  FOG
  FOG W/VISIBILITY <= 1/4 MILE


RELATIVE HUMIDITY (PERCENT)
 HIGHEST    93           100 AM
 LOWEST     44           300 PM
 AVERAGE    69

..........................................................


THE PASO ROBLES AIRPORT CA CLIMATE NORMALS FOR TODAY
                         NORMAL    RECORD    YEAR
 MAXIMUM TEMPERATURE (F)   65        82      1994
 MINIMUM TEMPERATURE (F)   40        22      1971


SUNRISE AND SUNSET
MARCH  3 2015.........SUNRISE   630 AM PST   SUNSET   559 PM PST
MARCH  4 2015.........SUNRISE   629 AM PST   SUNSET   600 PM PST


-  INDICATES NEGATIVE NUMBERS.
R  INDICATES RECORD WAS SET OR TIED.
MM INDICATES DATA IS MISSING.
T  INDICATES TRACE AMOUNT.




$$
