000
CDUS46 KLOX 310856
CLIPRB


CLIMATE REPORT
NATIONAL WEATHER SERVICE LOS ANGELES/OXNARD CA
156 AM PDT FRI JUL 31 2015


...................................

...THE PASO ROBLES AIRPORT CA CLIMATE SUMMARY FOR JULY 30 2015...

CLIMATE NORMAL PERIOD 1981 TO 2010
CLIMATE RECORD PERIOD 1948 TO 2015


WEATHER ITEM   OBSERVED TIME   RECORD YEAR NORMAL DEPARTURE LAST
                VALUE   (LST)  VALUE       VALUE  FROM      YEAR
                                                  NORMAL
..................................................................
TEMPERATURE (F)
 YESTERDAY
  MAXIMUM        102    138 PM 109    2000  94      8      104
  MINIMUM         61    524 AM  43    1975  54      7       65
  AVERAGE         82                        74      8       85

PRECIPITATION (IN)
  YESTERDAY        0.00          0.17 1966   0.00   0.00     0.00
  MONTH TO DATE    2.17                      0.00   2.17      T
  SINCE OCT 1     10.98                     12.45  -1.47     4.92
  SINCE JAN 1      5.26                      8.79  -3.53     4.46

SNOWFALL (IN)
  YESTERDAY        0.0
  MONTH TO DATE    0.0
  SINCE JUN 1      0.0
  SINCE JUL 1      0.0

DEGREE DAYS
 HEATING
  YESTERDAY        0                         0      0        0
  MONTH TO DATE    0                         0      0        0
  SINCE JUN 1      8                        27    -19       11
  SINCE JUL 1      0                         0      0        0

 COOLING
  YESTERDAY       17                         9      8       20
  MONTH TO DATE  270                       256     14      343
  SINCE JUN 1    533                       399    134      556
  SINCE JAN 1    604                       467    137      709
..................................................................


WIND (MPH)
  HIGHEST WIND SPEED    23   HIGHEST WIND DIRECTION     S (190)
  HIGHEST GUST SPEED    28   HIGHEST GUST DIRECTION     S (180)
  AVERAGE WIND SPEED     7.2


SKY COVER
  POSSIBLE SUNSHINE  MM
  AVERAGE SKY COVER 0.0


WEATHER CONDITIONS
 THE FOLLOWING WEATHER WAS RECORDED YESTERDAY.
  NO SIGNIFICANT WEATHER WAS OBSERVED.


RELATIVE HUMIDITY (PERCENT)
 HIGHEST    84           300 AM
 LOWEST     16           100 PM
 AVERAGE    50

..........................................................


THE PASO ROBLES AIRPORT CA CLIMATE NORMALS FOR TODAY
                         NORMAL    RECORD    YEAR
 MAXIMUM TEMPERATURE (F)   94       111      1996
 MINIMUM TEMPERATURE (F)   54        44      1975


SUNRISE AND SUNSET
JULY 31 2015..........SUNRISE   610 AM PDT   SUNSET   808 PM PDT
AUGUST  1 2015........SUNRISE   610 AM PDT   SUNSET   807 PM PDT


-  INDICATES NEGATIVE NUMBERS.
R  INDICATES RECORD WAS SET OR TIED.
MM INDICATES DATA IS MISSING.
T  INDICATES TRACE AMOUNT.




$$
