000
CDUS46 KLOX 130912
CLIPRB


CLIMATE REPORT
NATIONAL WEATHER SERVICE LOS ANGELES/OXNARD CA
112 AM PST SAT FEB 13 2016


...................................

...THE PASO ROBLES AIRPORT CA CLIMATE SUMMARY FOR FEBRUARY 12 2016...

CLIMATE NORMAL PERIOD 1981 TO 2010
CLIMATE RECORD PERIOD 1948 TO 2016


WEATHER ITEM   OBSERVED TIME   RECORD YEAR NORMAL DEPARTURE LAST
                VALUE   (LST)  VALUE       VALUE  FROM      YEAR
                                                  NORMAL
..................................................................
TEMPERATURE (F)
 YESTERDAY
  MAXIMUM         75    257 PM  79    1971  62     13       77
  MINIMUM         40    711 AM  23    1965  38      2       41
  AVERAGE         58                        50      8       59

PRECIPITATION (IN)
  YESTERDAY        0.00          1.73 1986   0.08  -0.08     0.00
  MONTH TO DATE    0.00                      1.06  -1.06     1.71
  SINCE OCT 1      5.55                      7.47  -1.92     7.67
  SINCE JAN 1      3.49                      3.81  -0.32     1.95

SNOWFALL (IN)
  YESTERDAY        0.0
  MONTH TO DATE    0.0
  SINCE DEC 1      0.0
  SINCE JUL 1      0.0

DEGREE DAYS
 HEATING
  YESTERDAY        7                        15     -8        6
  MONTH TO DATE  164                       191    -27       98
  SINCE DEC 1   1193                      1318   -125      925
  SINCE JUL 1   1629                      1867   -238     1204

 COOLING
  YESTERDAY        0                         0      0        0
  MONTH TO DATE    0                         0      0        0
  SINCE DEC 1      0                         0      0        0
  SINCE JAN 1      0                         0      0        0
..................................................................


WIND (MPH)
  HIGHEST WIND SPEED    14   HIGHEST WIND DIRECTION     E (110)
  HIGHEST GUST SPEED    18   HIGHEST GUST DIRECTION    SE (120)
  AVERAGE WIND SPEED     3.7


SKY COVER
  POSSIBLE SUNSHINE  MM
  AVERAGE SKY COVER 0.0


WEATHER CONDITIONS
 THE FOLLOWING WEATHER WAS RECORDED YESTERDAY.
  FOG


RELATIVE HUMIDITY (PERCENT)
 HIGHEST   100           700 AM
 LOWEST     47           100 PM
 AVERAGE    74

..........................................................


THE PASO ROBLES AIRPORT CA CLIMATE NORMALS FOR TODAY
                         NORMAL    RECORD    YEAR
 MAXIMUM TEMPERATURE (F)   62        78      2015
                                             1991
 MINIMUM TEMPERATURE (F)   38        22      1949


SUNRISE AND SUNSET
FEBRUARY 13 2016......SUNRISE   652 AM PST   SUNSET   542 PM PST
FEBRUARY 14 2016......SUNRISE   651 AM PST   SUNSET   543 PM PST


-  INDICATES NEGATIVE NUMBERS.
R  INDICATES RECORD WAS SET OR TIED.
MM INDICATES DATA IS MISSING.
T  INDICATES TRACE AMOUNT.




$$
