000
CDUS46 KLOX 270856
CLIPRB


CLIMATE REPORT
NATIONAL WEATHER SERVICE LOS ANGELES/OXNARD CA
156 AM PDT WED MAY 27 2015


...................................

...THE PASO ROBLES AIRPORT CA CLIMATE SUMMARY FOR MAY 26 2015...

CLIMATE NORMAL PERIOD 1981 TO 2010
CLIMATE RECORD PERIOD 1948 TO 2015


WEATHER ITEM   OBSERVED TIME   RECORD YEAR NORMAL DEPARTURE LAST
                VALUE   (LST)  VALUE       VALUE  FROM      YEAR
                                                  NORMAL
..................................................................
TEMPERATURE (F)
 YESTERDAY
  MAXIMUM         75    223 PM 103    1974  83     -8      101
  MINIMUM         50    122 AM  36    1980  48      2       53
  AVERAGE         63                        65     -2       77

PRECIPITATION (IN)
  YESTERDAY        0.00          0.02 2010   0.00   0.00     0.00
  MONTH TO DATE    0.15                      0.24  -0.09      T
  SINCE OCT 1      8.63                     12.41  -3.78     4.92
  SINCE JAN 1      2.91                      8.75  -5.84     4.46

SNOWFALL (IN)
  YESTERDAY        0.0
  MONTH TO DATE    0.0
  SINCE MAR 1      0.0
  SINCE JUL 1      0.0

DEGREE DAYS
 HEATING
  YESTERDAY        2                         2      0        0
  MONTH TO DATE  115                        98     17       31
  SINCE MAR 1    443                       717   -274      401
  SINCE JUL 1   1803                      2810  -1007     2106

 COOLING
  YESTERDAY        0                         3     -3       12
  MONTH TO DATE    8                        44    -36      109
  SINCE MAR 1     48                        53     -5      127
  SINCE JAN 1     48                        53     -5      127
..................................................................


WIND (MPH)
  HIGHEST WIND SPEED    26   HIGHEST WIND DIRECTION     S (200)
  HIGHEST GUST SPEED    31   HIGHEST GUST DIRECTION     S (200)
  AVERAGE WIND SPEED     8.7


SKY COVER
  POSSIBLE SUNSHINE  MM
  AVERAGE SKY COVER 0.4


WEATHER CONDITIONS
 THE FOLLOWING WEATHER WAS RECORDED YESTERDAY.
  NO SIGNIFICANT WEATHER WAS OBSERVED.


RELATIVE HUMIDITY (PERCENT)
 HIGHEST    89          1200 AM
 LOWEST     44           200 PM
 AVERAGE    67

..........................................................


THE PASO ROBLES AIRPORT CA CLIMATE NORMALS FOR TODAY
                         NORMAL    RECORD    YEAR
 MAXIMUM TEMPERATURE (F)   83        99      2003
 MINIMUM TEMPERATURE (F)   48        38      1980


SUNRISE AND SUNSET
MAY 27 2015...........SUNRISE   550 AM PDT   SUNSET   810 PM PDT
MAY 28 2015...........SUNRISE   550 AM PDT   SUNSET   810 PM PDT


-  INDICATES NEGATIVE NUMBERS.
R  INDICATES RECORD WAS SET OR TIED.
MM INDICATES DATA IS MISSING.
T  INDICATES TRACE AMOUNT.




$$
