000
CDUS45 KFGZ 010824
CLIPRC
CLIMATE REPORT
NATIONAL WEATHER SERVICE FLAGSTAFF, AZ
123 AM MST SUN FEB 1 2015


...................................

...THE PRESCOTT AZ AIRPORT CLIMATE SUMMARY FOR JANUARY 31 2015...

CLIMATE NORMAL PERIOD 1981 TO 2010
CLIMATE RECORD PERIOD 1948 TO 2015


WEATHER ITEM   OBSERVED TIME   RECORD YEAR NORMAL DEPARTURE LAST
                VALUE   (LST)  VALUE       VALUE  FROM      YEAR
                                                  NORMAL
..................................................................
TEMPERATURE (F)
 YESTERDAY
  MAXIMUM         54    351 PM  72    2012  53      1       50
  MINIMUM         37   1157 PM   5    1949  27     10       36
  AVERAGE         46                        40      6

PRECIPITATION (IN)
  YESTERDAY        0.06          0.60 1987   0.04   0.02     0.05
  MONTH TO DATE    1.50                      1.12   0.38     0.05
  SINCE SEP 1      6.18                      5.43   0.75     4.77
  SINCE JAN 1      1.50                      1.12   0.38     0.05

DEGREE DAYS
 HEATING
  YESTERDAY       19                               -6
  MONTH TO DATE  707                             -106
  SINCE JUL 1   2092                             -425

 COOLING
  YESTERDAY        0                                0
  MONTH TO DATE    0                                0
  SINCE JAN 1      0                                0
..................................................................


WIND (MPH)
  HIGHEST WIND SPEED    14   HIGHEST WIND DIRECTION    NE (50)
  HIGHEST GUST SPEED    17   HIGHEST GUST DIRECTION    NE (40)
  AVERAGE WIND SPEED     2.4


SKY COVER
  AVERAGE SKY COVER 0.8


WEATHER CONDITIONS
 THE FOLLOWING WEATHER WAS RECORDED YESTERDAY.
  LIGHT RAIN
  FOG


RELATIVE HUMIDITY (PERCENT)
 HIGHEST    93
 LOWEST     59

..........................................................


THE PRESCOTT AZ AIRPORT CLIMATE NORMALS FOR TODAY
                         NORMAL    RECORD    YEAR
 MAXIMUM TEMPERATURE (F)   53        70      2003
 MINIMUM TEMPERATURE (F)   27        -3      1949


SUNRISE AND SUNSET
FEBRUARY  1 2015......SUNRISE   728 AM MST   SUNSET   559 PM MST
FEBRUARY  2 2015......SUNRISE   727 AM MST   SUNSET   600 PM MST


-  INDICATES NEGATIVE NUMBERS.
R  INDICATES RECORD WAS SET OR TIED.
MM INDICATES DATA IS MISSING.
T  INDICATES TRACE AMOUNT.




$$
