000
CDUS45 KFGZ 240753
CLIPRC
CLIMATE REPORT
NATIONAL WEATHER SERVICE FLAGSTAFF, AZ
1253 AM MST MON NOV 24 2014


...................................

...THE PRESCOTT AZ AIRPORT CLIMATE SUMMARY FOR NOVEMBER 23 2014...

CLIMATE NORMAL PERIOD 1981 TO 2010
CLIMATE RECORD PERIOD 1948 TO 2014


WEATHER ITEM   OBSERVED TIME   RECORD YEAR NORMAL DEPARTURE LAST
                VALUE   (LST)  VALUE       VALUE  FROM      YEAR
                                                  NORMAL
..................................................................
TEMPERATURE (F)
 YESTERDAY
  MAXIMUM         52    234 PM  75    1954  57     -5       44
  MINIMUM         29   1152 PM  16    2003  29      0       36
  AVERAGE         41                        43     -2

PRECIPITATION (IN)
  YESTERDAY        0.00          0.71 1965   0.03  -0.03     0.24
  MONTH TO DATE    0.02                      0.69  -0.67     1.56
  SINCE SEP 1      2.75                      3.12  -0.37     4.27
  SINCE JAN 1     10.22                     12.78  -2.56    12.49

DEGREE DAYS
 HEATING
  YESTERDAY       24                                2
  MONTH TO DATE  390                              -18
  SINCE JUL 1    532                             -182

 COOLING
  YESTERDAY        0                                0
  MONTH TO DATE    0                                0
  SINCE JAN 1   1039                               98
..................................................................


WIND (MPH)
  HIGHEST WIND SPEED    31   HIGHEST WIND DIRECTION     N (350)
  HIGHEST GUST SPEED    39   HIGHEST GUST DIRECTION     N (20)
  AVERAGE WIND SPEED    13.6


SKY COVER
  AVERAGE SKY COVER 0.0


WEATHER CONDITIONS
 THE FOLLOWING WEATHER WAS RECORDED YESTERDAY.
  NO SIGNIFICANT WEATHER WAS OBSERVED.


RELATIVE HUMIDITY (PERCENT)
 HIGHEST    51
 LOWEST      9

..........................................................


THE PRESCOTT AZ AIRPORT CLIMATE NORMALS FOR TODAY
                         NORMAL    RECORD    YEAR
 MAXIMUM TEMPERATURE (F)   57        74      1954
 MINIMUM TEMPERATURE (F)   29        19      2003


SUNRISE AND SUNSET
NOVEMBER 24 2014......SUNRISE   712 AM MST   SUNSET   521 PM MST
NOVEMBER 25 2014......SUNRISE   713 AM MST   SUNSET   520 PM MST


-  INDICATES NEGATIVE NUMBERS.
R  INDICATES RECORD WAS SET OR TIED.
MM INDICATES DATA IS MISSING.
T  INDICATES TRACE AMOUNT.




$$
