000
CDUS45 KFGZ 290801
CLIPRC
CLIMATE REPORT
NATIONAL WEATHER SERVICE FLAGSTAFF, AZ
100 AM MST SAT APR 29 2017


...................................

...THE PRESCOTT AZ AIRPORT CLIMATE SUMMARY FOR APRIL 28 2017...

CLIMATE NORMAL PERIOD 1981 TO 2010
CLIMATE RECORD PERIOD 1948 TO 2017


WEATHER ITEM   OBSERVED TIME   RECORD YEAR NORMAL DEPARTURE LAST
                VALUE   (LST)  VALUE       VALUE  FROM      YEAR
                                                  NORMAL
..................................................................
TEMPERATURE (F)
 YESTERDAY
  MAXIMUM         66    123 PM  87    2007  71     -5       54
  MINIMUM         38   1149 PM  26    1970  42     -4       39
  AVERAGE         52                        56     -4

PRECIPITATION (IN)
  YESTERDAY        0.00          0.44 1953   0.01  -0.01     0.10
  MONTH TO DATE    0.11                      0.47  -0.36     1.20
  SINCE SEP 1     11.00                      8.36   2.64     6.33
  SINCE JAN 1      4.25                      4.05   0.20     2.84

DEGREE DAYS
 HEATING
  YESTERDAY       13                                4
  MONTH TO DATE  256                              -98
  SINCE JUL 1   3358                             -743

 COOLING
  YESTERDAY        0                                0
  MONTH TO DATE    0                                0
  SINCE JAN 1      0                                0
..................................................................


WIND (MPH)
  HIGHEST WIND SPEED    36   HIGHEST WIND DIRECTION     N (10)
  HIGHEST GUST SPEED    45   HIGHEST GUST DIRECTION     N (10)
  AVERAGE WIND SPEED    13.8


SKY COVER
  AVERAGE SKY COVER 0.1


WEATHER CONDITIONS
 THE FOLLOWING WEATHER WAS RECORDED YESTERDAY.
  NO SIGNIFICANT WEATHER WAS OBSERVED.


RELATIVE HUMIDITY (PERCENT)
 HIGHEST    53
 LOWEST      7

..........................................................


THE PRESCOTT AZ AIRPORT CLIMATE NORMALS FOR TODAY
                         NORMAL    RECORD    YEAR
 MAXIMUM TEMPERATURE (F)   71        86      2013
 MINIMUM TEMPERATURE (F)   42        24      1970


SUNRISE AND SUNSET
APRIL 29 2017.........SUNRISE   541 AM MST   SUNSET   713 PM MST
APRIL 30 2017.........SUNRISE   540 AM MST   SUNSET   714 PM MST


-  INDICATES NEGATIVE NUMBERS.
R  INDICATES RECORD WAS SET OR TIED.
MM INDICATES DATA IS MISSING.
T  INDICATES TRACE AMOUNT.




$$
