000
CDUS45 KFGZ 250051
CLIPRC
CLIMATE REPORT
NATIONAL WEATHER SERVICE FLAGSTAFF, AZ
551 PM MST WED DEC 24 2014


...................................

...THE PRESCOTT AZ AIRPORT CLIMATE SUMMARY FOR DECEMBER 24 2014...
VALID TODAY AS OF 0500 PM LOCAL TIME.

CLIMATE NORMAL PERIOD 1981 TO 2010
CLIMATE RECORD PERIOD 1948 TO 2014


WEATHER ITEM   OBSERVED TIME   RECORD YEAR NORMAL DEPARTURE LAST
                VALUE   (LST)  VALUE       VALUE  FROM      YEAR
                                                  NORMAL
..................................................................
TEMPERATURE (F)
 TODAY
  MAXIMUM         53    353 PM  66    2005  50      3       60
  MINIMUM         21    739 AM   0    1990  25     -4       23
  AVERAGE         37                        37      0

PRECIPITATION (IN)
  TODAY            0.00          0.39 1959   0.03  -0.03
  MONTH TO DATE    1.81                      0.72   1.09
  SINCE SEP 1      4.56                      4.07   0.49
  SINCE JAN 1     12.03                     13.73  -1.70

DEGREE DAYS
 HEATING
  TODAY           28                        28      0
  SINCE JUL 1   1158                      1511   -353

 COOLING
  TODAY            0                         0      0
  SINCE JAN 1   1039                       941     98
..................................................................


WIND (MPH)
  HIGHEST WIND SPEED    12   HIGHEST WIND DIRECTION    SE (130)
  HIGHEST GUST SPEED    16   HIGHEST GUST DIRECTION    SE (130)
  AVERAGE WIND SPEED     3.4


SKY COVER
  POSSIBLE SUNSHINE  MM
  AVERAGE SKY COVER 0.0


WEATHER CONDITIONS
 THE FOLLOWING WEATHER WAS RECORDED TODAY.
  NO SIGNIFICANT WEATHER WAS OBSERVED.


RELATIVE HUMIDITY (PERCENT)
 HIGHEST    62           700 AM
 LOWEST     19           100 PM

..........................................................


THE PRESCOTT AZ AIRPORT CLIMATE NORMALS FOR TOMORROW
                         NORMAL    RECORD    YEAR
 MAXIMUM TEMPERATURE (F)   50        65      2005
 MINIMUM TEMPERATURE (F)   25         0      1990


SUNRISE AND SUNSET
DECEMBER 24 2014......SUNRISE   734 AM MST   SUNSET   525 PM MST
DECEMBER 25 2014......SUNRISE   735 AM MST   SUNSET   525 PM MST


-  INDICATES NEGATIVE NUMBERS.
R  INDICATES RECORD WAS SET OR TIED.
MM INDICATES DATA IS MISSING.
T  INDICATES TRACE AMOUNT.




$$
