000
CDUS45 KFGZ 120738
CLIPRC
CLIMATE REPORT
NATIONAL WEATHER SERVICE FLAGSTAFF, AZ
1237 AM MST FRI FEB 12 2016


...................................

...THE PRESCOTT AZ AIRPORT CLIMATE SUMMARY FOR FEBRUARY 11 2016...

CLIMATE NORMAL PERIOD 1981 TO 2010
CLIMATE RECORD PERIOD 1948 TO 2016


WEATHER ITEM   OBSERVED TIME   RECORD YEAR NORMAL DEPARTURE LAST
                VALUE   (LST)  VALUE       VALUE  FROM      YEAR
                                                  NORMAL
..................................................................
TEMPERATURE (F)
 YESTERDAY
  MAXIMUM         74R   439 PM  70    1996  54     20       63
  MINIMUM         29    655 AM  11    1955  28      1       30
  AVERAGE         52                        41     11

PRECIPITATION (IN)
  YESTERDAY        0.00          0.78 2005   0.04  -0.04     0.00
  MONTH TO DATE    0.09                      0.47  -0.38     0.00
  SINCE SEP 1      4.97                      5.90  -0.93     6.18
  SINCE JAN 1      1.48                      1.59  -0.11     1.50

DEGREE DAYS
 HEATING
  YESTERDAY       13                              -11
  MONTH TO DATE  275                                5
  SINCE JUL 1   2700                              -87

 COOLING
  YESTERDAY        0                                0
  MONTH TO DATE    0                                0
  SINCE JAN 1      0                                0
..................................................................


WIND (MPH)
  HIGHEST WIND SPEED    12   HIGHEST WIND DIRECTION     S (190)
  HIGHEST GUST SPEED    15   HIGHEST GUST DIRECTION     N (340)
  AVERAGE WIND SPEED     5.0


SKY COVER
  AVERAGE SKY COVER 0.0


WEATHER CONDITIONS
 THE FOLLOWING WEATHER WAS RECORDED YESTERDAY.
  NO SIGNIFICANT WEATHER WAS OBSERVED.


RELATIVE HUMIDITY (PERCENT)
 HIGHEST    69
 LOWEST      6

..........................................................


THE PRESCOTT AZ AIRPORT CLIMATE NORMALS FOR TODAY
                         NORMAL    RECORD    YEAR
 MAXIMUM TEMPERATURE (F)   54        70      1957
 MINIMUM TEMPERATURE (F)   28         8      1948


SUNRISE AND SUNSET
FEBRUARY 12 2016......SUNRISE   719 AM MST   SUNSET   610 PM MST
FEBRUARY 13 2016......SUNRISE   718 AM MST   SUNSET   611 PM MST


-  INDICATES NEGATIVE NUMBERS.
R  INDICATES RECORD WAS SET OR TIED.
MM INDICATES DATA IS MISSING.
T  INDICATES TRACE AMOUNT.




$$
