000
CDUS45 KFGZ 050759
CLIPRC
CLIMATE REPORT
NATIONAL WEATHER SERVICE FLAGSTAFF, AZ
1257 AM MST THU MAY 5 2016


...................................

...THE PRESCOTT AZ AIRPORT CLIMATE SUMMARY FOR MAY 4 2016...

CLIMATE NORMAL PERIOD 1981 TO 2010
CLIMATE RECORD PERIOD 1948 TO 2016


WEATHER ITEM   OBSERVED TIME   RECORD YEAR NORMAL DEPARTURE LAST
                VALUE   (LST)  VALUE       VALUE  FROM      YEAR
                                                  NORMAL
..................................................................
TEMPERATURE (F)
 YESTERDAY
  MAXIMUM         82    308 PM  86    2004  73      9       61
  MINIMUM         46    606 AM  31    1965  43      3       50
  AVERAGE         64                        58      6

PRECIPITATION (IN)
  YESTERDAY        0.00          0.65 1982   0.02  -0.02     0.05
  MONTH TO DATE    0.01                      0.06  -0.05     0.05
  SINCE SEP 1      6.80                      8.45  -1.65     8.82
  SINCE JAN 1      3.31                      4.14  -0.83     4.14

DEGREE DAYS
 HEATING
  YESTERDAY        1                               -6
  MONTH TO DATE   38                                7
  SINCE JUL 1   3681                             -469

 COOLING
  YESTERDAY        0                                0
  MONTH TO DATE    0                                0
  SINCE JAN 1      0                               -2
..................................................................


WIND (MPH)
  HIGHEST WIND SPEED    26   HIGHEST WIND DIRECTION    SE (150)
  HIGHEST GUST SPEED    34   HIGHEST GUST DIRECTION     S (160)
  AVERAGE WIND SPEED     9.9


SKY COVER
  AVERAGE SKY COVER 0.0


WEATHER CONDITIONS
 THE FOLLOWING WEATHER WAS RECORDED YESTERDAY.
  NO SIGNIFICANT WEATHER WAS OBSERVED.


RELATIVE HUMIDITY (PERCENT)
 HIGHEST    61
 LOWEST     10

..........................................................


THE PRESCOTT AZ AIRPORT CLIMATE NORMALS FOR TODAY
                         NORMAL    RECORD    YEAR
 MAXIMUM TEMPERATURE (F)   73        87      1989
 MINIMUM TEMPERATURE (F)   44        29      1964


SUNRISE AND SUNSET
MAY  5 2016...........SUNRISE   535 AM MST   SUNSET   718 PM MST
MAY  6 2016...........SUNRISE   534 AM MST   SUNSET   719 PM MST


-  INDICATES NEGATIVE NUMBERS.
R  INDICATES RECORD WAS SET OR TIED.
MM INDICATES DATA IS MISSING.
T  INDICATES TRACE AMOUNT.




$$
