000
CDUS45 KFGZ 260908
CLIPRC
CLIMATE REPORT
NATIONAL WEATHER SERVICE FLAGSTAFF, AZ
207 AM MST TUE JUL 26 2016


...................................

...THE PRESCOTT AZ AIRPORT CLIMATE SUMMARY FOR JULY 25 2016...

CLIMATE NORMAL PERIOD 1981 TO 2010
CLIMATE RECORD PERIOD 1948 TO 2016


WEATHER ITEM   OBSERVED TIME   RECORD YEAR NORMAL DEPARTURE LAST
                VALUE   (LST)  VALUE       VALUE  FROM      YEAR
                                                  NORMAL
..................................................................
TEMPERATURE (F)
 YESTERDAY
  MAXIMUM         94    122 PM  99    1995  89      5       90
  MINIMUM         66   1137 PM  55    1986  63      3       57
  AVERAGE         80                        76      4

PRECIPITATION (IN)
  YESTERDAY        0.09          2.16 1980   0.09   0.00     0.00
  MONTH TO DATE    0.71                      1.57  -0.86     3.17
  SINCE SEP 1      8.35                     10.81  -2.46    15.14
  SINCE JAN 1      4.86                      6.50  -1.64    10.46

DEGREE DAYS
 HEATING
  YESTERDAY        0                                0
  MONTH TO DATE    0                                0
  SINCE JUL 1      0                                0

 COOLING
  YESTERDAY       15                                4
  MONTH TO DATE  317                               49
  SINCE JAN 1    680                              184
..................................................................


WIND (MPH)
  HIGHEST WIND SPEED    25   HIGHEST WIND DIRECTION    NE (60)
  HIGHEST GUST SPEED    38   HIGHEST GUST DIRECTION     E (70)
  AVERAGE WIND SPEED     7.5


SKY COVER
  AVERAGE SKY COVER 0.3


WEATHER CONDITIONS
 THE FOLLOWING WEATHER WAS RECORDED YESTERDAY.
  THUNDERSTORM
  LIGHT RAIN


RELATIVE HUMIDITY (PERCENT)
 HIGHEST    87
 LOWEST     28

..........................................................


THE PRESCOTT AZ AIRPORT CLIMATE NORMALS FOR TODAY
                         NORMAL    RECORD    YEAR
 MAXIMUM TEMPERATURE (F)   89       100      1959
 MINIMUM TEMPERATURE (F)   63        52      1986


SUNRISE AND SUNSET
JULY 26 2016..........SUNRISE   536 AM MST   SUNSET   736 PM MST
JULY 27 2016..........SUNRISE   537 AM MST   SUNSET   735 PM MST


-  INDICATES NEGATIVE NUMBERS.
R  INDICATES RECORD WAS SET OR TIED.
MM INDICATES DATA IS MISSING.
T  INDICATES TRACE AMOUNT.




$$
