470
CDUS45 KFGZ 230105
CLIPRC
CLIMATE REPORT
NATIONAL WEATHER SERVICE FLAGSTAFF, AZ
603 PM MST SUN OCT 22 2017


...................................

...THE PRESCOTT AZ AIRPORT CLIMATE SUMMARY FOR OCTOBER 22 2017...
VALID TODAY AS OF 0500 PM LOCAL TIME.

CLIMATE NORMAL PERIOD 1981 TO 2010
CLIMATE RECORD PERIOD 1948 TO 2017


WEATHER ITEM   OBSERVED TIME   RECORD YEAR NORMAL DEPARTURE LAST
                VALUE   (LST)  VALUE       VALUE  FROM      YEAR
                                                  NORMAL
..................................................................
TEMPERATURE (F)
 TODAY
  MAXIMUM         78    435 PM  86    2003  70      8       81
  MINIMUM         38    709 AM  18    1996  39     -1       48
  AVERAGE         58                        54      4

PRECIPITATION (IN)
  TODAY            0.00          1.08 2000   0.02  -0.02
  MONTH TO DATE    0.00                      0.67  -0.67
  SINCE SEP 1      0.53                      2.18  -1.65
  SINCE JAN 1     12.38                     11.84   0.54

DEGREE DAYS
 HEATING
  TODAY            7                        11     -4
  SINCE JUL 1    164                       196    -32

 COOLING
  TODAY            0                         0      0
  SINCE JAN 1   1145                       940    205
..................................................................


WIND (MPH)
  HIGHEST WIND SPEED     9   HIGHEST WIND DIRECTION     W (280)
  HIGHEST GUST SPEED    10   HIGHEST GUST DIRECTION     W (290)
  AVERAGE WIND SPEED     3.9


SKY COVER
  POSSIBLE SUNSHINE  MM
  AVERAGE SKY COVER 0.0


WEATHER CONDITIONS
 THE FOLLOWING WEATHER WAS RECORDED TODAY.
  NO SIGNIFICANT WEATHER WAS OBSERVED.


RELATIVE HUMIDITY (PERCENT)
 HIGHEST    37           700 AM
 LOWEST     10          1200 PM

..........................................................


THE PRESCOTT AZ AIRPORT CLIMATE NORMALS FOR TOMORROW
                         NORMAL    RECORD    YEAR
 MAXIMUM TEMPERATURE (F)   69        85      2003
 MINIMUM TEMPERATURE (F)   39        24      1996


SUNRISE AND SUNSET
OCTOBER 22 2017.......SUNRISE   642 AM MST   SUNSET   546 PM MST
OCTOBER 23 2017.......SUNRISE   642 AM MST   SUNSET   545 PM MST


-  INDICATES NEGATIVE NUMBERS.
R  INDICATES RECORD WAS SET OR TIED.
MM INDICATES DATA IS MISSING.
T  INDICATES TRACE AMOUNT.




$$
