000
CDUS45 KFGZ 210735
CLIPRC
CLIMATE REPORT
NATIONAL WEATHER SERVICE FLAGSTAFF, AZ
1234 AM MST MON APR 21 2014


...................................

...THE PRESCOTT AZ AIRPORT CLIMATE SUMMARY FOR APRIL 20 2014...

CLIMATE NORMAL PERIOD 1981 TO 2010
CLIMATE RECORD PERIOD 1948 TO 2014


WEATHER ITEM   OBSERVED TIME   RECORD YEAR NORMAL DEPARTURE LAST
                VALUE   (LST)  VALUE       VALUE  FROM      YEAR
                                                  NORMAL
..................................................................
TEMPERATURE (F)
 YESTERDAY
  MAXIMUM         77    305 PM  85    1950  68      9       74
  MINIMUM         43    607 AM  22    1966  39      4       37
  AVERAGE         60                        54      6

PRECIPITATION (IN)
  YESTERDAY        T             0.17 1952   0.01  -0.01     0.00
  MONTH TO DATE    0.01                      0.37  -0.36     0.08
  SINCE SEP 1      5.41                      8.26  -2.85     4.43
  SINCE JAN 1      0.69                      3.95  -3.26     2.47

DEGREE DAYS
 HEATING
  YESTERDAY        5                               -6
  MONTH TO DATE  207                              -67
  SINCE JUL 1   3581                             -440

 COOLING
  YESTERDAY        0                                0
  MONTH TO DATE    0                                0
  SINCE JAN 1      0                                0
..................................................................


WIND (MPH)
  HIGHEST WIND SPEED    16   HIGHEST WIND DIRECTION    SW (230)
  HIGHEST GUST SPEED    27   HIGHEST GUST DIRECTION     W (260)
  AVERAGE WIND SPEED     6.4


SKY COVER
  AVERAGE SKY COVER 0.3


WEATHER CONDITIONS
 THE FOLLOWING WEATHER WAS RECORDED YESTERDAY.
  LIGHT RAIN


RELATIVE HUMIDITY (PERCENT)
 HIGHEST    65
 LOWEST     17

..........................................................


THE PRESCOTT AZ AIRPORT CLIMATE NORMALS FOR TODAY
                         NORMAL    RECORD    YEAR
 MAXIMUM TEMPERATURE (F)   69        86      2012
 MINIMUM TEMPERATURE (F)   39        23      1982


SUNRISE AND SUNSET
APRIL 21 2014.........SUNRISE   551 AM MST   SUNSET   707 PM MST
APRIL 22 2014.........SUNRISE   549 AM MST   SUNSET   707 PM MST


-  INDICATES NEGATIVE NUMBERS.
R  INDICATES RECORD WAS SET OR TIED.
MM INDICATES DATA IS MISSING.
T  INDICATES TRACE AMOUNT.




$$
