000
CDUS45 KFGZ 210751
CLIPRC
CLIMATE REPORT
NATIONAL WEATHER SERVICE FLAGSTAFF, AZ
1250 AM MST THU AUG 21 2014


...................................

...THE PRESCOTT AZ AIRPORT CLIMATE SUMMARY FOR AUGUST 20 2014...

CLIMATE NORMAL PERIOD 1981 TO 2010
CLIMATE RECORD PERIOD 1948 TO 2014


WEATHER ITEM   OBSERVED TIME   RECORD YEAR NORMAL DEPARTURE LAST
                VALUE   (LST)  VALUE       VALUE  FROM      YEAR
                                                  NORMAL
..................................................................
TEMPERATURE (F)
 YESTERDAY
  MAXIMUM         80    343 PM  95    1949  86     -6       93
  MINIMUM         54    615 AM  50    1979  60     -6       58
  AVERAGE         67                        73     -6

PRECIPITATION (IN)
  YESTERDAY        0.01          1.40 1957   0.09  -0.08     0.00
  MONTH TO DATE    3.63                      1.78   1.85     0.26
  SINCE SEP 1     11.15                     13.13  -1.98     8.05
  SINCE JAN 1      6.43                      8.82  -2.39     6.09

DEGREE DAYS
 HEATING
  YESTERDAY        0                                0
  MONTH TO DATE    2                                2
  SINCE JUL 1      2                                2

 COOLING
  YESTERDAY        2                               -6
  MONTH TO DATE  163                              -20
  SINCE JAN 1    843                              105
..................................................................


WIND (MPH)
  HIGHEST WIND SPEED    16   HIGHEST WIND DIRECTION     W (260)
  HIGHEST GUST SPEED    22   HIGHEST GUST DIRECTION     W (260)
  AVERAGE WIND SPEED     4.0


SKY COVER
  AVERAGE SKY COVER 0.3


WEATHER CONDITIONS
 THE FOLLOWING WEATHER WAS RECORDED YESTERDAY.
  THUNDERSTORM


RELATIVE HUMIDITY (PERCENT)
 HIGHEST    93
 LOWEST     39

..........................................................


THE PRESCOTT AZ AIRPORT CLIMATE NORMALS FOR TODAY
                         NORMAL    RECORD    YEAR
 MAXIMUM TEMPERATURE (F)   86        96      2007
 MINIMUM TEMPERATURE (F)   60        48      1990


SUNRISE AND SUNSET
AUGUST 21 2014........SUNRISE   555 AM MST   SUNSET   710 PM MST
AUGUST 22 2014........SUNRISE   556 AM MST   SUNSET   709 PM MST


-  INDICATES NEGATIVE NUMBERS.
R  INDICATES RECORD WAS SET OR TIED.
MM INDICATES DATA IS MISSING.
T  INDICATES TRACE AMOUNT.




$$
