000
CDUS45 KFGZ 230823
CLIPRC
CLIMATE REPORT
NATIONAL WEATHER SERVICE FLAGSTAFF, AZ
117 AM MST THU FEB 23 2017


...................................

...THE PRESCOTT AZ AIRPORT CLIMATE SUMMARY FOR FEBRUARY 22 2017...

CLIMATE NORMAL PERIOD 1981 TO 2010
CLIMATE RECORD PERIOD 1948 TO 2017


WEATHER ITEM   OBSERVED TIME   RECORD YEAR NORMAL DEPARTURE LAST
                VALUE   (LST)  VALUE       VALUE  FROM      YEAR
                                                  NORMAL
..................................................................
TEMPERATURE (F)
 YESTERDAY
  MAXIMUM         60   1230 PM  71    2002  56      4       65
  MINIMUM         41   1159 PM  10    1955  29     12       33
  AVERAGE         51                        43      8

PRECIPITATION (IN)
  YESTERDAY        0.00          0.41 2008   0.06  -0.06     0.00
  MONTH TO DATE    0.48                      1.08  -0.60     0.09
  SINCE SEP 1      9.16                      6.51   2.65     4.97
  SINCE JAN 1      2.41                      2.20   0.21     1.48

DEGREE DAYS
 HEATING
  YESTERDAY       14                               -8
  MONTH TO DATE  366                             -159
  SINCE JUL 1   2549                             -493

 COOLING
  YESTERDAY        0                                0
  MONTH TO DATE    0                                0
  SINCE JAN 1      0                                0
..................................................................


WIND (MPH)
  HIGHEST WIND SPEED    26   HIGHEST WIND DIRECTION    SW (210)
  HIGHEST GUST SPEED    34   HIGHEST GUST DIRECTION     S (200)
  AVERAGE WIND SPEED    11.4


SKY COVER
  AVERAGE SKY COVER 0.2


WEATHER CONDITIONS
 THE FOLLOWING WEATHER WAS RECORDED YESTERDAY.
  NO SIGNIFICANT WEATHER WAS OBSERVED.


RELATIVE HUMIDITY (PERCENT)
 HIGHEST    89
 LOWEST     28

..........................................................


THE PRESCOTT AZ AIRPORT CLIMATE NORMALS FOR TODAY
                         NORMAL    RECORD    YEAR
 MAXIMUM TEMPERATURE (F)   56        72      1989
 MINIMUM TEMPERATURE (F)   30        13      1966


SUNRISE AND SUNSET
FEBRUARY 23 2017......SUNRISE   706 AM MST   SUNSET   621 PM MST
FEBRUARY 24 2017......SUNRISE   705 AM MST   SUNSET   622 PM MST


-  INDICATES NEGATIVE NUMBERS.
R  INDICATES RECORD WAS SET OR TIED.
MM INDICATES DATA IS MISSING.
T  INDICATES TRACE AMOUNT.




$$
