000
CDUS46 KPDT 250039 RRA
CLIPSC

CLIMATE REPORT
NATIONAL WEATHER SERVICE PENDLETON OR
538 PM PDT FRI MAR 24 2017


...................................

...THE PASCO WA CLIMATE SUMMARY FOR MARCH 24 2017...
VALID TODAY AS OF 0500 PM LOCAL TIME.

CLIMATE NORMAL PERIOD 1981 TO 2010
CLIMATE RECORD PERIOD 1948 TO 2017


WEATHER ITEM   OBSERVED TIME   RECORD YEAR NORMAL DEPARTURE LAST
                VALUE   (LST)  VALUE       VALUE  FROM      YEAR
                                                  NORMAL
..................................................................
TEMPERATURE (F)
 TODAY
  MAXIMUM         57    359 PM  74    2001  62     -5       61
  MINIMUM         44    751 AM  18    2013  36      8       39
  AVERAGE         51                        49      2       50

PRECIPITATION (IN)
  TODAY            0.45          0.62 1986   0.03   0.42     0.00
  MONTH TO DATE    1.37                      0.61   0.76     1.18
  SINCE OCT 1      7.71                      5.64   2.07     5.51
  SINCE JAN 1      3.94                      2.69   1.25     2.75

SNOWFALL (IN)
  TODAY            0.0
  SNOW DEPTH       0

DEGREE DAYS
 HEATING
  TODAY           14                        16     -2       15
  MONTH TO DATE  438                       471    -33      413
  SINCE MAR 1    438                       471    -33      413
  SINCE JUL 1   4760                      4354    406     3931

 COOLING
  TODAY            0                         0      0        0
  MONTH TO DATE    0                         0      0        0
  SINCE MAR 1      0                         0      0        0
  SINCE JAN 1      0                         0      0        0
..................................................................


WIND (MPH)
  RESULTANT WIND SPEED   3   RESULTANT WIND DIRECTION   S (160)
  HIGHEST WIND SPEED    21   HIGHEST WIND DIRECTION    SW (210)
  HIGHEST GUST SPEED    26   HIGHEST GUST DIRECTION    SW (240)


SKY COVER
  POSSIBLE SUNSHINE  MM
  AVERAGE SKY COVER 0.9


WEATHER CONDITIONS
 THE FOLLOWING WEATHER WAS RECORDED TODAY.
  RAIN
  LIGHT RAIN
  FOG


RELATIVE HUMIDITY (PERCENT)
 HIGHEST    93
 LOWEST     57
 AVERAGE    75

..........................................................


THE PASCO WA CLIMATE NORMALS FOR TOMORROW
                         NORMAL    RECORD    YEAR
 MAXIMUM TEMPERATURE (F)   62        78      1997
 MINIMUM TEMPERATURE (F)   36        19      1996


SUNRISE AND SUNSET
MARCH 24 2017.........SUNRISE   651 AM PDT   SUNSET   715 PM PDT
MARCH 25 2017.........SUNRISE   649 AM PDT   SUNSET   716 PM PDT


-  INDICATES NEGATIVE NUMBERS.
R  INDICATES RECORD WAS SET OR TIED.
MM INDICATES DATA IS MISSING.
T  INDICATES TRACE AMOUNT.




$$
