000
CDUS46 KPDT 270829
CLIPSC

CLIMATE REPORT
NATIONAL WEATHER SERVICE PENDLETON OR
126 AM PDT WED AUG 27 2014


...................................

...THE PASCO WA CLIMATE SUMMARY FOR AUGUST 26 2014...

CLIMATE NORMAL PERIOD 1981 TO 2010
CLIMATE RECORD PERIOD 1948 TO 2014


WEATHER ITEM   OBSERVED TIME   RECORD YEAR NORMAL DEPARTURE LAST
                VALUE   (LST)  VALUE       VALUE  FROM      YEAR
                                                  NORMAL
..................................................................
TEMPERATURE (F)
 YESTERDAY
  MAXIMUM         93    326 PM  97    2005  88      5       84
  MINIMUM         53    522 AM  46    2008  53      0       60
                                      1993
  AVERAGE         73                        70      3       72

PRECIPITATION (IN)
  YESTERDAY        0.00          0.14 1956   0.01  -0.01      T
  MONTH TO DATE    0.47                      0.21   0.26     0.35
  SINCE OCT 1      3.64                      8.37  -4.73     6.65
  SINCE JAN 1      3.06                      5.42  -2.36     3.29

SNOWFALL (IN)
  YESTERDAY        0.0
  SNOW DEPTH       0

DEGREE DAYS
 HEATING
  YESTERDAY        0                         1     -1        0
  MONTH TO DATE    0                         1     -1        0
  SINCE JUN 1     18                        38    -20       19
  SINCE JUL 1      0                         6     -6        0

 COOLING
  YESTERDAY        8                         6      2        7
  MONTH TO DATE  299                       220     79      276
  SINCE JUN 1    846                       597    249      771
  SINCE JAN 1    880                       630    250      817
..................................................................


WIND (MPH)
  RESULTANT WIND SPEED   2   RESULTANT WIND DIRECTION  NE (40)
  HIGHEST WIND SPEED    10   HIGHEST WIND DIRECTION     N (10)
  HIGHEST GUST SPEED    13   HIGHEST GUST DIRECTION     E (80)


SKY COVER
  POSSIBLE SUNSHINE  MM
  AVERAGE SKY COVER 0.0


WEATHER CONDITIONS
THE FOLLOWING WEATHER WAS RECORDED YESTERDAY.
  NO SIGNIFICANT WEATHER WAS OBSERVED.


RELATIVE HUMIDITY (PERCENT)
 HIGHEST    93
 LOWEST     20
 AVERAGE    57

..........................................................


THE PASCO WA CLIMATE NORMALS FOR TODAY
                         NORMAL    RECORD    YEAR
 MAXIMUM TEMPERATURE (F)   87       100      1999
 MINIMUM TEMPERATURE (F)   53        45      2007


SUNRISE AND SUNSET
AUGUST 27 2014........SUNRISE   611 AM PDT   SUNSET   744 PM PDT
AUGUST 28 2014........SUNRISE   612 AM PDT   SUNSET   742 PM PDT


-  INDICATES NEGATIVE NUMBERS.
R  INDICATES RECORD WAS SET OR TIED.
MM INDICATES DATA IS MISSING.
T  INDICATES TRACE AMOUNT.




$$
