000
CDUS46 KPDT 230837
CLIPSC

CLIMATE REPORT
NATIONAL WEATHER SERVICE PENDLETON OR
137 AM PDT WED APR 23 2014


...................................

...THE PASCO WA CLIMATE SUMMARY FOR APRIL 22 2014...

CLIMATE NORMAL PERIOD 1981 TO 2010
CLIMATE RECORD PERIOD 1948 TO 2014


WEATHER ITEM   OBSERVED TIME   RECORD YEAR NORMAL DEPARTURE LAST
                VALUE   (LST)  VALUE       VALUE  FROM      YEAR
                                                  NORMAL
..................................................................
TEMPERATURE (F)
 YESTERDAY
  MAXIMUM         64    350 PM  83    2012  69     -5       62
  MINIMUM         46   1007 PM  28    2011  39      7       31
  AVERAGE         55                        54      1       47

PRECIPITATION (IN)
  YESTERDAY        0.15R         0.13 2004   0.02   0.13     0.00
  MONTH TO DATE    0.27                      0.50  -0.23     0.55
  SINCE OCT 1      2.59                      6.32  -3.73     4.62
  SINCE JAN 1      2.01                      3.37  -1.36     1.26

SNOWFALL (IN)
  YESTERDAY        0.0
  SNOW DEPTH       0

DEGREE DAYS
 HEATING
  YESTERDAY       10                        11     -1       18
  MONTH TO DATE  233                       282    -49      293
  SINCE MAR 1    792                       860    -68      858
  SINCE JUL 1   5021                      4743    278     4476

 COOLING
  YESTERDAY        0                         0      0        0
  MONTH TO DATE    0                         0      0        0
  SINCE MAR 1      0                         0      0        0
  SINCE JAN 1      0                         0      0        0
..................................................................


WIND (MPH)
  RESULTANT WIND SPEED  12   RESULTANT WIND DIRECTION   W (250)
  HIGHEST WIND SPEED    25   HIGHEST WIND DIRECTION     W (270)
  HIGHEST GUST SPEED    31   HIGHEST GUST DIRECTION     W (260)


SKY COVER
  POSSIBLE SUNSHINE  MM
  AVERAGE SKY COVER 0.6


WEATHER CONDITIONS
 THE FOLLOWING WEATHER WAS RECORDED YESTERDAY.
  LIGHT RAIN


RELATIVE HUMIDITY (PERCENT)
 HIGHEST    93
 LOWEST     20
 AVERAGE    57

..........................................................


THE PASCO WA CLIMATE NORMALS FOR TODAY
                         NORMAL    RECORD    YEAR
 MAXIMUM TEMPERATURE (F)   69        91      2012
 MINIMUM TEMPERATURE (F)   39        27      2011


SUNRISE AND SUNSET
APRIL 23 2014.........SUNRISE   556 AM PDT   SUNSET   755 PM PDT
APRIL 24 2014.........SUNRISE   554 AM PDT   SUNSET   756 PM PDT


-  INDICATES NEGATIVE NUMBERS.
R  INDICATES RECORD WAS SET OR TIED.
MM INDICATES DATA IS MISSING.
T  INDICATES TRACE AMOUNT.


$$
