000
CDUS46 KPDT 270049 RRA
CLIPSC

CLIMATE REPORT
NATIONAL WEATHER SERVICE PENDLETON OR
538 PM PDT TUE MAY 26 2015


...................................

...THE PASCO WA CLIMATE SUMMARY FOR MAY 26 2015...
VALID TODAY AS OF 0500 PM LOCAL TIME.

CLIMATE NORMAL PERIOD 1981 TO 2010
CLIMATE RECORD PERIOD 1948 TO 2015


WEATHER ITEM   OBSERVED TIME   RECORD YEAR NORMAL DEPARTURE LAST
                VALUE   (LST)  VALUE       VALUE  FROM      YEAR
                                                  NORMAL
..................................................................
TEMPERATURE (F)
 TODAY
  MAXIMUM         80    255 PM  96    2001  78      2       79
  MINIMUM         53    321 AM  40    1999  49      4       53
  AVERAGE         67                        64      3       66

PRECIPITATION (IN)
  TODAY            T             0.42 1980   0.03  -0.03     0.00
  MONTH TO DATE    1.25                      0.57   0.68     0.29
  SINCE OCT 1      5.54                      7.04  -1.50     2.96
  SINCE JAN 1      3.17                      4.09  -0.92     2.38

SNOWFALL (IN)
  TODAY            0.0
  SNOW DEPTH       0

DEGREE DAYS
 HEATING
  TODAY            0                         3     -3        0
  MONTH TO DATE  107                       151    -44       80
  SINCE MAR 1    935                      1092   -157      964
  SINCE JUL 1   4391                      4975   -584     5193

 COOLING
  TODAY            2                         2      0        1
  MONTH TO DATE   41                        22     19       28
  SINCE MAR 1     41                        23     18       28
  SINCE JAN 1     41                        23     18       28
..................................................................


WIND (MPH)
  RESULTANT WIND SPEED   1   RESULTANT WIND DIRECTION   W (250)
  HIGHEST WIND SPEED    17   HIGHEST WIND DIRECTION    NE (50)
  HIGHEST GUST SPEED    21   HIGHEST GUST DIRECTION    NE (50)


SKY COVER
  POSSIBLE SUNSHINE  MM
  AVERAGE SKY COVER 0.5


WEATHER CONDITIONS
 THE FOLLOWING WEATHER WAS RECORDED TODAY.
  LIGHT RAIN


RELATIVE HUMIDITY (PERCENT)
 HIGHEST    93
 LOWEST     33
 AVERAGE    63

..........................................................


THE PASCO WA CLIMATE NORMALS FOR TOMORROW
                         NORMAL    RECORD    YEAR
 MAXIMUM TEMPERATURE (F)   78        99      2000
 MINIMUM TEMPERATURE (F)   50        41      2014


SUNRISE AND SUNSET
MAY 26 2015...........SUNRISE   513 AM PDT   SUNSET   835 PM PDT
MAY 27 2015...........SUNRISE   512 AM PDT   SUNSET   836 PM PDT


-  INDICATES NEGATIVE NUMBERS.
R  INDICATES RECORD WAS SET OR TIED.
MM INDICATES DATA IS MISSING.
T  INDICATES TRACE AMOUNT.




$$
