000
CDUS46 KPDT 190833
CLIPSC

CLIMATE REPORT
NATIONAL WEATHER SERVICE PENDLETON OR
133 AM PDT SAT APR 19 2014


...................................

...THE PASCO WA CLIMATE SUMMARY FOR APRIL 18 2014...

CLIMATE NORMAL PERIOD 1981 TO 2010
CLIMATE RECORD PERIOD 1948 TO 2014


WEATHER ITEM   OBSERVED TIME   RECORD YEAR NORMAL DEPARTURE LAST
                VALUE   (LST)  VALUE       VALUE  FROM      YEAR
                                                  NORMAL
..................................................................
TEMPERATURE (F)
 YESTERDAY
  MAXIMUM         66    253 PM  89    1994  68     -2       67
  MINIMUM         34   1155 PM  30    2002  39     -5       31
  AVERAGE         50                        53     -3       49

PRECIPITATION (IN)
  YESTERDAY        0.00          0.19 1963   0.02  -0.02      T
  MONTH TO DATE    0.12                      0.42  -0.30     0.44
  SINCE OCT 1      2.44                      6.24  -3.80     4.51
  SINCE JAN 1      1.86                      3.29  -1.43     1.15

SNOWFALL (IN)
  YESTERDAY        0.0
  SNOW DEPTH       0

DEGREE DAYS
 HEATING
  YESTERDAY       15                        12      3       16
  MONTH TO DATE  185                       237    -52      249
  SINCE MAR 1    744                       815    -71      814
  SINCE JUL 1   4973                      4698    275     4432

 COOLING
  YESTERDAY        0                         0      0        0
  MONTH TO DATE    0                         0      0        0
  SINCE MAR 1      0                         0      0        0
  SINCE JAN 1      0                         0      0        0
..................................................................


WIND (MPH)
  RESULTANT WIND SPEED  11   RESULTANT WIND DIRECTION  SW (240)
  HIGHEST WIND SPEED    28   HIGHEST WIND DIRECTION    SW (220)
  HIGHEST GUST SPEED    35   HIGHEST GUST DIRECTION    SW (220)


SKY COVER
  POSSIBLE SUNSHINE  MM
  AVERAGE SKY COVER 0.0


WEATHER CONDITIONS
 THE FOLLOWING WEATHER WAS RECORDED YESTERDAY.
  NO SIGNIFICANT WEATHER WAS OBSERVED.


RELATIVE HUMIDITY (PERCENT)
 HIGHEST    92
 LOWEST     19
 AVERAGE    56

..........................................................


THE PASCO WA CLIMATE NORMALS FOR TODAY
                         NORMAL    RECORD    YEAR
 MAXIMUM TEMPERATURE (F)   68        83      2010
 MINIMUM TEMPERATURE (F)   39        28      2011


SUNRISE AND SUNSET
APRIL 19 2014.........SUNRISE   603 AM PDT   SUNSET   749 PM PDT
APRIL 20 2014.........SUNRISE   601 AM PDT   SUNSET   751 PM PDT


-  INDICATES NEGATIVE NUMBERS.
R  INDICATES RECORD WAS SET OR TIED.
MM INDICATES DATA IS MISSING.
T  INDICATES TRACE AMOUNT.


$$
