000
CDUS46 KPDT 020030
CLIPSC

CLIMATE REPORT
NATIONAL WEATHER SERVICE PENDLETON OR
530 PM PDT FRI AUG 1 2014


...................................

...THE PASCO WA CLIMATE SUMMARY FOR AUGUST 1 2014...
VALID TODAY AS OF 0500 PM LOCAL TIME.

CLIMATE NORMAL PERIOD 1981 TO 2010
CLIMATE RECORD PERIOD 1948 TO 2014


WEATHER ITEM   OBSERVED TIME   RECORD YEAR NORMAL DEPARTURE LAST
                VALUE   (LST)  VALUE       VALUE  FROM      YEAR
                                                  NORMAL
..................................................................
TEMPERATURE (F)
 TODAY
  MAXIMUM        101    225 PM 109    2009  93      8       83
  MINIMUM         64    437 AM  45    2002  58      6       57
  AVERAGE         83                        75      8       70

PRECIPITATION (IN)
  TODAY            0.00          0.30 1998   0.00   0.00      T
  MONTH TO DATE    0.00                      0.00   0.00      T
  SINCE OCT 1      3.17                      8.16  -4.99     6.30
  SINCE JAN 1      2.59                      5.21  -2.62     2.94

SNOWFALL (IN)
  TODAY            0.0
  SNOW DEPTH       0

DEGREE DAYS
 HEATING
  TODAY            0                         0      0        0
  MONTH TO DATE    0                         0      0        0
  SINCE JUN 1     18                        37    -19       19
  SINCE JUL 1      0                         5     -5        0

 COOLING
  TODAY           18                        10      8        5
  MONTH TO DATE   18                        10      8        5
  SINCE JUN 1    565                       387    178      500
  SINCE JAN 1    599                       420    179      546
..................................................................


WIND (MPH)
  RESULTANT WIND SPEED   2   RESULTANT WIND DIRECTION   N (10)
  HIGHEST WIND SPEED     9   HIGHEST WIND DIRECTION    NW (330)
  HIGHEST GUST SPEED    15   HIGHEST GUST DIRECTION     N (10)


SKY COVER
  POSSIBLE SUNSHINE  MM
  AVERAGE SKY COVER 0.0


WEATHER CONDITIONS
 THE FOLLOWING WEATHER WAS RECORDED TODAY.
  NO SIGNIFICANT WEATHER WAS OBSERVED.


RELATIVE HUMIDITY (PERCENT)
 HIGHEST    81
 LOWEST     22
 AVERAGE    52

..........................................................


THE PASCO WA CLIMATE NORMALS FOR TOMORROW
                         NORMAL    RECORD    YEAR
 MAXIMUM TEMPERATURE (F)   93       104      2009
                                             1999
 MINIMUM TEMPERATURE (F)   58        49      2006


SUNRISE AND SUNSET
AUGUST  1 2014........SUNRISE   538 AM PDT   SUNSET   827 PM PDT
AUGUST  2 2014........SUNRISE   539 AM PDT   SUNSET   825 PM PDT


-  INDICATES NEGATIVE NUMBERS.
R  INDICATES RECORD WAS SET OR TIED.
MM INDICATES DATA IS MISSING.
T  INDICATES TRACE AMOUNT.




$$
