000
CDUS46 KPDT 290835
CLIPSC

CLIMATE REPORT
NATIONAL WEATHER SERVICE PENDLETON OR
135 AM PDT SAT AUG 29 2015


...................................

...THE PASCO WA CLIMATE SUMMARY FOR AUGUST 28 2015...

CLIMATE NORMAL PERIOD 1981 TO 2010
CLIMATE RECORD PERIOD 1948 TO 2015


WEATHER ITEM   OBSERVED TIME   RECORD YEAR NORMAL DEPARTURE LAST
                VALUE   (LST)  VALUE       VALUE  FROM      YEAR
                                                  NORMAL
..................................................................
TEMPERATURE (F)
 YESTERDAY
  MAXIMUM         89    307 PM 103    1999  87      2       91
  MINIMUM         60    303 AM  44    2007  53      7       60
  AVERAGE         75                        70      5       76

PRECIPITATION (IN)
  YESTERDAY        0.00          0.07 1977   0.01  -0.01     0.00
  MONTH TO DATE    0.03                      0.23  -0.20     0.47
  SINCE OCT 1      5.60                      8.39  -2.79     3.64
  SINCE JAN 1      3.23                      5.44  -2.21     3.06

SNOWFALL (IN)
  YESTERDAY        0.0
  SNOW DEPTH       0

DEGREE DAYS
 HEATING
  YESTERDAY        0                         1     -1        0
  MONTH TO DATE    0                         3     -3        0
  SINCE JUN 1      1                        40    -39       18
  SINCE JUL 1      0                         8     -8        0

 COOLING
  YESTERDAY       10                         6      4       11
  MONTH TO DATE  263                       232     31      322
  SINCE JUN 1    974                       609    365      869
  SINCE JAN 1   1056                       642    414      903
..................................................................


WIND (MPH)
  RESULTANT WIND SPEED   0   RESULTANT WIND DIRECTION   N (20)
  HIGHEST WIND SPEED    14   HIGHEST WIND DIRECTION     S (200)
  HIGHEST GUST SPEED    16   HIGHEST GUST DIRECTION     S (200)


SKY COVER
  POSSIBLE SUNSHINE  MM
  AVERAGE SKY COVER 0.1


WEATHER CONDITIONS
 THE FOLLOWING WEATHER WAS RECORDED YESTERDAY.
  HAZE


RELATIVE HUMIDITY (PERCENT)
 HIGHEST    84
 LOWEST     24
 AVERAGE    54

..........................................................


THE PASCO WA CLIMATE NORMALS FOR TODAY
                         NORMAL    RECORD    YEAR
 MAXIMUM TEMPERATURE (F)   87       103      1998
 MINIMUM TEMPERATURE (F)   52        45      2010


SUNRISE AND SUNSET
AUGUST 29 2015........SUNRISE   613 AM PDT   SUNSET   741 PM PDT
AUGUST 30 2015........SUNRISE   614 AM PDT   SUNSET   739 PM PDT


-  INDICATES NEGATIVE NUMBERS.
R  INDICATES RECORD WAS SET OR TIED.
MM INDICATES DATA IS MISSING.
T  INDICATES TRACE AMOUNT.


$$
