000
CDUS46 KPDT 270845
CLIPSC

CLIMATE REPORT
NATIONAL WEATHER SERVICE PENDLETON OR
126 AM PDT TUE JUN 27 2017


...................................

...THE PASCO WA CLIMATE SUMMARY FOR JUNE 26 2017...

CLIMATE NORMAL PERIOD 1981 TO 2010
CLIMATE RECORD PERIOD 1948 TO 2017


WEATHER ITEM   OBSERVED TIME   RECORD YEAR NORMAL DEPARTURE LAST
                VALUE   (LST)  VALUE       VALUE  FROM      YEAR
                                                  NORMAL
..................................................................
TEMPERATURE (F)
 YESTERDAY
  MAXIMUM        103    211 PM 105    2015  86     17       92
                                      1925
  MINIMUM         65    456 AM  41    2007  53     12       51
                                      1976
  AVERAGE         84                        70     14       72

PRECIPITATION (IN)
  YESTERDAY        0.30          1.42 1942   0.01   0.29     0.00
  MONTH TO DATE    0.50                      0.63  -0.13     0.46
  SINCE OCT 1      9.94                      7.83   2.11     7.77
  SINCE JAN 1      6.17                      4.88   1.29     5.01

SNOWFALL (IN)
  YESTERDAY        0.0
  SNOW DEPTH       0

DEGREE DAYS
 HEATING
  YESTERDAY        0                         1     -1        0
  MONTH TO DATE   26                        34     -8       30
  SINCE JUN 1     26                        34     -8       30
  SINCE JUL 1   5408                      5024    384     4344

 COOLING
  YESTERDAY       19                         5     14        7
  MONTH TO DATE  112                        86     26      116
  SINCE JUN 1    112                        86     26      116
  SINCE JAN 1    161                       119     42      149
..................................................................


WIND (MPH)
  RESULTANT WIND SPEED   4   RESULTANT WIND DIRECTION  SE (150)
  HIGHEST WIND SPEED    36   HIGHEST WIND DIRECTION     S (190)
  HIGHEST GUST SPEED    47   HIGHEST GUST DIRECTION     S (170)


SKY COVER
  POSSIBLE SUNSHINE  MM
  AVERAGE SKY COVER 0.1


WEATHER CONDITIONS
 THE FOLLOWING WEATHER WAS RECORDED YESTERDAY.
  THUNDERSTORM
  LIGHT RAIN
  HAZE


RELATIVE HUMIDITY (PERCENT)
 HIGHEST    84
 LOWEST     19
 AVERAGE    52

..........................................................


THE PASCO WA CLIMATE NORMALS FOR TODAY
                         NORMAL    RECORD    YEAR
 MAXIMUM TEMPERATURE (F)   86       111      2015
 MINIMUM TEMPERATURE (F)   53        43      1976


SUNRISE AND SUNSET
JUNE 27 2017..........SUNRISE   507 AM PDT   SUNSET   852 PM PDT
JUNE 28 2017..........SUNRISE   507 AM PDT   SUNSET   852 PM PDT


-  INDICATES NEGATIVE NUMBERS.
R  INDICATES RECORD WAS SET OR TIED.
MM INDICATES DATA IS MISSING.
T  INDICATES TRACE AMOUNT.




$$
