645
CDUS41 KALY 060630
CLIPSF


CLIMATE REPORT
NATIONAL WEATHER SERVICE ALBANY NY
129 AM EST TUE DEC 6 2016


...................................

...THE PITTSFIELD MA CLIMATE SUMMARY FOR DECEMBER 5 2016...

CLIMATE NORMAL PERIOD 1981 TO 2010
CLIMATE RECORD PERIOD 9999 TO 9999


WEATHER ITEM   OBSERVED TIME   NORMAL DEPARTURE LAST
                VALUE   (LST)  VALUE  FROM      YEAR
                                      NORMAL
......................................................
TEMPERATURE (F)
 YESTERDAY
  MAXIMUM         37    411 PM  38     -1       45
  MINIMUM         24   1215 AM  24      0       26
  AVERAGE         31            31      0       36

PRECIPITATION (IN)
  YESTERDAY        0.05          0.10  -0.05     0.00
  MONTH TO DATE    0.60          0.51   0.09     0.56
  SINCE DEC 1      0.60          0.51   0.09     0.56
  SINCE JAN 1     32.54         42.89 -10.35    37.51

DEGREE DAYS
 HEATING
  YESTERDAY       34            34      0       29
  MONTH TO DATE  151           168    -17      135
  SINCE DEC 1    151           168    -17      135
  SINCE JUL 1   1558          1819   -261     1508

 COOLING
  YESTERDAY        0             0      0        0
  MONTH TO DATE    0             0      0        0
  SINCE DEC 1      0             0      0        0
  SINCE JAN 1    432           290    142      361
......................................................


WIND (MPH)
  HIGHEST WIND SPEED    16   HIGHEST WIND DIRECTION     W (280)
  HIGHEST GUST SPEED    24   HIGHEST GUST DIRECTION     W (290)
  AVERAGE WIND SPEED     6.7


SKY COVER
  AVERAGE SKY COVER 0.9



RELATIVE HUMIDITY (PERCENT)
 HIGHEST    92
 LOWEST     75
 AVERAGE    84

..........................................................


THE PITTSFIELD MA CLIMATE NORMALS FOR TODAY
                         NORMAL
 MAXIMUM TEMPERATURE (F)   37
 MINIMUM TEMPERATURE (F)   23


SUNRISE AND SUNSET
DECEMBER  6 2016......SUNRISE   708 AM EST   SUNSET   420 PM EST
DECEMBER  7 2016......SUNRISE   709 AM EST   SUNSET   420 PM EST


-  INDICATES NEGATIVE NUMBERS.
R  INDICATES RECORD WAS SET OR TIED.
MM INDICATES DATA IS MISSING.
T  INDICATES TRACE AMOUNT.




$$
