000
CDUS46 KSGX 241417
CLIPSP


CLIMATE REPORT
NATIONAL WEATHER SERVICE SAN DIEGO, CA
717 AM PDT TUE MAY 24 2016


...................................

...THE PALM SPRINGS INTL AIRPORT CA CLIMATE SUMMARY FOR MAY 23 2016...

CLIMATE NORMAL PERIOD 1981 TO 2010
CLIMATE RECORD PERIOD 1893 TO 2016


WEATHER ITEM   OBSERVED TIME   RECORD YEAR NORMAL DEPARTURE LAST
                VALUE   (LST)  VALUE       VALUE  FROM      YEAR
                                                  NORMAL
..................................................................
TEMPERATURE (F)
 YESTERDAY
  MAXIMUM         86    329 PM 114    2001  95     -9       83
  MINIMUM         61    413 AM  49    1960  66     -5       59
  AVERAGE         74                        81     -7       71

PRECIPITATION (IN)
  YESTERDAY        0.00          0.03 2008   0.01  -0.01     0.00
  MONTH TO DATE    0.02                      0.12  -0.10     0.12
  SINCE OCT 1      2.63                      4.72  -2.09     2.21
  SINCE JAN 1      2.44                      2.87  -0.43     1.34

DEGREE DAYS
 HEATING
  YESTERDAY        0                         0      0        0
  MONTH TO DATE    0                         0      0        6
  SINCE MAR 1     28                        94    -66       36
  SINCE JUL 1    738                       872   -134      407

 COOLING
  YESTERDAY        9                        16     -7        6
  MONTH TO DATE  281                       303    -22      215
  SINCE MAR 1    748                       596    152      806
  SINCE JAN 1    898                       623    275      926
..................................................................


WIND (MPH)
  RESULTANT WIND SPEED  12   RESULTANT WIND DIRECTION  NW (320)
  HIGHEST WIND SPEED    26   HIGHEST WIND DIRECTION    NW (320)
  HIGHEST GUST SPEED    32   HIGHEST GUST DIRECTION    NW (310)
  AVERAGE WIND SPEED    13.5


SKY COVER
  POSSIBLE SUNSHINE  MM
  AVERAGE SKY COVER 0.0


WEATHER CONDITIONS
 THE FOLLOWING WEATHER WAS RECORDED YESTERDAY.
  NO SIGNIFICANT WEATHER WAS OBSERVED.


RELATIVE HUMIDITY (PERCENT)
 HIGHEST    48           600 AM
 LOWEST     20           300 PM
 AVERAGE    34

..........................................................


THE PALM SPRINGS INTL AIRPORT CA CLIMATE NORMALS FOR TODAY
                         NORMAL    RECORD    YEAR
 MAXIMUM TEMPERATURE (F)   96       115      1952
 MINIMUM TEMPERATURE (F)   67        48      1960


SUNRISE AND SUNSET
MAY 24 2016...........SUNRISE   539 AM PDT   SUNSET   747 PM PDT
MAY 25 2016...........SUNRISE   539 AM PDT   SUNSET   748 PM PDT


-  INDICATES NEGATIVE NUMBERS.
R  INDICATES RECORD WAS SET OR TIED.
MM INDICATES DATA IS MISSING.
T  INDICATES TRACE AMOUNT.




$$
