000
CDUS45 KPUB 181146
CLIPUB


CLIMATE REPORT
NATIONAL WEATHER SERVICE PUEBLO
446 AM MST THU DEC 18 2014


...................................

...THE PUEBLO CO CLIMATE SUMMARY FOR DECEMBER 17 2014...

CLIMATE NORMAL PERIOD 1981 TO 2010
CLIMATE RECORD PERIOD 1888 TO 2014


WEATHER ITEM   OBSERVED TIME   RECORD YEAR NORMAL DEPARTURE LAST
                VALUE   (LST)  VALUE       VALUE  FROM      YEAR
                                                  NORMAL
..................................................................
TEMPERATURE (F)
 YESTERDAY
  MAXIMUM         34    359 PM  82    1980  45    -11       58
  MINIMUM         16    258 AM -10    1996  14      2       20
  AVERAGE         25                        29     -4       39

PRECIPITATION (IN)
  YESTERDAY        0.01          0.33 1937   0.02  -0.01     0.00
  MONTH TO DATE    0.05                      0.23  -0.18     0.02
  SINCE DEC 1      0.05                      0.23  -0.18     0.02
  SINCE JAN 1     11.64                     12.42  -0.78     9.67

SNOWFALL (IN)
  YESTERDAY        0.2           3.4  1937   0.2    0.0      0.0
  MONTH TO DATE    0.2                       3.1   -2.9      2.0
  SINCE DEC 1      0.2                       3.1   -2.9      2.0
  SINCE JUL 1     10.1                       9.1    1.0      5.7
  SNOW DEPTH       0

DEGREE DAYS
 HEATING
  YESTERDAY       40                        36      4       26
  MONTH TO DATE  508                       584    -76      622
  SINCE DEC 1    508                       584    -76      622
  SINCE JUL 1   1670                      1865   -195     1805

 COOLING
  YESTERDAY        0                         0      0        0
  MONTH TO DATE    0                         0      0        0
  SINCE DEC 1      0                         0      0        0
  SINCE JAN 1   1002                       897    105     1230
..................................................................


WIND (MPH)
  HIGHEST WIND SPEED     9   HIGHEST WIND DIRECTION     E (90)
  HIGHEST GUST SPEED    10   HIGHEST GUST DIRECTION     E (90)
  AVERAGE WIND SPEED     3.0


SKY COVER
  POSSIBLE SUNSHINE  MM
  AVERAGE SKY COVER 0.7


WEATHER CONDITIONS
 THE FOLLOWING WEATHER WAS RECORDED YESTERDAY.
  LIGHT SNOW
  FOG


RELATIVE HUMIDITY (PERCENT)
 HIGHEST    92          1000 PM
 LOWEST     61           200 PM
 AVERAGE    77

..........................................................


THE PUEBLO CO CLIMATE NORMALS FOR TODAY
                         NORMAL    RECORD    YEAR
 MAXIMUM TEMPERATURE (F)   45        70      1979
 MINIMUM TEMPERATURE (F)   14       -19      1996


SUNRISE AND SUNSET
DECEMBER 18 2014......SUNRISE   710 AM MST   SUNSET   440 PM MST
DECEMBER 19 2014......SUNRISE   710 AM MST   SUNSET   440 PM MST


-  INDICATES NEGATIVE NUMBERS.
R  INDICATES RECORD WAS SET OR TIED.
MM INDICATES DATA IS MISSING.
T  INDICATES TRACE AMOUNT.




$$
