000
CDUS45 KPUB 221148
CLIPUB


CLIMATE REPORT
NATIONAL WEATHER SERVICE PUEBLO
447 AM MST THU FEB 22 2018


...................................

...THE PUEBLO CO CLIMATE SUMMARY FOR FEBRUARY 21 2018...

CLIMATE NORMAL PERIOD 1981 TO 2010
CLIMATE RECORD PERIOD 1888 TO 2018


WEATHER ITEM   OBSERVED TIME   RECORD YEAR NORMAL DEPARTURE LAST
                VALUE   (LST)  VALUE       VALUE  FROM      YEAR
                                                  NORMAL
..................................................................
TEMPERATURE (F)
 YESTERDAY
  MAXIMUM         33    320 PM  77    2017  52    -19       77
  MINIMUM          5    600 AM  -5    1911  19    -14       29
  AVERAGE         19                        35    -16       53

PRECIPITATION (IN)
  YESTERDAY        0.00          0.46 1894   0.01  -0.01     0.00
  MONTH TO DATE    0.55                      0.20   0.35     0.17
  SINCE DEC 1      0.79                      0.93  -0.14     1.68
  SINCE JAN 1      0.78                      0.55   0.23     0.92

SNOWFALL (IN)
  YESTERDAY        0.0           8.6  1894   0.1   -0.1      0.0
  MONTH TO DATE   10.5                       2.9    7.6      0.0
  SINCE DEC 1     12.3                      14.9   -2.6     14.2
  SINCE JUL 1     13.7                      20.9   -7.2     14.2
  SNOW DEPTH       0

DEGREE DAYS
 HEATING
  YESTERDAY       46                        30     16       12
  MONTH TO DATE  647                       673    -26      428
  SINCE DEC 1   2581                      2824   -243     2512
  SINCE JUL 1   3602                      4105   -503     3294

 COOLING
  YESTERDAY        0                         0      0        0
  MONTH TO DATE    0                         0      0        0
  SINCE DEC 1      0                         0      0        0
  SINCE JAN 1      0                         0      0        0
..................................................................


WIND (MPH)
  HIGHEST WIND SPEED    14   HIGHEST WIND DIRECTION     E (100)
  HIGHEST GUST SPEED    17   HIGHEST GUST DIRECTION     E (100)
  AVERAGE WIND SPEED     5.0


SKY COVER
  POSSIBLE SUNSHINE  MM
  AVERAGE SKY COVER 0.1


WEATHER CONDITIONS
 THE FOLLOWING WEATHER WAS RECORDED YESTERDAY.
  NO SIGNIFICANT WEATHER WAS OBSERVED.


RELATIVE HUMIDITY (PERCENT)
 HIGHEST    87           600 AM
 LOWEST     43           200 PM
 AVERAGE    65

..........................................................


THE PUEBLO CO CLIMATE NORMALS FOR TODAY
                         NORMAL    RECORD    YEAR
 MAXIMUM TEMPERATURE (F)   52        74      2017
 MINIMUM TEMPERATURE (F)   19       -10      1911


SUNRISE AND SUNSET
FEBRUARY 22 2018......SUNRISE   639 AM MST   SUNSET   544 PM MST
FEBRUARY 23 2018......SUNRISE   638 AM MST   SUNSET   545 PM MST


-  INDICATES NEGATIVE NUMBERS.
R  INDICATES RECORD WAS SET OR TIED.
MM INDICATES DATA IS MISSING.
T  INDICATES TRACE AMOUNT.




$$
