000
CDUS45 KPUB 031141
CLIPUB


CLIMATE REPORT
NATIONAL WEATHER SERVICE PUEBLO
440 AM MST TUE MAR 3 2015


...................................

...THE PUEBLO CO CLIMATE SUMMARY FOR MARCH 2 2015...

CLIMATE NORMAL PERIOD 1981 TO 2010
CLIMATE RECORD PERIOD 1888 TO 2015


WEATHER ITEM   OBSERVED TIME   RECORD YEAR NORMAL DEPARTURE LAST
                VALUE   (LST)  VALUE       VALUE  FROM      YEAR
                                                  NORMAL
..................................................................
TEMPERATURE (F)
 YESTERDAY
  MAXIMUM         37    516 PM  80    2009  55    -18       20
  MINIMUM         24    716 AM  -8    1943  22      2        6
  AVERAGE         31                        38     -7       13

PRECIPITATION (IN)
  YESTERDAY        T             0.29 2000   0.02  -0.02     0.05
  MONTH TO DATE    T                         0.04  -0.04     0.05
  SINCE MAR 1      T                         0.04  -0.04     0.05
  SINCE JAN 1      1.38                      0.69   0.69     0.78

SNOWFALL (IN)
  YESTERDAY        T             2.8  1969   0.2   -0.2      0.7
  MONTH TO DATE    T                         0.3   -0.3      1.0
  SINCE MAR 1      T                         0.3   -0.3      1.0
  SINCE JUL 1     41.1                      22.1   19.0     19.6
  SNOW DEPTH       1

DEGREE DAYS
 HEATING
  YESTERDAY       34                        27      7       52
  MONTH TO DATE   80                        54     26       96
  SINCE MAR 1     80                        54     26       96
  SINCE JUL 1   4102                      4357   -255     4301

 COOLING
  YESTERDAY        0                         0      0        0
  MONTH TO DATE    0                         0      0        0
  SINCE MAR 1      0                         0      0        0
  SINCE JAN 1      0                         0      0        0
..................................................................


WIND (MPH)
  HIGHEST WIND SPEED    18   HIGHEST WIND DIRECTION    NW (300)
  HIGHEST GUST SPEED    21   HIGHEST GUST DIRECTION    NW (300)
  AVERAGE WIND SPEED     2.6


SKY COVER
  POSSIBLE SUNSHINE  MM
  AVERAGE SKY COVER 0.6


WEATHER CONDITIONS
 THE FOLLOWING WEATHER WAS RECORDED YESTERDAY.
  LIGHT SNOW
  FOG
  HAZE


RELATIVE HUMIDITY (PERCENT)
 HIGHEST   100           900 PM
 LOWEST     75           300 PM
 AVERAGE    88

..........................................................


THE PUEBLO CO CLIMATE NORMALS FOR TODAY
                         NORMAL    RECORD    YEAR
 MAXIMUM TEMPERATURE (F)   55        77      2009
 MINIMUM TEMPERATURE (F)   22       -10      1943


SUNRISE AND SUNSET
MARCH  3 2015.........SUNRISE   627 AM MST   SUNSET   553 PM MST
MARCH  4 2015.........SUNRISE   626 AM MST   SUNSET   554 PM MST


-  INDICATES NEGATIVE NUMBERS.
R  INDICATES RECORD WAS SET OR TIED.
MM INDICATES DATA IS MISSING.
T  INDICATES TRACE AMOUNT.




$$
