000
CDUS45 KPUB 061106
CLIPUB


CLIMATE REPORT
NATIONAL WEATHER SERVICE PUEBLO
505 AM MDT FRI MAY 6 2016


...................................

...THE PUEBLO CO CLIMATE SUMMARY FOR MAY 5 2016...

CLIMATE NORMAL PERIOD 1981 TO 2010
CLIMATE RECORD PERIOD 1888 TO 2016


WEATHER ITEM   OBSERVED TIME   RECORD YEAR NORMAL DEPARTURE LAST
                VALUE   (LST)  VALUE       VALUE  FROM      YEAR
                                                  NORMAL
..................................................................
TEMPERATURE (F)
 YESTERDAY
  MAXIMUM         85    343 PM  94    2000  74     11       55
  MINIMUM         45    341 AM  27    2011  41      4       49
  AVERAGE         65                        57      8       52

PRECIPITATION (IN)
  YESTERDAY        0.00          1.19 2001   0.05  -0.05     0.91
  MONTH TO DATE    T                         0.26  -0.26     0.93
  SINCE MAR 1      3.55                      2.59   0.96     2.92
  SINCE JAN 1      4.41                      3.24   1.17     4.30

SNOWFALL (IN)
  YESTERDAY        0.0           4.2  1917   0.0    0.0      0.0
  MONTH TO DATE    0.0                       0.2   -0.2      0.0
  SINCE MAR 1      7.2                       9.7   -2.5      1.7
  SINCE JUL 1     31.4                      31.5   -0.1     42.8
  SNOW DEPTH       0

DEGREE DAYS
 HEATING
  YESTERDAY        0                         8     -8       13
  MONTH TO DATE   54                        45      9       20
  SINCE MAR 1   1018                      1182   -164     1008
  SINCE JUL 1   4527                      5485   -958     5030

 COOLING
  YESTERDAY        0                         0      0        0
  MONTH TO DATE    0                         0      0        1
  SINCE MAR 1      0                         2     -2        1
  SINCE JAN 1      0                         2     -2        1
..................................................................


WIND (MPH)
  HIGHEST WIND SPEED    17   HIGHEST WIND DIRECTION    SE (130)
  HIGHEST GUST SPEED    22   HIGHEST GUST DIRECTION    SE (140)
  AVERAGE WIND SPEED     7.5


SKY COVER
  POSSIBLE SUNSHINE  MM
  AVERAGE SKY COVER 0.0


WEATHER CONDITIONS
 THE FOLLOWING WEATHER WAS RECORDED YESTERDAY.
  NO SIGNIFICANT WEATHER WAS OBSERVED.


RELATIVE HUMIDITY (PERCENT)
 HIGHEST    71           300 AM
 LOWEST     14           400 PM
 AVERAGE    43

..........................................................


THE PUEBLO CO CLIMATE NORMALS FOR TODAY
                         NORMAL    RECORD    YEAR
 MAXIMUM TEMPERATURE (F)   74        91      2004
 MINIMUM TEMPERATURE (F)   41        29      1917


SUNRISE AND SUNSET
MAY  6 2016...........SUNRISE   555 AM MDT   SUNSET   755 PM MDT
MAY  7 2016...........SUNRISE   554 AM MDT   SUNSET   756 PM MDT


-  INDICATES NEGATIVE NUMBERS.
R  INDICATES RECORD WAS SET OR TIED.
MM INDICATES DATA IS MISSING.
T  INDICATES TRACE AMOUNT.




$$
