000
CDUS45 KPUB 260027
CLIPUB


CLIMATE REPORT
NATIONAL WEATHER SERVICE PUEBLO
627 PM MDT TUE JUL 25 2017


...................................

...THE PUEBLO CO CLIMATE SUMMARY FOR JULY 25 2017...
VALID TODAY AS OF 0500 PM LOCAL TIME.

CLIMATE NORMAL PERIOD 1981 TO 2010
CLIMATE RECORD PERIOD 1888 TO 2017


WEATHER ITEM   OBSERVED TIME   RECORD YEAR NORMAL DEPARTURE LAST
                VALUE   (LST)  VALUE       VALUE  FROM      YEAR
                                                  NORMAL
..................................................................
TEMPERATURE (F)
 TODAY
  MAXIMUM        100    327 PM 107    2003  93      7       96
  MINIMUM         66    431 AM  48    1995  60      6       64
  AVERAGE         83                        76      7       80

PRECIPITATION (IN)
  TODAY            0.47          1.96 1977   0.07   0.40     0.46
  MONTH TO DATE    0.75                      1.60  -0.85     1.01
  SINCE JUN 1      2.32                      2.96  -0.64     1.79
  SINCE JAN 1     11.38                      7.45   3.93     8.96

SNOWFALL (IN)
  TODAY            0.0           0.0  2001   0.0    0.0      0.0
  MONTH TO DATE    0.0                       0.0    0.0       T
  SINCE JUN 1      0.0                       0.0    0.0       T
  SINCE JUL 1      0.0                       0.0    0.0       T
  SNOW DEPTH       0

DEGREE DAYS
 HEATING
  TODAY            0                         0      0        0
  MONTH TO DATE    0                         0      0        0
  SINCE JUN 1      5                        25    -20        1
  SINCE JUL 1      0                         0      0        0

 COOLING
  TODAY           18                        11      7       15
  MONTH TO DATE  335                       270     65      394
  SINCE JUN 1    568                       445    123      733
  SINCE JAN 1    578                       479     99      763
..................................................................


WIND (MPH)
  HIGHEST WIND SPEED    31   HIGHEST WIND DIRECTION     S (180)
  HIGHEST GUST SPEED    43   HIGHEST GUST DIRECTION     S (170)
  AVERAGE WIND SPEED     5.0


SKY COVER
  POSSIBLE SUNSHINE  MM
  AVERAGE SKY COVER 0.0


WEATHER CONDITIONS
 THE FOLLOWING WEATHER WAS RECORDED TODAY.
  THUNDERSTORM
  HEAVY RAIN
  RAIN
  LIGHT RAIN


RELATIVE HUMIDITY (PERCENT)
 HIGHEST    59           500 AM
 LOWEST     18           200 PM
 AVERAGE    39

..........................................................


THE PUEBLO CO CLIMATE NORMALS FOR TOMORROW
                         NORMAL    RECORD    YEAR
 MAXIMUM TEMPERATURE (F)   92       101      2015
                                             2003
                                             1995
 MINIMUM TEMPERATURE (F)   60        52      1993


SUNRISE AND SUNSET
JULY 25 2017..........SUNRISE   555 AM MDT   SUNSET   814 PM MDT
JULY 26 2017..........SUNRISE   556 AM MDT   SUNSET   813 PM MDT


-  INDICATES NEGATIVE NUMBERS.
R  INDICATES RECORD WAS SET OR TIED.
MM INDICATES DATA IS MISSING.
T  INDICATES TRACE AMOUNT.




$$
