559
CDUS46 KOTX 220821
CLIPUW


CLIMATE REPORT
NATIONAL WEATHER SERVICE SPOKANE, WA
121 AM PDT TUE AUG 22 2017


...................................

...THE PULLMAN-MOSCOW  AIRPORT CLIMATE SUMMARY FOR AUGUST 21 2017...

CLIMATE NORMAL PERIOD 1981 TO 2010
CLIMATE RECORD PERIOD 9999 TO 9999


WEATHER ITEM   OBSERVED TIME   RECORD YEAR NORMAL DEPARTURE LAST
                VALUE   (LST)  VALUE       VALUE  FROM      YEAR
                                                  NORMAL
..................................................................
TEMPERATURE (F)
 YESTERDAY
  MAXIMUM         86    438 PM 100    1897  82      4       91
  MINIMUM         47    434 AM  34    2000  49     -2       48
  AVERAGE         67                        65      2       70

PRECIPITATION (IN)
  YESTERDAY        0.00                      0.02  -0.02     0.00
  MONTH TO DATE    0.06                      0.44  -0.38     0.24
  SINCE OCT 1     23.33                     15.92   7.41    19.95
  SINCE JAN 1     14.92                     10.72   4.20    11.96

SNOWFALL (IN)
  YESTERDAY       MM

DEGREE DAYS
 HEATING
  YESTERDAY        0                         3     -3        0
  MONTH TO DATE   11                        33    -22       19
  SINCE JUN 1    151                       303   -152      252
  SINCE JUL 1     17                        97    -80       84

 COOLING
  YESTERDAY        2                         3     -1        5
  MONTH TO DATE  132                        70     62       73
  SINCE JUN 1    362                       165    197      174
  SINCE JAN 1    382                       170    212      175
..................................................................


WIND (MPH)
  HIGHEST WIND SPEED     9   HIGHEST WIND DIRECTION     N (20)
  HIGHEST GUST SPEED    14   HIGHEST GUST DIRECTION    NE (60)
  AVERAGE WIND SPEED     2.5


SKY COVER
  POSSIBLE SUNSHINE  MM
  AVERAGE SKY COVER 0.0


WEATHER CONDITIONS
 THE FOLLOWING WEATHER WAS RECORDED YESTERDAY.
  HAZE


RELATIVE HUMIDITY (PERCENT)
 HIGHEST    66           300 AM
 LOWEST     20           300 PM
 AVERAGE    43

..........................................................


THE PULLMAN-MOSCOW  AIRPORT CLIMATE NORMALS FOR TODAY
                         NORMAL    RECORD    YEAR
 MAXIMUM TEMPERATURE (F)   81        99      1961
                                             1956
 MINIMUM TEMPERATURE (F)   49        37      1968


SUNRISE AND SUNSET
AUGUST 22 2017........SUNRISE   556 AM PDT   SUNSET   746 PM PDT
AUGUST 23 2017........SUNRISE   557 AM PDT   SUNSET   744 PM PDT


-  INDICATES NEGATIVE NUMBERS.
R  INDICATES RECORD WAS SET OR TIED.
MM INDICATES DATA IS MISSING.
T  INDICATES TRACE AMOUNT.




$$
