000
CDUS46 KOTX 310826
CLIPUW


CLIMATE REPORT
NATIONAL WEATHER SERVICE SPOKANE, WA
125 AM PDT TUE MAY 31 2016


...................................

...THE PULLMAN-MOSCOW  AIRPORT CLIMATE SUMMARY FOR MAY 30 2016...

CLIMATE NORMAL PERIOD 1981 TO 2010
CLIMATE RECORD PERIOD 9999 TO 9999


WEATHER ITEM   OBSERVED TIME   RECORD YEAR NORMAL DEPARTURE LAST
                VALUE   (LST)  VALUE       VALUE  FROM      YEAR
                                                  NORMAL
..................................................................
TEMPERATURE (F)
 YESTERDAY
  MAXIMUM         68    428 PM  90    1983  68      0       80
  MINIMUM         41   1146 PM  32    1978  44     -3       57
  AVERAGE         55                        56     -1       69

PRECIPITATION (IN)
  YESTERDAY        0.00                      0.04  -0.04     0.00
  MONTH TO DATE    0.72                      1.52  -0.80     1.89
  SINCE OCT 1     18.02                     13.67   4.35    15.57
  SINCE JAN 1     10.03                      8.47   1.56     8.72

SNOWFALL (IN)
  YESTERDAY       MM

DEGREE DAYS
 HEATING
  YESTERDAY       10                         9      1        0
  MONTH TO DATE  273                       363    -90      271
  SINCE MAR 1   1337                      1687   -350     1441
  SINCE JUL 1   5435                      6390   -955     5272

 COOLING
  YESTERDAY        0                         0      0        4
  MONTH TO DATE    1                         0      1        8
  SINCE MAR 1      1                         0      1        8
  SINCE JAN 1      1                         0      1        8
..................................................................


WIND (MPH)
  HIGHEST WIND SPEED    15   HIGHEST WIND DIRECTION     W (250)
  HIGHEST GUST SPEED    20   HIGHEST GUST DIRECTION     W (250)
  AVERAGE WIND SPEED     6.1


SKY COVER
  POSSIBLE SUNSHINE  MM
  AVERAGE SKY COVER 0.1


WEATHER CONDITIONS
 THE FOLLOWING WEATHER WAS RECORDED YESTERDAY.
  NO SIGNIFICANT WEATHER WAS OBSERVED.


RELATIVE HUMIDITY (PERCENT)
 HIGHEST    76           500 AM
 LOWEST     28           200 PM
 AVERAGE    52

..........................................................


THE PULLMAN-MOSCOW  AIRPORT CLIMATE NORMALS FOR TODAY
                         NORMAL    RECORD    YEAR
 MAXIMUM TEMPERATURE (F)   68        89      1986
 MINIMUM TEMPERATURE (F)   44        32      1955


SUNRISE AND SUNSET
MAY 31 2016...........SUNRISE   459 AM PDT   SUNSET   834 PM PDT
JUNE  1 2016..........SUNRISE   458 AM PDT   SUNSET   835 PM PDT


-  INDICATES NEGATIVE NUMBERS.
R  INDICATES RECORD WAS SET OR TIED.
MM INDICATES DATA IS MISSING.
T  INDICATES TRACE AMOUNT.




$$
