000
CDUS46 KOTX 100827
CLIPUW


CLIMATE REPORT
NATIONAL WEATHER SERVICE SPOKANE, WA
1226 AM PST WED FEB 10 2016


...................................

...THE PULLMAN-MOSCOW  AIRPORT CLIMATE SUMMARY FOR FEBRUARY 9 2016...

CLIMATE NORMAL PERIOD 1981 TO 2010
CLIMATE RECORD PERIOD 9999 TO 9999


WEATHER ITEM   OBSERVED TIME   RECORD YEAR NORMAL DEPARTURE LAST
                VALUE   (LST)  VALUE       VALUE  FROM      YEAR
                                                  NORMAL
..................................................................
TEMPERATURE (F)
 YESTERDAY
  MAXIMUM         56R   256 PM  52    1987  40     16       50
  MINIMUM         34   1151 PM   6    1994  28      6       43
  AVERAGE         45                        34     11       47

PRECIPITATION (IN)
  YESTERDAY        0.00          1.09 2015   0.06  -0.06     1.09
  MONTH TO DATE    0.18                      0.58  -0.40     1.76
  SINCE OCT 1     10.79                      7.60   3.19    10.22
  SINCE JAN 1      2.80                      2.40   0.40     3.37

SNOWFALL (IN)
  YESTERDAY       MM

DEGREE DAYS
 HEATING
  YESTERDAY       20                        31    -11       18
  MONTH TO DATE  246                       284    -38      190
  SINCE DEC 1   2204                      2399   -195     2025
  SINCE JUL 1   3661                      4143   -482     3362

 COOLING
  YESTERDAY        0                         0      0        0
  MONTH TO DATE    0                         0      0        0
  SINCE DEC 1      0                         0      0        0
  SINCE JAN 1      0                         0      0        0
..................................................................


WIND (MPH)
  HIGHEST WIND SPEED    22   HIGHEST WIND DIRECTION     E (100)
  HIGHEST GUST SPEED    26   HIGHEST GUST DIRECTION     E (110)
  AVERAGE WIND SPEED     9.4


SKY COVER
  POSSIBLE SUNSHINE  MM
  AVERAGE SKY COVER 0.0


WEATHER CONDITIONS
 THE FOLLOWING WEATHER WAS RECORDED YESTERDAY.
  FOG


RELATIVE HUMIDITY (PERCENT)
 HIGHEST    92          1100 PM
 LOWEST     54           100 PM
 AVERAGE    73

..........................................................


THE PULLMAN-MOSCOW  AIRPORT CLIMATE NORMALS FOR TODAY
                         NORMAL    RECORD    YEAR
 MAXIMUM TEMPERATURE (F)   40        57      1963
 MINIMUM TEMPERATURE (F)   28        -2      1981


SUNRISE AND SUNSET
FEBRUARY 10 2016......SUNRISE   701 AM PST   SUNSET   505 PM PST
FEBRUARY 11 2016......SUNRISE   659 AM PST   SUNSET   507 PM PST


-  INDICATES NEGATIVE NUMBERS.
R  INDICATES RECORD WAS SET OR TIED.
MM INDICATES DATA IS MISSING.
T  INDICATES TRACE AMOUNT.




$$
