000
CDUS46 KOTX 280824
CLIPUW


CLIMATE REPORT
NATIONAL WEATHER SERVICE SPOKANE, WA
1224 AM PST SAT FEB 28 2015


...................................

...THE PULLMAN-MOSCOW  AIRPORT CLIMATE SUMMARY FOR FEBRUARY 27 2015...

CLIMATE NORMAL PERIOD 1981 TO 2010
CLIMATE RECORD PERIOD 9999 TO 9999


WEATHER ITEM   OBSERVED TIME   RECORD YEAR NORMAL DEPARTURE LAST
                VALUE   (LST)  VALUE       VALUE  FROM      YEAR
                                                  NORMAL
..................................................................
TEMPERATURE (F)
 YESTERDAY
  MAXIMUM         51    406 PM  61    1988  45      6       31
  MINIMUM         32    714 AM   2    1962  29      3       26
  AVERAGE         42                        37      5       29

PRECIPITATION (IN)
  YESTERDAY        0.00          0.79 1972   0.06  -0.06     0.15
  MONTH TO DATE    2.14                      1.47   0.67     2.46
  SINCE OCT 1     10.60                      8.49   2.11     7.71
  SINCE JAN 1      3.75                      3.29   0.46     4.37

SNOWFALL (IN)
  YESTERDAY       MM

DEGREE DAYS
 HEATING
  YESTERDAY       23                        28     -5       36
  MONTH TO DATE  628                       817   -189      985
  SINCE DEC 1   2463                      2932   -469     3132
  SINCE JUL 1   3800                      4676   -876     4821

 COOLING
  YESTERDAY        0                         0      0        0
  MONTH TO DATE    0                         0      0        0
  SINCE DEC 1      0                         0      0        0
  SINCE JAN 1      0                         0      0        0
..................................................................


WIND (MPH)
  HIGHEST WIND SPEED    17   HIGHEST WIND DIRECTION     E (90)
  HIGHEST GUST SPEED    21   HIGHEST GUST DIRECTION     E (90)
  AVERAGE WIND SPEED     9.4


SKY COVER
  POSSIBLE SUNSHINE  MM
  AVERAGE SKY COVER 0.1


WEATHER CONDITIONS
 THE FOLLOWING WEATHER WAS RECORDED YESTERDAY.
  NO SIGNIFICANT WEATHER WAS OBSERVED.


RELATIVE HUMIDITY (PERCENT)
 HIGHEST    89           200 AM
 LOWEST     38           400 PM
 AVERAGE    64

..........................................................


THE PULLMAN-MOSCOW  AIRPORT CLIMATE NORMALS FOR TODAY
                         NORMAL    RECORD    YEAR
 MAXIMUM TEMPERATURE (F)   45        62      1988
 MINIMUM TEMPERATURE (F)   29         4      1960


SUNRISE AND SUNSET
FEBRUARY 28 2015......SUNRISE   630 AM PST   SUNSET   532 PM PST
MARCH  1 2015.........SUNRISE   628 AM PST   SUNSET   534 PM PST


-  INDICATES NEGATIVE NUMBERS.
R  INDICATES RECORD WAS SET OR TIED.
MM INDICATES DATA IS MISSING.
T  INDICATES TRACE AMOUNT.




$$
