000
CDUS41 KBOX 021045
CLIPVD


CLIMATE REPORT
NATIONAL WEATHER SERVICE TAUNTON MA
642 AM EDT TUE SEP 2 2014


...................................

...THE PROVIDENCE RI CLIMATE SUMMARY FOR SEPTEMBER 1 2014...

CLIMATE NORMAL PERIOD 1981 TO 2010
CLIMATE RECORD PERIOD 1904 TO 2014


WEATHER ITEM   OBSERVED TIME   RECORD YEAR NORMAL DEPARTURE LAST
                VALUE   (LST)  VALUE       VALUE  FROM      YEAR
                                                  NORMAL
..................................................................
TEMPERATURE (F)
 YESTERDAY
  MAXIMUM         89    144 PM  95    2010  79     10       82
  MINIMUM         72   1144 PM  43    1975  60     12       70
  AVERAGE         81                        70     11       76

PRECIPITATION (IN)
  YESTERDAY        0.00          2.15 1982   0.12  -0.12     0.67
  MONTH TO DATE    0.00                      0.12  -0.12     0.67
  SINCE SEP 1      0.00                      0.12  -0.12     0.67
  SINCE JAN 1     31.45                     30.72   0.73    31.48

SNOWFALL (IN)
  YESTERDAY        0.0           0.0  2002   0.0    0.0      0.0
                                      2001
                                      2000
  MONTH TO DATE    0.0                       0.0    0.0      0.0
  SINCE SEP 1      0.0                       0.0    0.0      0.0
  SINCE JUL 1      0.0                       0.0    0.0      0.0
  SNOW DEPTH       0

DEGREE DAYS
 HEATING
  YESTERDAY        0                         1     -1        0
  MONTH TO DATE    0                         1     -1        0
  SINCE SEP 1      0                         1     -1        0
  SINCE JUL 1      0                        10    -10        0

 COOLING
  YESTERDAY       16                         5     11       11
  MONTH TO DATE   16                         5     11       11
  SINCE SEP 1     16                         5     11       11
  SINCE JAN 1    598                       661    -63      833
..................................................................


WIND (MPH)
  RESULTANT WIND SPEED   6   RESULTANT WIND DIRECTION  SW (220)
  HIGHEST WIND SPEED    14   HIGHEST WIND DIRECTION     W (250)
  HIGHEST GUST SPEED    18   HIGHEST GUST DIRECTION     W (270)
  AVERAGE WIND SPEED     7.1


SKY COVER
  POSSIBLE SUNSHINE  MM
  AVERAGE SKY COVER 0.5


WEATHER CONDITIONS
 THE FOLLOWING WEATHER WAS RECORDED YESTERDAY.
  LIGHT RAIN
  FOG


RELATIVE HUMIDITY (PERCENT)
 HIGHEST   100           500 AM
 LOWEST     53           200 PM
 AVERAGE    77

..........................................................


THE PROVIDENCE RI CLIMATE NORMALS FOR TODAY
                         NORMAL    RECORD    YEAR
 MAXIMUM TEMPERATURE (F)   79        99      1953
 MINIMUM TEMPERATURE (F)   60        47      1992
                                             1991
                                             1934


SUNRISE AND SUNSET
SEPTEMBER  2 2014.....SUNRISE   613 AM EDT   SUNSET   717 PM EDT
SEPTEMBER  3 2014.....SUNRISE   614 AM EDT   SUNSET   716 PM EDT


-  INDICATES NEGATIVE NUMBERS.
R  INDICATES RECORD WAS SET OR TIED.
MM INDICATES DATA IS MISSING.
T  INDICATES TRACE AMOUNT.




$$
