000
CDUS41 KBOX 060543
CLIPVD


CLIMATE REPORT
NATIONAL WEATHER SERVICE TAUNTON MA
1241 AM EST FRI MAR 6 2015


...................................

...THE PROVIDENCE RI CLIMATE SUMMARY FOR MARCH 5 2015...

CLIMATE NORMAL PERIOD 1981 TO 2010
CLIMATE RECORD PERIOD 1904 TO 2015


WEATHER ITEM   OBSERVED TIME   RECORD YEAR NORMAL DEPARTURE LAST
                VALUE   (LST)  VALUE       VALUE  FROM      YEAR
                                                  NORMAL
..................................................................
TEMPERATURE (F)
 YESTERDAY
  MAXIMUM         38   1243 AM  65    1979  44     -6       33
  MINIMUM         20   1159 PM   3    1948  27     -7       20
  AVERAGE         29                        36     -7       27

PRECIPITATION (IN)
  YESTERDAY        0.58          1.53 2001   0.15   0.43      T
  MONTH TO DATE    1.60                      0.72   0.88      T
  SINCE MAR 1      1.60                      0.72   0.88      T
  SINCE JAN 1      7.95                      7.87   0.08     8.40

SNOWFALL (IN)
  YESTERDAY        6.3 R         3.8  1931   0.3    6.0       T
  MONTH TO DATE   13.6                       1.3   12.3      0.1
  SINCE MAR 1     13.6                       1.3   12.3      0.1
  SINCE JUL 1     73.5                      29.0   44.5     42.2
  SNOW DEPTH      16

DEGREE DAYS
 HEATING
  YESTERDAY       36                        29      7       38
  MONTH TO DATE  187                       149     38      198
  SINCE MAR 1    187                       149     38      198
  SINCE JUL 1   4549                      4211    338     4470

 COOLING
  YESTERDAY        0                         0      0        0
  MONTH TO DATE    0                         0      0        0
  SINCE MAR 1      0                         0      0        0
  SINCE JAN 1      0                         0      0        0
..................................................................


WIND (MPH)
  RESULTANT WIND SPEED   5   RESULTANT WIND DIRECTION   N (340)
  HIGHEST WIND SPEED    16   HIGHEST WIND DIRECTION     N (350)
  HIGHEST GUST SPEED    25   HIGHEST GUST DIRECTION     N (350)
  AVERAGE WIND SPEED     5.5


SKY COVER
  POSSIBLE SUNSHINE  MM
  AVERAGE SKY COVER 1.0


WEATHER CONDITIONS
 THE FOLLOWING WEATHER WAS RECORDED YESTERDAY.
  LIGHT RAIN
  HEAVY SNOW
  SNOW
  LIGHT SNOW
  FOG
  FOG W/VISIBILITY <= 1/4 MILE


RELATIVE HUMIDITY (PERCENT)
 HIGHEST    92           100 AM
 LOWEST     57          1100 PM
 AVERAGE    75

..........................................................


THE PROVIDENCE RI CLIMATE NORMALS FOR TODAY
                         NORMAL    RECORD    YEAR
 MAXIMUM TEMPERATURE (F)   45        65      1935
 MINIMUM TEMPERATURE (F)   27         1      1948


SUNRISE AND SUNSET
MARCH  6 2015.........SUNRISE   613 AM EST   SUNSET   542 PM EST
MARCH  7 2015.........SUNRISE   611 AM EST   SUNSET   543 PM EST


-  INDICATES NEGATIVE NUMBERS.
R  INDICATES RECORD WAS SET OR TIED.
MM INDICATES DATA IS MISSING.
T  INDICATES TRACE AMOUNT.




$$
