000
CDUS41 KBOX 310546
CLIPVD


CLIMATE REPORT
NATIONAL WEATHER SERVICE TAUNTON MA
142 AM EDT MON AUG 31 2015


...................................

...THE PROVIDENCE RI CLIMATE SUMMARY FOR AUGUST 30 2015...

CLIMATE NORMAL PERIOD 1981 TO 2010
CLIMATE RECORD PERIOD 1904 TO 2015


WEATHER ITEM   OBSERVED TIME   RECORD YEAR NORMAL DEPARTURE LAST
                VALUE   (LST)  VALUE       VALUE  FROM      YEAR
                                                  NORMAL
..................................................................
TEMPERATURE (F)
 YESTERDAY
  MAXIMUM         89    329 PM  95    1953  79     10       74
  MINIMUM         66    514 AM  45    1986  61      5       55
                                      1965
  AVERAGE         78                        70      8       65

PRECIPITATION (IN)
  YESTERDAY        T             3.37 1985   0.11  -0.11     0.00
  MONTH TO DATE    2.78                      3.49  -0.71     2.48
  SINCE JUN 1     10.47                     10.42   0.05     8.43
  SINCE JAN 1     27.42                     30.49  -3.07    31.23

SNOWFALL (IN)
  YESTERDAY        0.0           0.0  2002   0.0    0.0      0.0
                                      2001
                                      2000
  MONTH TO DATE    0.0                       0.0    0.0      0.0
  SINCE JUN 1      0.0                       0.0    0.0      0.0
  SINCE JUL 1      0.0                       0.0    0.0      0.0
  SNOW DEPTH       0

DEGREE DAYS
 HEATING
  YESTERDAY        0                         1     -1        0
  MONTH TO DATE    0                         1     -1        0
  SINCE JUN 1     72                        47     25       13
  SINCE JUL 1      0                         4     -4        0

 COOLING
  YESTERDAY       13                         6      7        0
  MONTH TO DATE  301                       227     74      168
  SINCE JUN 1    723                       625     98      560
  SINCE JAN 1    787                       651    136      571
..................................................................


WIND (MPH)
  RESULTANT WIND SPEED   6   RESULTANT WIND DIRECTION   W (250)
  HIGHEST WIND SPEED    15   HIGHEST WIND DIRECTION     S (200)
  HIGHEST GUST SPEED    20   HIGHEST GUST DIRECTION     W (250)
  AVERAGE WIND SPEED     7.9


SKY COVER
  POSSIBLE SUNSHINE  MM
  AVERAGE SKY COVER 0.3


WEATHER CONDITIONS
 THE FOLLOWING WEATHER WAS RECORDED YESTERDAY.
  LIGHT RAIN


RELATIVE HUMIDITY (PERCENT)
 HIGHEST    93           600 AM
 LOWEST     36           300 PM
 AVERAGE    65

..........................................................


THE PROVIDENCE RI CLIMATE NORMALS FOR TODAY
                         NORMAL    RECORD    YEAR
 MAXIMUM TEMPERATURE (F)   79        96      1953
 MINIMUM TEMPERATURE (F)   61        40      1965


SUNRISE AND SUNSET
AUGUST 31 2015........SUNRISE   610 AM EDT   SUNSET   721 PM EDT
SEPTEMBER  1 2015.....SUNRISE   611 AM EDT   SUNSET   719 PM EDT


-  INDICATES NEGATIVE NUMBERS.
R  INDICATES RECORD WAS SET OR TIED.
MM INDICATES DATA IS MISSING.
T  INDICATES TRACE AMOUNT.




$$
