000
CDUS41 KBOX 200537
CLIPVD


CLIMATE REPORT
NATIONAL WEATHER SERVICE TAUNTON MA
135 AM EDT SUN APR 20 2014


...................................

...THE PROVIDENCE RI CLIMATE SUMMARY FOR APRIL 19 2014...

CLIMATE NORMAL PERIOD 1981 TO 2010
CLIMATE RECORD PERIOD 1904 TO 2014


WEATHER ITEM   OBSERVED TIME   RECORD YEAR NORMAL DEPARTURE LAST
                VALUE   (LST)  VALUE       VALUE  FROM      YEAR
                                                  NORMAL
..................................................................
TEMPERATURE (F)
 YESTERDAY
  MAXIMUM         65    331 PM  98    1976  60      5       71
  MINIMUM         36    121 AM  26    1926  41     -5       52
  AVERAGE         51                        50      1       62

PRECIPITATION (IN)
  YESTERDAY        0.00          2.36 1983   0.13  -0.13     0.09
  MONTH TO DATE    3.38                      2.92   0.46     1.21
  SINCE MAR 1     10.36                      7.93   2.43     4.15
  SINCE JAN 1     18.76                     15.08   3.68    11.11

SNOWFALL (IN)
  YESTERDAY        0.0           T    1997   0.0    0.0      0.0
  MONTH TO DATE    0.3                       0.5   -0.2      0.0
  SINCE MAR 1      1.5                       6.0   -4.5      4.9
  SINCE JUL 1     43.6                      33.7    9.9     46.3
  SNOW DEPTH       0

DEGREE DAYS
 HEATING
  YESTERDAY       14                        15     -1        3
  MONTH TO DATE  311                       338    -27      318
  SINCE MAR 1   1265                      1147    118     1130
  SINCE JUL 1   5537                      5209    328     4951

 COOLING
  YESTERDAY        0                         0      0        0
  MONTH TO DATE    0                         0      0        0
  SINCE MAR 1      0                         0      0        0
  SINCE JAN 1      0                         0      0        0
..................................................................


WIND (MPH)
  RESULTANT WIND SPEED   6   RESULTANT WIND DIRECTION   N (340)
  HIGHEST WIND SPEED    22   HIGHEST WIND DIRECTION     N (360)
  HIGHEST GUST SPEED    30   HIGHEST GUST DIRECTION     N (360)
  AVERAGE WIND SPEED    10.0


SKY COVER
  POSSIBLE SUNSHINE  MM
  AVERAGE SKY COVER 0.4


WEATHER CONDITIONS
 THE FOLLOWING WEATHER WAS RECORDED YESTERDAY.
  NO SIGNIFICANT WEATHER WAS OBSERVED.


RELATIVE HUMIDITY (PERCENT)
 HIGHEST    85           100 AM
 LOWEST     24           300 PM
 AVERAGE    55

..........................................................


THE PROVIDENCE RI CLIMATE NORMALS FOR TODAY
                         NORMAL    RECORD    YEAR
 MAXIMUM TEMPERATURE (F)   60        89      1976
 MINIMUM TEMPERATURE (F)   41        24      1926


SUNRISE AND SUNSET
APRIL 20 2014.........SUNRISE   558 AM EDT   SUNSET   732 PM EDT
APRIL 21 2014.........SUNRISE   557 AM EDT   SUNSET   733 PM EDT


-  INDICATES NEGATIVE NUMBERS.
R  INDICATES RECORD WAS SET OR TIED.
MM INDICATES DATA IS MISSING.
T  INDICATES TRACE AMOUNT.




$$
