000
CDUS41 KBOX 210534
CLIPVD


CLIMATE REPORT
NATIONAL WEATHER SERVICE TAUNTON MA
134 AM EDT THU AUG 21 2014


...................................

...THE PROVIDENCE RI CLIMATE SUMMARY FOR AUGUST 20 2014...

CLIMATE NORMAL PERIOD 1981 TO 2010
CLIMATE RECORD PERIOD 1904 TO 2014


WEATHER ITEM   OBSERVED TIME   RECORD YEAR NORMAL DEPARTURE LAST
                VALUE   (LST)  VALUE       VALUE  FROM      YEAR
                                                  NORMAL
..................................................................
TEMPERATURE (F)
 YESTERDAY
  MAXIMUM         83   1209 PM  97    1937  81      2       86
  MINIMUM         57    506 AM  47    1981  63     -6       64
  AVERAGE         70                        72     -2       75

PRECIPITATION (IN)
  YESTERDAY        0.00          1.70 2001   0.12  -0.12     0.00
  MONTH TO DATE    2.45                      2.36   0.09     2.04
  SINCE JUN 1      8.40                      9.29  -0.89    14.38
  SINCE JAN 1     31.20                     29.36   1.84    28.98

SNOWFALL (IN)
  YESTERDAY        0.0           0.0  2002   0.0    0.0      0.0
                                      2001
                                      2000
  MONTH TO DATE    0.0                       0.0    0.0      0.0
  SINCE JUN 1      0.0                       0.0    0.0      0.0
  SINCE JUL 1      0.0                       0.0    0.0      0.0
  SNOW DEPTH       0

DEGREE DAYS
 HEATING
  YESTERDAY        0                         0      0        0
  MONTH TO DATE    0                         0      0        0
  SINCE JUN 1     13                        46    -33       24
  SINCE JUL 1      0                         3     -3        0

 COOLING
  YESTERDAY        5                         7     -2       10
  MONTH TO DATE  117                       163    -46      111
  SINCE JUN 1    509                       561    -52      697
  SINCE JAN 1    520                       587    -67      741
..................................................................


WIND (MPH)
  RESULTANT WIND SPEED   2   RESULTANT WIND DIRECTION   S (180)
  HIGHEST WIND SPEED    16   HIGHEST WIND DIRECTION     S (170)
  HIGHEST GUST SPEED    19   HIGHEST GUST DIRECTION     S (170)
  AVERAGE WIND SPEED     4.4


SKY COVER
  POSSIBLE SUNSHINE  MM
  AVERAGE SKY COVER 0.3


WEATHER CONDITIONS
 THE FOLLOWING WEATHER WAS RECORDED YESTERDAY.
  FOG


RELATIVE HUMIDITY (PERCENT)
 HIGHEST   100           400 AM
 LOWEST     45          1100 AM
 AVERAGE    73

..........................................................


THE PROVIDENCE RI CLIMATE NORMALS FOR TODAY
                         NORMAL    RECORD    YEAR
 MAXIMUM TEMPERATURE (F)   81        95      1937
 MINIMUM TEMPERATURE (F)   63        49      1981
                                             1913


SUNRISE AND SUNSET
AUGUST 21 2014........SUNRISE   600 AM EDT   SUNSET   737 PM EDT
AUGUST 22 2014........SUNRISE   601 AM EDT   SUNSET   735 PM EDT


-  INDICATES NEGATIVE NUMBERS.
R  INDICATES RECORD WAS SET OR TIED.
MM INDICATES DATA IS MISSING.
T  INDICATES TRACE AMOUNT.




$$
