000
CDUS41 KBOX 250613
CLIPVD


CLIMATE REPORT
NATIONAL WEATHER SERVICE TAUNTON MA
211 AM EDT SAT MAR 25 2017


...................................

...THE PROVIDENCE RI CLIMATE SUMMARY FOR MARCH 24 2017...

CLIMATE NORMAL PERIOD 1981 TO 2010
CLIMATE RECORD PERIOD 1904 TO 2017


WEATHER ITEM   OBSERVED TIME   RECORD YEAR NORMAL DEPARTURE LAST
                VALUE   (LST)  VALUE       VALUE  FROM      YEAR
                                                  NORMAL
..................................................................
TEMPERATURE (F)
 YESTERDAY
  MAXIMUM         47   1038 PM  67    1938  50     -3       48
  MINIMUM         24    455 AM   9    1906  32     -8       38
  AVERAGE         36                        41     -5       43

PRECIPITATION (IN)
  YESTERDAY        T             1.44 1993   0.18  -0.18     0.00
  MONTH TO DATE    2.22                      3.81  -1.59     2.32
  SINCE MAR 1      2.22                      3.81  -1.59     2.32
  SINCE JAN 1      9.40                     10.96  -1.56    10.67

SNOWFALL (IN)
  YESTERDAY        T             2.8  1956   0.1   -0.1      0.0
  MONTH TO DATE    7.7                       4.8    2.9      2.6
  SINCE MAR 1      7.7                       4.8    2.9      2.6
  SINCE JUL 1     45.9                      32.5   13.4     22.0
  SNOW DEPTH       0

DEGREE DAYS
 HEATING
  YESTERDAY       29                        24      5       22
  MONTH TO DATE  753                       653    100      513
  SINCE MAR 1    753                       653    100      513
  SINCE JUL 1   4311                      4715   -404     3884

 COOLING
  YESTERDAY        0                         0      0        0
  MONTH TO DATE    0                         0      0        0
  SINCE MAR 1      0                         0      0        0
  SINCE JAN 1      0                         0      0        0
..................................................................


WIND (MPH)
  RESULTANT WIND SPEED   9   RESULTANT WIND DIRECTION  SW (220)
  HIGHEST WIND SPEED    26   HIGHEST WIND DIRECTION     S (200)
  HIGHEST GUST SPEED    35   HIGHEST GUST DIRECTION    SW (210)
  AVERAGE WIND SPEED    11.0


SKY COVER
  POSSIBLE SUNSHINE  MM
  AVERAGE SKY COVER 0.7


WEATHER CONDITIONS
 THE FOLLOWING WEATHER WAS RECORDED YESTERDAY.
  RAIN
  LIGHT RAIN
  SLEET
  HAZE


RELATIVE HUMIDITY (PERCENT)
 HIGHEST    60          1100 PM
 LOWEST     34          1200 AM
 AVERAGE    47

..........................................................


THE PROVIDENCE RI CLIMATE NORMALS FOR TODAY
                         NORMAL    RECORD    YEAR
 MAXIMUM TEMPERATURE (F)   51        73      1964
 MINIMUM TEMPERATURE (F)   33        13      1956


SUNRISE AND SUNSET
MARCH 25 2017.........SUNRISE   640 AM EDT   SUNSET   704 PM EDT
MARCH 26 2017.........SUNRISE   638 AM EDT   SUNSET   705 PM EDT


-  INDICATES NEGATIVE NUMBERS.
R  INDICATES RECORD WAS SET OR TIED.
MM INDICATES DATA IS MISSING.
T  INDICATES TRACE AMOUNT.




$$
