000
CDUS43 KLOT 180636
CLIPWK


CLIMATE REPORT
NATIONAL WEATHER SERVICE CHICAGO IL
134 AM CDT THU SEP 18 2014


...................................

...THE CHICAGO EXECUTIVE CLIMATE SUMMARY FOR SEPTEMBER 17 2014...

CLIMATE NORMAL PERIOD 1981 TO 2010
CLIMATE RECORD PERIOD 1996 TO 2014


WEATHER ITEM   OBSERVED TIME   RECORD YEAR NORMAL DEPARTURE LAST
                VALUE   (LST)  VALUE       VALUE  FROM      YEAR
                                                  NORMAL
..................................................................
TEMPERATURE (F)
 YESTERDAY
  MAXIMUM         71    355 PM  82    2006  74     -3       70
                                      2003
  MINIMUM         45R   511 AM  45    1999  54     -9       47
  AVERAGE         58                        64     -6       59

PRECIPITATION (IN)
  YESTERDAY        0.00          0.21 2012   0.09  -0.09     0.00
  MONTH TO DATE    1.84                      1.78   0.06     1.14
  SINCE SEP 1      1.84                      1.78   0.06     1.14
  SINCE JAN 1     27.36                     24.26   3.10    22.01

DEGREE DAYS
 HEATING
  YESTERDAY        7                         3      4        6
  MONTH TO DATE   75                        29     46       32
  SINCE SEP 1     75                        29     46       32
  SINCE JUL 1     79                        39     40       42

 COOLING
  YESTERDAY        0                         2     -2        0
  MONTH TO DATE   76                        62     14      110
  SINCE SEP 1     76                        62     14      110
  SINCE JAN 1    764                       759      5      870
..................................................................


WIND (MPH)
  RESULTANT WIND SPEED   1   RESULTANT WIND DIRECTION  SW (220)
  HIGHEST WIND SPEED    12   HIGHEST WIND DIRECTION    NE (30)
  HIGHEST GUST SPEED    15   HIGHEST GUST DIRECTION     W (280)
  AVERAGE WIND SPEED     2.0



WEATHER CONDITIONS
 THE FOLLOWING WEATHER WAS RECORDED YESTERDAY.
  NO SIGNIFICANT WEATHER WAS OBSERVED.


..........................................................


THE CHICAGO EXECUTIVE CLIMATE NORMALS FOR TODAY
                         NORMAL    RECORD    YEAR
 MAXIMUM TEMPERATURE (F)   74        89      2007
 MINIMUM TEMPERATURE (F)   53        42      2012


SUNRISE AND SUNSET
SEPTEMBER 18 2014.....SUNRISE   635 AM CDT   SUNSET   656 PM CDT
SEPTEMBER 19 2014.....SUNRISE   636 AM CDT   SUNSET   654 PM CDT


-  INDICATES NEGATIVE NUMBERS.
R  INDICATES RECORD WAS SET OR TIED.
MM INDICATES DATA IS MISSING.
T  INDICATES TRACE AMOUNT.




$$

BMD
