000
CDUS43 KLOT 110636
CLIPWK


CLIMATE REPORT
NATIONAL WEATHER SERVICE CHICAGO IL
1235 AM CST THU FEB 11 2016


...................................

...THE CHICAGO EXECUTIVE CLIMATE SUMMARY FOR FEBRUARY 10 2016...

CLIMATE NORMAL PERIOD 1981 TO 2010
CLIMATE RECORD PERIOD 1996 TO 2016


WEATHER ITEM   OBSERVED TIME   RECORD YEAR NORMAL DEPARTURE LAST
                VALUE   (LST)  VALUE       VALUE  FROM      YEAR
                                                  NORMAL
..................................................................
TEMPERATURE (F)
 YESTERDAY
  MAXIMUM         17    309 PM  61    2009  34    -17       31
  MINIMUM          9    727 AM  -6    2011  19    -10       18
  AVERAGE         13                        26    -13       25

PRECIPITATION (IN)
  YESTERDAY        0.00          0.37 2013   0.04  -0.04     0.00
  MONTH TO DATE    1.19                      0.32   0.87      T
  SINCE DEC 1      4.38                      3.78   0.60     1.40
  SINCE JAN 1      1.57                      1.95  -0.38     0.69

DEGREE DAYS
 HEATING
  YESTERDAY       52                        39     13       40
  MONTH TO DATE  364                       397    -33      440
  SINCE DEC 1   2407                      2824   -417     2772
  SINCE JUL 1   3419                      4094   -675     4175

 COOLING
  YESTERDAY        0                         0      0        0
  MONTH TO DATE    0                         0      0        0
  SINCE DEC 1      0                         0      0        0
  SINCE JAN 1      0                         0      0        0
..................................................................


WIND (MPH)
  RESULTANT WIND SPEED  11   RESULTANT WIND DIRECTION  NW (310)
  HIGHEST WIND SPEED    21   HIGHEST WIND DIRECTION    NW (320)
  HIGHEST GUST SPEED    26   HIGHEST GUST DIRECTION    NW (320)
  AVERAGE WIND SPEED    10.6



WEATHER CONDITIONS
 THE FOLLOWING WEATHER WAS RECORDED YESTERDAY.
  NO SIGNIFICANT WEATHER WAS OBSERVED.


..........................................................


THE CHICAGO EXECUTIVE CLIMATE NORMALS FOR TODAY
                         NORMAL    RECORD    YEAR
 MAXIMUM TEMPERATURE (F)   34        69      1999
 MINIMUM TEMPERATURE (F)   19        -4      2014


SUNRISE AND SUNSET
FEBRUARY 11 2016......SUNRISE   654 AM CST   SUNSET   519 PM CST
FEBRUARY 12 2016......SUNRISE   652 AM CST   SUNSET   520 PM CST


-  INDICATES NEGATIVE NUMBERS.
R  INDICATES RECORD WAS SET OR TIED.
MM INDICATES DATA IS MISSING.
T  INDICATES TRACE AMOUNT.




$$
