000
CDUS43 KLOT 220632
CLIPWK


CLIMATE REPORT
NATIONAL WEATHER SERVICE CHICAGO IL
1231 AM CST MON JAN 22 2018


...................................

...THE CHICAGO EXECUTIVE CLIMATE SUMMARY FOR JANUARY 21 2018...

CLIMATE NORMAL PERIOD 1981 TO 2010
CLIMATE RECORD PERIOD 1996 TO 2018


WEATHER ITEM   OBSERVED TIME   RECORD YEAR NORMAL DEPARTURE LAST
                VALUE   (LST)  VALUE       VALUE  FROM      YEAR
                                                  NORMAL
..................................................................
TEMPERATURE (F)
 YESTERDAY
  MAXIMUM         45    124 PM  59    2017  31     14       59
  MINIMUM         35    438 AM  -4    2000  16     19       38
  AVERAGE         40                        23     17       49

PRECIPITATION (IN)
  YESTERDAY        0.00          0.23 2005   0.04  -0.04      T
  MONTH TO DATE    0.20                      1.11  -0.91     2.04
  SINCE DEC 1      0.47                      2.94  -2.47     3.26
  SINCE JAN 1      0.20                      1.11  -0.91     2.04

DEGREE DAYS
 HEATING
  YESTERDAY       25                        42    -17       16
  MONTH TO DATE  927                       871     56      810
  SINCE DEC 1   2090                      2018     72     2027
  SINCE JUL 1   3166                      3288   -122     2881

 COOLING
  YESTERDAY        0                         0      0        0
  MONTH TO DATE    0                         0      0        0
  SINCE DEC 1      0                         0      0        0
  SINCE JAN 1      0                         0      0        0
..................................................................


WIND (MPH)
  RESULTANT WIND SPEED   1   RESULTANT WIND DIRECTION  SE (120)
  HIGHEST WIND SPEED     6   HIGHEST WIND DIRECTION    SE (150)
  HIGHEST GUST SPEED     7   HIGHEST GUST DIRECTION     S (170)
  AVERAGE WIND SPEED     1.8



WEATHER CONDITIONS
 THE FOLLOWING WEATHER WAS RECORDED YESTERDAY.
  FOG
  FOG W/VISIBILITY <= 1/4 MILE


..........................................................


THE CHICAGO EXECUTIVE CLIMATE NORMALS FOR TODAY
                         NORMAL    RECORD    YEAR
 MAXIMUM TEMPERATURE (F)   31        54      2002
 MINIMUM TEMPERATURE (F)   16        -3      2013


SUNRISE AND SUNSET
JANUARY 22 2018.......SUNRISE   713 AM CST   SUNSET   454 PM CST
JANUARY 23 2018.......SUNRISE   713 AM CST   SUNSET   455 PM CST


-  INDICATES NEGATIVE NUMBERS.
R  INDICATES RECORD WAS SET OR TIED.
MM INDICATES DATA IS MISSING.
T  INDICATES TRACE AMOUNT.




$$
