168
CDUS41 KGYX 270821
CLIPWM


CLIMATE REPORT
NATIONAL WEATHER SERVICE GRAY ME
421 AM EDT FRI MAY 27 2016


...................................

...THE PORTLAND ME CLIMATE SUMMARY FOR MAY 26 2016...

CLIMATE NORMAL PERIOD 1981 TO 2010
CLIMATE RECORD PERIOD 1941 TO 2016


WEATHER ITEM   OBSERVED TIME   RECORD YEAR NORMAL DEPARTURE LAST
                VALUE   (LST)  VALUE       VALUE  FROM      YEAR
                                                  NORMAL
..................................................................
TEMPERATURE (F)
 YESTERDAY
  MAXIMUM         79   1125 AM  91    2015  67     12       91
                                      2010
  MINIMUM         54   1151 PM  30    1949  47      7       58
  AVERAGE         67                        57     10       75

PRECIPITATION (IN)
  YESTERDAY        0.00          1.74 1973   0.13  -0.13     0.03
  MONTH TO DATE    1.84                      3.37  -1.53     0.99
  SINCE MAR 1      7.77                     11.93  -4.16     7.81
  SINCE JAN 1     15.31                     18.56  -3.25    15.29

SNOWFALL (IN)
  YESTERDAY        0.0           T    1967   0.0    0.0      0.0
  MONTH TO DATE    0.0                       0.1   -0.1      0.0
  SINCE MAR 1     10.8                      15.6   -4.8      5.3
  SINCE JUL 1     51.8                      62.0  -10.2     94.5
  SNOW DEPTH       0

DEGREE DAYS
 HEATING
  YESTERDAY        0                         9     -9        0
  MONTH TO DATE  303                       315    -12      203
  SINCE MAR 1   1804                      1921   -117     1875
  SINCE JUL 1   6095                      6963   -868     6929

 COOLING
  YESTERDAY        2                         0      2       10
  MONTH TO DATE    2                         0      2       20
  SINCE MAR 1      2                         0      2       20
  SINCE JAN 1      2                         0      2       20
..................................................................


WIND (MPH)
  RESULTANT WIND SPEED   2   RESULTANT WIND DIRECTION  SW (220)
  HIGHEST WIND SPEED    14   HIGHEST WIND DIRECTION     S (160)
  HIGHEST GUST SPEED    17   HIGHEST GUST DIRECTION     S (160)
  AVERAGE WIND SPEED     6.2


SKY COVER
  AVERAGE SKY COVER 0.4


WEATHER CONDITIONS
 THE FOLLOWING WEATHER WAS RECORDED YESTERDAY.
  FOG


RELATIVE HUMIDITY (PERCENT)
 HIGHEST   100           500 AM
 LOWEST     40          1100 AM
 AVERAGE    70

..........................................................


THE PORTLAND ME CLIMATE NORMALS FOR TODAY
                         NORMAL    RECORD    YEAR
 MAXIMUM TEMPERATURE (F)   67        85      2008
                                             1959
 MINIMUM TEMPERATURE (F)   48        32      1969


SUNRISE AND SUNSET
MAY 27 2016...........SUNRISE   505 AM EDT   SUNSET   812 PM EDT
MAY 28 2016...........SUNRISE   505 AM EDT   SUNSET   813 PM EDT


-  INDICATES NEGATIVE NUMBERS.
R  INDICATES RECORD WAS SET OR TIED.
MM INDICATES DATA IS MISSING.
T  INDICATES TRACE AMOUNT.




$$
