000
CDUS41 KGYX 290924
CLIPWM


CLIMATE REPORT
NATIONAL WEATHER SERVICE GRAY ME
424 AM EST THU JAN 29 2015


...................................

...THE PORTLAND ME CLIMATE SUMMARY FOR JANUARY 28 2015...

CLIMATE NORMAL PERIOD 1981 TO 2010
CLIMATE RECORD PERIOD 1941 TO 2015


WEATHER ITEM   OBSERVED TIME   RECORD YEAR NORMAL DEPARTURE LAST
                VALUE   (LST)  VALUE       VALUE  FROM      YEAR
                                                  NORMAL
..................................................................
TEMPERATURE (F)
 YESTERDAY
  MAXIMUM         26    446 PM  52    2006  31     -5       18
  MINIMUM          7   1154 PM -12    2003  13     -6        9
  AVERAGE         17                        22     -5       14

PRECIPITATION (IN)
  YESTERDAY        0.10          1.35 1994   0.11  -0.01     0.00
  MONTH TO DATE    4.27                      3.07   1.20     4.05
  SINCE DEC 1     10.54                      7.09   3.45     8.49
  SINCE JAN 1      4.27                      3.07   1.20     4.05

SNOWFALL (IN)
  YESTERDAY        1.6          10.0  1885   0.6    1.0      0.0
  MONTH TO DATE   35.5                      17.5   18.0     17.6
  SINCE DEC 1     39.1                      30.7    8.4     43.8
  SINCE JUL 1     49.4                      32.6   16.8     44.3
  SNOW DEPTH      17

DEGREE DAYS
 HEATING
  YESTERDAY       48                        43      5       51
  MONTH TO DATE 1216                      1194     22     1212
  SINCE DEC 1   2177                      2315   -138     2463
  SINCE JUL 1   3488                      3806   -318     3914

 COOLING
  YESTERDAY        0                         0      0        0
  MONTH TO DATE    0                         0      0        0
  SINCE DEC 1      0                         0      0        0
  SINCE JAN 1      0                         0      0        0
..................................................................


WIND (MPH)
  RESULTANT WIND SPEED  13   RESULTANT WIND DIRECTION  NW (330)
  HIGHEST WIND SPEED    31   HIGHEST WIND DIRECTION     N (10)
  HIGHEST GUST SPEED    40   HIGHEST GUST DIRECTION     N (340)
  AVERAGE WIND SPEED    12.1


SKY COVER
  AVERAGE SKY COVER 0.6


WEATHER CONDITIONS
 THE FOLLOWING WEATHER WAS RECORDED YESTERDAY.
  LIGHT SNOW
  HAZE
  BLOWING SNOW


RELATIVE HUMIDITY (PERCENT)
 HIGHEST    80           200 AM
 LOWEST     43          1000 PM
 AVERAGE    62

..........................................................


THE PORTLAND ME CLIMATE NORMALS FOR TODAY
                         NORMAL    RECORD    YEAR
 MAXIMUM TEMPERATURE (F)   31        49      1989
 MINIMUM TEMPERATURE (F)   13        -7      1963


SUNRISE AND SUNSET
JANUARY 29 2015.......SUNRISE   701 AM EST   SUNSET   448 PM EST
JANUARY 30 2015.......SUNRISE   700 AM EST   SUNSET   449 PM EST


-  INDICATES NEGATIVE NUMBERS.
R  INDICATES RECORD WAS SET OR TIED.
MM INDICATES DATA IS MISSING.
T  INDICATES TRACE AMOUNT.




$$
