000
CDUS41 KGYX 300820
CLIPWM


CLIMATE REPORT
NATIONAL WEATHER SERVICE GRAY ME
420 AM EDT THU MAR 30 2017


...................................

...THE PORTLAND ME CLIMATE SUMMARY FOR MARCH 29 2017...

CLIMATE NORMAL PERIOD 1981 TO 2010
CLIMATE RECORD PERIOD 1941 TO 2017


WEATHER ITEM   OBSERVED TIME   RECORD YEAR NORMAL DEPARTURE LAST
                VALUE   (LST)  VALUE       VALUE  FROM      YEAR
                                                  NORMAL
..................................................................
TEMPERATURE (F)
 YESTERDAY
  MAXIMUM         46   1248 PM  86    1946  46      0       47
  MINIMUM         34    451 AM  10    1974  29      5       34
  AVERAGE         40                        38      2       41

PRECIPITATION (IN)
  YESTERDAY        0.07          2.66 1931   0.14  -0.07      T
  MONTH TO DATE    3.14                      3.96  -0.82     4.37
  SINCE MAR 1      3.14                      3.96  -0.82     4.37
  SINCE JAN 1     11.34                     10.59   0.75    11.91

SNOWFALL (IN)
  YESTERDAY        0.0           6.2  1984   0.2   -0.2      0.0
  MONTH TO DATE   18.2                      12.2    6.0      7.1
  SINCE MAR 1     18.2                      12.2    6.0      7.1
  SINCE JUL 1     84.4                      58.6   25.8     48.1
  SNOW DEPTH       2

DEGREE DAYS
 HEATING
  YESTERDAY       25                        27     -2       24
  MONTH TO DATE 1060                       923    137      801
  SINCE MAR 1   1060                       923    137      801
  SINCE JUL 1   5538                      5965   -427     5092

 COOLING
  YESTERDAY        0                         0      0        0
  MONTH TO DATE    0                         0      0        0
  SINCE MAR 1      0                         0      0        0
  SINCE JAN 1      0                         0      0        0
..................................................................


WIND (MPH)
  RESULTANT WIND SPEED  10   RESULTANT WIND DIRECTION   N (340)
  HIGHEST WIND SPEED    22   HIGHEST WIND DIRECTION    NW (330)
  HIGHEST GUST SPEED    31   HIGHEST GUST DIRECTION    NW (330)
  AVERAGE WIND SPEED    11.4


SKY COVER
  AVERAGE SKY COVER 0.8


WEATHER CONDITIONS
 THE FOLLOWING WEATHER WAS RECORDED YESTERDAY.
  LIGHT RAIN
  FOG


RELATIVE HUMIDITY (PERCENT)
 HIGHEST   100           300 AM
 LOWEST     46           600 PM
 AVERAGE    73

..........................................................


THE PORTLAND ME CLIMATE NORMALS FOR TODAY
                         NORMAL    RECORD    YEAR
 MAXIMUM TEMPERATURE (F)   47        75      1977
 MINIMUM TEMPERATURE (F)   29        17      1943


SUNRISE AND SUNSET
MARCH 30 2017.........SUNRISE   626 AM EDT   SUNSET   706 PM EDT
MARCH 31 2017.........SUNRISE   624 AM EDT   SUNSET   707 PM EDT


-  INDICATES NEGATIVE NUMBERS.
R  INDICATES RECORD WAS SET OR TIED.
MM INDICATES DATA IS MISSING.
T  INDICATES TRACE AMOUNT.




$$
