000
CDUS41 KGYX 030542
CLIPWM


CLIMATE REPORT
NATIONAL WEATHER SERVICE GRAY ME
142 AM EDT THU SEP 3 2015


...................................

...THE PORTLAND ME CLIMATE SUMMARY FOR SEPTEMBER 2 2015...

CLIMATE NORMAL PERIOD 1981 TO 2010
CLIMATE RECORD PERIOD 1941 TO 2015


WEATHER ITEM   OBSERVED TIME   RECORD YEAR NORMAL DEPARTURE LAST
                VALUE   (LST)  VALUE       VALUE  FROM      YEAR
                                                  NORMAL
..................................................................
TEMPERATURE (F)
 YESTERDAY
  MAXIMUM         84    126 PM  94    1953  75      9       79
  MINIMUM         57    530 AM  41    1994  55      2       62
  AVERAGE         71                        65      6       71

PRECIPITATION (IN)
  YESTERDAY        0.00          2.26 2013   0.11  -0.11     0.00
  MONTH TO DATE    0.00                      0.21  -0.21     0.00
  SINCE SEP 1      0.00                      0.21  -0.21     0.00
  SINCE JAN 1     26.76                     29.95  -3.19    38.20

SNOWFALL (IN)
  YESTERDAY        0.0           0.0  2002   0.0    0.0      0.0
                                      2001
                                      2000
  MONTH TO DATE    0.0                       0.0    0.0      0.0
  SINCE SEP 1      0.0                       0.0    0.0      0.0
  SINCE JUL 1      0.0                       0.0    0.0      0.0
  SNOW DEPTH       0

DEGREE DAYS
 HEATING
  YESTERDAY        0                         2     -2        0
  MONTH TO DATE    0                         4     -4        0
  SINCE SEP 1      0                         4     -4        0
  SINCE JUL 1     10                        49    -39       24

 COOLING
  YESTERDAY        6                         2      4        6
  MONTH TO DATE   12                         4      8       15
  SINCE SEP 1     12                         4      8       15
  SINCE JAN 1    407                       332     75      313
..................................................................


WIND (MPH)
  RESULTANT WIND SPEED   2   RESULTANT WIND DIRECTION   S (170)
  HIGHEST WIND SPEED    10   HIGHEST WIND DIRECTION     S (180)
  HIGHEST GUST SPEED    13   HIGHEST GUST DIRECTION    SE (140)
  AVERAGE WIND SPEED     2.5


SKY COVER
  AVERAGE SKY COVER 0.1


WEATHER CONDITIONS
 THE FOLLOWING WEATHER WAS RECORDED YESTERDAY.
  FOG


RELATIVE HUMIDITY (PERCENT)
 HIGHEST   100           200 AM
 LOWEST     54          1100 AM
 AVERAGE    77

..........................................................


THE PORTLAND ME CLIMATE NORMALS FOR TODAY
                         NORMAL    RECORD    YEAR
 MAXIMUM TEMPERATURE (F)   74        93      1973
 MINIMUM TEMPERATURE (F)   55        39      1958


SUNRISE AND SUNSET
SEPTEMBER  3 2015.....SUNRISE   607 AM EDT   SUNSET   714 PM EDT
SEPTEMBER  4 2015.....SUNRISE   608 AM EDT   SUNSET   712 PM EDT


-  INDICATES NEGATIVE NUMBERS.
R  INDICATES RECORD WAS SET OR TIED.
MM INDICATES DATA IS MISSING.
T  INDICATES TRACE AMOUNT.




$$
