000
CDUS41 KGYX 190939
CLIPWM


CLIMATE REPORT
NATIONAL WEATHER SERVICE GRAY ME
439 AM EST MON FEB 19 2018


...................................

...THE PORTLAND ME CLIMATE SUMMARY FOR FEBRUARY 18 2018...

CLIMATE NORMAL PERIOD 1981 TO 2010
CLIMATE RECORD PERIOD 1941 TO 2018


WEATHER ITEM   OBSERVED TIME   RECORD YEAR NORMAL DEPARTURE LAST
                VALUE   (LST)  VALUE       VALUE  FROM      YEAR
                                                  NORMAL
..................................................................
TEMPERATURE (F)
 YESTERDAY
  MAXIMUM         40    434 PM  60    1981  35      5       41
  MINIMUM         21   1159 PM -16    1958  17      4       15
  AVERAGE         31                        26      5       28

PRECIPITATION (IN)
  YESTERDAY        0.39          2.37 1952   0.11   0.28     0.00
  MONTH TO DATE    3.61                      2.02   1.59     4.13
  SINCE DEC 1     10.36                      9.42   0.94    13.09
  SINCE JAN 1      6.90                      5.40   1.50     7.78

SNOWFALL (IN)
  YESTERDAY        6.0          16.0  1900   0.4    5.6      0.0
  MONTH TO DATE   14.3                       7.9    6.4     39.7
  SINCE DEC 1     54.5                      40.3   14.2     65.7
  SINCE JUL 1     54.6                      42.2   12.4     66.2
  SNOW DEPTH       8

DEGREE DAYS
 HEATING
  YESTERDAY       34                        39     -5       37
  MONTH TO DATE  667                       732    -65      740
  SINCE DEC 1   3277                      3177    100     2958
  SINCE JUL 1   4442                      4668   -226     4210

 COOLING
  YESTERDAY        0                         0      0        0
  MONTH TO DATE    0                         0      0        0
  SINCE DEC 1      0                         0      0        0
  SINCE JAN 1      0                         0      0        0
..................................................................


WIND (MPH)
  RESULTANT WIND SPEED   3   RESULTANT WIND DIRECTION  NW (310)
  HIGHEST WIND SPEED    21   HIGHEST WIND DIRECTION    NW (300)
  HIGHEST GUST SPEED    28   HIGHEST GUST DIRECTION    NW (310)
  AVERAGE WIND SPEED     7.0


SKY COVER
  AVERAGE SKY COVER 0.6


WEATHER CONDITIONS
 THE FOLLOWING WEATHER WAS RECORDED YESTERDAY.
  SNOW
  LIGHT SNOW
  FOG


RELATIVE HUMIDITY (PERCENT)
 HIGHEST   100           100 AM
 LOWEST     44           300 PM
 AVERAGE    72

..........................................................


THE PORTLAND ME CLIMATE NORMALS FOR TODAY
                         NORMAL    RECORD    YEAR
 MAXIMUM TEMPERATURE (F)   36        57      1954
 MINIMUM TEMPERATURE (F)   17       -10      1979


SUNRISE AND SUNSET
FEBRUARY 19 2018......SUNRISE   634 AM EST   SUNSET   517 PM EST
FEBRUARY 20 2018......SUNRISE   632 AM EST   SUNSET   518 PM EST


-  INDICATES NEGATIVE NUMBERS.
R  INDICATES RECORD WAS SET OR TIED.
MM INDICATES DATA IS MISSING.
T  INDICATES TRACE AMOUNT.




$$
