000
CDUS41 KGYX 222157
CLIPWM


CLIMATE REPORT
NATIONAL WEATHER SERVICE GRAY ME
457 PM EST WED NOV 22 2017


...................................

...THE PORTLAND ME CLIMATE SUMMARY FOR NOVEMBER 22 2017...
VALID TODAY AS OF 0400 PM LOCAL TIME.

CLIMATE NORMAL PERIOD 1981 TO 2010
CLIMATE RECORD PERIOD 1941 TO 2017


WEATHER ITEM   OBSERVED TIME   RECORD YEAR NORMAL DEPARTURE LAST
                VALUE   (LST)  VALUE       VALUE  FROM      YEAR
                                                  NORMAL
..................................................................
TEMPERATURE (F)
 TODAY
  MAXIMUM         45   1139 AM  64    1992  46     -1       42
  MINIMUM         34    542 AM  13    1972  29      5       28
  AVERAGE         40                        38      2       35

PRECIPITATION (IN)
  TODAY            0.36          2.35 2005   0.16   0.20     0.00
  MONTH TO DATE    2.03                      3.69  -1.66     2.47
  SINCE SEP 1      9.40                     12.25  -2.85    11.69
  SINCE JAN 1     40.10                     41.99  -1.89    35.22

SNOWFALL (IN)
  TODAY            0.0           6.0  1920   0.1   -0.1      0.0
  MONTH TO DATE    0.1                       0.9   -0.8      0.5
  SINCE SEP 1      0.1                       0.9   -0.8      0.5
  SINCE JUL 1      0.1                       0.9   -0.8      0.5
  SNOW DEPTH       0

DEGREE DAYS
 HEATING
  TODAY           25                        28     -3       30
  MONTH TO DATE  562                       534     28      464
  SINCE SEP 1    901                      1213   -312     1006
  SINCE JUL 1    934                      1258   -324     1020

 COOLING
  TODAY            0                         0      0        0
  MONTH TO DATE    0                         0      0        0
  SINCE SEP 1     69                        31     38       68
  SINCE JAN 1    433                       359     74      553
..................................................................


WIND (MPH)
  HIGHEST WIND SPEED    14   HIGHEST WIND DIRECTION     W (260)
  HIGHEST GUST SPEED    19   HIGHEST GUST DIRECTION     W (270)
  AVERAGE WIND SPEED     5.2


SKY COVER
  POSSIBLE SUNSHINE  MM
  AVERAGE SKY COVER 0.7


WEATHER CONDITIONS
 THE FOLLOWING WEATHER WAS RECORDED TODAY.
  HEAVY RAIN
  RAIN
  LIGHT RAIN
  FOG


RELATIVE HUMIDITY (PERCENT)
 HIGHEST   100          1200 PM
 LOWEST     65          1200 AM
 AVERAGE    83

..........................................................


THE PORTLAND ME CLIMATE NORMALS FOR TOMORROW
                         NORMAL    RECORD    YEAR
 MAXIMUM TEMPERATURE (F)   45        70      1999
 MINIMUM TEMPERATURE (F)   29         7      1978


SUNRISE AND SUNSET
NOVEMBER 22 2017......SUNRISE   644 AM EST   SUNSET   410 PM EST
NOVEMBER 23 2017......SUNRISE   646 AM EST   SUNSET   409 PM EST


-  INDICATES NEGATIVE NUMBERS.
R  INDICATES RECORD WAS SET OR TIED.
MM INDICATES DATA IS MISSING.
T  INDICATES TRACE AMOUNT.




$$
