000
CDUS46 KSGX 290019
CLIRAL


CLIMATE REPORT
NATIONAL WEATHER SERVICE SAN DIEGO, CA
519 PM PDT WED SEP 28 2016


...................................

...THE RIVERSIDE MUNI AIRPORT CA CLIMATE SUMMARY FOR SEPTEMBER 28 2016...
VALID TODAY AS OF 0500 PM LOCAL TIME.

CLIMATE NORMAL PERIOD 1981 TO 2010
CLIMATE RECORD PERIOD 1893 TO 2016


WEATHER ITEM   OBSERVED TIME   RECORD YEAR NORMAL DEPARTURE LAST
                VALUE   (LST)  VALUE       VALUE  FROM      YEAR
                                                  NORMAL
..................................................................
TEMPERATURE (F)
 TODAY
  MAXIMUM         96    111 PM 106    1963  87      9       94
                                      1924
  MINIMUM         67    451 AM  42    1915  60      7       65
  AVERAGE         82                        73      9       80

PRECIPITATION (IN)
  TODAY            0.00          0.61 1919   0.01  -0.01     0.00
  MONTH TO DATE    T                         0.22  -0.22     1.87
  SINCE OCT 1      5.45                     12.37  -6.92     9.57
  SINCE JAN 1      4.28                      9.56  -5.28     6.34

DEGREE DAYS
 HEATING
  TODAY            0                         0      0        0
  MONTH TO DATE    0                         0      0        0
  SINCE SEP 1      0                         0      0        0
  SINCE JUL 1      0                         0      0        0

 COOLING
  TODAY           17                         8      9       15
  MONTH TO DATE  317                       318     -1      449
  SINCE SEP 1    317                       318     -1      449
  SINCE JAN 1   1986                      1576    410     2052
..................................................................


WIND (MPH)
  RESULTANT WIND SPEED   2   RESULTANT WIND DIRECTION  NE (60)
  HIGHEST WIND SPEED    17   HIGHEST WIND DIRECTION     W (270)
  HIGHEST GUST SPEED    21   HIGHEST GUST DIRECTION     W (280)
  AVERAGE WIND SPEED     3.8


SKY COVER
  POSSIBLE SUNSHINE  MM
  AVERAGE SKY COVER 0.2


WEATHER CONDITIONS
 THE FOLLOWING WEATHER WAS RECORDED TODAY.
  NO SIGNIFICANT WEATHER WAS OBSERVED.


RELATIVE HUMIDITY (PERCENT)
 HIGHEST    55           500 AM
 LOWEST     19           100 PM
 AVERAGE    37

..........................................................


THE RIVERSIDE MUNI AIRPORT CA CLIMATE NORMALS FOR TOMORROW
                         NORMAL    RECORD    YEAR
 MAXIMUM TEMPERATURE (F)   87       106      1924
 MINIMUM TEMPERATURE (F)   59        41      1909
                                             1905
                                             1902


SUNRISE AND SUNSET
SEPTEMBER 28 2016.....SUNRISE   642 AM PDT   SUNSET   637 PM PDT
SEPTEMBER 29 2016.....SUNRISE   643 AM PDT   SUNSET   636 PM PDT


-  INDICATES NEGATIVE NUMBERS.
R  INDICATES RECORD WAS SET OR TIED.
MM INDICATES DATA IS MISSING.
T  INDICATES TRACE AMOUNT.




$$
