000
CDUS46 KSGX 230021
CLIRAL


CLIMATE REPORT
NATIONAL WEATHER SERVICE SAN DIEGO, CA
421 PM PST MON DEC 22 2014


...................................

...THE RIVERSIDE MUNI AIRPORT CA CLIMATE SUMMARY FOR DECEMBER 22 2014...
VALID TODAY AS OF 0400 PM LOCAL TIME.

CLIMATE NORMAL PERIOD 1981 TO 2010
CLIMATE RECORD PERIOD 1893 TO 2014


WEATHER ITEM   OBSERVED TIME   RECORD YEAR NORMAL DEPARTURE LAST
                VALUE   (LST)  VALUE       VALUE  FROM      YEAR
                                                  NORMAL
..................................................................
TEMPERATURE (F)
 TODAY
  MAXIMUM         75    334 PM  85    1915  66      9       69
  MINIMUM         47    638 AM  25    1930  42      5       40
  AVERAGE         61                        54      7       55

PRECIPITATION (IN)
  TODAY            0.00          2.49 2010   0.05  -0.05     0.00
  MONTH TO DATE    2.89                      0.87   2.02     0.16
  SINCE JUL 1      3.54                      2.55   0.99     1.15
  SINCE JAN 1      5.26                     11.74  -6.48     3.36

SNOWFALL (IN)
  TODAY            0.0
  MONTH TO DATE    0.0
  SINCE JAN 1      0.0
  SINCE JUL 1      0.0
  SNOW DEPTH       0

DEGREE DAYS
 HEATING
  TODAY            4                        11     -7       10
  MONTH TO DATE  145                       228    -83      206
  SINCE DEC 1    145                       228    -83      206
  SINCE JUL 1    209                       428   -219      349

 COOLING
  TODAY            0                         0      0        0
  MONTH TO DATE    1                         0      1       10
  SINCE DEC 1      1                         0      1       10
  SINCE JAN 1   2344                      1754    590     1996
..................................................................


WIND (MPH)
  RESULTANT WIND SPEED   2   RESULTANT WIND DIRECTION   E (100)
  HIGHEST WIND SPEED     8   HIGHEST WIND DIRECTION     E (100)
  HIGHEST GUST SPEED    10   HIGHEST GUST DIRECTION     E (80)
  AVERAGE WIND SPEED     1.9


SKY COVER
  POSSIBLE SUNSHINE  MM
  AVERAGE SKY COVER 0.0


WEATHER CONDITIONS
 THE FOLLOWING WEATHER WAS RECORDED TODAY.
  FOG
  HAZE


RELATIVE HUMIDITY (PERCENT)
 HIGHEST    93           200 AM
 LOWEST     41           100 PM
 AVERAGE    67

..........................................................


THE RIVERSIDE MUNI AIRPORT CA CLIMATE NORMALS FOR TOMORROW
                         NORMAL    RECORD    YEAR
 MAXIMUM TEMPERATURE (F)   66        84      1915
 MINIMUM TEMPERATURE (F)   42        26      1990
                                             1930


SUNRISE AND SUNSET
DECEMBER 22 2014......SUNRISE   652 AM PST   SUNSET   445 PM PST
DECEMBER 23 2014......SUNRISE   652 AM PST   SUNSET   446 PM PST


-  INDICATES NEGATIVE NUMBERS.
R  INDICATES RECORD WAS SET OR TIED.
MM INDICATES DATA IS MISSING.
T  INDICATES TRACE AMOUNT.




$$
