000
CDUS46 KSGX 260119
CLIRAL


CLIMATE REPORT
NATIONAL WEATHER SERVICE SAN DIEGO, CA
519 PM PST TUE NOV 25 2014


...................................

...THE RIVERSIDE MUNI AIRPORT CA CLIMATE SUMMARY FOR NOVEMBER 25 2014...
VALID TODAY AS OF 0500 PM LOCAL TIME.

CLIMATE NORMAL PERIOD 1981 TO 2010
CLIMATE RECORD PERIOD 1893 TO 2014


WEATHER ITEM   OBSERVED TIME   RECORD YEAR NORMAL DEPARTURE LAST
                VALUE   (LST)  VALUE       VALUE  FROM      YEAR
                                                  NORMAL
..................................................................
TEMPERATURE (F)
 TODAY
  MAXIMUM         80    235 PM  94    1933  71      9       73
  MINIMUM         44    653 AM  27    1952  45     -1       43
  AVERAGE         62                        58      4       58

PRECIPITATION (IN)
  TODAY            0.00          0.84 1983   0.03  -0.03     0.00
  MONTH TO DATE    0.28                      0.82  -0.54     0.52
  SINCE JUL 1      0.65                      1.50  -0.85     0.99
  SINCE JAN 1      2.37                     10.69  -8.32     3.20

SNOWFALL (IN)
  TODAY            0.0
  MONTH TO DATE    0.0
  SINCE JAN 1      0.0
  SINCE JUL 1      0.0
  SNOW DEPTH       0

DEGREE DAYS
 HEATING
  TODAY            3                         8     -5        7
  MONTH TO DATE   54                       124    -70       84
  SINCE SEP 1     55                       159   -104      123
  SINCE JUL 1     55                       159   -104      123

 COOLING
  TODAY            0                         0      0        0
  MONTH TO DATE   37                        24     13       29
  SINCE SEP 1    741                       495    246      517
  SINCE JAN 1   2332                      1753    579     1986
..................................................................


WIND (MPH)
  RESULTANT WIND SPEED   3   RESULTANT WIND DIRECTION   E (80)
  HIGHEST WIND SPEED     9   HIGHEST WIND DIRECTION    NE (30)
  HIGHEST GUST SPEED    12   HIGHEST GUST DIRECTION    NE (30)
  AVERAGE WIND SPEED     3.5


SKY COVER
  POSSIBLE SUNSHINE  MM
  AVERAGE SKY COVER 0.0


WEATHER CONDITIONS
 THE FOLLOWING WEATHER WAS RECORDED TODAY.
  NO SIGNIFICANT WEATHER WAS OBSERVED.


RELATIVE HUMIDITY (PERCENT)
 HIGHEST    40           700 AM
 LOWEST      4           100 PM
 AVERAGE    22

..........................................................


THE RIVERSIDE MUNI AIRPORT CA CLIMATE NORMALS FOR TOMORROW
                         NORMAL    RECORD    YEAR
 MAXIMUM TEMPERATURE (F)   70        92      1933
 MINIMUM TEMPERATURE (F)   44        27      1931


SUNRISE AND SUNSET
NOVEMBER 25 2014......SUNRISE   632 AM PST   SUNSET   442 PM PST
NOVEMBER 26 2014......SUNRISE   632 AM PST   SUNSET   442 PM PST


-  INDICATES NEGATIVE NUMBERS.
R  INDICATES RECORD WAS SET OR TIED.
MM INDICATES DATA IS MISSING.
T  INDICATES TRACE AMOUNT.




$$
