000
CDUS46 KSGX 191517
CLIRAL


CLIMATE REPORT
NATIONAL WEATHER SERVICE SAN DIEGO, CA
717 AM PST SUN FEB 19 2017


...................................

...THE RIVERSIDE MUNI AIRPORT CA CLIMATE SUMMARY FOR FEBRUARY 18 2017...

CLIMATE NORMAL PERIOD 1981 TO 2010
CLIMATE RECORD PERIOD 1893 TO 2017


WEATHER ITEM   OBSERVED TIME   RECORD YEAR NORMAL DEPARTURE LAST
                VALUE   (LST)  VALUE       VALUE  FROM      YEAR
                                                  NORMAL
..................................................................
TEMPERATURE (F)
 YESTERDAY
  MAXIMUM         59    309 PM  90    1981  67     -8       68
  MINIMUM         49    741 AM  26    1903  44      5       53
  AVERAGE         54                        56     -2       61

PRECIPITATION (IN)
  YESTERDAY        0.10          1.42 2005   0.13  -0.03     0.04
  MONTH TO DATE    1.75                      1.78  -0.03     0.24
  SINCE OCT 1     12.49                      7.53   4.96     4.00
  SINCE JAN 1      7.23                      4.72   2.51     2.83

DEGREE DAYS
 HEATING
  YESTERDAY       11                         9      2        4
  MONTH TO DATE  126                       177    -51       68
  SINCE DEC 1    739                       822    -83      700
  SINCE JUL 1    843                      1022   -179      862

 COOLING
  YESTERDAY        0                         0      0        0
  MONTH TO DATE    0                         0      0       61
  SINCE DEC 1      0                         8     -8       63
  SINCE JAN 1      0                         6     -6       61
..................................................................


WIND (MPH)
  RESULTANT WIND SPEED   1   RESULTANT WIND DIRECTION   W (280)
  HIGHEST WIND SPEED    10   HIGHEST WIND DIRECTION     W (260)
  HIGHEST GUST SPEED    13   HIGHEST GUST DIRECTION     W (270)
  AVERAGE WIND SPEED     3.8


SKY COVER
  POSSIBLE SUNSHINE  MM
  AVERAGE SKY COVER 0.9


WEATHER CONDITIONS
 THE FOLLOWING WEATHER WAS RECORDED YESTERDAY.
  LIGHT RAIN
  FOG


RELATIVE HUMIDITY (PERCENT)
 HIGHEST   100          1200 AM
 LOWEST     72          1100 AM
 AVERAGE    86

..........................................................


THE RIVERSIDE MUNI AIRPORT CA CLIMATE NORMALS FOR TODAY
                         NORMAL    RECORD    YEAR
 MAXIMUM TEMPERATURE (F)   68        88      1977
                                             1935
                                             1916
 MINIMUM TEMPERATURE (F)   44        28      1903


SUNRISE AND SUNSET
FEBRUARY 19 2017......SUNRISE   630 AM PST   SUNSET   538 PM PST
FEBRUARY 20 2017......SUNRISE   629 AM PST   SUNSET   539 PM PST


-  INDICATES NEGATIVE NUMBERS.
R  INDICATES RECORD WAS SET OR TIED.
MM INDICATES DATA IS MISSING.
T  INDICATES TRACE AMOUNT.




$$
