000
CDUS46 KSGX 120017
CLIRAL


CLIMATE REPORT
NATIONAL WEATHER SERVICE SAN DIEGO, CA
417 PM PST THU FEB 11 2016


...................................

...THE RIVERSIDE MUNI AIRPORT CA CLIMATE SUMMARY FOR FEBRUARY 11 2016...
VALID TODAY AS OF 0400 PM LOCAL TIME.

CLIMATE NORMAL PERIOD 1981 TO 2010
CLIMATE RECORD PERIOD 1893 TO 2016


WEATHER ITEM   OBSERVED TIME   RECORD YEAR NORMAL DEPARTURE LAST
                VALUE   (LST)  VALUE       VALUE  FROM      YEAR
                                                  NORMAL
..................................................................
TEMPERATURE (F)
 TODAY
  MAXIMUM         88    250 PM  90    1907  67     21       84
  MINIMUM         54    642 AM  27    1929  44     10       52
  AVERAGE         71                        55     16       68

PRECIPITATION (IN)
  TODAY            0.00          1.80 1973   0.12  -0.12     0.00
  MONTH TO DATE    0.00                      0.87  -0.87      T
  SINCE OCT 1      3.76                      6.62  -2.86     3.81
  SINCE JAN 1      2.59                      3.81  -1.22     0.58

DEGREE DAYS
 HEATING
  TODAY            0                        10    -10        0
  MONTH TO DATE   64                       110    -46       18
  SINCE DEC 1    696                       755    -59      471
  SINCE JUL 1    858                       955    -97      535

 COOLING
  TODAY            6                         0      6        3
  MONTH TO DATE   28                         0     28        7
  SINCE DEC 1     30                         8     22       19
  SINCE JAN 1     28                         6     22       14
..................................................................


WIND (MPH)
  RESULTANT WIND SPEED   2   RESULTANT WIND DIRECTION  NE (50)
  HIGHEST WIND SPEED    10   HIGHEST WIND DIRECTION     W (270)
  HIGHEST GUST SPEED    13   HIGHEST GUST DIRECTION     W (270)
  AVERAGE WIND SPEED     4.2


SKY COVER
  POSSIBLE SUNSHINE  MM
  AVERAGE SKY COVER 0.0


WEATHER CONDITIONS
 THE FOLLOWING WEATHER WAS RECORDED TODAY.
  NO SIGNIFICANT WEATHER WAS OBSERVED.


RELATIVE HUMIDITY (PERCENT)
 HIGHEST    41           200 AM
 LOWEST     10           100 PM
 AVERAGE    26

..........................................................


THE RIVERSIDE MUNI AIRPORT CA CLIMATE NORMALS FOR TOMORROW
                         NORMAL    RECORD    YEAR
 MAXIMUM TEMPERATURE (F)   67        88      1971
 MINIMUM TEMPERATURE (F)   44        26      1929


SUNRISE AND SUNSET
FEBRUARY 11 2016......SUNRISE   639 AM PST   SUNSET   530 PM PST
FEBRUARY 12 2016......SUNRISE   638 AM PST   SUNSET   531 PM PST


-  INDICATES NEGATIVE NUMBERS.
R  INDICATES RECORD WAS SET OR TIED.
MM INDICATES DATA IS MISSING.
T  INDICATES TRACE AMOUNT.




$$
