000
CDUS46 KSGX 250020
CLIRAL


CLIMATE REPORT
NATIONAL WEATHER SERVICE SAN DIEGO, CA
520 PM PDT TUE MAY 24 2016


...................................

...THE RIVERSIDE MUNI AIRPORT CA CLIMATE SUMMARY FOR MAY 24 2016...
VALID TODAY AS OF 0500 PM LOCAL TIME.

CLIMATE NORMAL PERIOD 1981 TO 2010
CLIMATE RECORD PERIOD 1893 TO 2016


WEATHER ITEM   OBSERVED TIME   RECORD YEAR NORMAL DEPARTURE LAST
                VALUE   (LST)  VALUE       VALUE  FROM      YEAR
                                                  NORMAL
..................................................................
TEMPERATURE (F)
 TODAY
  MAXIMUM         74    327 PM  99    1938  81     -7       71
                                      1927
  MINIMUM         56    215 AM  39    1916  57     -1       57
  AVERAGE         65                        69     -4       64

PRECIPITATION (IN)
  TODAY            0.00          0.12 1977   0.00   0.00     0.00
  MONTH TO DATE    0.18                      0.30  -0.12     0.60
  SINCE OCT 1      5.45                     11.90  -6.45     5.75
  SINCE JAN 1      4.28                      9.09  -4.81     2.52

DEGREE DAYS
 HEATING
  TODAY            0                         0      0        1
  MONTH TO DATE   20                        22     -2       49
  SINCE MAR 1    155                       334   -179      156
  SINCE JUL 1   1032                      1442   -410      763

 COOLING
  TODAY            0                         4     -4        0
  MONTH TO DATE   70                        83    -13       38
  SINCE MAR 1    183                       137     46      245
  SINCE JAN 1    259                       146    113      269
..................................................................


WIND (MPH)
  RESULTANT WIND SPEED   2   RESULTANT WIND DIRECTION   W (250)
  HIGHEST WIND SPEED    17   HIGHEST WIND DIRECTION     W (250)
  HIGHEST GUST SPEED    24   HIGHEST GUST DIRECTION     W (250)
  AVERAGE WIND SPEED     4.3


SKY COVER
  POSSIBLE SUNSHINE  MM
  AVERAGE SKY COVER 0.7


WEATHER CONDITIONS
 THE FOLLOWING WEATHER WAS RECORDED TODAY.
  NO SIGNIFICANT WEATHER WAS OBSERVED.


RELATIVE HUMIDITY (PERCENT)
 HIGHEST    72          1200 AM
 LOWEST     38           100 PM
 AVERAGE    55

..........................................................


THE RIVERSIDE MUNI AIRPORT CA CLIMATE NORMALS FOR TOMORROW
                         NORMAL    RECORD    YEAR
 MAXIMUM TEMPERATURE (F)   81       102      1974
 MINIMUM TEMPERATURE (F)   57        35      1916


SUNRISE AND SUNSET
MAY 24 2016...........SUNRISE   543 AM PDT   SUNSET   751 PM PDT
MAY 25 2016...........SUNRISE   542 AM PDT   SUNSET   752 PM PDT


-  INDICATES NEGATIVE NUMBERS.
R  INDICATES RECORD WAS SET OR TIED.
MM INDICATES DATA IS MISSING.
T  INDICATES TRACE AMOUNT.




$$
