000
CDUS46 KSGX 221133
CLIRAL


CLIMATE REPORT
NATIONAL WEATHER SERVICE SAN DIEGO, CA
433 AM PDT MON MAY 22 2017


...................................

...THE RIVERSIDE MUNI AIRPORT CA CLIMATE SUMMARY FOR MAY 21 2017...

CLIMATE NORMAL PERIOD 1981 TO 2010
CLIMATE RECORD PERIOD 1893 TO 2017


WEATHER ITEM   OBSERVED TIME   RECORD YEAR NORMAL DEPARTURE LAST
                VALUE   (LST)  VALUE       VALUE  FROM      YEAR
                                                  NORMAL
..................................................................
TEMPERATURE (F)
 YESTERDAY
  MAXIMUM         96    141 PM 105    2000  81     15       73
  MINIMUM         62    530 AM  36    1948  56      6       54
  AVERAGE         79                        69     10       64

PRECIPITATION (IN)
  YESTERDAY        0.00          0.63 1920   0.00   0.00     0.00
  MONTH TO DATE    0.02                      0.29  -0.27     0.18
  SINCE OCT 1     13.21                     11.89   1.32     5.45
  SINCE JAN 1      7.95                      9.08  -1.13     4.28

DEGREE DAYS
 HEATING
  YESTERDAY        0                         0      0        1
  MONTH TO DATE   40                        22     18       16
  SINCE MAR 1    169                       334   -165      151
  SINCE JUL 1   1133                      1442   -309     1028

 COOLING
  YESTERDAY       14                         4     10        0
  MONTH TO DATE   86                        71     15       70
  SINCE MAR 1    224                       125     99      183
  SINCE JAN 1    224                       134     90      259
..................................................................


WIND (MPH)
  RESULTANT WIND SPEED   4   RESULTANT WIND DIRECTION   W (270)
  HIGHEST WIND SPEED    22   HIGHEST WIND DIRECTION     W (270)
  HIGHEST GUST SPEED    27   HIGHEST GUST DIRECTION     W (250)
  AVERAGE WIND SPEED     7.1


SKY COVER
  POSSIBLE SUNSHINE  MM
  AVERAGE SKY COVER 0.0


WEATHER CONDITIONS
 THE FOLLOWING WEATHER WAS RECORDED YESTERDAY.
  NO SIGNIFICANT WEATHER WAS OBSERVED.


RELATIVE HUMIDITY (PERCENT)
 HIGHEST    46           500 AM
 LOWEST     14          1000 AM
 AVERAGE    30

..........................................................


THE RIVERSIDE MUNI AIRPORT CA CLIMATE NORMALS FOR TODAY
                         NORMAL    RECORD    YEAR
 MAXIMUM TEMPERATURE (F)   81        99      2005
                                             1967
 MINIMUM TEMPERATURE (F)   57        38      1927
                                             1903


SUNRISE AND SUNSET
MAY 22 2017...........SUNRISE   544 AM PDT   SUNSET   750 PM PDT
MAY 23 2017...........SUNRISE   543 AM PDT   SUNSET   750 PM PDT


-  INDICATES NEGATIVE NUMBERS.
R  INDICATES RECORD WAS SET OR TIED.
MM INDICATES DATA IS MISSING.
T  INDICATES TRACE AMOUNT.




$$
