000
CDUS46 KSGX 310016
CLIRAL


CLIMATE REPORT
NATIONAL WEATHER SERVICE SAN DIEGO, CA
416 PM PST FRI JAN 30 2015


...................................

...THE RIVERSIDE MUNI AIRPORT CA CLIMATE SUMMARY FOR JANUARY 30 2015...
VALID TODAY AS OF 0400 PM LOCAL TIME.

CLIMATE NORMAL PERIOD 1981 TO 2010
CLIMATE RECORD PERIOD 1893 TO 2015


WEATHER ITEM   OBSERVED TIME   RECORD YEAR NORMAL DEPARTURE LAST
                VALUE   (LST)  VALUE       VALUE  FROM      YEAR
                                                  NORMAL
..................................................................
TEMPERATURE (F)
 TODAY
  MAXIMUM         67    147 PM  86    2003  66      1       63
  MINIMUM         58    820 AM  24    1949  44     14       50
  AVERAGE         63                        55      8       57

PRECIPITATION (IN)
  TODAY            T             1.77 1893   0.08  -0.08      T
  MONTH TO DATE    0.55                      2.85  -2.30      T
  SINCE OCT 1      3.78                      5.66  -1.88     0.99
  SINCE JAN 1      0.55                      2.85  -2.30      T

SNOWFALL (IN)
  TODAY            0.0
  MONTH TO DATE    0.0
  SINCE JAN 1      0.0
  SINCE JUL 1      0.0
  SNOW DEPTH       0

DEGREE DAYS
 HEATING
  TODAY            2                        10     -8        8
  MONTH TO DATE  187                       304   -117      121
  SINCE DEC 1    446                       630   -184      366
  SINCE JUL 1    510                       830   -320      509

 COOLING
  TODAY            0                         0      0        0
  MONTH TO DATE    7                         0      7       19
  SINCE DEC 1     12                         2     10       29
  SINCE JAN 1      7                         0      7       19
..................................................................


WIND (MPH)
  RESULTANT WIND SPEED   1   RESULTANT WIND DIRECTION  SE (150)
  HIGHEST WIND SPEED     9   HIGHEST WIND DIRECTION     W (280)
  HIGHEST GUST SPEED    12   HIGHEST GUST DIRECTION     W (270)
  AVERAGE WIND SPEED     2.7


SKY COVER
  POSSIBLE SUNSHINE  MM
  AVERAGE SKY COVER 1.0


WEATHER CONDITIONS
 THE FOLLOWING WEATHER WAS RECORDED TODAY.
  NO SIGNIFICANT WEATHER WAS OBSERVED.


RELATIVE HUMIDITY (PERCENT)
 HIGHEST    67           200 AM
 LOWEST     45           100 PM
 AVERAGE    56

..........................................................


THE RIVERSIDE MUNI AIRPORT CA CLIMATE NORMALS FOR TOMORROW
                         NORMAL    RECORD    YEAR
 MAXIMUM TEMPERATURE (F)   66        93      2003
 MINIMUM TEMPERATURE (F)   44        25      1946


SUNRISE AND SUNSET
JANUARY 30 2015.......SUNRISE   648 AM PST   SUNSET   518 PM PST
JANUARY 31 2015.......SUNRISE   647 AM PST   SUNSET   519 PM PST


-  INDICATES NEGATIVE NUMBERS.
R  INDICATES RECORD WAS SET OR TIED.
MM INDICATES DATA IS MISSING.
T  INDICATES TRACE AMOUNT.




$$
