000
CDUS43 KUNR 250835
CLIRAP


CLIMATE REPORT
NATIONAL WEATHER SERVICE RAPID CITY SD
234 AM MDT TUE JUL 25 2017


...................................

...THE RAPID CITY AIRPORT SD CLIMATE SUMMARY FOR JULY 24 2017...

CLIMATE NORMAL PERIOD 1981 TO 2010
CLIMATE RECORD PERIOD 1942 TO 2017


WEATHER ITEM   OBSERVED TIME   RECORD YEAR NORMAL DEPARTURE LAST
                VALUE   (LST)  VALUE       VALUE  FROM      YEAR
                                                  NORMAL
..................................................................
TEMPERATURE (F)
 YESTERDAY
  MAXIMUM         99    422 PM 109    2003  88     11       88
  MINIMUM         63    522 AM  51    2010  59      4       60
                                      1996
  AVERAGE         81                        74      7       74

PRECIPITATION (IN)
  YESTERDAY        T             0.80 1977   0.06  -0.06     0.08
  MONTH TO DATE    0.67                      1.38  -0.71     1.85
  SINCE JUN 1      2.42                      3.91  -1.49     3.07
  SINCE JAN 1      6.69                     10.60  -3.91     7.71

SNOWFALL (IN)
  YESTERDAY        0.0           0.0    MM   0.0    0.0      0.0
  MONTH TO DATE    0.0                       0.0    0.0      0.0
  SINCE JUN 1      0.0                       0.0    0.0      0.0
  SINCE JUL 1      0.0                       0.0    0.0      0.0
  SNOW DEPTH       0

DEGREE DAYS
 HEATING
  YESTERDAY        0                         0      0        0
  MONTH TO DATE    0                        10    -10        3
  SINCE JUN 1     33                       109    -76       13
  SINCE JUL 1      0                        10    -10        3

 COOLING
  YESTERDAY       16                         9      7        9
  MONTH TO DATE  310                       187    123      199
  SINCE JUN 1    412                       271    141      385
  SINCE JAN 1    424                       286    138      385
..................................................................


WIND (MPH)
  HIGHEST WIND SPEED    25   HIGHEST WIND DIRECTION     N (340)
  HIGHEST GUST SPEED    35   HIGHEST GUST DIRECTION     N (350)
  AVERAGE WIND SPEED     6.5


SKY COVER
  AVERAGE SKY COVER 0.0


WEATHER CONDITIONS
 THE FOLLOWING WEATHER WAS RECORDED YESTERDAY.
  THUNDERSTORM
  LIGHT RAIN


RELATIVE HUMIDITY (PERCENT)
 HIGHEST    59           600 AM
 LOWEST     18           300 PM
 AVERAGE    39

..........................................................


THE RAPID CITY AIRPORT SD CLIMATE NORMALS FOR TODAY
                         NORMAL    RECORD    YEAR
 MAXIMUM TEMPERATURE (F)   89       105      1987
 MINIMUM TEMPERATURE (F)   59        47      1996
                                             1971


SUNRISE AND SUNSET
JULY 25 2017..........SUNRISE   533 AM MDT   SUNSET   824 PM MDT
JULY 26 2017..........SUNRISE   534 AM MDT   SUNSET   823 PM MDT


-  INDICATES NEGATIVE NUMBERS.
R  INDICATES RECORD WAS SET OR TIED.
MM INDICATES DATA IS MISSING.
T  INDICATES TRACE AMOUNT.




$$
