000
CDUS43 KUNR 141832
CLIRAP


CLIMATE REPORT
NATIONAL WEATHER SERVICE RAPID CITY SD
1132 AM MST SUN FEB 14 2016


...................................

...THE RAPID CITY AIRPORT SD CLIMATE SUMMARY FOR FEBRUARY 14 2016...
VALID AS OF 1100 AM LOCAL TIME.

CLIMATE NORMAL PERIOD 1981 TO 2010
CLIMATE RECORD PERIOD 1942 TO 2016


WEATHER ITEM   OBSERVED TIME   RECORD YEAR NORMAL DEPARTURE LAST
                VALUE   (LST)  VALUE       VALUE  FROM      YEAR
                                                  NORMAL
..................................................................
TEMPERATURE (F)
 TODAY
  MAXIMUM         42   1059 AM  67    1954  39      3       36
  MINIMUM         26    601 AM -20    2007  15     11       16
  AVERAGE         34                        27      7       26

PRECIPITATION (IN)
  TODAY            0.00          0.18 1980   0.02  -0.02      T
  MONTH TO DATE    0.44                      0.17   0.27      T
  SINCE DEC 1      1.28                      0.89   0.39     0.60
  SINCE JAN 1      0.65                      0.47   0.18     0.18

SNOWFALL (IN)
  TODAY            0.0           4.6  1980   0.2   -0.2       T
  MONTH TO DATE    3.4                       2.4    1.0      0.3
  SINCE DEC 1     18.2                      12.2    6.0     13.3
  SINCE JUL 1     24.8                      20.0    4.8     28.8
  SNOW DEPTH       0

DEGREE DAYS
 HEATING
  TODAY           31                        38     -7       39
  MONTH TO DATE  450                       544    -94      430
  SINCE DEC 1   2873                      3025   -152     2701
  SINCE JUL 1   4318                      4700   -382     4509

 COOLING
  TODAY            0                         0      0        0
  MONTH TO DATE    0                         0      0        0
  SINCE DEC 1      0                         0      0        0
  SINCE JAN 1      0                         0      0        0
..................................................................


WIND (MPH)
  HIGHEST WIND SPEED    28   HIGHEST WIND DIRECTION    NW (310)
  HIGHEST GUST SPEED    35   HIGHEST GUST DIRECTION    NW (310)
  AVERAGE WIND SPEED     8.4


SKY COVER
  AVERAGE SKY COVER 0.3


WEATHER CONDITIONS
 THE FOLLOWING WEATHER WAS RECORDED TODAY.
  NO SIGNIFICANT WEATHER WAS OBSERVED.


RELATIVE HUMIDITY (PERCENT)
 HIGHEST    78           400 AM
 LOWEST     59          1200 AM
 AVERAGE    69

..........................................................


THE RAPID CITY AIRPORT SD CLIMATE NORMALS FOR TOMORROW
                         NORMAL    RECORD    YEAR
 MAXIMUM TEMPERATURE (F)   39        67      2011
 MINIMUM TEMPERATURE (F)   15       -21      2007


SUNRISE AND SUNSET
FEBRUARY 14 2016......SUNRISE   654 AM MST   SUNSET   520 PM MST
FEBRUARY 15 2016......SUNRISE   652 AM MST   SUNSET   521 PM MST


-  INDICATES NEGATIVE NUMBERS.
R  INDICATES RECORD WAS SET OR TIED.
MM INDICATES DATA IS MISSING.
T  INDICATES TRACE AMOUNT.




$$
