000
CDUS46 KMFR 250838
CLIRBG


CLIMATE REPORT
NATIONAL WEATHER SERVICE MEDFORD, OR
1238 AM PST SUN FEB 25 2018


...................................

...THE ROSEBURG OR CLIMATE SUMMARY FOR FEBRUARY 24 2018...

CLIMATE NORMAL PERIOD 1981 TO 2010
CLIMATE RECORD PERIOD 1931 TO 2018


WEATHER ITEM   OBSERVED TIME   RECORD YEAR NORMAL DEPARTURE LAST
                VALUE   (LST)  VALUE       VALUE  FROM      YEAR
                                                  NORMAL
..................................................................
TEMPERATURE (F)
 YESTERDAY
  MAXIMUM         47    229 PM  74    1938  55     -8       43
  MINIMUM         39    424 AM  25    1953  38      1       32
  AVERAGE         43                        46     -3       38

PRECIPITATION (IN)
  YESTERDAY        0.29          2.63 1958   0.13   0.16     0.06
  MONTH TO DATE    1.54                      3.44  -1.90     7.61
  SINCE OCT 1     13.06                     24.18 -11.12    32.00
  SINCE JAN 1      4.69                      8.53  -3.84    13.08

SNOWFALL (IN)
  YESTERDAY       MM                        MM     MM       MM
  MONTH TO DATE   MM                        MM     MM       MM
  SINCE JUL 1     MM                        MM     MM       MM
  SNOW DEPTH      MM

DEGREE DAYS
 HEATING
  YESTERDAY       22                        19      3       27
  MONTH TO DATE  479                       478      1      435
  SINCE DEC 1   1800                      1868    -68     1977
  SINCE JUL 1   2659                      2797   -138     2616

 COOLING
  YESTERDAY        0                         0      0        0
  MONTH TO DATE    0                         0      0        0
  SINCE DEC 1      0                         0      0        0
  SINCE JAN 1      0                         0      0        0
..................................................................


WIND (MPH)
  RESULTANT WIND SPEED   2   RESULTANT WIND DIRECTION  SW (210)
  HIGHEST WIND SPEED    17   HIGHEST WIND DIRECTION    NE (30)
  HIGHEST GUST SPEED    24   HIGHEST GUST DIRECTION     W (290)
  AVERAGE WIND SPEED     4.2


SKY COVER
  POSSIBLE SUNSHINE  MM
  AVERAGE SKY COVER 1.0


WEATHER CONDITIONS
 THE FOLLOWING WEATHER WAS RECORDED YESTERDAY.
  RAIN
  LIGHT RAIN
  FOG


RELATIVE HUMIDITY (PERCENT)
 HIGHEST    89           900 AM
 LOWEST     60           200 PM
 AVERAGE    75

..........................................................


THE ROSEBURG OR CLIMATE NORMALS FOR TODAY
                         NORMAL    RECORD    YEAR
 MAXIMUM TEMPERATURE (F)   55        72      2016
                                             1932
 MINIMUM TEMPERATURE (F)   38        21      1962


SUNRISE AND SUNSET
FEBRUARY 25 2018......SUNRISE   656 AM PST   SUNSET   558 PM PST
FEBRUARY 26 2018......SUNRISE   654 AM PST   SUNSET   559 PM PST


-  INDICATES NEGATIVE NUMBERS.
R  INDICATES RECORD WAS SET OR TIED.
MM INDICATES DATA IS MISSING.
T  INDICATES TRACE AMOUNT.




$$
