993
CDUS46 KMFR 010836
CLIRBG


CLIMATE REPORT
NATIONAL WEATHER SERVICE MEDFORD, OR
136 AM PDT SUN MAY 1 2016


...................................

...THE ROSEBURG OR CLIMATE SUMMARY FOR APRIL 30 2016...

CLIMATE NORMAL PERIOD 1981 TO 2010
CLIMATE RECORD PERIOD 1931 TO 2016


WEATHER ITEM   OBSERVED TIME   RECORD YEAR NORMAL DEPARTURE LAST
                VALUE   (LST)  VALUE       VALUE  FROM      YEAR
                                                  NORMAL
..................................................................
TEMPERATURE (F)
 YESTERDAY
  MAXIMUM         68    522 PM  92    2014  66      2       76
  MINIMUM         47    255 AM  31    1954  44      3       41
  AVERAGE         58                        55      3       59

PRECIPITATION (IN)
  YESTERDAY        0.00          0.48 1932   0.08  -0.08     0.00
  MONTH TO DATE    2.32                      2.82  -0.50     0.94
  SINCE OCT 1     35.97                     31.01   4.96    24.48
  SINCE JAN 1     16.78                     15.36   1.42    10.20

SNOWFALL (IN)
  YESTERDAY       MM                        MM     MM       MM
  MONTH TO DATE    0.0                      MM     MM       MM
  SINCE JUL 1      0.0                      MM     MM        0.0
  SNOW DEPTH      MM

DEGREE DAYS
 HEATING
  YESTERDAY        7                        10     -3        6
  MONTH TO DATE  208                       385   -177      343
  SINCE MAR 1    618                       895   -277      663
  SINCE JUL 1   2971                      3764   -793     2720

 COOLING
  YESTERDAY        0                         0      0        0
  MONTH TO DATE   18                         1     17        1
  SINCE MAR 1     18                         1     17        1
  SINCE JAN 1     18                         1     17        1
..................................................................


WIND (MPH)
  RESULTANT WIND SPEED   6   RESULTANT WIND DIRECTION   N (360)
  HIGHEST WIND SPEED    18   HIGHEST WIND DIRECTION     N (10)
  HIGHEST GUST SPEED    24   HIGHEST GUST DIRECTION     N (360)
  AVERAGE WIND SPEED     6.3


SKY COVER
  POSSIBLE SUNSHINE  MM
  AVERAGE SKY COVER 0.3


WEATHER CONDITIONS
 THE FOLLOWING WEATHER WAS RECORDED YESTERDAY.
  NO SIGNIFICANT WEATHER WAS OBSERVED.


RELATIVE HUMIDITY (PERCENT)
 HIGHEST    86           300 AM
 LOWEST     40           200 PM
 AVERAGE    63

..........................................................


THE ROSEBURG OR CLIMATE NORMALS FOR TODAY
                         NORMAL    RECORD    YEAR
 MAXIMUM TEMPERATURE (F)   66        93      1947
 MINIMUM TEMPERATURE (F)   45        26      1954


SUNRISE AND SUNSET
MAY  1 2016...........SUNRISE   606 AM PDT   SUNSET   816 PM PDT
MAY  2 2016...........SUNRISE   605 AM PDT   SUNSET   817 PM PDT


-  INDICATES NEGATIVE NUMBERS.
R  INDICATES RECORD WAS SET OR TIED.
MM INDICATES DATA IS MISSING.
T  INDICATES TRACE AMOUNT.




$$
