000
CDUS46 KMFR 270836
CLIRBG


CLIMATE REPORT
NATIONAL WEATHER SERVICE MEDFORD, OR
1236 AM PST MON FEB 27 2017


...................................

...THE ROSEBURG OR CLIMATE SUMMARY FOR FEBRUARY 26 2017...

CLIMATE NORMAL PERIOD 1981 TO 2010
CLIMATE RECORD PERIOD 1931 TO 2017


WEATHER ITEM   OBSERVED TIME   RECORD YEAR NORMAL DEPARTURE LAST
                VALUE   (LST)  VALUE       VALUE  FROM      YEAR
                                                  NORMAL
..................................................................
TEMPERATURE (F)
 YESTERDAY
  MAXIMUM         42    251 PM  79    1932  55    -13       55
  MINIMUM         34    419 AM  16    1962  38     -4       43
  AVERAGE         38                        47     -9       49

PRECIPITATION (IN)
  YESTERDAY        0.56          0.86 1974   0.13   0.43     0.37
  MONTH TO DATE    8.17                      3.69   4.48     2.55
  SINCE OCT 1     32.56                     24.43   8.13    28.35
  SINCE JAN 1     13.64                      8.78   4.86     9.16

SNOWFALL (IN)
  YESTERDAY       MM                        MM     MM       MM
  MONTH TO DATE   MM                        MM     MM       MM
  SINCE JUL 1     MM                        MM     MM        0.0
  SNOW DEPTH      MM

DEGREE DAYS
 HEATING
  YESTERDAY       27                        18      9       16
  MONTH TO DATE  486                       515    -29      375
  SINCE DEC 1   2028                      1905    123     1578
  SINCE JUL 1   2667                      2834   -167     2306

 COOLING
  YESTERDAY        0                         0      0        0
  MONTH TO DATE    0                         0      0        0
  SINCE DEC 1      0                         0      0        0
  SINCE JAN 1      0                         0      0        0
..................................................................


WIND (MPH)
  RESULTANT WIND SPEED   4   RESULTANT WIND DIRECTION  SE (140)
  HIGHEST WIND SPEED    12   HIGHEST WIND DIRECTION    SE (150)
  HIGHEST GUST SPEED    17   HIGHEST GUST DIRECTION     S (180)
  AVERAGE WIND SPEED     4.0


SKY COVER
  POSSIBLE SUNSHINE  MM
  AVERAGE SKY COVER 1.0


WEATHER CONDITIONS
 THE FOLLOWING WEATHER WAS RECORDED YESTERDAY.
  HEAVY RAIN
  RAIN
  LIGHT RAIN
  FOG


RELATIVE HUMIDITY (PERCENT)
 HIGHEST   100           400 AM
 LOWEST     82           200 PM
 AVERAGE    91

..........................................................


THE ROSEBURG OR CLIMATE NORMALS FOR TODAY
                         NORMAL    RECORD    YEAR
 MAXIMUM TEMPERATURE (F)   56        69      1938
 MINIMUM TEMPERATURE (F)   38        16      1962


SUNRISE AND SUNSET
FEBRUARY 27 2017......SUNRISE   652 AM PST   SUNSET   601 PM PST
FEBRUARY 28 2017......SUNRISE   651 AM PST   SUNSET   602 PM PST


-  INDICATES NEGATIVE NUMBERS.
R  INDICATES RECORD WAS SET OR TIED.
MM INDICATES DATA IS MISSING.
T  INDICATES TRACE AMOUNT.




$$
