000
CDUS46 KMFR 160837
CLIRBG


CLIMATE REPORT
NATIONAL WEATHER SERVICE MEDFORD, OR
137 AM PDT TUE SEP 16 2014


...................................

...THE ROSEBURG OR CLIMATE SUMMARY FOR SEPTEMBER 15 2014...

CLIMATE NORMAL PERIOD 1981 TO 2010
CLIMATE RECORD PERIOD 1931 TO 2014


WEATHER ITEM   OBSERVED TIME   RECORD YEAR NORMAL DEPARTURE LAST
                VALUE   (LST)  VALUE       VALUE  FROM      YEAR
                                                  NORMAL
..................................................................
TEMPERATURE (F)
 YESTERDAY
  MAXIMUM         94    258 PM  96    1981  79     15       71
  MINIMUM         57    710 AM  34    1970  52      5       60
  AVERAGE         76                        65     11       66

PRECIPITATION (IN)
  YESTERDAY        0.00          1.07 1963   0.03  -0.03     0.00
  MONTH TO DATE    0.00                      0.38  -0.38     0.10
  SINCE SEP 1      0.00                      0.38  -0.38     0.10
  SINCE JAN 1     16.65                     20.03  -3.38     8.64

SNOWFALL (IN)
  YESTERDAY       MM                        MM     MM       MM
  MONTH TO DATE   MM                        MM     MM       MM
  SINCE JUL 1     MM                        MM     MM       MM
  SNOW DEPTH      MM

DEGREE DAYS
 HEATING
  YESTERDAY        0                         2     -2        0
  MONTH TO DATE    0                        18    -18        0
  SINCE SEP 1      0                        18    -18        0
  SINCE JUL 1      7                        39    -32        1

 COOLING
  YESTERDAY       11                         2      9        1
  MONTH TO DATE  102                        46     56      116
  SINCE SEP 1    102                        46     56      116
  SINCE JAN 1    835                       457    378      818
..................................................................


WIND (MPH)
  RESULTANT WIND SPEED   4   RESULTANT WIND DIRECTION   N (340)
  HIGHEST WIND SPEED    17   HIGHEST WIND DIRECTION     N (340)
  HIGHEST GUST SPEED    21   HIGHEST GUST DIRECTION    NW (320)
  AVERAGE WIND SPEED     4.4


SKY COVER
  POSSIBLE SUNSHINE  MM
  AVERAGE SKY COVER 0.0


WEATHER CONDITIONS
 THE FOLLOWING WEATHER WAS RECORDED YESTERDAY.
  NO SIGNIFICANT WEATHER WAS OBSERVED.


RELATIVE HUMIDITY (PERCENT)
 HIGHEST    57           500 AM
 LOWEST     19           100 PM
 AVERAGE    38

..........................................................


THE ROSEBURG OR CLIMATE NORMALS FOR TODAY
                         NORMAL    RECORD    YEAR
 MAXIMUM TEMPERATURE (F)   79        98      1994
 MINIMUM TEMPERATURE (F)   51        39      1936


SUNRISE AND SUNSET
SEPTEMBER 16 2014.....SUNRISE   654 AM PDT   SUNSET   721 PM PDT
SEPTEMBER 17 2014.....SUNRISE   655 AM PDT   SUNSET   720 PM PDT


-  INDICATES NEGATIVE NUMBERS.
R  INDICATES RECORD WAS SET OR TIED.
MM INDICATES DATA IS MISSING.
T  INDICATES TRACE AMOUNT.




$$
