000
CDUS46 KMFR 220845
CLIRBG


CLIMATE REPORT
NATIONAL WEATHER SERVICE MEDFORD, OR
145 AM PDT SAT JUL 22 2017


...................................

...THE ROSEBURG OR CLIMATE SUMMARY FOR JULY 21 2017...

CLIMATE NORMAL PERIOD 1981 TO 2010
CLIMATE RECORD PERIOD 1931 TO 2017


WEATHER ITEM   OBSERVED TIME   RECORD YEAR NORMAL DEPARTURE LAST
                VALUE   (LST)  VALUE       VALUE  FROM      YEAR
                                                  NORMAL
..................................................................
TEMPERATURE (F)
 YESTERDAY
  MAXIMUM         87    500 PM 104    1938  86      1       75
  MINIMUM         54    546 AM  48    1954  57     -3       59
  AVERAGE         71                        71      0       67

PRECIPITATION (IN)
  YESTERDAY        0.00          1.60 1987   0.02  -0.02     0.00
  MONTH TO DATE    0.00                      0.32  -0.32     0.77
  SINCE OCT 1     42.38                     34.73   7.65    38.45
  SINCE JAN 1     23.46                     19.08   4.38    19.26

SNOWFALL (IN)
  YESTERDAY       MM                        MM     MM       MM
  MONTH TO DATE   MM                        MM     MM       MM
  SINCE JUL 1     MM                        MM     MM       MM
  SNOW DEPTH      MM

DEGREE DAYS
 HEATING
  YESTERDAY        0                         0      0        0
  MONTH TO DATE    0                         8     -8        3
  SINCE JUN 1     64                        91    -27       67
  SINCE JUL 1      0                         8     -8        3

 COOLING
  YESTERDAY        6                         6      0        2
  MONTH TO DATE  124                       107     17       91
  SINCE JUN 1    229                       157     72      227
  SINCE JAN 1    278                       177    101      270
..................................................................


WIND (MPH)
  RESULTANT WIND SPEED   3   RESULTANT WIND DIRECTION   N (360)
  HIGHEST WIND SPEED    16   HIGHEST WIND DIRECTION     N (360)
  HIGHEST GUST SPEED    20   HIGHEST GUST DIRECTION     N (10)
  AVERAGE WIND SPEED     4.0


SKY COVER
  POSSIBLE SUNSHINE  MM
  AVERAGE SKY COVER 0.0


WEATHER CONDITIONS
 THE FOLLOWING WEATHER WAS RECORDED YESTERDAY.
  NO SIGNIFICANT WEATHER WAS OBSERVED.


RELATIVE HUMIDITY (PERCENT)
 HIGHEST    89           500 AM
 LOWEST     21           400 PM
 AVERAGE    55

..........................................................


THE ROSEBURG OR CLIMATE NORMALS FOR TODAY
                         NORMAL    RECORD    YEAR
 MAXIMUM TEMPERATURE (F)   86       106      2006
 MINIMUM TEMPERATURE (F)   57        45      1934


SUNRISE AND SUNSET
JULY 22 2017..........SUNRISE   554 AM PDT   SUNSET   845 PM PDT
JULY 23 2017..........SUNRISE   555 AM PDT   SUNSET   844 PM PDT


-  INDICATES NEGATIVE NUMBERS.
R  INDICATES RECORD WAS SET OR TIED.
MM INDICATES DATA IS MISSING.
T  INDICATES TRACE AMOUNT.




$$
