000
CDUS46 KMFR 280037
CLIRBG


CLIMATE REPORT
NATIONAL WEATHER SERVICE MEDFORD, OR
537 PM PDT MON JUL 27 2015


...................................

...THE ROSEBURG OR CLIMATE SUMMARY FOR JULY 27 2015...
VALID TODAY AS OF 0500 PM LOCAL TIME.

CLIMATE NORMAL PERIOD 1981 TO 2010
CLIMATE RECORD PERIOD 1931 TO 2015


WEATHER ITEM   OBSERVED TIME   RECORD YEAR NORMAL DEPARTURE LAST
                VALUE   (LST)  VALUE       VALUE  FROM      YEAR
                                                  NORMAL
..................................................................
TEMPERATURE (F)
 TODAY
  MAXIMUM         82    355 PM 107    1998  86     -4       90
  MINIMUM         62    539 AM  44    1957  57      5       59
  AVERAGE         72                        72      0       75

PRECIPITATION (IN)
  TODAY            0.00          1.01 1947   0.01  -0.01
  MONTH TO DATE    0.01                      0.38  -0.37
  SINCE OCT 1     24.95                     34.79  -9.84
  SINCE JAN 1     10.67                     19.14  -8.47

SNOWFALL (IN)
  TODAY           MM                        MM     MM       MM
  MONTH TO DATE    0.0                      MM     MM       MM
  SINCE JUL 1      0.0                      MM     MM       MM
  SNOW DEPTH      MM

DEGREE DAYS
 HEATING
  TODAY            0                         0      0        0
  MONTH TO DATE    0                         8     -8        7
  SINCE JUN 1     12                        91    -79       42
  SINCE JUL 1      0                         8     -8        7

 COOLING
  TODAY            7                         7      0       10
  MONTH TO DATE  281                       148    133      248
  SINCE JUN 1    512                       198    314      319
  SINCE JAN 1    542                       218    324      364
..................................................................







THE ROSEBURG OR CLIMATE NORMALS FOR TOMORROW
                         NORMAL    RECORD    YEAR
 MAXIMUM TEMPERATURE (F)   86       108      2009
 MINIMUM TEMPERATURE (F)   57        45      1955


SUNRISE AND SUNSET
JULY 27 2015..........SUNRISE   558 AM PDT   SUNSET   841 PM PDT
JULY 28 2015..........SUNRISE   559 AM PDT   SUNSET   840 PM PDT


-  INDICATES NEGATIVE NUMBERS.
R  INDICATES RECORD WAS SET OR TIED.
MM INDICATES DATA IS MISSING.
T  INDICATES TRACE AMOUNT.




$$
