000
CDUS46 KSTO 250849
CLIRDD

CLIMATE REPORT
NATIONAL WEATHER SERVICE SACRAMENTO, CA
1240 AM PST THU DEC 25 2014


...................................

...THE REDDING AIRPORT CA CLIMATE SUMMARY FOR DECEMBER 24 2014...

CLIMATE NORMAL PERIOD 1981 TO 2010
CLIMATE RECORD PERIOD 1986 TO 2014


WEATHER ITEM   OBSERVED RECORD YEAR NORMAL DEPARTURE LAST
                VALUE   VALUE       VALUE  FROM      YEAR
                                           NORMAL
...........................................................
TEMPERATURE (F)
 YESTERDAY
  MAXIMUM         60     71    2013  54      6       71
                               1999
  MINIMUM         40     22    1998  36      4       35
  AVERAGE         50

PRECIPITATION (IN)
  YESTERDAY        0.13   1.69 2008   0.22  -0.09     0.00
  MONTH TO DATE   10.37               4.75   5.62     0.38
  SINCE JUL 1     19.67              12.24   7.43     3.50
  SINCE JAN 1     33.94              33.10   0.84    12.80

SNOWFALL (IN)
  YESTERDAY       MM      0.0  2001  MM               0.0
  MONTH TO DATE    0.0               MM               5.0
  SINCE DEC 1      0.0               MM               5.0
  SINCE JUL 1      0.0               MM               5.0

DEGREE DAYS
 HEATING
  YESTERDAY       15

 COOLING
  YESTERDAY        0
...........................................................


WIND (MPH)
  RESULTANT WIND SPEED   2   RESULTANT WIND DIRECTION   W (280)
  HIGHEST WIND SPEED    22   HIGHEST WIND DIRECTION    NW (300)
  HIGHEST GUST SPEED    31   HIGHEST GUST DIRECTION    NW (300)


SKY COVER
  POSSIBLE SUNSHINE  MM
  AVERAGE SKY COVER 0.6


WEATHER CONDITIONS
 THE FOLLOWING WEATHER WAS RECORDED YESTERDAY.
  RAIN
  LIGHT RAIN
  FOG


RELATIVE HUMIDITY (PERCENT)
 HIGHEST   100
 LOWEST     46
 AVERAGE    73

..........................................................


THE REDDING AIRPORT CA CLIMATE NORMALS FOR TODAY
                         NORMAL    RECORD    YEAR
 MAXIMUM TEMPERATURE (F)   54        72      1999
 MINIMUM TEMPERATURE (F)   36        25      2011


SUNRISE AND SUNSET
DECEMBER 25 2014......SUNRISE   731 AM PST   SUNSET   448 PM PST
DECEMBER 26 2014......SUNRISE   731 AM PST   SUNSET   449 PM PST


-  INDICATES NEGATIVE NUMBERS.
R  INDICATES RECORD WAS SET OR TIED.
MM INDICATES DATA IS MISSING.
T  INDICATES TRACE AMOUNT.






&&
....................................................................

REDDING CITY CLIMATE DATA FOR DECEMBER 24

CLIMATE RECORD PERIOD 1897-1986

RECORD HIGH..............     78 IN 1985
RECORD LOW...............     24 IN 1924

RECORD RAINFALL..........   2.77 IN 1979

$$

NNNN
