000
CDUS46 KSTO 200855
CLIRDD

CLIMATE REPORT
NATIONAL WEATHER SERVICE SACRAMENTO, CA
139 AM PDT MON OCT 20 2014


...................................

...THE REDDING AIRPORT CA CLIMATE SUMMARY FOR OCTOBER 19 2014...

CLIMATE NORMAL PERIOD 1981 TO 2010
CLIMATE RECORD PERIOD 1986 TO 2014


WEATHER ITEM   OBSERVED RECORD YEAR NORMAL DEPARTURE LAST
                VALUE   VALUE       VALUE  FROM      YEAR
                                           NORMAL
...........................................................
TEMPERATURE (F)
 YESTERDAY
  MAXIMUM         79     93    1991  76      3       85
  MINIMUM         52     37    1996  49      3       43
  AVERAGE         66

PRECIPITATION (IN)
  YESTERDAY        0.00   3.30 2004   0.08  -0.08     0.00
  MONTH TO DATE    0.10               0.96  -0.86     0.01
  SINCE JUL 1      3.54               1.87   1.67     1.40
  SINCE JAN 1     17.81              22.73  -4.92    10.70

SNOWFALL (IN)
  YESTERDAY        0.0    0.0  2001  MM               0.0
  MONTH TO DATE    0.0               MM               0.0
  SINCE SEP 1      0.0               MM               0.0
  SINCE JUL 1      0.0               MM               0.0

DEGREE DAYS
 HEATING
  YESTERDAY        0

 COOLING
  YESTERDAY        1
...........................................................


WIND (MPH)
  RESULTANT WIND SPEED   1   RESULTANT WIND DIRECTION  SE (140)
  HIGHEST WIND SPEED    12   HIGHEST WIND DIRECTION     S (170)
  HIGHEST GUST SPEED    15   HIGHEST GUST DIRECTION     S (160)


SKY COVER
  POSSIBLE SUNSHINE  MM
  AVERAGE SKY COVER 0.0


WEATHER CONDITIONS
 THE FOLLOWING WEATHER WAS RECORDED YESTERDAY.
  NO SIGNIFICANT WEATHER WAS OBSERVED.


RELATIVE HUMIDITY (PERCENT)
 HIGHEST    93
 LOWEST     39
 AVERAGE    66

..........................................................


THE REDDING AIRPORT CA CLIMATE NORMALS FOR TODAY
                         NORMAL    RECORD    YEAR
 MAXIMUM TEMPERATURE (F)   76        96      1988
 MINIMUM TEMPERATURE (F)   48        40      1996


SUNRISE AND SUNSET
OCTOBER 20 2014.......SUNRISE   726 AM PDT   SUNSET   622 PM PDT
OCTOBER 21 2014.......SUNRISE   727 AM PDT   SUNSET   620 PM PDT


-  INDICATES NEGATIVE NUMBERS.
R  INDICATES RECORD WAS SET OR TIED.
MM INDICATES DATA IS MISSING.
T  INDICATES TRACE AMOUNT.



&&
....................................................................

REDDING CITY CLIMATE DATA FOR OCTOBER 19

CLIMATE RECORD PERIOD 1893-1986

RECORD HIGH..............     96 IN 1964
RECORD LOW...............     35 IN 1949

RECORD RAINFALL..........   1.48 IN 1900

$$
