000
CDUS46 KSTO 211444
CLIRDD

CLIMATE REPORT
NATIONAL WEATHER SERVICE SACRAMENTO, CA
743 AM PDT THU AUG 21 2014

...................................

...THE REDDING AIRPORT CA CLIMATE SUMMARY FOR AUGUST 20 2014...

CLIMATE NORMAL PERIOD 1981 TO 2010
CLIMATE RECORD PERIOD 1986 TO 2014


WEATHER ITEM   OBSERVED RECORD YEAR NORMAL DEPARTURE LAST
                VALUE   VALUE       VALUE  FROM      YEAR
                                           NORMAL
...........................................................
TEMPERATURE (F)
 YESTERDAY
  MAXIMUM         91    110    1988  96     -5       98
  MINIMUM         64     57    2002  62      2       76
                               1996
  AVERAGE         78

PRECIPITATION (IN)
  YESTERDAY        0.00   0.34 1997   0.01  -0.01     0.00
  MONTH TO DATE    0.12               0.09   0.03     0.00
  SINCE JUL 1      0.21               0.18   0.03      T
  SINCE JAN 1     14.48              21.04  -6.56     9.30

SNOWFALL (IN)
  YESTERDAY        0.0   MM      MM  MM               0.0
  MONTH TO DATE    0.0               MM               0.0
  SINCE JUN 1      0.0               MM               0.0
  SINCE JUL 1      0.0               MM               0.0

DEGREE DAYS
 HEATING
  YESTERDAY        0

 COOLING
  YESTERDAY       13
...........................................................


WIND (MPH)
  RESULTANT WIND SPEED   6   RESULTANT WIND DIRECTION   S (170)
  HIGHEST WIND SPEED    21   HIGHEST WIND DIRECTION     S (180)
  HIGHEST GUST SPEED    25   HIGHEST GUST DIRECTION     S (190)


SKY COVER
  POSSIBLE SUNSHINE  MM
  AVERAGE SKY COVER 0.0


WEATHER CONDITIONS
 THE FOLLOWING WEATHER WAS RECORDED YESTERDAY.
  NO SIGNIFICANT WEATHER WAS OBSERVED.


RELATIVE HUMIDITY (PERCENT)
 HIGHEST    68
 LOWEST     26
 AVERAGE    47

..........................................................


THE REDDING AIRPORT CA CLIMATE NORMALS FOR TODAY
                         NORMAL    RECORD    YEAR
 MAXIMUM TEMPERATURE (F)   96       106      2009
 MINIMUM TEMPERATURE (F)   62        55      1998


SUNRISE AND SUNSET
AUGUST 21 2014........SUNRISE   626 AM PDT   SUNSET   758 PM PDT
AUGUST 22 2014........SUNRISE   627 AM PDT   SUNSET   756 PM PDT


-  INDICATES NEGATIVE NUMBERS.
R  INDICATES RECORD WAS SET OR TIED.
MM INDICATES DATA IS MISSING.
T  INDICATES TRACE AMOUNT.


&&
....................................................................

REDDING CITY CLIMATE DATA FOR AUGUST 20

CLIMATE RECORD PERIOD 1897-1986

RECORD HIGH..............    110 IN 1950
RECORD LOW...............     52 IN 1976

RECORD RAINFALL..........   0.72 IN 1968

$$

NNNN
