000
CDUS46 KSTO 230843
CLIRDD

CLIMATE REPORT
NATIONAL WEATHER SERVICE SACRAMENTO, CA
141 AM PDT SAT JUL 23 2016


.........................................................

...THE REDDING AIRPORT CA CLIMATE SUMMARY FOR JULY 22 2016...

CLIMATE NORMAL PERIOD 1981 TO 2010
CLIMATE RECORD PERIOD 1986 TO 2016


WEATHER ITEM   OBSERVED RECORD YEAR NORMAL DEPARTURE LAST
                VALUE   VALUE       VALUE  FROM      YEAR
                                           NORMAL
...........................................................
TEMPERATURE (F)
 YESTERDAY
  MAXIMUM         98    112    2006 100     -2       96
  MINIMUM         59     54    1987  66     -7       73
  AVERAGE         79

PRECIPITATION (IN)
  YESTERDAY        0.00   0.12 1998   0.00   0.00     0.00
  MONTH TO DATE    T                  0.06  -0.06     0.04
  SINCE OCT 1     40.49              33.77   6.72    23.08
  SINCE JAN 1     30.63              20.92   9.71     6.83

SNOWFALL (IN)
  YESTERDAY        0.0   MM      MM  MM               0.0
  MONTH TO DATE    0.0               MM               0.0
  SINCE JUN 1      0.0               MM               0.0
  SINCE JUL 1      0.0               MM               0.0

DEGREE DAYS
 HEATING
  YESTERDAY        0

 COOLING
  YESTERDAY       14
...........................................................


WIND (MPH)
  RESULTANT WIND SPEED   0   RESULTANT WIND DIRECTION  SE (140)
  HIGHEST WIND SPEED    10   HIGHEST WIND DIRECTION    SW (210)
  HIGHEST GUST SPEED    14   HIGHEST GUST DIRECTION     S (190)


SKY COVER
  POSSIBLE SUNSHINE  MM
  AVERAGE SKY COVER 0.0


WEATHER CONDITIONS
 THE FOLLOWING WEATHER WAS RECORDED YESTERDAY.
  NO SIGNIFICANT WEATHER WAS OBSERVED.


RELATIVE HUMIDITY (PERCENT)
 HIGHEST    56
 LOWEST      8
 AVERAGE    32

..........................................................


THE REDDING AIRPORT CA CLIMATE NORMALS FOR TODAY
                         NORMAL    RECORD    YEAR
 MAXIMUM TEMPERATURE (F)  100       114      2006
 MINIMUM TEMPERATURE (F)   66        58      1989


SUNRISE AND SUNSET
JULY 23 2016..........SUNRISE   559 AM PDT   SUNSET   832 PM PDT
JULY 24 2016..........SUNRISE   600 AM PDT   SUNSET   831 PM PDT


-  INDICATES NEGATIVE NUMBERS.
R  INDICATES RECORD WAS SET OR TIED.
MM INDICATES DATA IS MISSING.
T  INDICATES TRACE AMOUNT.

&&
....................................................................

REDDING CITY CLIMATE DATA FOR JULY 22

CLIMATE RECORD PERIOD 1897-1986

RECORD HIGH..............    111 IN 1938
RECORD LOW...............     52 IN 1914

RECORD RAINFALL..........   0.18 IN 1958

$$

NNNN
