000
CDUS46 KSTO 250834 RRA
CLIRDD

CLIMATE REPORT
NATIONAL WEATHER SERVICE SACRAMENTO, CA
134 AM PDT SUN SEP 25 2016


...................................

...THE REDDING AIRPORT CA CLIMATE SUMMARY FOR SEPTEMBER 24 2016...

CLIMATE NORMAL PERIOD 1981 TO 2010
CLIMATE RECORD PERIOD 1986 TO 2016


WEATHER ITEM   OBSERVED RECORD YEAR NORMAL DEPARTURE LAST
                VALUE   VALUE       VALUE  FROM      YEAR
                                           NORMAL
...........................................................
TEMPERATURE (F)
 YESTERDAY
  MAXIMUM         96    107    2003  88      8       96
  MINIMUM         62     44    2000  56      6       59
  AVERAGE         79

PRECIPITATION (IN)
  YESTERDAY        0.00   0.78 2014   0.03  -0.03     0.00
  MONTH TO DATE    0.00               0.47  -0.47     0.55
  SINCE OCT 1     40.49              34.45   6.04    23.63
  SINCE JAN 1     30.63              21.60   9.03     7.38

SNOWFALL (IN)
  YESTERDAY        0.0    0.0  2002  MM               0.0
                               2001
  MONTH TO DATE    0.0               MM               0.0
  SINCE SEP 1      0.0               MM               0.0
  SINCE JUL 1      0.0               MM               0.0

DEGREE DAYS
 HEATING
  YESTERDAY        0

 COOLING
  YESTERDAY       14
...........................................................


WIND (MPH)
  RESULTANT WIND SPEED   9   RESULTANT WIND DIRECTION   N (340)
  HIGHEST WIND SPEED    22   HIGHEST WIND DIRECTION     N (10)
  HIGHEST GUST SPEED    29   HIGHEST GUST DIRECTION     N (20)


SKY COVER
  POSSIBLE SUNSHINE  MM
  AVERAGE SKY COVER 0.0


WEATHER CONDITIONS
 THE FOLLOWING WEATHER WAS RECORDED YESTERDAY.
  NO SIGNIFICANT WEATHER WAS OBSERVED.


RELATIVE HUMIDITY (PERCENT)
 HIGHEST    60
 LOWEST     10
 AVERAGE    35

..........................................................


THE REDDING AIRPORT CA CLIMATE NORMALS FOR TODAY
                         NORMAL    RECORD    YEAR
 MAXIMUM TEMPERATURE (F)   88       101      2003
                                             1991
 MINIMUM TEMPERATURE (F)   56        43      2007


SUNRISE AND SUNSET
SEPTEMBER 25 2016.....SUNRISE   700 AM PDT   SUNSET   700 PM PDT
SEPTEMBER 26 2016.....SUNRISE   701 AM PDT   SUNSET   659 PM PDT


-  INDICATES NEGATIVE NUMBERS.
R  INDICATES RECORD WAS SET OR TIED.
MM INDICATES DATA IS MISSING.
T  INDICATES TRACE AMOUNT.

&&
....................................................................

REDDING CITY CLIMATE DATA FOR SEPTEMBER 24

CLIMATE RECORD PERIOD 1897-1986

RECORD HIGH..............    107 IN 1964
RECORD LOW...............     44 IN 1934

RECORD RAINFALL..........   0.50 IN 1923

$$
