000
CDUS46 KSTO 300039
CLIRDD

CLIMATE REPORT
NATIONAL WEATHER SERVICE SACRAMENTO, CA
536 PM PDT MON AUG 29 2016


...................................

...THE REDDING AIRPORT CA CLIMATE SUMMARY FOR AUGUST 29 2016...
VALID TODAY AS OF 0500 PM LOCAL TIME.

CLIMATE NORMAL PERIOD 1981 TO 2010
CLIMATE RECORD PERIOD 1986 TO 2016


WEATHER ITEM   OBSERVED RECORD YEAR NORMAL DEPARTURE LAST
                VALUE   VALUE       VALUE  FROM      YEAR
                                           NORMAL
...........................................................
TEMPERATURE (F)
 TODAY
  MAXIMUM         92    109    1988  94     -2       90
                               1987
  MINIMUM         62     53    1994  61      1       66
  AVERAGE         77

PRECIPITATION (IN)
  TODAY            0.00   0.00 2015   0.01  -0.01     0.00
                               2014
                               2013
  MONTH TO DATE    0.00               0.16  -0.16      T
  SINCE OCT 1     40.49              33.96   6.53    23.08
  SINCE JAN 1     30.63              21.11   9.52     6.83

SNOWFALL (IN)
  TODAY            0.0   MM      MM  MM               0.0
  MONTH TO DATE    0.0               MM               0.0
  SINCE JUN 1      0.0               MM               0.0
  SINCE JUL 1      0.0               MM               0.0

DEGREE DAYS
 HEATING
  TODAY            0

 COOLING
  TODAY           12
...........................................................


WIND (MPH)
  RESULTANT WIND SPEED   1   RESULTANT WIND DIRECTION   S (180)
  HIGHEST WIND SPEED    10   HIGHEST WIND DIRECTION     S (200)
  HIGHEST GUST SPEED    14   HIGHEST GUST DIRECTION     S (200)


SKY COVER
  POSSIBLE SUNSHINE  MM
  AVERAGE SKY COVER 0.0


WEATHER CONDITIONS
 THE FOLLOWING WEATHER WAS RECORDED TODAY.
  NO SIGNIFICANT WEATHER WAS OBSERVED.


RELATIVE HUMIDITY (PERCENT)
 HIGHEST    56
 LOWEST     14
 AVERAGE    35

..........................................................


THE REDDING AIRPORT CA CLIMATE NORMALS FOR TOMORROW
                         NORMAL    RECORD    YEAR
 MAXIMUM TEMPERATURE (F)   94       110      1987
 MINIMUM TEMPERATURE (F)   61        50      2010


SUNRISE AND SUNSET
AUGUST 29 2016........SUNRISE   634 AM PDT   SUNSET   745 PM PDT
AUGUST 30 2016........SUNRISE   635 AM PDT   SUNSET   743 PM PDT


-  INDICATES NEGATIVE NUMBERS.
R  INDICATES RECORD WAS SET OR TIED.
MM INDICATES DATA IS MISSING.
T  INDICATES TRACE AMOUNT.




&&
....................................................................

REDDING CITY CLIMATE DATA FOR AUGUST 29

CLIMATE RECORD PERIOD 1897-1986

RECORD HIGH..............    108 IN 1944
RECORD LOW...............     50 IN 1946

RECORD RAINFALL..........   1.43 IN 1979

$$

NNNN
