000
CDUS46 KSTO 290836 RRA
CLIRDD

CLIMATE REPORT
NATIONAL WEATHER SERVICE SACRAMENTO, CA
135 AM PDT SAT AUG 29 2015


...................................

...THE REDDING AIRPORT CA CLIMATE SUMMARY FOR AUGUST 28 2015...

CLIMATE NORMAL PERIOD 1981 TO 2010
CLIMATE RECORD PERIOD 1986 TO 2015


WEATHER ITEM   OBSERVED RECORD YEAR NORMAL DEPARTURE LAST
                VALUE   VALUE       VALUE  FROM      YEAR
                                           NORMAL
...........................................................
TEMPERATURE (F)
 YESTERDAY
  MAXIMUM        101    109    2008  94      7      100
  MINIMUM         69     51    1995  61      8       66
  AVERAGE         85

PRECIPITATION (IN)
  YESTERDAY        0.00   0.13 2010   0.00   0.00     0.00
  MONTH TO DATE    T                  0.15  -0.15     0.12
  SINCE OCT 1     23.08              33.95 -10.87    16.59
  SINCE JAN 1      6.83              21.10 -14.27    14.48

SNOWFALL (IN)
  YESTERDAY        0.0   MM      MM  MM               0.0
  MONTH TO DATE    0.0               MM               0.0
  SINCE JUN 1      0.0               MM               0.0
  SINCE JUL 1      0.0               MM               0.0

DEGREE DAYS
 HEATING
  YESTERDAY        0

 COOLING
  YESTERDAY       20
...........................................................


WIND (MPH)
  RESULTANT WIND SPEED   7   RESULTANT WIND DIRECTION   S (170)
  HIGHEST WIND SPEED    28   HIGHEST WIND DIRECTION     S (170)
  HIGHEST GUST SPEED    36   HIGHEST GUST DIRECTION     S (170)


SKY COVER
  POSSIBLE SUNSHINE  MM
  AVERAGE SKY COVER 0.0


WEATHER CONDITIONS
 THE FOLLOWING WEATHER WAS RECORDED YESTERDAY.
  HAZE


RELATIVE HUMIDITY (PERCENT)
 HIGHEST    47
 LOWEST     13
 AVERAGE    30

..........................................................


THE REDDING AIRPORT CA CLIMATE NORMALS FOR TODAY
                         NORMAL    RECORD    YEAR
 MAXIMUM TEMPERATURE (F)   94       109      1988
                                             1987
 MINIMUM TEMPERATURE (F)   61        53      1994


SUNRISE AND SUNSET
AUGUST 29 2015........SUNRISE   633 AM PDT   SUNSET   746 PM PDT
AUGUST 30 2015........SUNRISE   634 AM PDT   SUNSET   745 PM PDT


-  INDICATES NEGATIVE NUMBERS.
R  INDICATES RECORD WAS SET OR TIED.
MM INDICATES DATA IS MISSING.
T  INDICATES TRACE AMOUNT.




&&
....................................................................

REDDING CITY CLIMATE DATA FOR AUGUST 28

CLIMATE RECORD PERIOD 1897-1986

RECORD HIGH..............    111 IN 1915
RECORD LOW...............     51 IN 1946

RECORD RAINFALL..........   0.96 IN 1954

$$

NNNN
