000
CDUS41 KPHI 220643
CLIRDG


CLIMATE REPORT
NATIONAL WEATHER SERVICE MOUNT HOLLY NJ
141 AM EST WED FEB 22 2017


...................................

...THE READING PA CLIMATE SUMMARY FOR FEBRUARY 21 2017...

CLIMATE NORMAL PERIOD 1981 TO 2010
CLIMATE RECORD PERIOD 1869 TO 2017


WEATHER ITEM   OBSERVED TIME   RECORD YEAR NORMAL DEPARTURE LAST
                VALUE   (LST)  VALUE       VALUE  FROM      YEAR
                                                  NORMAL
..................................................................
TEMPERATURE (F)
 YESTERDAY
  MAXIMUM         51    318 PM  71    1930  43      8       54
  MINIMUM         29    503 AM  -2    1978  24      5       31
                                      1903
  AVERAGE         40                        34      6       43

PRECIPITATION (IN)
  YESTERDAY        0.00          1.60 1873   0.08  -0.08     0.08
  MONTH TO DATE    0.75                      1.86  -1.11     2.02
  SINCE DEC 1      5.24                      8.20  -2.96     9.11
  SINCE JAN 1      3.11                      4.91  -1.80     5.55

DEGREE DAYS
 HEATING
  YESTERDAY       25                        31     -6       22
  MONTH TO DATE  580                       705   -125      690
  SINCE DEC 1   2407                      2763   -356     2342
  SINCE JUL 1   3261                      3830   -569     3161

 COOLING
  YESTERDAY        0                         0      0        0
  MONTH TO DATE    0                         0      0        0
  SINCE DEC 1      0                         0      0        0
  SINCE JAN 1      0                         0      0        0
..................................................................


WIND (MPH)
  HIGHEST WIND SPEED    14   HIGHEST WIND DIRECTION    SE (150)
  HIGHEST GUST SPEED    18   HIGHEST GUST DIRECTION     S (160)
  AVERAGE WIND SPEED    MM


SKY COVER
  POSSIBLE SUNSHINE  MM
  AVERAGE SKY COVER  MM


WEATHER CONDITIONS
 THE FOLLOWING WEATHER WAS RECORDED YESTERDAY.
  NO SIGNIFICANT WEATHER WAS OBSERVED.


RELATIVE HUMIDITY (PERCENT)
 HIGHEST    MM
 LOWEST     MM
 AVERAGE    MM

..........................................................


THE READING PA CLIMATE NORMALS FOR TODAY
                         NORMAL    RECORD    YEAR
 MAXIMUM TEMPERATURE (F)   43        70      1974
 MINIMUM TEMPERATURE (F)   25         1      1978


SUNRISE AND SUNSET
FEBRUARY 22 2017......SUNRISE   647 AM EST   SUNSET   548 PM EST
FEBRUARY 23 2017......SUNRISE   646 AM EST   SUNSET   549 PM EST


-  INDICATES NEGATIVE NUMBERS.
R  INDICATES RECORD WAS SET OR TIED.
MM INDICATES DATA IS MISSING.
T  INDICATES TRACE AMOUNT.




$$
