000
CDUS41 KPHI 010627
CLIRDG


CLIMATE REPORT
NATIONAL WEATHER SERVICE MOUNT HOLLY NJ
227 AM EDT TUE SEP 1 2015


...................................

...THE READING PA CLIMATE SUMMARY FOR AUGUST 31 2015...

CLIMATE NORMAL PERIOD 1981 TO 2010
CLIMATE RECORD PERIOD 1869 TO 2015


WEATHER ITEM   OBSERVED TIME   RECORD YEAR NORMAL DEPARTURE LAST
                VALUE   (LST)  VALUE       VALUE  FROM      YEAR
                                                  NORMAL
..................................................................
TEMPERATURE (F)
 YESTERDAY
  MAXIMUM         90    144 PM 100    1953  81      9       89
  MINIMUM         70    556 AM  42    1986  60     10       72
                                      1976
  AVERAGE         80                        71      9       81

PRECIPITATION (IN)
  YESTERDAY        0.00          2.44 1922   0.11  -0.11     0.34
  MONTH TO DATE    3.45                      3.64  -0.19     2.87
  SINCE JUN 1     13.47                     11.94   1.53    11.61
  SINCE JAN 1     25.38                     28.96  -3.58    30.43

SNOWFALL (IN)
  YESTERDAY       MM            MM      MM  MM     MM       MM
  MONTH TO DATE   MM                        MM     MM       MM
  SINCE JUN 1     MM                        MM     MM       MM
  SINCE JUL 1     MM                        MM     MM       MM
  SNOW DEPTH      MM

DEGREE DAYS
 HEATING
  YESTERDAY        0                         0      0        0
  MONTH TO DATE    0                         0      0        1
  SINCE JUN 1     21                        29     -8        2
  SINCE JUL 1      0                         5     -5        1

 COOLING
  YESTERDAY       15                         6      9       16
  MONTH TO DATE  285                       251     34      222
  SINCE JUN 1    836                       743     93      759
  SINCE JAN 1    995                       803    192      821
..................................................................


WIND (MPH)
  HIGHEST WIND SPEED    12   HIGHEST WIND DIRECTION    SW (240)
  HIGHEST GUST SPEED    17   HIGHEST GUST DIRECTION    SW (240)
  AVERAGE WIND SPEED     4.1


SKY COVER
  POSSIBLE SUNSHINE  MM
  AVERAGE SKY COVER 0.2


WEATHER CONDITIONS
 THE FOLLOWING WEATHER WAS RECORDED YESTERDAY.
  HAZE


RELATIVE HUMIDITY (PERCENT)
 HIGHEST    90           600 AM
 LOWEST     50           100 PM
 AVERAGE    70

..........................................................


THE READING PA CLIMATE NORMALS FOR TODAY
                         NORMAL    RECORD    YEAR
 MAXIMUM TEMPERATURE (F)   81        98      2010
                                             1953
 MINIMUM TEMPERATURE (F)   60        44      1976


SUNRISE AND SUNSET
SEPTEMBER  1 2015.....SUNRISE   631 AM EDT   SUNSET   736 PM EDT
SEPTEMBER  2 2015.....SUNRISE   632 AM EDT   SUNSET   735 PM EDT


-  INDICATES NEGATIVE NUMBERS.
R  INDICATES RECORD WAS SET OR TIED.
MM INDICATES DATA IS MISSING.
T  INDICATES TRACE AMOUNT.




$$
