000
CDUS41 KPHI 200547
CLIRDG


CLIMATE REPORT
NATIONAL WEATHER SERVICE MOUNT HOLLY NJ
147 AM EDT SUN AUG 20 2017


...................................

...THE READING PA CLIMATE SUMMARY FOR AUGUST 19 2017...

CLIMATE NORMAL PERIOD 1981 TO 2010
CLIMATE RECORD PERIOD 1869 TO 2017


WEATHER ITEM   OBSERVED TIME   RECORD YEAR NORMAL DEPARTURE LAST
                VALUE   (LST)  VALUE       VALUE  FROM      YEAR
                                                  NORMAL
..................................................................
TEMPERATURE (F)
 YESTERDAY
  MAXIMUM         86    332 PM  94    1955  83      3       88
                                      1914
  MINIMUM         64   1159 PM  45    1977  62      2       68
  AVERAGE         75                        73      2       78

PRECIPITATION (IN)
  YESTERDAY        0.45          1.35 1939   0.12   0.33     0.00
  MONTH TO DATE    5.11                      2.21   2.90     3.16
  SINCE JUN 1     18.83                     10.51   8.32     8.95
  SINCE JAN 1     32.25                     27.53   4.72    22.95

DEGREE DAYS
 HEATING
  YESTERDAY        0                         0      0        0
  MONTH TO DATE    0                         0      0        0
  SINCE JUN 1     16                        25     -9        9
  SINCE JUL 1      0                         1     -1        0

 COOLING
  YESTERDAY       10                         8      2       13
  MONTH TO DATE  162                       166     -4      269
  SINCE JUN 1    759                       658    101      924
  SINCE JAN 1    834                       718    116     1018
..................................................................


WIND (MPH)
  HIGHEST WIND SPEED    30   HIGHEST WIND DIRECTION     W (280)
  HIGHEST GUST SPEED    40   HIGHEST GUST DIRECTION     W (280)
  AVERAGE WIND SPEED     4.7


SKY COVER
  POSSIBLE SUNSHINE  MM
  AVERAGE SKY COVER 0.3


WEATHER CONDITIONS
 THE FOLLOWING WEATHER WAS RECORDED YESTERDAY.
  THUNDERSTORM
  HEAVY RAIN
  RAIN
  FOG


RELATIVE HUMIDITY (PERCENT)
 HIGHEST   100          1200 AM
 LOWEST     51           200 PM
 AVERAGE    76

..........................................................


THE READING PA CLIMATE NORMALS FOR TODAY
                         NORMAL    RECORD    YEAR
 MAXIMUM TEMPERATURE (F)   83        98      1983
 MINIMUM TEMPERATURE (F)   62        49      1998


SUNRISE AND SUNSET
AUGUST 20 2017........SUNRISE   620 AM EDT   SUNSET   754 PM EDT
AUGUST 21 2017........SUNRISE   621 AM EDT   SUNSET   752 PM EDT


-  INDICATES NEGATIVE NUMBERS.
R  INDICATES RECORD WAS SET OR TIED.
MM INDICATES DATA IS MISSING.
T  INDICATES TRACE AMOUNT.




$$
