000
CDUS41 KPHI 180544
CLIRDG


CLIMATE REPORT
NATIONAL WEATHER SERVICE MOUNT HOLLY NJ
143 AM EDT WED OCT 18 2017


...................................

...THE READING PA CLIMATE SUMMARY FOR OCTOBER 17 2017...

CLIMATE NORMAL PERIOD 1981 TO 2010
CLIMATE RECORD PERIOD 1869 TO 2017


WEATHER ITEM   OBSERVED TIME   RECORD YEAR NORMAL DEPARTURE LAST
                VALUE   (LST)  VALUE       VALUE  FROM      YEAR
                                                  NORMAL
..................................................................
TEMPERATURE (F)
 YESTERDAY
  MAXIMUM         61    326 PM  86    1938  64     -3       79
                                      1908
  MINIMUM         35    625 AM  31    1976  43     -8       55
                                      1937
  AVERAGE         48                        53     -5       67

PRECIPITATION (IN)
  YESTERDAY        0.00          1.67 1932   0.09  -0.09      T
  MONTH TO DATE    1.54                      2.06  -0.52     0.25
  SINCE SEP 1      5.16                      6.40  -1.24     4.90
  SINCE JAN 1     38.60                     35.36   3.24    29.41

DEGREE DAYS
 HEATING
  YESTERDAY       17                        12      5        0
  MONTH TO DATE   65                       163    -98      118
  SINCE SEP 1    121                       237   -116      150
  SINCE JUL 1    125                       242   -117      150

 COOLING
  YESTERDAY        0                         0      0        2
  MONTH TO DATE   53                         5     48        2
  SINCE SEP 1    196                        89    107      193
  SINCE JAN 1   1085                       892    193     1335
..................................................................


WIND (MPH)
  HIGHEST WIND SPEED    10   HIGHEST WIND DIRECTION    SW (240)
  HIGHEST GUST SPEED    13   HIGHEST GUST DIRECTION     W (270)
  AVERAGE WIND SPEED     2.5


SKY COVER
  POSSIBLE SUNSHINE  MM
  AVERAGE SKY COVER 0.0


WEATHER CONDITIONS
 THE FOLLOWING WEATHER WAS RECORDED YESTERDAY.
  FOG


RELATIVE HUMIDITY (PERCENT)
 HIGHEST   100           500 AM
 LOWEST     36           300 PM
 AVERAGE    68

..........................................................


THE READING PA CLIMATE NORMALS FOR TODAY
                         NORMAL    RECORD    YEAR
 MAXIMUM TEMPERATURE (F)   64        85      2016
                                             1908
 MINIMUM TEMPERATURE (F)   42        27      1982


SUNRISE AND SUNSET
OCTOBER 18 2017.......SUNRISE   718 AM EDT   SUNSET   619 PM EDT
OCTOBER 19 2017.......SUNRISE   719 AM EDT   SUNSET   618 PM EDT


-  INDICATES NEGATIVE NUMBERS.
R  INDICATES RECORD WAS SET OR TIED.
MM INDICATES DATA IS MISSING.
T  INDICATES TRACE AMOUNT.




$$
