000
CDUS41 KPHI 140556
CLIRDG


CLIMATE REPORT
NATIONAL WEATHER SERVICE MOUNT HOLLY NJ
1255 AM EST THU DEC 14 2017


...................................

...THE READING PA CLIMATE SUMMARY FOR DECEMBER 13 2017...

CLIMATE NORMAL PERIOD 1981 TO 2010
CLIMATE RECORD PERIOD 1869 TO 2017


WEATHER ITEM   OBSERVED TIME   RECORD YEAR NORMAL DEPARTURE LAST
                VALUE   (LST)  VALUE       VALUE  FROM      YEAR
                                                  NORMAL
..................................................................
TEMPERATURE (F)
 YESTERDAY
  MAXIMUM         30   1240 PM  68    2015  42    -12       42
  MINIMUM         19    519 AM   7    1960  27     -8       30
  AVERAGE         25                        34     -9       36

PRECIPITATION (IN)
  YESTERDAY        0.04          3.22 1983   0.11  -0.07     0.00
  MONTH TO DATE    0.56                      1.51  -0.95     1.25
  SINCE DEC 1      0.56                      1.51  -0.95     1.25
  SINCE JAN 1     42.33                     41.49   0.84    33.94

DEGREE DAYS
 HEATING
  YESTERDAY       40                        31      9       29
  MONTH TO DATE  377                       373      4      348
  SINCE DEC 1    377                       373      4      348
  SINCE JUL 1   1281                      1440   -159     1202

 COOLING
  YESTERDAY        0                         0      0        0
  MONTH TO DATE    0                         0      0        0
  SINCE DEC 1      0                         0      0        0
  SINCE JAN 1   1086                       896    190     1356
..................................................................


WIND (MPH)
  HIGHEST WIND SPEED    29   HIGHEST WIND DIRECTION    NW (300)
  HIGHEST GUST SPEED    38   HIGHEST GUST DIRECTION     W (280)
  AVERAGE WIND SPEED    13.1


SKY COVER
  POSSIBLE SUNSHINE  MM
  AVERAGE SKY COVER 0.5


WEATHER CONDITIONS
 THE FOLLOWING WEATHER WAS RECORDED YESTERDAY.
  LIGHT SNOW
  FOG


RELATIVE HUMIDITY (PERCENT)
 HIGHEST   100          1100 PM
 LOWEST     39           300 PM
 AVERAGE    70

..........................................................


THE READING PA CLIMATE NORMALS FOR TODAY
                         NORMAL    RECORD    YEAR
 MAXIMUM TEMPERATURE (F)   42        67      2015
 MINIMUM TEMPERATURE (F)   26         2      2005


SUNRISE AND SUNSET
DECEMBER 14 2017......SUNRISE   719 AM EST   SUNSET   438 PM EST
DECEMBER 15 2017......SUNRISE   720 AM EST   SUNSET   438 PM EST


-  INDICATES NEGATIVE NUMBERS.
R  INDICATES RECORD WAS SET OR TIED.
MM INDICATES DATA IS MISSING.
T  INDICATES TRACE AMOUNT.




$$
