000
CDUS46 KPDT 120844
CLIRDM

CLIMATE REPORT
NATIONAL WEATHER SERVICE PENDLETON OR
1243 AM PST TUE DEC 12 2017

...................................

...THE REDMOND OR CLIMATE SUMMARY FOR DECEMBER 11 2017...

CLIMATE NORMAL PERIOD 1981 TO 2010
CLIMATE RECORD PERIOD 1949 TO 2017


WEATHER ITEM   OBSERVED TIME   RECORD YEAR NORMAL DEPARTURE LAST
                VALUE   (LST)  VALUE       VALUE  FROM      YEAR
                                                  NORMAL
..................................................................
TEMPERATURE (F)
 YESTERDAY
  MAXIMUM         33    257 PM  58    1988  40     -7       41
  MINIMUM          5   1124 PM -11    1972  21    -16       18
  AVERAGE         19                        30    -11       30

PRECIPITATION (IN)
  YESTERDAY        T             0.66 1948   0.04  -0.04     0.01
  MONTH TO DATE    T                         0.43  -0.43     0.74
  SINCE OCT 1      0.99                      2.03  -1.04     2.75
  SINCE JAN 1      6.46                      8.17  -1.71     8.29

DEGREE DAYS
 HEATING
  YESTERDAY       46                        35     11       35
  MONTH TO DATE  430                       371     59      412
  SINCE DEC 1    430                       371     59      412
  SINCE JUL 1   2009                      2145   -136     1876

 COOLING
  YESTERDAY        0                         0      0        0
  MONTH TO DATE    0                         0      0        0
  SINCE DEC 1      0                         0      0        0
  SINCE JAN 1    434                       222    212      240
..................................................................


WIND (MPH)
  RESULTANT WIND SPEED   1   RESULTANT WIND DIRECTION  NW (310)
  HIGHEST WIND SPEED     8   HIGHEST WIND DIRECTION    NW (310)
  HIGHEST GUST SPEED    11   HIGHEST GUST DIRECTION     N (360)
  AVERAGE WIND SPEED     3.0


SKY COVER
  POSSIBLE SUNSHINE  MM
  AVERAGE SKY COVER 0.5


WEATHER CONDITIONS
 THE FOLLOWING WEATHER WAS RECORDED YESTERDAY.
  LIGHT SNOW
  FOG


RELATIVE HUMIDITY (PERCENT)
 HIGHEST    96           700 PM
 LOWEST     56           300 PM
 AVERAGE    76

..........................................................


THE REDMOND OR CLIMATE NORMALS FOR TODAY
                         NORMAL    RECORD    YEAR
 MAXIMUM TEMPERATURE (F)   40        60      1956
 MINIMUM TEMPERATURE (F)   20        -8      1972


SUNRISE AND SUNSET
DECEMBER 12 2017......SUNRISE   731 AM PST   SUNSET   426 PM PST
DECEMBER 13 2017......SUNRISE   732 AM PST   SUNSET   426 PM PST


-  INDICATES NEGATIVE NUMBERS.
R  INDICATES RECORD WAS SET OR TIED.
MM INDICATES DATA IS MISSING.
T  INDICATES TRACE AMOUNT.

$$
