000
CDUS46 KPDT 240926
CLIRDM

CLIMATE REPORT
NATIONAL WEATHER SERVICE PENDLETON OR
126 AM PST MON NOV 24 2014


...................................

...THE REDMOND OR CLIMATE SUMMARY FOR NOVEMBER 23 2014...

CLIMATE NORMAL PERIOD 1981 TO 2010
CLIMATE RECORD PERIOD 1949 TO 2014


WEATHER ITEM   OBSERVED TIME   RECORD YEAR NORMAL DEPARTURE LAST
                VALUE   (LST)  VALUE       VALUE  FROM      YEAR
                                                  NORMAL
..................................................................
TEMPERATURE (F)
 YESTERDAY
  MAXIMUM         49    224 PM  65    1959  46      3       36
  MINIMUM         23    632 AM  -8    1993  24     -1        5
  AVERAGE         36                        35      1       21

PRECIPITATION (IN)
  YESTERDAY        0.00          0.64 1961   0.04  -0.04     0.00
  MONTH TO DATE    1.86                      0.72   1.14     0.20
  SINCE OCT 1      2.52                      1.36   1.16     0.34
  SINCE JAN 1      7.94                      7.50   0.44     4.43

DEGREE DAYS
 HEATING
  YESTERDAY       29                        30     -1       44
  MONTH TO DATE  778                       609    169      638
  SINCE SEP 1   1338                      1405    -67     1531
  SINCE JUL 1   1412                      1554   -142     1567

 COOLING
  YESTERDAY        0                         0      0        0
  MONTH TO DATE    0                         0      0        0
  SINCE SEP 1     14                        16     -2       36
  SINCE JAN 1    311                       222     89      350
..................................................................


WIND (MPH)
  RESULTANT WIND SPEED   2   RESULTANT WIND DIRECTION   S (190)
  HIGHEST WIND SPEED    23   HIGHEST WIND DIRECTION    NW (310)
  HIGHEST GUST SPEED    28   HIGHEST GUST DIRECTION    NW (310)
  AVERAGE WIND SPEED     3.8


SKY COVER
  POSSIBLE SUNSHINE  MM
  AVERAGE SKY COVER 0.2


WEATHER CONDITIONS
THE FOLLOWING WEATHER WAS RECORDED YESTERDAY.
  NO SIGNIFICANT WEATHER WAS OBSERVED.


RELATIVE HUMIDITY (PERCENT)
 HIGHEST    92           200 AM
 LOWEST     49           300 PM
 AVERAGE    71

..........................................................


THE REDMOND OR CLIMATE NORMALS FOR TODAY
                         NORMAL    RECORD    YEAR
 MAXIMUM TEMPERATURE (F)   45        68      1954
 MINIMUM TEMPERATURE (F)   24       -10      1993


SUNRISE AND SUNSET
NOVEMBER 24 2014......SUNRISE   712 AM PST   SUNSET   430 PM PST
NOVEMBER 25 2014......SUNRISE   713 AM PST   SUNSET   430 PM PST


-  INDICATES NEGATIVE NUMBERS.
R  INDICATES RECORD WAS SET OR TIED.
MM INDICATES DATA IS MISSING.
T  INDICATES TRACE AMOUNT.

$$
