220
CDUS46 KPDT 250855 RRA
CLIRDM

CLIMATE REPORT
NATIONAL WEATHER SERVICE PENDLETON OR
154 AM PDT THU AUG 25 2016


...................................

...THE REDMOND OR CLIMATE SUMMARY FOR AUGUST 24 2016...

CLIMATE NORMAL PERIOD 1981 TO 2010
CLIMATE RECORD PERIOD 1949 TO 2016


WEATHER ITEM   OBSERVED TIME   RECORD YEAR NORMAL DEPARTURE LAST
                VALUE   (LST)  VALUE       VALUE  FROM      YEAR
                                                  NORMAL
..................................................................
TEMPERATURE (F)
 YESTERDAY
  MAXIMUM         83    355 PM  97    1999  83      0       88
  MINIMUM         39    538 AM  31    1992  44     -5       46
  AVERAGE         61                        63     -2       67

PRECIPITATION (IN)
  YESTERDAY        0.00          0.42 1999   0.01  -0.01     0.00
  MONTH TO DATE    0.02                      0.38  -0.36     0.01
  SINCE OCT 1      9.06                      8.37   0.69     8.76
  SINCE JAN 1      5.49                      5.61  -0.12     4.48

DEGREE DAYS
 HEATING
  YESTERDAY        4                         3      1        0
  MONTH TO DATE   37                        53    -16       27
  SINCE JUN 1    263                       339    -76      152
  SINCE JUL 1     86                       122    -36       75

 COOLING
  YESTERDAY        0                         2     -2        2
  MONTH TO DATE   75                        71      4       85
  SINCE JUN 1    215                       192     23      326
  SINCE JAN 1    218                       197     21      335
..................................................................


WIND (MPH)
  RESULTANT WIND SPEED   3   RESULTANT WIND DIRECTION   N (10)
  HIGHEST WIND SPEED    18   HIGHEST WIND DIRECTION     N (10)
  HIGHEST GUST SPEED    24   HIGHEST GUST DIRECTION     W (280)
  AVERAGE WIND SPEED     5.9


SKY COVER
  POSSIBLE SUNSHINE  MM
  AVERAGE SKY COVER 0.0


WEATHER CONDITIONS
 THE FOLLOWING WEATHER WAS RECORDED YESTERDAY.
  NO SIGNIFICANT WEATHER WAS OBSERVED.


RELATIVE HUMIDITY (PERCENT)
 HIGHEST    53           500 AM
 LOWEST     13           200 PM
 AVERAGE    33

..........................................................


THE REDMOND OR CLIMATE NORMALS FOR TODAY
                         NORMAL    RECORD    YEAR
 MAXIMUM TEMPERATURE (F)   83       100      2010
 MINIMUM TEMPERATURE (F)   44        31      1992


SUNRISE AND SUNSET
AUGUST 25 2016........SUNRISE   620 AM PDT   SUNSET   752 PM PDT
AUGUST 26 2016........SUNRISE   621 AM PDT   SUNSET   750 PM PDT


-  INDICATES NEGATIVE NUMBERS.
R  INDICATES RECORD WAS SET OR TIED.
MM INDICATES DATA IS MISSING.
T  INDICATES TRACE AMOUNT.




$$
