000
CDUS46 KPDT 160838
CLIRDM

CLIMATE REPORT
NATIONAL WEATHER SERVICE PENDLETON OR
125 AM PDT WED APR 16 2014


...................................

...THE REDMOND OR CLIMATE SUMMARY FOR APRIL 15 2014...

CLIMATE NORMAL PERIOD 1981 TO 2010
CLIMATE RECORD PERIOD 1949 TO 2014


WEATHER ITEM   OBSERVED TIME   RECORD YEAR NORMAL DEPARTURE LAST
                VALUE   (LST)  VALUE       VALUE  FROM      YEAR
                                                  NORMAL
..................................................................
TEMPERATURE (F)
 YESTERDAY
  MAXIMUM         57    329 PM  81    1994  59     -2       41
  MINIMUM         39    521 AM  17    1955  29     10       29
  AVERAGE         48                        44      4       35

PRECIPITATION (IN)
  YESTERDAY        0.00          0.12 1998   0.02  -0.02     0.06
  MONTH TO DATE    0.29                      0.33  -0.04     0.08
  SINCE OCT 1      3.51                      5.37  -1.86     4.74
  SINCE JAN 1      2.80                      2.61   0.19     0.83

DEGREE DAYS
 HEATING
  YESTERDAY       17                        21     -4       30
  MONTH TO DATE  293                       329    -36      322
  SINCE MAR 1   1014                      1107    -93     1080
  SINCE JUL 1   5807                      5780     27     5547

 COOLING
  YESTERDAY        0                         0      0        0
  MONTH TO DATE    0                         0      0        0
  SINCE MAR 1      0                         0      0        0
  SINCE JAN 1      0                         0      0        0
..................................................................


WIND (MPH)
  RESULTANT WIND SPEED   7   RESULTANT WIND DIRECTION  NW (320)
  HIGHEST WIND SPEED    21   HIGHEST WIND DIRECTION    NW (320)
  HIGHEST GUST SPEED    27   HIGHEST GUST DIRECTION    NW (320)
  AVERAGE WIND SPEED     8.4


SKY COVER
  POSSIBLE SUNSHINE  MM
  AVERAGE SKY COVER 0.3


WEATHER CONDITIONS
 THE FOLLOWING WEATHER WAS RECORDED YESTERDAY.
  NO SIGNIFICANT WEATHER WAS OBSERVED.


RELATIVE HUMIDITY (PERCENT)
 HIGHEST    65           100 AM
 LOWEST     30           200 PM
 AVERAGE    48

..........................................................


THE REDMOND OR CLIMATE NORMALS FOR TODAY
                         NORMAL    RECORD    YEAR
 MAXIMUM TEMPERATURE (F)   60        79      1980
 MINIMUM TEMPERATURE (F)   29        13      1964


SUNRISE AND SUNSET
APRIL 16 2014.........SUNRISE   619 AM PDT   SUNSET   750 PM PDT
APRIL 17 2014.........SUNRISE   617 AM PDT   SUNSET   752 PM PDT


-  INDICATES NEGATIVE NUMBERS.
R  INDICATES RECORD WAS SET OR TIED.
MM INDICATES DATA IS MISSING.
T  INDICATES TRACE AMOUNT.




$$
