000
CDUS46 KPDT 070027
CLIRDM

CLIMATE REPORT
NATIONAL WEATHER SERVICE PENDLETON OR
426 PM PST FRI MAR 6 2015


...................................

...THE REDMOND OR CLIMATE SUMMARY FOR MARCH 6 2015...
VALID TODAY AS OF 0400 PM LOCAL TIME.

CLIMATE NORMAL PERIOD 1981 TO 2010
CLIMATE RECORD PERIOD 1949 TO 2015


WEATHER ITEM   OBSERVED TIME   RECORD YEAR NORMAL DEPARTURE LAST
                VALUE   (LST)  VALUE       VALUE  FROM      YEAR
                                                  NORMAL
..................................................................
TEMPERATURE (F)
 TODAY
  MAXIMUM         68R   326 PM  68    2005  52     16       53
  MINIMUM         24    240 AM  14    2012  25     -1       34
                                      1995
  AVERAGE         46                        38      8       44

PRECIPITATION (IN)
  TODAY            0.00          0.51 1957   0.02  -0.02      T
  MONTH TO DATE    0.00                      0.12  -0.12     0.15
  SINCE OCT 1      5.26                      4.50   0.76     2.77
  SINCE JAN 1      0.98                      1.74  -0.76     2.06

DEGREE DAYS
 HEATING
  TODAY           19                        27     -8       21
  MONTH TO DATE  172                       164      8      134
  SINCE MAR 1    172                       164      8      134
  SINCE JUL 1   4205                      4837   -632     4927

 COOLING
  TODAY            0                         0      0        0
  MONTH TO DATE    0                         0      0        0
  SINCE MAR 1      0                         0      0        0
  SINCE JAN 1      0                         0      0        0
..................................................................


WIND (MPH)
  RESULTANT WIND SPEED   3   RESULTANT WIND DIRECTION  SE (130)
  HIGHEST WIND SPEED     9   HIGHEST WIND DIRECTION     N (20)
  HIGHEST GUST SPEED    13   HIGHEST GUST DIRECTION     N (10)
  AVERAGE WIND SPEED     4.1


SKY COVER
  POSSIBLE SUNSHINE  MM
  AVERAGE SKY COVER 0.0


WEATHER CONDITIONS
 THE FOLLOWING WEATHER WAS RECORDED TODAY.
  NO SIGNIFICANT WEATHER WAS OBSERVED.


RELATIVE HUMIDITY (PERCENT)
 HIGHEST    81           200 AM
 LOWEST     18           200 PM
 AVERAGE    50

..........................................................


THE REDMOND OR CLIMATE NORMALS FOR TOMORROW
                         NORMAL    RECORD    YEAR
 MAXIMUM TEMPERATURE (F)   52        71      2004
 MINIMUM TEMPERATURE (F)   25        11      2012


SUNRISE AND SUNSET
MARCH  6 2015.........SUNRISE   633 AM PST   SUNSET   559 PM PST
MARCH  7 2015.........SUNRISE   632 AM PST   SUNSET   600 PM PST


-  INDICATES NEGATIVE NUMBERS.
R  INDICATES RECORD WAS SET OR TIED.
MM INDICATES DATA IS MISSING.
T  INDICATES TRACE AMOUNT.




$$
