000
CDUS46 KPDT 280041 RRA
CLIRDM

CLIMATE REPORT
NATIONAL WEATHER SERVICE PENDLETON OR
528 PM PDT SAT MAY 27 2017


...................................

...THE REDMOND OR CLIMATE SUMMARY FOR MAY 27 2017...
VALID TODAY AS OF 0500 PM LOCAL TIME.

CLIMATE NORMAL PERIOD 1981 TO 2010
CLIMATE RECORD PERIOD 1949 TO 2017


WEATHER ITEM   OBSERVED TIME   RECORD YEAR NORMAL DEPARTURE LAST
                VALUE   (LST)  VALUE       VALUE  FROM      YEAR
                                                  NORMAL
..................................................................
TEMPERATURE (F)
 TODAY
  MAXIMUM         83    353 PM  94    1983  71     12       63
  MINIMUM         37    442 AM  25    1954  38     -1       36
  AVERAGE         60                        54      6       50

PRECIPITATION (IN)
  TODAY            0.00          0.63 1993   0.04  -0.04     0.00
  MONTH TO DATE    0.13                      0.88  -0.75     1.98
  SINCE OCT 1      8.10                      6.65   1.45     7.75
  SINCE JAN 1      4.35                      3.89   0.46     4.18

DEGREE DAYS
 HEATING
  TODAY            5                        11     -6       15
  MONTH TO DATE  348                       384    -36      281
  SINCE MAR 1   1668                      1782   -114     1451
  SINCE JUL 1   6545                      6455     90     5582

 COOLING
  TODAY            0                         0      0        0
  MONTH TO DATE    4                         0      4        3
  SINCE MAR 1      4                         0      4        3
  SINCE JAN 1      4                         0      4        3
..................................................................


WIND (MPH)
  RESULTANT WIND SPEED   2   RESULTANT WIND DIRECTION  NE (60)
  HIGHEST WIND SPEED    14   HIGHEST WIND DIRECTION     N (360)
  HIGHEST GUST SPEED    20   HIGHEST GUST DIRECTION     N (20)
  AVERAGE WIND SPEED     5.1


SKY COVER
  POSSIBLE SUNSHINE  MM
  AVERAGE SKY COVER 0.0


WEATHER CONDITIONS
THE FOLLOWING WEATHER WAS RECORDED TODAY.
  NO SIGNIFICANT WEATHER WAS OBSERVED.


RELATIVE HUMIDITY (PERCENT)
 HIGHEST    70           500 AM
 LOWEST     12           200 PM
 AVERAGE    41

..........................................................


THE REDMOND OR CLIMATE NORMALS FOR TOMORROW
                         NORMAL    RECORD    YEAR
 MAXIMUM TEMPERATURE (F)   71        94      1983
 MINIMUM TEMPERATURE (F)   38        26      2007
                                             1989


SUNRISE AND SUNSET
MAY 27 2017...........SUNRISE   527 AM PDT   SUNSET   837 PM PDT
MAY 28 2017...........SUNRISE   526 AM PDT   SUNSET   838 PM PDT


-  INDICATES NEGATIVE NUMBERS.
R  INDICATES RECORD WAS SET OR TIED.
MM INDICATES DATA IS MISSING.
T  INDICATES TRACE AMOUNT.




$$
