301
CDUS46 KPDT 110840 RRA
CLIRDM

CLIMATE REPORT
NATIONAL WEATHER SERVICE PENDLETON OR
1240 AM PST THU FEB 11 2016


...................................

...THE REDMOND OR CLIMATE SUMMARY FOR FEBRUARY 10 2016...

CLIMATE NORMAL PERIOD 1981 TO 2010
CLIMATE RECORD PERIOD 1949 TO 2016


WEATHER ITEM   OBSERVED TIME   RECORD YEAR NORMAL DEPARTURE LAST
                VALUE   (LST)  VALUE       VALUE  FROM      YEAR
                                                  NORMAL
..................................................................
TEMPERATURE (F)
 YESTERDAY
  MAXIMUM         58    437 PM  65    1971  46     12       54
  MINIMUM         30    222 AM   1    1982  24      6       28
  AVERAGE         44                        35      9       41

PRECIPITATION (IN)
  YESTERDAY        0.00          1.07 1973   0.02  -0.02     0.00
  MONTH TO DATE    T                         0.25  -0.25     0.54
  SINCE OCT 1      4.79                      3.98   0.81     5.10
  SINCE JAN 1      1.22                      1.22   0.00     0.82

DEGREE DAYS
 HEATING
  YESTERDAY       21                        30     -9       24
  MONTH TO DATE  252                       307    -55      204
  SINCE DEC 1   1979                      2373   -394     1973
  SINCE JUL 1   3697                      4147   -450     3560

 COOLING
  YESTERDAY        0                         0      0        0
  MONTH TO DATE    0                         0      0        0
  SINCE DEC 1      0                         0      0        0
  SINCE JAN 1      0                         0      0        0
..................................................................


WIND (MPH)
  RESULTANT WIND SPEED   3   RESULTANT WIND DIRECTION   E (90)
  HIGHEST WIND SPEED    12   HIGHEST WIND DIRECTION    SE (140)
  HIGHEST GUST SPEED    16   HIGHEST GUST DIRECTION    SE (140)
  AVERAGE WIND SPEED     4.0


SKY COVER
  POSSIBLE SUNSHINE  MM
  AVERAGE SKY COVER 0.1


WEATHER CONDITIONS
 THE FOLLOWING WEATHER WAS RECORDED YESTERDAY.
  NO SIGNIFICANT WEATHER WAS OBSERVED.


RELATIVE HUMIDITY (PERCENT)
 HIGHEST    89          1200 AM
 LOWEST     40           200 PM
 AVERAGE    65

..........................................................


THE REDMOND OR CLIMATE NORMALS FOR TODAY
                         NORMAL    RECORD    YEAR
 MAXIMUM TEMPERATURE (F)   46        67      1988
 MINIMUM TEMPERATURE (F)   24        13      2006


SUNRISE AND SUNSET
FEBRUARY 11 2016......SUNRISE   710 AM PST   SUNSET   528 PM PST
FEBRUARY 12 2016......SUNRISE   709 AM PST   SUNSET   529 PM PST


-  INDICATES NEGATIVE NUMBERS.
R  INDICATES RECORD WAS SET OR TIED.
MM INDICATES DATA IS MISSING.
T  INDICATES TRACE AMOUNT.




$$
