000
CDUS46 KPDT 310125 RRA
CLIRDM

CLIMATE REPORT
NATIONAL WEATHER SERVICE PENDLETON OR
625 PM PDT MON MAY 30 2016


...................................

...THE REDMOND OR CLIMATE SUMMARY FOR MAY 30 2016...
VALID TODAY AS OF 0500 PM LOCAL TIME.

CLIMATE NORMAL PERIOD 1981 TO 2010
CLIMATE RECORD PERIOD 1949 TO 2016


WEATHER ITEM   OBSERVED TIME   RECORD YEAR NORMAL DEPARTURE LAST
                VALUE   (LST)  VALUE       VALUE  FROM      YEAR
                                                  NORMAL
..................................................................
TEMPERATURE (F)
 TODAY
  MAXIMUM         74    341 PM  99    1986  71      3       83
  MINIMUM         36    440 AM  25    1988  38     -2       56
  AVERAGE         55                        55      0       70

PRECIPITATION (IN)
  TODAY            0.00          0.63 1956   0.04  -0.04     0.00
  MONTH TO DATE    1.98                      0.99   0.99     2.39
  SINCE OCT 1      7.75                      6.76   0.99     8.20
  SINCE JAN 1      4.18                      4.00   0.18     3.92

DEGREE DAYS
 HEATING
  TODAY           10                        11     -1        0
  MONTH TO DATE  309                       417   -108      359
  SINCE MAR 1   1479                      1815   -336     1637
  SINCE JUL 1   5610                      6488   -878     5670

 COOLING
  TODAY            0                         0      0        5
  MONTH TO DATE    3                         0      3        6
  SINCE MAR 1      3                         0      3        6
  SINCE JAN 1      3                         0      3        6
..................................................................


WIND (MPH)
  RESULTANT WIND SPEED   2   RESULTANT WIND DIRECTION   N (20)
  HIGHEST WIND SPEED    16   HIGHEST WIND DIRECTION     N (350)
  HIGHEST GUST SPEED    20   HIGHEST GUST DIRECTION     N (350)
  AVERAGE WIND SPEED     4.2


SKY COVER
  POSSIBLE SUNSHINE  MM
  AVERAGE SKY COVER 0.0


WEATHER CONDITIONS
 THE FOLLOWING WEATHER WAS RECORDED TODAY.
  NO SIGNIFICANT WEATHER WAS OBSERVED.


RELATIVE HUMIDITY (PERCENT)
 HIGHEST    85           400 AM
 LOWEST     22           400 PM
 AVERAGE    54

..........................................................


THE REDMOND OR CLIMATE NORMALS FOR TOMORROW
                         NORMAL    RECORD    YEAR
 MAXIMUM TEMPERATURE (F)   72        98      1986
 MINIMUM TEMPERATURE (F)   39        24      1984


SUNRISE AND SUNSET
MAY 30 2016...........SUNRISE   525 AM PDT   SUNSET   840 PM PDT
MAY 31 2016...........SUNRISE   524 AM PDT   SUNSET   841 PM PDT


-  INDICATES NEGATIVE NUMBERS.
R  INDICATES RECORD WAS SET OR TIED.
MM INDICATES DATA IS MISSING.
T  INDICATES TRACE AMOUNT.

$$
