434
CDUS46 KPDT 300842
CLIRDM

CLIMATE REPORT
NATIONAL WEATHER SERVICE PENDLETON OR
142 AM PDT FRI SEP 30 2016


...................................

...THE REDMOND OR CLIMATE SUMMARY FOR SEPTEMBER 29 2016...

CLIMATE NORMAL PERIOD 1981 TO 2010
CLIMATE RECORD PERIOD 1949 TO 2016


WEATHER ITEM   OBSERVED TIME   RECORD YEAR NORMAL DEPARTURE LAST
                VALUE   (LST)  VALUE       VALUE  FROM      YEAR
                                                  NORMAL
..................................................................
TEMPERATURE (F)
 YESTERDAY
  MAXIMUM         82    228 PM  91    2006  71     11       79
  MINIMUM         36    536 AM  20    1983  35      1       29
  AVERAGE         59                        53      6       54

PRECIPITATION (IN)
  YESTERDAY        0.01          0.20 2013   0.02  -0.01     0.00
  MONTH TO DATE    0.05                      0.40  -0.35     0.07
  SINCE OCT 1      9.11                      8.89   0.22     8.84
  SINCE JAN 1      5.54                      6.13  -0.59     4.56

DEGREE DAYS
 HEATING
  YESTERDAY        6                        12     -6       11
  MONTH TO DATE  260                       238     22      277
  SINCE SEP 1    260                       238     22      277
  SINCE JUL 1    349                       387    -38      368

 COOLING
  YESTERDAY        0                         0      0        0
  MONTH TO DATE    1                        14    -13        8
  SINCE SEP 1      1                        14    -13        8
  SINCE JAN 1    240                       220     20      363
..................................................................


WIND (MPH)
  RESULTANT WIND SPEED   2   RESULTANT WIND DIRECTION   N (350)
  HIGHEST WIND SPEED    17   HIGHEST WIND DIRECTION    NW (310)
  HIGHEST GUST SPEED    21   HIGHEST GUST DIRECTION     N (350)
  AVERAGE WIND SPEED     5.5


SKY COVER
  POSSIBLE SUNSHINE  MM
  AVERAGE SKY COVER 0.1


WEATHER CONDITIONS
 THE FOLLOWING WEATHER WAS RECORDED YESTERDAY.
  THUNDERSTORM
  LIGHT RAIN


RELATIVE HUMIDITY (PERCENT)
 HIGHEST    77           900 PM
 LOWEST     21           200 PM
 AVERAGE    49

..........................................................


THE REDMOND OR CLIMATE NORMALS FOR TODAY
                         NORMAL    RECORD    YEAR
 MAXIMUM TEMPERATURE (F)   71        91      2011
 MINIMUM TEMPERATURE (F)   34        23      1954


SUNRISE AND SUNSET
SEPTEMBER 30 2016.....SUNRISE   702 AM PDT   SUNSET   646 PM PDT
OCTOBER  1 2016.......SUNRISE   703 AM PDT   SUNSET   644 PM PDT


-  INDICATES NEGATIVE NUMBERS.
R  INDICATES RECORD WAS SET OR TIED.
MM INDICATES DATA IS MISSING.
T  INDICATES TRACE AMOUNT.


$$
