000
CDUS42 KRAH 012149
CLIRDU


CLIMATE REPORT
NATIONAL WEATHER SERVICE RALEIGH NC
446 PM EST SUN FEB 1 2015


...................................

...THE RALEIGH-DURHAM INTL AIRPORT NC CLIMATE SUMMARY FOR FEBRUARY 1 2015...
VALID TODAY AS OF 0400 PM LOCAL TIME.

CLIMATE NORMAL PERIOD 1981 TO 2010
CLIMATE RECORD PERIOD 1887 TO 2015


WEATHER ITEM   OBSERVED TIME   RECORD YEAR NORMAL DEPARTURE LAST
                VALUE   (LST)  VALUE       VALUE  FROM      YEAR
                                                  NORMAL
..................................................................
TEMPERATURE (F)
 TODAY
  MAXIMUM         57    247 PM  79    2002  53      4       59
  MINIMUM         32   1210 AM   8    1981  32      0       24
  AVERAGE         45                        42      3       42

PRECIPITATION (IN)
  TODAY            0.00          1.25 1985   0.11  -0.11      T
  MONTH TO DATE    0.00                      0.11  -0.11      T
  SINCE DEC 1      8.32                      6.68   1.64     7.87
  SINCE JAN 1      3.35                      3.61  -0.26     1.96

SNOWFALL (IN)
  TODAY            0.0           6.5  1948   0.1   -0.1      0.0
  MONTH TO DATE    0.0                       0.1   -0.1      0.0
  SINCE DEC 1      T                         3.6   -3.6      1.9
  SINCE JUL 1      T                         3.7   -3.7      1.9
  SNOW DEPTH       0

DEGREE DAYS
 HEATING
  TODAY           20                        23     -3       23
  MONTH TO DATE   20                        23     -3       23
  SINCE DEC 1   1417                      1439    -22     1475
  SINCE JUL 1   2081                      2020     61     2127

 COOLING
  TODAY            0                         0      0        0
  MONTH TO DATE    0                         0      0        0
  SINCE DEC 1      0                         2     -2       13
  SINCE JAN 1      0                         0      0        0
..................................................................


WIND (MPH)
  HIGHEST WIND SPEED    20   HIGHEST WIND DIRECTION    SW (220)
  HIGHEST GUST SPEED    25   HIGHEST GUST DIRECTION    SW (220)
  AVERAGE WIND SPEED     4.2


SKY COVER
  POSSIBLE SUNSHINE  MM
  AVERAGE SKY COVER 0.8


WEATHER CONDITIONS
 THE FOLLOWING WEATHER WAS RECORDED TODAY.
  NO SIGNIFICANT WEATHER WAS OBSERVED.


RELATIVE HUMIDITY (PERCENT)
 HIGHEST    51          1200 AM
 LOWEST     24           300 PM
 AVERAGE    38

..........................................................


THE RALEIGH-DURHAM INTL AIRPORT NC CLIMATE NORMALS FOR TOMORROW
                         NORMAL    RECORD    YEAR
 MAXIMUM TEMPERATURE (F)   53        79      1989
 MINIMUM TEMPERATURE (F)   32         5      1971


SUNRISE AND SUNSET
FEBRUARY  1 2015......SUNRISE   716 AM EST   SUNSET   542 PM EST
FEBRUARY  2 2015......SUNRISE   715 AM EST   SUNSET   543 PM EST


-  INDICATES NEGATIVE NUMBERS.
R  INDICATES RECORD WAS SET OR TIED.
MM INDICATES DATA IS MISSING.
T  INDICATES TRACE AMOUNT.

&&

CLIMATE REPORT NWS FORECAST OFFICE
NCSU CENTENNIAL CAMPUS
RALEIGH, NC

MAXIMUM TEMPERATURE... 53

MINIMUM TEMPERATURE... 34

PRECIPITATION... 0.00


$$
