000
CDUS42 KRAH 190648
CLIRDU


CLIMATE REPORT
NATIONAL WEATHER SERVICE RALEIGH NC
146 AM EST SUN FEB 19 2017


...................................

...THE RALEIGH-DURHAM INTL AIRPORT NC CLIMATE SUMMARY FOR FEBRUARY 18 2017...

CLIMATE NORMAL PERIOD 1981 TO 2010
CLIMATE RECORD PERIOD 1887 TO 2017


WEATHER ITEM   OBSERVED TIME   RECORD YEAR NORMAL DEPARTURE LAST
                VALUE   (LST)  VALUE       VALUE  FROM      YEAR
                                                  NORMAL
..................................................................
TEMPERATURE (F)
 YESTERDAY
  MAXIMUM         73    226 PM  78    2011  56     17       51
  MINIMUM         37    726 AM   7    1958  34      3       32
  AVERAGE         55                        45     10       42

PRECIPITATION (IN)
  YESTERDAY        0.00          1.16 1979   0.11  -0.11     0.00
  MONTH TO DATE    0.66                      2.01  -1.35     3.12
  SINCE DEC 1      6.62                      8.58  -1.96    10.92
  SINCE JAN 1      4.43                      5.51  -1.08     4.85

SNOWFALL (IN)
  YESTERDAY        0.0          10.3  1979   0.0    0.0      0.0
  MONTH TO DATE    T                         1.3   -1.3      0.2
  SINCE DEC 1      0.5                       4.8   -4.3      1.4
  SINCE JUL 1      0.5                       4.9   -4.4      1.4
  SNOW DEPTH       0

DEGREE DAYS
 HEATING
  YESTERDAY       10                        20    -10       23
  MONTH TO DATE  265                       387   -122      435
  SINCE DEC 1   1456                      1803   -347     1521
  SINCE JUL 1   1911                      2384   -473     1972

 COOLING
  YESTERDAY        0                         0      0        0
  MONTH TO DATE    6                         0      6        0
  SINCE DEC 1      6                         2      4       27
  SINCE JAN 1      6                         0      6        0
..................................................................


WIND (MPH)
  HIGHEST WIND SPEED    25   HIGHEST WIND DIRECTION    SW (240)
  HIGHEST GUST SPEED    30   HIGHEST GUST DIRECTION    SW (230)
  AVERAGE WIND SPEED     7.6


SKY COVER
  POSSIBLE SUNSHINE  MM
  AVERAGE SKY COVER 0.6


WEATHER CONDITIONS
 THE FOLLOWING WEATHER WAS RECORDED YESTERDAY.
  NO SIGNIFICANT WEATHER WAS OBSERVED.


RELATIVE HUMIDITY (PERCENT)
 HIGHEST    82           700 AM
 LOWEST     19           100 PM
 AVERAGE    51

..........................................................


THE RALEIGH-DURHAM INTL AIRPORT NC CLIMATE NORMALS FOR TODAY
                         NORMAL    RECORD    YEAR
 MAXIMUM TEMPERATURE (F)   56        76      1939
 MINIMUM TEMPERATURE (F)   34        11      1979


SUNRISE AND SUNSET
FEBRUARY 19 2017......SUNRISE   657 AM EST   SUNSET   601 PM EST
FEBRUARY 20 2017......SUNRISE   656 AM EST   SUNSET   602 PM EST


-  INDICATES NEGATIVE NUMBERS.
R  INDICATES RECORD WAS SET OR TIED.
MM INDICATES DATA IS MISSING.
T  INDICATES TRACE AMOUNT.

&&

CLIMATE REPORT
NWS FORECAST OFFICE
NCSU CENTENNIAL CAMPUS
RALEIGH NC

MAXIMUM TEMPERATURE... 72

MINIMUM TEMPERATURE... 41

PRECIPITATION... T

$$
