000
CDUS42 KRAH 282040
CLIRDU


CLIMATE REPORT
NATIONAL WEATHER SERVICE RALEIGH NC
438 PM EDT SAT MAR 28 2015


...................................

...THE RALEIGH-DURHAM INTL AIRPORT NC CLIMATE SUMMARY FOR MARCH 28 2015...
VALID TODAY AS OF 0438 PM LOCAL TIME.

CLIMATE NORMAL PERIOD 1981 TO 2010
CLIMATE RECORD PERIOD 1887 TO 2015


WEATHER ITEM   OBSERVED TIME   RECORD YEAR NORMAL DEPARTURE LAST
                VALUE   (LST)  VALUE       VALUE  FROM      YEAR
                                                  NORMAL
..................................................................
TEMPERATURE (F)
 TODAY
  MAXIMUM         46    337 PM  91    1907  67    -21       69
  MINIMUM         35    622 AM  20    1969  43     -8       44
  AVERAGE         41                        55    -14       57

PRECIPITATION (IN)
  TODAY            0.00          1.57 1984   0.14  -0.14     0.31
  MONTH TO DATE    3.12                      3.73  -0.61     4.34
  SINCE MAR 1      3.12                      3.73  -0.61     4.34
  SINCE JAN 1      9.38                     10.46  -1.08     9.30

SNOWFALL (IN)
  TODAY            0.0           0.8  1947   0.0    0.0      0.0
  MONTH TO DATE    0.0                       0.5   -0.5      0.2
  SINCE MAR 1      0.0                       0.5   -0.5      0.2
  SINCE JUL 1      7.9                       6.0    1.9      5.8
  SNOW DEPTH       0

DEGREE DAYS
 HEATING
  TODAY           24                        10     14        8
  MONTH TO DATE  368                       395    -27      555
  SINCE MAR 1    368                       395    -27      555
  SINCE JUL 1   3265                      2967    298     3256

 COOLING
  TODAY            0                         0      0        0
  MONTH TO DATE    4                         0      4        0
  SINCE MAR 1      4                         0      4        0
  SINCE JAN 1      4                         1      3        0
..................................................................


WIND (MPH)
  HIGHEST WIND SPEED    17   HIGHEST WIND DIRECTION     W (290)
  HIGHEST GUST SPEED    23   HIGHEST GUST DIRECTION    NW (330)
  AVERAGE WIND SPEED     6.1


SKY COVER
  POSSIBLE SUNSHINE  MM
  AVERAGE SKY COVER 0.5


WEATHER CONDITIONS
 THE FOLLOWING WEATHER WAS RECORDED TODAY.
  NO SIGNIFICANT WEATHER WAS OBSERVED.


RELATIVE HUMIDITY (PERCENT)
 HIGHEST    93           100 AM
 LOWEST     27           200 PM
 AVERAGE    60

..........................................................


THE RALEIGH-DURHAM INTL AIRPORT NC CLIMATE NORMALS FOR TOMORROW
                         NORMAL    RECORD    YEAR
 MAXIMUM TEMPERATURE (F)   68        94      1907
 MINIMUM TEMPERATURE (F)   43        20      1966


SUNRISE AND SUNSET
MARCH 28 2015.........SUNRISE   708 AM EDT   SUNSET   733 PM EDT
MARCH 29 2015.........SUNRISE   706 AM EDT   SUNSET   734 PM EDT


-  INDICATES NEGATIVE NUMBERS.
R  INDICATES RECORD WAS SET OR TIED.
MM INDICATES DATA IS MISSING.
T  INDICATES TRACE AMOUNT.

&&

CLIMATE REPORT NWS FORECAST OFFICE
NCSU CENTENNIAL CAMPUS
RALEIGH, NC

MAXIMUM TEMPERATURE... 46

MINIMUM TEMPERATURE... 36

PRECIPITATION... 0.00


$$
