000
CDUS42 KRAH 230652
CLIRDU


CLIMATE REPORT
NATIONAL WEATHER SERVICE RALEIGH NC
251 AM EDT WED JUL 23 2014


...................................

...THE RALEIGH-DURHAM INTL AIRPORT NC CLIMATE SUMMARY FOR JULY 22 2014...

CLIMATE NORMAL PERIOD 1981 TO 2010
CLIMATE RECORD PERIOD 1887 TO 2014


WEATHER ITEM   OBSERVED TIME   RECORD YEAR NORMAL DEPARTURE LAST
                VALUE   (LST)  VALUE       VALUE  FROM      YEAR
                                                  NORMAL
..................................................................
TEMPERATURE (F)
 YESTERDAY
  MAXIMUM         85    458 PM 103    2011  90     -5       91
                                      1952
  MINIMUM         72   1159 PM  55    1974  70      2       72
  AVERAGE         79                        80     -1       82

PRECIPITATION (IN)
  YESTERDAY        T             2.65 1946   0.16  -0.16     0.00
  MONTH TO DATE    6.98                      3.30   3.68     1.85
  SINCE JUN 1     10.29                      6.82   3.47    11.93
  SINCE JAN 1     29.56                     23.85   5.71    30.96

DEGREE DAYS
 HEATING
  YESTERDAY        0                         0      0        0
  MONTH TO DATE    0                         0      0        0
  SINCE JUN 1      0                         4     -4        0
  SINCE JUL 1      0                         0      0        0

 COOLING
  YESTERDAY       14                        15     -1       17
  MONTH TO DATE  315                       330    -15      329
  SINCE JUN 1    692                       677     15      660
  SINCE JAN 1    905                       886     19      838
..................................................................


WIND (MPH)
  HIGHEST WIND SPEED     9   HIGHEST WIND DIRECTION     E (80)
  HIGHEST GUST SPEED    14   HIGHEST GUST DIRECTION    SE (120)
  AVERAGE WIND SPEED     3.8


SKY COVER
  POSSIBLE SUNSHINE  MM
  AVERAGE SKY COVER 0.8


WEATHER CONDITIONS
 THE FOLLOWING WEATHER WAS RECORDED YESTERDAY.
  LIGHT RAIN
  FOG
  HAZE


RELATIVE HUMIDITY (PERCENT)
 HIGHEST    93           100 AM
 LOWEST     65           400 PM
 AVERAGE    79

..........................................................


THE RALEIGH-DURHAM INTL AIRPORT NC CLIMATE NORMALS FOR TODAY
                         NORMAL    RECORD    YEAR
 MAXIMUM TEMPERATURE (F)   90       105      1952
 MINIMUM TEMPERATURE (F)   70        54      1947


SUNRISE AND SUNSET
JULY 23 2014..........SUNRISE   616 AM EDT   SUNSET   827 PM EDT
JULY 24 2014..........SUNRISE   617 AM EDT   SUNSET   826 PM EDT


-  INDICATES NEGATIVE NUMBERS.
R  INDICATES RECORD WAS SET OR TIED.
MM INDICATES DATA IS MISSING.
T  INDICATES TRACE AMOUNT.


&&

CLIMATE REPORT NWS FORECAST OFFICE
NCSU CENTENNIAL CAMPUS
RALEIGH, NC

MAXIMUM TEMPERATURE... 84

MINIMUM TEMPERATURE... 71

PRECIPITATION... 0.00

$$
