000
CDUS42 KRAH 240619
CLIRDU


CLIMATE REPORT
NATIONAL WEATHER SERVICE RALEIGH NC
117 AM EST FRI NOV 24 2017


...................................

...THE RALEIGH-DURHAM INTL AIRPORT NC CLIMATE SUMMARY FOR NOVEMBER 23 2017...

CLIMATE NORMAL PERIOD 1981 TO 2010
CLIMATE RECORD PERIOD 1887 TO 2017


WEATHER ITEM   OBSERVED TIME   RECORD YEAR NORMAL DEPARTURE LAST
                VALUE   (LST)  VALUE       VALUE  FROM      YEAR
                                                  NORMAL
..................................................................
TEMPERATURE (F)
 YESTERDAY
  MAXIMUM         50    259 PM  82    1900  61    -11       62
  MINIMUM         29   1112 PM  18    1971  39    -10       28
  AVERAGE         40                        50    -10       45

PRECIPITATION (IN)
  YESTERDAY        0.00          1.23 1961   0.10  -0.10     0.00
  MONTH TO DATE    1.28                      2.39  -1.11     0.41
  SINCE SEP 1      7.85                     10.00  -2.15    12.12
  SINCE JAN 1     43.25                     39.54   3.71    48.87

DEGREE DAYS
 HEATING
  YESTERDAY       25                        15     10       20
  MONTH TO DATE  328                       277     51      301
  SINCE SEP 1    463                       465     -2      385
  SINCE JUL 1    463                       466     -3      385

 COOLING
  YESTERDAY        0                         0      0        0
  MONTH TO DATE    4                         1      3        5
  SINCE SEP 1    336                       280     56      427
  SINCE JAN 1   1968                      1721    247     2095
..................................................................


WIND (MPH)
  HIGHEST WIND SPEED     9   HIGHEST WIND DIRECTION     E (70)
  HIGHEST GUST SPEED    16   HIGHEST GUST DIRECTION     E (110)
  AVERAGE WIND SPEED     2.6


SKY COVER
  POSSIBLE SUNSHINE  MM
  AVERAGE SKY COVER 0.7


WEATHER CONDITIONS
 THE FOLLOWING WEATHER WAS RECORDED YESTERDAY.
  NO SIGNIFICANT WEATHER WAS OBSERVED.


RELATIVE HUMIDITY (PERCENT)
 HIGHEST    92          1000 PM
 LOWEST     39           300 PM
 AVERAGE    66

..........................................................


THE RALEIGH-DURHAM INTL AIRPORT NC CLIMATE NORMALS FOR TODAY
                         NORMAL    RECORD    YEAR
 MAXIMUM TEMPERATURE (F)   61        82      1973
 MINIMUM TEMPERATURE (F)   39        15      1970


SUNRISE AND SUNSET
NOVEMBER 24 2017......SUNRISE   700 AM EST   SUNSET   503 PM EST
NOVEMBER 25 2017......SUNRISE   701 AM EST   SUNSET   503 PM EST


-  INDICATES NEGATIVE NUMBERS.
R  INDICATES RECORD WAS SET OR TIED.
MM INDICATES DATA IS MISSING.
T  INDICATES TRACE AMOUNT.

&&

CLIMATE REPORT
NWS FORECAST OFFICE
NCSU CENTENNIAL CAMPUS RALEIGH NC

MAXIMUM TEMPERATURE... 48

MINIMUM TEMPERATURE... 32

PRECIPITATION... 0.00


$$
