000
CDUS42 KRAH 230539
CLIRDU


CLIMATE REPORT
NATIONAL WEATHER SERVICE RALEIGH NC
1235 AM EST FRI FEB 23 2018


...................................

...THE RALEIGH-DURHAM INTL AIRPORT NC CLIMATE SUMMARY FOR FEBRUARY 22 2018...

CLIMATE NORMAL PERIOD 1981 TO 2010
CLIMATE RECORD PERIOD 1887 TO 2018


WEATHER ITEM   OBSERVED TIME   RECORD YEAR NORMAL DEPARTURE LAST
                VALUE   (LST)  VALUE       VALUE  FROM      YEAR
                                                  NORMAL
..................................................................
TEMPERATURE (F)
 YESTERDAY
  MAXIMUM         78R   423 PM  75    1897  57     21       70
  MINIMUM         61   1149 PM  11    1968  35     26       51
  AVERAGE         70                        46     24       61

PRECIPITATION (IN)
  YESTERDAY        0.00          1.40 1889   0.13  -0.13      T
  MONTH TO DATE    1.54                      2.50  -0.96     0.66
  SINCE DEC 1      7.75                      9.07  -1.32     6.62
  SINCE JAN 1      5.46                      6.00  -0.54     4.43

SNOWFALL (IN)
  YESTERDAY        0.0           3.2  1978   0.1   -0.1      0.0
  MONTH TO DATE    0.0                       1.6   -1.6       T
  SINCE DEC 1      7.3                       5.1    2.2      0.5
  SINCE JUL 1      7.3                       5.2    2.1      0.5
  SNOW DEPTH       0

DEGREE DAYS
 HEATING
  YESTERDAY        0                        19    -19        4
  MONTH TO DATE  318                       465   -147      292
  SINCE DEC 1   1880                      1881     -1     1483
  SINCE JUL 1   2462                      2462      0     1938

 COOLING
  YESTERDAY        5                         0      5        0
  MONTH TO DATE   17                         0     17        6
  SINCE DEC 1     17                         2     15        6
  SINCE JAN 1     17                         0     17        6
..................................................................


WIND (MPH)
  HIGHEST WIND SPEED    18   HIGHEST WIND DIRECTION    SW (230)
  HIGHEST GUST SPEED    25   HIGHEST GUST DIRECTION    SW (230)
  AVERAGE WIND SPEED     9.9


SKY COVER
  POSSIBLE SUNSHINE  MM
  AVERAGE SKY COVER 0.5


WEATHER CONDITIONS
 THE FOLLOWING WEATHER WAS RECORDED YESTERDAY.
  NO SIGNIFICANT WEATHER WAS OBSERVED.


RELATIVE HUMIDITY (PERCENT)
 HIGHEST   100           400 AM
 LOWEST     58           400 PM
 AVERAGE    79

..........................................................


THE RALEIGH-DURHAM INTL AIRPORT NC CLIMATE NORMALS FOR TODAY
                         NORMAL    RECORD    YEAR
 MAXIMUM TEMPERATURE (F)   57        79      1980
 MINIMUM TEMPERATURE (F)   35         7      1978


SUNRISE AND SUNSET
FEBRUARY 23 2018......SUNRISE   653 AM EST   SUNSET   605 PM EST
FEBRUARY 24 2018......SUNRISE   652 AM EST   SUNSET   606 PM EST


-  INDICATES NEGATIVE NUMBERS.
R  INDICATES RECORD WAS SET OR TIED.
MM INDICATES DATA IS MISSING.
T  INDICATES TRACE AMOUNT.

&&

CLIMATE REPORT
NWS FORECAST OFFICE
NCSU CENTENNIAL CAMPUS
RALEIGH NC

MAXIMUM TEMPERATURE...77

MINIMUM TEMPERATURE... 61

PRECIPITATION... 0.00

$$
