000
CDUS42 KRAH 290032
CLIRDU


CLIMATE REPORT
NATIONAL WEATHER SERVICE RALEIGH NC
829 PM EDT THU MAY 28 2015


...................................

...THE RALEIGH-DURHAM INTL AIRPORT NC CLIMATE SUMMARY FOR MAY 28 2015...
VALID AS OF 0800 PM LOCAL TIME.

CLIMATE NORMAL PERIOD 1981 TO 2010
CLIMATE RECORD PERIOD 1887 TO 2015


WEATHER ITEM   OBSERVED TIME   RECORD YEAR NORMAL DEPARTURE LAST
                VALUE   (LST)  VALUE       VALUE  FROM      YEAR
                                                  NORMAL
..................................................................
TEMPERATURE (F)
 TODAY
  MAXIMUM         87    436 PM  99    1941  83      4       90
  MINIMUM         68    346 AM  37    1961  60      8       64
  AVERAGE         78                        71      7       77

PRECIPITATION (IN)
  TODAY            0.00          1.37 1971   0.12  -0.12     0.00
  MONTH TO DATE    2.89                      2.90  -0.01     3.94
  SINCE MAR 1     11.43                      9.93   1.50    14.23
  SINCE JAN 1     17.69                     16.66   1.03    19.19

DEGREE DAYS
 HEATING
  TODAY            0                         1     -1        0
  MONTH TO DATE   20                        52    -32       27
  SINCE MAR 1    587                       669    -82      777
  SINCE JUL 1   3484                      3241    243     3478

 COOLING
  TODAY           13                         7      6       12
  MONTH TO DATE  176                       126     50      164
  SINCE MAR 1    232                       186     46      195
  SINCE JAN 1    232                       187     45      195
..................................................................


WIND (MPH)
  RESULTANT WIND SPEED   4   RESULTANT WIND DIRECTION   S (200)
  HIGHEST WIND SPEED    10   HIGHEST WIND DIRECTION    SW (230)
  HIGHEST GUST SPEED    13   HIGHEST GUST DIRECTION     S (160)
  AVERAGE WIND SPEED     5.1


SKY COVER
  POSSIBLE SUNSHINE  MM
  AVERAGE SKY COVER 0.7


WEATHER CONDITIONS
 THE FOLLOWING WEATHER WAS RECORDED TODAY.
  FOG


RELATIVE HUMIDITY (PERCENT)
 HIGHEST    97           700 AM
 LOWEST     55           500 PM
 AVERAGE    76

..........................................................


THE RALEIGH-DURHAM INTL AIRPORT NC CLIMATE NORMALS FOR TOMORROW
                         NORMAL    RECORD    YEAR
 MAXIMUM TEMPERATURE (F)   83        98      1941
 MINIMUM TEMPERATURE (F)   61        47      1968
                                             1926
                                             1922


SUNRISE AND SUNSET
MAY 28 2015...........SUNRISE   602 AM EDT   SUNSET   823 PM EDT
MAY 29 2015...........SUNRISE   601 AM EDT   SUNSET   824 PM EDT


-  INDICATES NEGATIVE NUMBERS.
R  INDICATES RECORD WAS SET OR TIED.
MM INDICATES DATA IS MISSING.
T  INDICATES TRACE AMOUNT.

&&

CLIMATE REPORT NWS FORECAST OFFICE
NCSU CENTENNIAL CAMPUS
RALEIGH, NC

MAXIMUM TEMPERATURE... 86

MINIMUM TEMPERATURE... 68

PRECIPITATION... 0.02



$$
