000
CDUS42 KRAH 180749
CLIRDU


CLIMATE REPORT
NATIONAL WEATHER SERVICE RALEIGH NC
344 AM EDT THU SEP 18 2014


...................................

...THE RALEIGH-DURHAM INTL AIRPORT NC CLIMATE SUMMARY FOR SEPTEMBER 17 2014...

CLIMATE NORMAL PERIOD 1981 TO 2010
CLIMATE RECORD PERIOD 1887 TO 2014


WEATHER ITEM   OBSERVED TIME   RECORD YEAR NORMAL DEPARTURE LAST
                VALUE   (LST)  VALUE       VALUE  FROM      YEAR
                                                  NORMAL
..................................................................
TEMPERATURE (F)
 YESTERDAY
  MAXIMUM         79    151 PM  97    1931  82     -3       76
  MINIMUM         66   1159 PM  43    1966  61      5       58
  AVERAGE         73                        72      1       67

PRECIPITATION (IN)
  YESTERDAY        0.00          3.41 1945   0.15  -0.15     0.00
  MONTH TO DATE    2.41                      2.68  -0.27     1.52
  SINCE SEP 1      2.41                      2.68  -0.27     1.52
  SINCE JAN 1     40.82                     32.22   8.60    38.99

DEGREE DAYS
 HEATING
  YESTERDAY        0                         1     -1        0
  MONTH TO DATE    0                         1     -1        0
  SINCE SEP 1      0                         1     -1        0
  SINCE JUL 1      0                         2     -2        0

 COOLING
  YESTERDAY        8                         7      1        2
  MONTH TO DATE  190                       158     32      176
  SINCE SEP 1    190                       158     32      176
  SINCE JAN 1   1548                      1599    -51     1482
..................................................................


WIND (MPH)
  HIGHEST WIND SPEED    13   HIGHEST WIND DIRECTION     E (90)
  HIGHEST GUST SPEED    18   HIGHEST GUST DIRECTION     E (110)
  AVERAGE WIND SPEED     6.0


SKY COVER
  POSSIBLE SUNSHINE  MM
  AVERAGE SKY COVER 0.7


WEATHER CONDITIONS
 THE FOLLOWING WEATHER WAS RECORDED YESTERDAY.
  NO SIGNIFICANT WEATHER WAS OBSERVED.


RELATIVE HUMIDITY (PERCENT)
 HIGHEST    93           500 AM
 LOWEST     58           200 PM
 AVERAGE    76

..........................................................


THE RALEIGH-DURHAM INTL AIRPORT NC CLIMATE NORMALS FOR TODAY
                         NORMAL    RECORD    YEAR
 MAXIMUM TEMPERATURE (F)   82        98      1896
 MINIMUM TEMPERATURE (F)   61        46      1990


SUNRISE AND SUNSET
SEPTEMBER 18 2014.....SUNRISE   700 AM EDT   SUNSET   718 PM EDT
SEPTEMBER 19 2014.....SUNRISE   701 AM EDT   SUNSET   716 PM EDT


-  INDICATES NEGATIVE NUMBERS.
R  INDICATES RECORD WAS SET OR TIED.
MM INDICATES DATA IS MISSING.
T  INDICATES TRACE AMOUNT.

&&

CLIMATE REPORT NWS FORECAST OFFICE
NCSU CENTENNIAL CAMPUS
RALEIGH, NC

MAXIMUM TEMPERATURE...77

MINIMUM TEMPERATURE...66

PRECIPITATION...0.00

$$
