000
CDUS46 KBOI 230933
CLIREO


CLIMATE REPORT
NATIONAL WEATHER SERVICE BOISE ID
232 AM MST FRI FEB 23 2018


...................................

...THE ROME OR CLIMATE SUMMARY FOR FEBRUARY 22 2018...

CLIMATE NORMAL PERIOD 1981 TO 2010
CLIMATE RECORD PERIOD 9999 TO 9999


WEATHER ITEM   OBSERVED TIME   NORMAL DEPARTURE LAST
                VALUE   (LST)  VALUE  FROM      YEAR
                                      NORMAL
......................................................
TEMPERATURE (F)
 YESTERDAY
  MAXIMUM         29    327 PM  47    -18       35
  MINIMUM         12   1049 PM  23    -11       21
  AVERAGE         21            35    -14       28

PRECIPITATION (IN)
  YESTERDAY        0.10          0.04   0.06     0.57
  MONTH TO DATE    0.16          0.59  -0.43     1.42
  SINCE OCT 1      2.54          3.43  -0.89     5.64
  SINCE JAN 1      0.66          1.24  -0.58     3.26

DEGREE DAYS
 HEATING
  YESTERDAY       44            30     14       37
  MONTH TO DATE  633           709    -76      552
  SINCE DEC 1   2677          2945   -268     3095
  SINCE JUL 1   4099          4558   -459     4330

 COOLING
  YESTERDAY        0             0      0        0
  MONTH TO DATE    0             0      0        0
  SINCE DEC 1      0             0      0        0
  SINCE JAN 1      0             0      0        0
......................................................


WIND (MPH)
  RESULTANT WIND SPEED   4   RESULTANT WIND DIRECTION  NE (60)
  HIGHEST WIND SPEED    15   HIGHEST WIND DIRECTION    NW (330)
  HIGHEST GUST SPEED    19   HIGHEST GUST DIRECTION     N (350)
  AVERAGE WIND SPEED     5.4


SKY COVER
  AVERAGE SKY COVER 0.0


WEATHER CONDITIONS
 THE FOLLOWING WEATHER WAS RECORDED YESTERDAY.
  NO SIGNIFICANT WEATHER WAS OBSERVED.


RELATIVE HUMIDITY (PERCENT)
 HIGHEST    92           200 AM
 LOWEST     58           100 PM
 AVERAGE    75

..........................................................


THE ROME OR CLIMATE NORMALS FOR TODAY
                         NORMAL    RECORD    YEAR
 MAXIMUM TEMPERATURE (F)   48        MM        MM
 MINIMUM TEMPERATURE (F)   23        MM        MM


SUNRISE AND SUNSET
FEBRUARY 23 2018......SUNRISE   636 AM PST   SUNSET   534 PM PST
FEBRUARY 24 2018......SUNRISE   635 AM PST   SUNSET   535 PM PST


-  INDICATES NEGATIVE NUMBERS.
R  INDICATES RECORD WAS SET OR TIED.
MM INDICATES DATA IS MISSING.
T  INDICATES TRACE AMOUNT.




$$
