000
CDUS46 KBOI 260931
CLIREO


CLIMATE REPORT
NATIONAL WEATHER SERVICE BOISE ID
230 AM MST FRI DEC 26 2014


...................................

...THE ROME OR CLIMATE SUMMARY FOR DECEMBER 25 2014...

CLIMATE NORMAL PERIOD 1981 TO 2010
CLIMATE RECORD PERIOD 9999 TO 9999


WEATHER ITEM   OBSERVED TIME   NORMAL DEPARTURE LAST
                VALUE   (LST)  VALUE  FROM      YEAR
                                      NORMAL
......................................................
TEMPERATURE (F)
 YESTERDAY
  MAXIMUM         38   1223 PM  37      1       47
  MINIMUM         28    519 AM  18     10       13
  AVERAGE         33            28      5       30

PRECIPITATION (IN)
  YESTERDAY        0.00          0.02  -0.02     0.00
  MONTH TO DATE    0.61          0.68  -0.07     0.15
  SINCE OCT 1      1.89          2.05  -0.16     0.19
  SINCE JAN 1      5.29          8.78  -3.49     5.29

DEGREE DAYS
 HEATING
  YESTERDAY       32            37     -5       35
  MONTH TO DATE  655           909   -254      998
  SINCE DEC 1    655           909   -254      998
  SINCE JUL 1   1893          2522   -629     2516

 COOLING
  YESTERDAY        0             0      0        0
  MONTH TO DATE    0             0      0        0
  SINCE DEC 1      0             0      0        0
  SINCE JAN 1    690           507    183      878
......................................................


WIND (MPH)
  RESULTANT WIND SPEED  12   RESULTANT WIND DIRECTION  NW (300)
  HIGHEST WIND SPEED    23   HIGHEST WIND DIRECTION    NW (320)
  HIGHEST GUST SPEED    31   HIGHEST GUST DIRECTION    NW (310)
  AVERAGE WIND SPEED    12.6


SKY COVER
  AVERAGE SKY COVER 0.0


WEATHER CONDITIONS
 THE FOLLOWING WEATHER WAS RECORDED YESTERDAY.
  NO SIGNIFICANT WEATHER WAS OBSERVED.


RELATIVE HUMIDITY (PERCENT)
 HIGHEST    69           100 AM
 LOWEST     47          1100 AM
 AVERAGE    58

..........................................................


THE ROME OR CLIMATE NORMALS FOR TODAY
                         NORMAL    RECORD    YEAR
 MAXIMUM TEMPERATURE (F)   37        MM        MM
 MINIMUM TEMPERATURE (F)   18        MM        MM


SUNRISE AND SUNSET
DECEMBER 26 2014......SUNRISE   720 AM PST   SUNSET   424 PM PST
DECEMBER 27 2014......SUNRISE   721 AM PST   SUNSET   425 PM PST


-  INDICATES NEGATIVE NUMBERS.
R  INDICATES RECORD WAS SET OR TIED.
MM INDICATES DATA IS MISSING.
T  INDICATES TRACE AMOUNT.




$$
