000
CDUS46 KBOI 110934
CLIREO


CLIMATE REPORT
NATIONAL WEATHER SERVICE BOISE ID
233 AM MST MON DEC 11 2017


...................................

...THE ROME OR CLIMATE SUMMARY FOR DECEMBER 10 2017...

CLIMATE NORMAL PERIOD 1981 TO 2010
CLIMATE RECORD PERIOD 9999 TO 9999


WEATHER ITEM   OBSERVED TIME   NORMAL DEPARTURE LAST
                VALUE   (LST)  VALUE  FROM      YEAR
                                      NORMAL
......................................................
TEMPERATURE (F)
 YESTERDAY
  MAXIMUM         22    324 PM  39    -17       48
  MINIMUM         18    820 AM  18      0       30
  AVERAGE         20            28     -8       39

PRECIPITATION (IN)
  YESTERDAY        0.00          0.03  -0.03     0.16
  MONTH TO DATE    0.31          0.25   0.06     0.41
  SINCE OCT 1      1.69          1.62   0.07     1.07
  SINCE JAN 1      8.81          8.35   0.46     5.38

DEGREE DAYS
 HEATING
  YESTERDAY       45            36      9       26
  MONTH TO DATE  410           354     56      361
  SINCE DEC 1    410           354     56      361
  SINCE JUL 1   1832          1967   -135     1596

 COOLING
  YESTERDAY        0             0      0        0
  MONTH TO DATE    0             0      0        0
  SINCE DEC 1      0             0      0        0
  SINCE JAN 1   1037           507    530      697
......................................................


WIND (MPH)
  RESULTANT WIND SPEED   1   RESULTANT WIND DIRECTION  SW (230)
  HIGHEST WIND SPEED     6   HIGHEST WIND DIRECTION    NW (300)
  HIGHEST GUST SPEED     8   HIGHEST GUST DIRECTION     E (90)
  AVERAGE WIND SPEED     2.3


SKY COVER
  AVERAGE SKY COVER 0.0


WEATHER CONDITIONS
 THE FOLLOWING WEATHER WAS RECORDED YESTERDAY.
  NO SIGNIFICANT WEATHER WAS OBSERVED.


RELATIVE HUMIDITY (PERCENT)
 HIGHEST    84          1200 AM
 LOWEST     77           400 AM
 AVERAGE    81

..........................................................


THE ROME OR CLIMATE NORMALS FOR TODAY
                         NORMAL    RECORD    YEAR
 MAXIMUM TEMPERATURE (F)   39        MM        MM
 MINIMUM TEMPERATURE (F)   18        MM        MM


SUNRISE AND SUNSET
DECEMBER 11 2017......SUNRISE   712 AM PST   SUNSET   418 PM PST
DECEMBER 12 2017......SUNRISE   712 AM PST   SUNSET   418 PM PST


-  INDICATES NEGATIVE NUMBERS.
R  INDICATES RECORD WAS SET OR TIED.
MM INDICATES DATA IS MISSING.
T  INDICATES TRACE AMOUNT.




$$
