000
CDUS43 KLOT 280636
CLIRFD


CLIMATE REPORT
NATIONAL WEATHER SERVICE CHICAGO IL
134 AM CDT MON JUL 28 2014


...................................

...THE ROCKFORD IL CLIMATE SUMMARY FOR JULY 27 2014...

CLIMATE NORMAL PERIOD 1981 TO 2010
CLIMATE RECORD PERIOD 1905 TO 2014


WEATHER ITEM   OBSERVED TIME   RECORD YEAR NORMAL DEPARTURE LAST
                VALUE   (LST)  VALUE       VALUE  FROM      YEAR
                                                  NORMAL
..................................................................
TEMPERATURE (F)
 YESTERDAY
  MAXIMUM         82   1210 PM 103    1955  84     -2       65
  MINIMUM         65   1159 PM  46    1937  63      2       54
  AVERAGE         74                        73      1       60

PRECIPITATION (IN)
  YESTERDAY        0.00          1.73 1979   0.13  -0.13     0.00
  MONTH TO DATE    2.46                      3.41  -0.95     1.85
  SINCE JUN 1     10.52                      8.06   2.46     9.57
  SINCE JAN 1     20.49                     20.53  -0.04    29.01

SNOWFALL (IN)
  YESTERDAY        0.0           0.0    MM   0.0    0.0      0.0
  MONTH TO DATE    0.0                       0.0    0.0      0.0
  SINCE JUN 1      0.0                       0.0    0.0      0.0
  SINCE JUL 1      0.0                       0.0    0.0      0.0
  SNOW DEPTH       0

DEGREE DAYS
 HEATING
  YESTERDAY        0                         0      0        5
  MONTH TO DATE   10                         0     10        5
  SINCE JUN 1     21                        31    -10       39
  SINCE JUL 1     10                         0     10        5

 COOLING
  YESTERDAY        9                         8      1        0
  MONTH TO DATE  134                       242   -108      250
  SINCE JUN 1    329                       417    -88      419
  SINCE JAN 1    412                       472    -60      511
..................................................................


WIND (MPH)
  HIGHEST WIND SPEED    29   HIGHEST WIND DIRECTION     W (290)
  HIGHEST GUST SPEED    35   HIGHEST GUST DIRECTION     W (290)
  AVERAGE WIND SPEED    13.8


SKY COVER
  POSSIBLE SUNSHINE  MM
  AVERAGE SKY COVER 0.5


WEATHER CONDITIONS
 THE FOLLOWING WEATHER WAS RECORDED YESTERDAY.
  FOG


RELATIVE HUMIDITY (PERCENT)
 HIGHEST    97           100 AM
 LOWEST     42          1200 PM
 AVERAGE    70

..........................................................


THE ROCKFORD IL CLIMATE NORMALS FOR TODAY
                         NORMAL    RECORD    YEAR
 MAXIMUM TEMPERATURE (F)   84       103      1916
 MINIMUM TEMPERATURE (F)   63        46      1925


SUNRISE AND SUNSET
JULY 28 2014..........SUNRISE   545 AM CDT   SUNSET   820 PM CDT
JULY 29 2014..........SUNRISE   546 AM CDT   SUNSET   819 PM CDT


-  INDICATES NEGATIVE NUMBERS.
R  INDICATES RECORD WAS SET OR TIED.
MM INDICATES DATA IS MISSING.
T  INDICATES TRACE AMOUNT.




$$
