000
CDUS43 KLOT 050634
CLIRFD


CLIMATE REPORT
NATIONAL WEATHER SERVICE CHICAGO IL
134 AM CDT WED AUG 5 2015


...................................

...THE ROCKFORD IL CLIMATE SUMMARY FOR AUGUST 4 2015...

CLIMATE NORMAL PERIOD 1981 TO 2010
CLIMATE RECORD PERIOD 1905 TO 2015


WEATHER ITEM   OBSERVED TIME   RECORD YEAR NORMAL DEPARTURE LAST
                VALUE   (LST)  VALUE       VALUE  FROM      YEAR
                                                  NORMAL
..................................................................
TEMPERATURE (F)
 YESTERDAY
  MAXIMUM         82    421 PM  99    1947  83     -1       85
                                      1930
  MINIMUM         56    533 AM  46    1912  62     -6       63
  AVERAGE         69                        73     -4       74

PRECIPITATION (IN)
  YESTERDAY        0.00          1.78 1919   0.15  -0.15     0.48
  MONTH TO DATE    0.00                      0.59  -0.59     1.83
  SINCE JUN 1      8.14                      9.19  -1.05    12.35
  SINCE JAN 1     19.33                     21.66  -2.33    22.32

SNOWFALL (IN)
  YESTERDAY        0.0           0.0    MM   0.0    0.0      0.0
  MONTH TO DATE    0.0                       0.0    0.0       T
  SINCE JUN 1      0.0                       0.0    0.0       T
  SINCE JUL 1      0.0                       0.0    0.0       T
  SNOW DEPTH       0

DEGREE DAYS
 HEATING
  YESTERDAY        0                         0      0        0
  MONTH TO DATE    0                         0      0        0
  SINCE JUN 1     21                        34    -13       21
  SINCE JUL 1      5                         3      2       10

 COOLING
  YESTERDAY        4                         8     -4        9
  MONTH TO DATE   33                        32      1       29
  SINCE JUN 1    426                       481    -55      371
  SINCE JAN 1    486                       536    -50      454
..................................................................


WIND (MPH)
  HIGHEST WIND SPEED    18   HIGHEST WIND DIRECTION     W (290)
  HIGHEST GUST SPEED    24   HIGHEST GUST DIRECTION     W (280)
  AVERAGE WIND SPEED     5.8


SKY COVER
  POSSIBLE SUNSHINE  MM
  AVERAGE SKY COVER 0.6


WEATHER CONDITIONS
 THE FOLLOWING WEATHER WAS RECORDED YESTERDAY.
  NO SIGNIFICANT WEATHER WAS OBSERVED.


RELATIVE HUMIDITY (PERCENT)
 HIGHEST    87           300 AM
 LOWEST     33           300 PM
 AVERAGE    60

..........................................................


THE ROCKFORD IL CLIMATE NORMALS FOR TODAY
                         NORMAL    RECORD    YEAR
 MAXIMUM TEMPERATURE (F)   83       104      1918
 MINIMUM TEMPERATURE (F)   62        47      1948


SUNRISE AND SUNSET
AUGUST  5 2015........SUNRISE   553 AM CDT   SUNSET   811 PM CDT
AUGUST  6 2015........SUNRISE   554 AM CDT   SUNSET   810 PM CDT


-  INDICATES NEGATIVE NUMBERS.
R  INDICATES RECORD WAS SET OR TIED.
MM INDICATES DATA IS MISSING.
T  INDICATES TRACE AMOUNT.




$$
