000
CDUS43 KLOT 300635
CLIRFD


CLIMATE REPORT
NATIONAL WEATHER SERVICE CHICAGO IL
134 AM CDT THU OCT 30 2014


...................................

...THE ROCKFORD IL CLIMATE SUMMARY FOR OCTOBER 29 2014...

CLIMATE NORMAL PERIOD 1981 TO 2010
CLIMATE RECORD PERIOD 1905 TO 2014


WEATHER ITEM   OBSERVED TIME   RECORD YEAR NORMAL DEPARTURE LAST
                VALUE   (LST)  VALUE       VALUE  FROM      YEAR
                                                  NORMAL
..................................................................
TEMPERATURE (F)
 YESTERDAY
  MAXIMUM         51    128 PM  81    1922  57     -6       59
  MINIMUM         32   1128 PM   8    1925  37     -5       36
  AVERAGE         42                        47     -5       48

PRECIPITATION (IN)
  YESTERDAY        0.00          1.56 1996   0.09  -0.09     0.00
  MONTH TO DATE    2.69                      2.50   0.19     1.81
  SINCE SEP 1      4.69                      5.85  -1.16     3.42
  SINCE JAN 1     30.94                     31.51  -0.57    35.42

SNOWFALL (IN)
  YESTERDAY        0.0           2.0  1917   0.0    0.0      0.0
  MONTH TO DATE    T                         0.1   -0.1       T
  SINCE SEP 1      T                         0.1   -0.1       T
  SINCE JUL 1      T                         0.1   -0.1       T
  SNOW DEPTH       0

DEGREE DAYS
 HEATING
  YESTERDAY       23                        18      5       17
  MONTH TO DATE  373                       384    -11      397
  SINCE SEP 1    504                       501      3      468
  SINCE JUL 1    514                       515     -1      479

 COOLING
  YESTERDAY        0                         0      0        0
  MONTH TO DATE    3                         8     -5       16
  SINCE SEP 1     73                        92    -19      141
  SINCE JAN 1    729                       819    -90      890
..................................................................


WIND (MPH)
  HIGHEST WIND SPEED    22   HIGHEST WIND DIRECTION    NW (300)
  HIGHEST GUST SPEED    28   HIGHEST GUST DIRECTION    NW (300)
  AVERAGE WIND SPEED     9.2


SKY COVER
  POSSIBLE SUNSHINE  MM
  AVERAGE SKY COVER 0.7


WEATHER CONDITIONS
 THE FOLLOWING WEATHER WAS RECORDED YESTERDAY.
  FOG


RELATIVE HUMIDITY (PERCENT)
 HIGHEST    89          1100 PM
 LOWEST     50           200 PM
 AVERAGE    70

..........................................................


THE ROCKFORD IL CLIMATE NORMALS FOR TODAY
                         NORMAL    RECORD    YEAR
 MAXIMUM TEMPERATURE (F)   57        83      1950
 MINIMUM TEMPERATURE (F)   37         7      1925


SUNRISE AND SUNSET
OCTOBER 30 2014.......SUNRISE   727 AM CDT   SUNSET   553 PM CDT
OCTOBER 31 2014.......SUNRISE   728 AM CDT   SUNSET   551 PM CDT


-  INDICATES NEGATIVE NUMBERS.
R  INDICATES RECORD WAS SET OR TIED.
MM INDICATES DATA IS MISSING.
T  INDICATES TRACE AMOUNT.




$$
