000
CDUS43 KGRB 270639
CLIRHI


CLIMATE REPORT
NATIONAL WEATHER SERVICE GREEN BAY
138 AM CDT WED AUG 27 2014


...................................

...THE RHINELANDER WI CLIMATE SUMMARY FOR AUGUST 26 2014...

CLIMATE NORMAL PERIOD 1981 TO 2010
CLIMATE RECORD PERIOD 1908 TO 2014


WEATHER ITEM   OBSERVED TIME   RECORD YEAR NORMAL DEPARTURE LAST
                VALUE   (LST)  VALUE       VALUE  FROM      YEAR
                                                  NORMAL
..................................................................
TEMPERATURE (F)
 YESTERDAY
  MAXIMUM         70    358 PM  90    1991  75     -5       83
  MINIMUM         53   1106 PM  34    1915  52      1       66
  AVERAGE         62                        63     -1       75

PRECIPITATION (IN)
  YESTERDAY        0.00          1.85 1967   0.11  -0.11     1.06
  MONTH TO DATE    3.94                      2.74   1.20     2.46
  SINCE JUN 1     14.66                     10.65   4.01    10.50
  SINCE JAN 1     25.77                     20.33   5.44    23.83

SNOWFALL (IN)
  YESTERDAY        0.0           0.0    MM  MM     MM        0.0
  MONTH TO DATE    0.0                      MM     MM        0.0
  SINCE JUN 1      0.0                      MM     MM        0.0
  SINCE JUL 1      0.0                      MM     MM        0.0
  SNOW DEPTH       0

DEGREE DAYS
 HEATING
  YESTERDAY        3                         3      0        0
  MONTH TO DATE   53                        56     -3      106
  SINCE JUN 1    270                       241     29      364
  SINCE JUL 1    177                       107     70      190

 COOLING
  YESTERDAY        0                         2     -2       10
  MONTH TO DATE   29                        68    -39       53
  SINCE JUN 1    140                       226    -86      225
  SINCE JAN 1    147                       238    -91      239
..................................................................


WIND (MPH)
  HIGHEST WIND SPEED    15   HIGHEST WIND DIRECTION     W (290)
  HIGHEST GUST SPEED    23   HIGHEST GUST DIRECTION     W (270)
  AVERAGE WIND SPEED     5.5


SKY COVER
  POSSIBLE SUNSHINE  MM
  AVERAGE SKY COVER 0.2


WEATHER CONDITIONS
 THE FOLLOWING WEATHER WAS RECORDED YESTERDAY.
  NO SIGNIFICANT WEATHER WAS OBSERVED.


RELATIVE HUMIDITY (PERCENT)
 HIGHEST    93           300 AM
 LOWEST     51           400 PM
 AVERAGE    72

..........................................................


THE RHINELANDER WI CLIMATE NORMALS FOR TODAY
                         NORMAL    RECORD    YEAR
 MAXIMUM TEMPERATURE (F)   75        92      1984
                                             1976
                                             1973
 MINIMUM TEMPERATURE (F)   51        30      1915


SUNRISE AND SUNSET
AUGUST 27 2014........SUNRISE   613 AM CDT   SUNSET   745 PM CDT
AUGUST 28 2014........SUNRISE   614 AM CDT   SUNSET   743 PM CDT


-  INDICATES NEGATIVE NUMBERS.
R  INDICATES RECORD WAS SET OR TIED.
MM INDICATES DATA IS MISSING.
T  INDICATES TRACE AMOUNT.




$$
