000
CDUS43 KGRB 140731
CLIRHI


CLIMATE REPORT
NATIONAL WEATHER SERVICE GREEN BAY
130 AM CST THU DEC 14 2017


...................................

...THE RHINELANDER WI CLIMATE SUMMARY FOR DECEMBER 13 2017...

CLIMATE NORMAL PERIOD 1981 TO 2010
CLIMATE RECORD PERIOD 1908 TO 2017


WEATHER ITEM   OBSERVED TIME   RECORD YEAR NORMAL DEPARTURE LAST
                VALUE   (LST)  VALUE       VALUE  FROM      YEAR
                                                  NORMAL
..................................................................
TEMPERATURE (F)
 YESTERDAY
  MAXIMUM         17    527 PM  54    1913  26     -9        9
  MINIMUM         10   1205 AM -21    1976   9      1      -10
  AVERAGE         14                        17     -3        0

PRECIPITATION (IN)
  YESTERDAY        0.51          0.66 1995   0.04   0.47      T
  MONTH TO DATE    1.61                      0.66   0.95     0.65
  SINCE DEC 1      1.61                      0.66   0.95     0.65
  SINCE JAN 1     40.17                     30.62   9.55    41.53

SNOWFALL (IN)
  YESTERDAY        6.3 R         6.0  1995  MM     MM         T
  MONTH TO DATE   10.7                      MM     MM        8.7
  SINCE DEC 1     10.7                      MM     MM        8.7
  SINCE JUL 1     24.4                      MM     MM       15.3
  SNOW DEPTH       8

DEGREE DAYS
 HEATING
  YESTERDAY       51                        48      3       65
  MONTH TO DATE  550                       590    -40      576
  SINCE DEC 1    550                       590    -40      576
  SINCE JUL 1   2523                      2724   -201     2058

 COOLING
  YESTERDAY        0                         0      0        0
  MONTH TO DATE    0                         0      0        0
  SINCE DEC 1      0                         0      0        0
  SINCE JAN 1    215                       261    -46      321
..................................................................


WIND (MPH)
  HIGHEST WIND SPEED    16   HIGHEST WIND DIRECTION     E (100)
  HIGHEST GUST SPEED    21   HIGHEST GUST DIRECTION     E (100)
  AVERAGE WIND SPEED     8.1


SKY COVER
  POSSIBLE SUNSHINE  MM
  AVERAGE SKY COVER 1.0


WEATHER CONDITIONS
 THE FOLLOWING WEATHER WAS RECORDED YESTERDAY.
  SNOW
  LIGHT SNOW
  FOG
  FOG W/VISIBILITY <= 1/4 MILE


RELATIVE HUMIDITY (PERCENT)
 HIGHEST    92           200 AM
 LOWEST     83          1200 AM
 AVERAGE    88

..........................................................


THE RHINELANDER WI CLIMATE NORMALS FOR TODAY
                         NORMAL    RECORD    YEAR
 MAXIMUM TEMPERATURE (F)   25        50      1998
 MINIMUM TEMPERATURE (F)    9       -23      1926


SUNRISE AND SUNSET
DECEMBER 14 2017......SUNRISE   731 AM CST   SUNSET   414 PM CST
DECEMBER 15 2017......SUNRISE   732 AM CST   SUNSET   414 PM CST


-  INDICATES NEGATIVE NUMBERS.
R  INDICATES RECORD WAS SET OR TIED.
MM INDICATES DATA IS MISSING.
T  INDICATES TRACE AMOUNT.




$$
