000
CDUS43 KGRB 222228
CLIRHI


CLIMATE REPORT
NATIONAL WEATHER SERVICE GREEN BAY
427 PM CST MON DEC 22 2014


...................................

...THE RHINELANDER WI CLIMATE SUMMARY FOR DECEMBER 22 2014...
VALID TODAY AS OF 0400 PM LOCAL TIME.

CLIMATE NORMAL PERIOD 1981 TO 2010
CLIMATE RECORD PERIOD 1908 TO 2014


WEATHER ITEM   OBSERVED TIME   RECORD YEAR NORMAL DEPARTURE LAST
                VALUE   (LST)  VALUE       VALUE  FROM      YEAR
                                                  NORMAL
..................................................................
TEMPERATURE (F)
 TODAY
  MAXIMUM         33    336 PM  45    1957  24      9       23
                                      1941
  MINIMUM         31   1210 PM -26    1983   6     25       16
  AVERAGE         32                        15     17       20

PRECIPITATION (IN)
  TODAY            T             1.10 1933   0.04  -0.04     0.13
  MONTH TO DATE    0.78                      1.06  -0.28     1.45
  SINCE DEC 1      0.78                      1.06  -0.28     1.45
  SINCE JAN 1     40.38                     31.02   9.36    36.66

SNOWFALL (IN)
  TODAY            T            10.0  1968  MM     MM        1.3
                                      1933
  MONTH TO DATE    6.6                      MM     MM       18.3
  SINCE DEC 1      6.6                      MM     MM       18.3
  SINCE JUL 1     41.7                      MM     MM       28.1
  SNOW DEPTH       0

DEGREE DAYS
 HEATING
  TODAY           33                        50    -17       45
  MONTH TO DATE  970                      1032    -62     1243
  SINCE DEC 1    970                      1032    -62     1243
  SINCE JUL 1   3491                      3166    325     3470

 COOLING
  TODAY            0                         0      0        0
  MONTH TO DATE    0                         0      0        0
  SINCE DEC 1      0                         0      0        0
  SINCE JAN 1    148                       261   -113      281
..................................................................


WIND (MPH)
  HIGHEST WIND SPEED    13   HIGHEST WIND DIRECTION    SE (130)
  HIGHEST GUST SPEED    19   HIGHEST GUST DIRECTION     S (190)
  AVERAGE WIND SPEED     8.9


SKY COVER
  POSSIBLE SUNSHINE  MM
  AVERAGE SKY COVER 1.0


WEATHER CONDITIONS
 THE FOLLOWING WEATHER WAS RECORDED TODAY.
  LIGHT SNOW
  FOG


RELATIVE HUMIDITY (PERCENT)
 HIGHEST   100           600 AM
 LOWEST     92          1200 AM
 AVERAGE    96

..........................................................


THE RHINELANDER WI CLIMATE NORMALS FOR TOMORROW
                         NORMAL    RECORD    YEAR
 MAXIMUM TEMPERATURE (F)   24        44      1957
 MINIMUM TEMPERATURE (F)    6       -27      1983


SUNRISE AND SUNSET
DECEMBER 22 2014......SUNRISE   736 AM CST   SUNSET   417 PM CST
DECEMBER 23 2014......SUNRISE   736 AM CST   SUNSET   418 PM CST


-  INDICATES NEGATIVE NUMBERS.
R  INDICATES RECORD WAS SET OR TIED.
MM INDICATES DATA IS MISSING.
T  INDICATES TRACE AMOUNT.




$$
