000
CDUS43 KGRB 250655
CLIRHI


CLIMATE REPORT
NATIONAL WEATHER SERVICE GREEN BAY
152 AM CDT SAT MAR 25 2017


...................................

...THE RHINELANDER WI CLIMATE SUMMARY FOR MARCH 24 2017...

CLIMATE NORMAL PERIOD 1981 TO 2010
CLIMATE RECORD PERIOD 1908 TO 2017


WEATHER ITEM   OBSERVED TIME   RECORD YEAR NORMAL DEPARTURE LAST
                VALUE   (LST)  VALUE       VALUE  FROM      YEAR
                                                  NORMAL
..................................................................
TEMPERATURE (F)
 YESTERDAY
  MAXIMUM         37    457 PM  69    1945  41     -4       40
  MINIMUM         33    536 AM -19    1965  21     12       22
  AVERAGE         35                        31      4       31

PRECIPITATION (IN)
  YESTERDAY        0.23          0.82 1988   0.06   0.17     0.24
  MONTH TO DATE    0.90                      1.16  -0.26     2.99
  SINCE MAR 1      0.90                      1.16  -0.26     2.99
  SINCE JAN 1      4.26                      3.20   1.06     4.72

SNOWFALL (IN)
  YESTERDAY        0.0           3.0  1926  MM     MM        2.9
  MONTH TO DATE    3.8                      MM     MM        7.9
  SINCE MAR 1      3.8                      MM     MM        7.9
  SINCE JUL 1     55.3                      MM     MM       42.4
  SNOW DEPTH       0

DEGREE DAYS
 HEATING
  YESTERDAY       30                        34     -4       34
  MONTH TO DATE  965                       946     19      753
  SINCE MAR 1    965                       946     19      753
  SINCE JUL 1   6476                      7568  -1092     6436

 COOLING
  YESTERDAY        0                         0      0        0
  MONTH TO DATE    0                         0      0        0
  SINCE MAR 1      0                         0      0        0
  SINCE JAN 1      0                         0      0        0
..................................................................


WIND (MPH)
  HIGHEST WIND SPEED    12   HIGHEST WIND DIRECTION    NE (60)
  HIGHEST GUST SPEED    16   HIGHEST GUST DIRECTION    NE (50)
  AVERAGE WIND SPEED     4.0


SKY COVER
  POSSIBLE SUNSHINE  MM
  AVERAGE SKY COVER 1.0


WEATHER CONDITIONS
 THE FOLLOWING WEATHER WAS RECORDED YESTERDAY.
  RAIN
  LIGHT RAIN
  FOG


RELATIVE HUMIDITY (PERCENT)
 HIGHEST   100           700 AM
 LOWEST     89          1200 AM
 AVERAGE    95

..........................................................


THE RHINELANDER WI CLIMATE NORMALS FOR TODAY
                         NORMAL    RECORD    YEAR
 MAXIMUM TEMPERATURE (F)   41        66      1925
 MINIMUM TEMPERATURE (F)   21       -15      1974


SUNRISE AND SUNSET
MARCH 25 2017.........SUNRISE   651 AM CDT   SUNSET   717 PM CDT
MARCH 26 2017.........SUNRISE   649 AM CDT   SUNSET   719 PM CDT


-  INDICATES NEGATIVE NUMBERS.
R  INDICATES RECORD WAS SET OR TIED.
MM INDICATES DATA IS MISSING.
T  INDICATES TRACE AMOUNT.




$$
