000
CDUS43 KGRB 162132
CLIRHI


CLIMATE REPORT
NATIONAL WEATHER SERVICE GREEN BAY
431 PM CDT MON OCT 16 2017


...................................

...THE RHINELANDER WI CLIMATE SUMMARY FOR OCTOBER 16 2017...
VALID TODAY AS OF 0400 PM LOCAL TIME.

CLIMATE NORMAL PERIOD 1981 TO 2010
CLIMATE RECORD PERIOD 1908 TO 2017


WEATHER ITEM   OBSERVED TIME   RECORD YEAR NORMAL DEPARTURE LAST
                VALUE   (LST)  VALUE       VALUE  FROM      YEAR
                                                  NORMAL
..................................................................
TEMPERATURE (F)
 TODAY
  MAXIMUM         57    228 PM  81    1968  54      3       68
                                      1934
  MINIMUM         27    425 AM  15    2002  34     -7       42
  AVERAGE         42                        44     -2       55

PRECIPITATION (IN)
  TODAY            0.00          1.82 1911   0.10  -0.10     0.00
  MONTH TO DATE    3.48                      1.79   1.69     0.53
  SINCE SEP 1      5.43                      5.99  -0.56     6.15
  SINCE JAN 1     36.52                     26.87   9.65    33.74

SNOWFALL (IN)
  TODAY            0.0           0.6  1969  MM     MM        0.0
  MONTH TO DATE    0.0                      MM     MM        0.0
  SINCE SEP 1      0.0                      MM     MM        0.0
  SINCE JUL 1      0.0                      MM     MM        0.0
  SNOW DEPTH       0

DEGREE DAYS
 HEATING
  TODAY           23                        21      2       10
  MONTH TO DATE  227                       301    -74      208
  SINCE SEP 1    434                       606   -172      368
  SINCE JUL 1    600                       733   -133      429

 COOLING
  TODAY            0                         0      0        0
  MONTH TO DATE    0                         0      0        0
  SINCE SEP 1     53                        18     35       13
  SINCE JAN 1    215                       259    -44      321
..................................................................


WIND (MPH)
  HIGHEST WIND SPEED    18   HIGHEST WIND DIRECTION     W (260)
  HIGHEST GUST SPEED    25   HIGHEST GUST DIRECTION    SW (230)
  AVERAGE WIND SPEED     8.1


SKY COVER
  POSSIBLE SUNSHINE  MM
  AVERAGE SKY COVER 0.0


WEATHER CONDITIONS
 THE FOLLOWING WEATHER WAS RECORDED TODAY.
  NO SIGNIFICANT WEATHER WAS OBSERVED.


RELATIVE HUMIDITY (PERCENT)
 HIGHEST   100           200 AM
 LOWEST     47           300 PM
 AVERAGE    74

..........................................................


THE RHINELANDER WI CLIMATE NORMALS FOR TOMORROW
                         NORMAL    RECORD    YEAR
 MAXIMUM TEMPERATURE (F)   53        81      1910
 MINIMUM TEMPERATURE (F)   34        15      1952


SUNRISE AND SUNSET
OCTOBER 16 2017.......SUNRISE   716 AM CDT   SUNSET   610 PM CDT
OCTOBER 17 2017.......SUNRISE   717 AM CDT   SUNSET   608 PM CDT


-  INDICATES NEGATIVE NUMBERS.
R  INDICATES RECORD WAS SET OR TIED.
MM INDICATES DATA IS MISSING.
T  INDICATES TRACE AMOUNT.




$$
