000
CDUS43 KGRB 170635
CLIRHI


CLIMATE REPORT
NATIONAL WEATHER SERVICE GREEN BAY
135 AM CDT THU APR 17 2014


...................................

...THE RHINELANDER WI CLIMATE SUMMARY FOR APRIL 16 2014...

CLIMATE NORMAL PERIOD 1981 TO 2010
CLIMATE RECORD PERIOD 1908 TO 2014


WEATHER ITEM   OBSERVED TIME   RECORD YEAR NORMAL DEPARTURE LAST
                VALUE   (LST)  VALUE       VALUE  FROM      YEAR
                                                  NORMAL
..................................................................
TEMPERATURE (F)
 YESTERDAY
  MAXIMUM         30   1159 PM  84    2002  54    -24       43
  MINIMUM          9R   228 AM  12    1983  30    -21       29
  AVERAGE         20                        42    -22       36

PRECIPITATION (IN)
  YESTERDAY        0.34          1.65 2003   0.09   0.25      T
  MONTH TO DATE    2.33                      1.28   1.05     2.10
  SINCE MAR 1      3.09                      2.85   0.24     4.11
  SINCE JAN 1      5.70                      4.89   0.81     6.91

SNOWFALL (IN)
  YESTERDAY        3.7 R         3.3  1985  MM     MM         T
  MONTH TO DATE   18.2                      MM     MM       10.6
  SINCE MAR 1     27.8                      MM     MM       26.8
  SINCE JUL 1    100.3                      MM     MM       79.4
  SNOW DEPTH       9

DEGREE DAYS
 HEATING
  YESTERDAY       45                        23     22       29
  MONTH TO DATE  537                       425    112      539
  SINCE MAR 1   1976                      1598    378     1868
  SINCE JUL 1   9605                      8220   1385     8268

 COOLING
  YESTERDAY        0                         0      0        0
  MONTH TO DATE    0                         0      0        0
  SINCE MAR 1      0                         0      0        0
  SINCE JAN 1      0                         0      0        0
..................................................................


WIND (MPH)
  HIGHEST WIND SPEED    25   HIGHEST WIND DIRECTION    SE (120)
  HIGHEST GUST SPEED    33   HIGHEST GUST DIRECTION    SE (120)
  AVERAGE WIND SPEED    11.5


SKY COVER
  POSSIBLE SUNSHINE  MM
  AVERAGE SKY COVER 0.9


WEATHER CONDITIONS
 THE FOLLOWING WEATHER WAS RECORDED YESTERDAY.
  SNOW
  LIGHT SNOW
  FOG
  FOG W/VISIBILITY <= 1/4 MILE
  HAZE


RELATIVE HUMIDITY (PERCENT)
 HIGHEST    92          1100 AM
 LOWEST     68           700 AM
 AVERAGE    80

..........................................................


THE RHINELANDER WI CLIMATE NORMALS FOR TODAY
                         NORMAL    RECORD    YEAR
 MAXIMUM TEMPERATURE (F)   54        80      1964
 MINIMUM TEMPERATURE (F)   31        12      1983
                                             1928


SUNRISE AND SUNSET
APRIL 17 2014.........SUNRISE   609 AM CDT   SUNSET   747 PM CDT
APRIL 18 2014.........SUNRISE   607 AM CDT   SUNSET   748 PM CDT


-  INDICATES NEGATIVE NUMBERS.
R  INDICATES RECORD WAS SET OR TIED.
MM INDICATES DATA IS MISSING.
T  INDICATES TRACE AMOUNT.




$$
