000
CDUS43 KGRB 040657
CLIRHI

CLIMATE REPORT
NATIONAL WEATHER SERVICE GREEN BAY
154 AM CDT FRI SEP 4 2015

...................................

...THE RHINELANDER WI CLIMATE SUMMARY FOR SEPTEMBER 3 2015...

CLIMATE NORMAL PERIOD 1981 TO 2010
CLIMATE RECORD PERIOD 1908 TO 2015

WEATHER ITEM   OBSERVED TIME   RECORD YEAR NORMAL DEPARTURE LAST
                VALUE   (LST)  VALUE       VALUE  FROM      YEAR
                                                  NORMAL
..................................................................
TEMPERATURE (F)
 YESTERDAY
  MAXIMUM         79    234 PM  88    1999  72      7       70
                                      1960
                                      1922
  MINIMUM         58   1002 PM  31    1974  49      9       50
                                      1946
  AVERAGE         69                        61      8       60

PRECIPITATION (IN)
  YESTERDAY        0.00          2.63 1934   0.14  -0.14     0.99
  MONTH TO DATE    0.20                      0.40  -0.20     1.49
  SINCE SEP 1      0.20                      0.40  -0.20     1.49
  SINCE JAN 1     18.88                     21.28  -2.40    27.95

SNOWFALL (IN)
  YESTERDAY        0.0           0.0    MM  MM     MM        0.0
  MONTH TO DATE    0.0                      MM     MM        0.0
  SINCE SEP 1      0.0                      MM     MM        0.0
  SINCE JUL 1      0.0                      MM     MM        0.0
  SNOW DEPTH       0

DEGREE DAYS
 HEATING
  YESTERDAY        0                         6     -6        5
  MONTH TO DATE    0                        16    -16       10
  SINCE SEP 1      0                        16    -16       10
  SINCE JUL 1    137                       143     -6      210

COOLING
  YESTERDAY        4                         1      3        0
  MONTH TO DATE   18                         3     15        0
  SINCE SEP 1     18                         3     15        0
  SINCE JAN 1    180                       244    -64      147
..................................................................

WIND (MPH)
  HIGHEST WIND SPEED    14   HIGHEST WIND DIRECTION     E (100)
  HIGHEST GUST SPEED    16   HIGHEST GUST DIRECTION     E (100)
  AVERAGE WIND SPEED     3.9

SKY COVER
  POSSIBLE SUNSHINE  MM
  AVERAGE SKY COVER 0.7

WEATHER CONDITIONS
 THE FOLLOWING WEATHER WAS RECORDED YESTERDAY.
  FOG
  FOG W/VISIBILITY <= 1/4 MILE

RELATIVE HUMIDITY (PERCENT)
 HIGHEST   100          1000 PM
 LOWEST     62           200 PM
 AVERAGE    81
..........................................................

THE RHINELANDER WI CLIMATE NORMALS FOR TODAY
                         NORMAL    RECORD    YEAR
 MAXIMUM TEMPERATURE (F)   72        90      1983
 MINIMUM TEMPERATURE (F)   49        33      1974

SUNRISE AND SUNSET
SEPTEMBER  4 2015.....SUNRISE   622 AM CDT   SUNSET   730 PM CDT
SEPTEMBER  5 2015.....SUNRISE   624 AM CDT   SUNSET   729 PM CDT

-  INDICATES NEGATIVE NUMBERS.
R  INDICATES RECORD WAS SET OR TIED.
MM INDICATES DATA IS MISSING.
T  INDICATES TRACE AMOUNT.

$$
