000
CDUS43 KGRB 040804
CLIRHI


CLIMATE REPORT
NATIONAL WEATHER SERVICE GREEN BAY
202 AM CST WED MAR 4 2015


...................................

...THE RHINELANDER WI CLIMATE SUMMARY FOR MARCH 3 2015...

CLIMATE NORMAL PERIOD 1981 TO 2010
CLIMATE RECORD PERIOD 1908 TO 2015


WEATHER ITEM   OBSERVED TIME   RECORD YEAR NORMAL DEPARTURE LAST
                VALUE   (LST)  VALUE       VALUE  FROM      YEAR
                                                  NORMAL
..................................................................
TEMPERATURE (F)
 YESTERDAY
  MAXIMUM         26    311 PM  53    2000  32     -6       14
  MINIMUM         11   1159 PM -28    2014  12     -1      -28
  AVERAGE         19                        22     -3       -7

PRECIPITATION (IN)
  YESTERDAY        0.13          0.55 1985   0.04   0.09     0.03
  MONTH TO DATE    0.13                      0.13   0.00     0.03
  SINCE MAR 1      0.13                      0.13   0.00     0.03
  SINCE JAN 1      1.02                      2.17  -1.15     2.64

SNOWFALL (IN)
  YESTERDAY        2.5           7.0  1977  MM     MM        0.7
  MONTH TO DATE    2.5                      MM     MM        0.7
  SINCE MAR 1      2.5                      MM     MM        0.7
  SINCE JUL 1     71.4                      MM     MM       73.2
  SNOW DEPTH      19

DEGREE DAYS
 HEATING
  YESTERDAY       46                        43      3       72
  MONTH TO DATE  147                       131     16      209
  SINCE MAR 1    147                       131     16      209
  SINCE JUL 1   7488                      6753    735     7838

 COOLING
  YESTERDAY        0                         0      0        0
  MONTH TO DATE    0                         0      0        0
  SINCE MAR 1      0                         0      0        0
  SINCE JAN 1      0                         0      0        0
..................................................................


WIND (MPH)
  HIGHEST WIND SPEED    21   HIGHEST WIND DIRECTION     W (280)
  HIGHEST GUST SPEED    30   HIGHEST GUST DIRECTION    NW (310)
  AVERAGE WIND SPEED    10.2


SKY COVER
  POSSIBLE SUNSHINE  MM
  AVERAGE SKY COVER 0.9


WEATHER CONDITIONS
 THE FOLLOWING WEATHER WAS RECORDED YESTERDAY.
  SNOW
  LIGHT SNOW
  FOG
  FOG W/VISIBILITY <= 1/4 MILE
  HAZE


RELATIVE HUMIDITY (PERCENT)
 HIGHEST    84          1000 AM
 LOWEST     51          1200 AM
 AVERAGE    68

..........................................................


THE RHINELANDER WI CLIMATE NORMALS FOR TODAY
                         NORMAL    RECORD    YEAR
 MAXIMUM TEMPERATURE (F)   32        60      2000
 MINIMUM TEMPERATURE (F)   12       -22      1917
                                             1913


SUNRISE AND SUNSET
MARCH  4 2015.........SUNRISE   631 AM CST   SUNSET   548 PM CST
MARCH  5 2015.........SUNRISE   629 AM CST   SUNSET   550 PM CST


-  INDICATES NEGATIVE NUMBERS.
R  INDICATES RECORD WAS SET OR TIED.
MM INDICATES DATA IS MISSING.
T  INDICATES TRACE AMOUNT.

$$
