000
CDUS43 KGRB 200721
CLIRHI


CLIMATE REPORT
NATIONAL WEATHER SERVICE GREEN BAY
220 AM CDT MON OCT 20 2014


...................................

...THE RHINELANDER WI CLIMATE SUMMARY FOR OCTOBER 19 2014...

CLIMATE NORMAL PERIOD 1981 TO 2010
CLIMATE RECORD PERIOD 1908 TO 2014


WEATHER ITEM   OBSERVED TIME   RECORD YEAR NORMAL DEPARTURE LAST
                VALUE   (LST)  VALUE       VALUE  FROM      YEAR
                                                  NORMAL
..................................................................
TEMPERATURE (F)
 YESTERDAY
  MAXIMUM         52    428 PM  78    1953  53     -1       46
  MINIMUM         25    334 AM  13    1972  33     -8       28
  AVERAGE         39                        43     -4       37

PRECIPITATION (IN)
  YESTERDAY        0.01          1.65 1937   0.10  -0.09     0.08
  MONTH TO DATE    2.84                      2.10   0.74     3.41
  SINCE SEP 1      9.22                      6.30   2.92     5.53
  SINCE JAN 1     35.68                     27.18   8.50    32.37

SNOWFALL (IN)
  YESTERDAY        0.0           6.0  1925  MM     MM        0.0
  MONTH TO DATE    T                        MM     MM        0.0
  SINCE SEP 1      T                        MM     MM        0.0
  SINCE JUL 1      T                        MM     MM        0.0
  SNOW DEPTH       0

DEGREE DAYS
 HEATING
  YESTERDAY       26                        22      4       28
  MONTH TO DATE  406                       366     40      301
  SINCE SEP 1    720                       671     49      563
  SINCE JUL 1    920                       798    122      753

 COOLING
  YESTERDAY        0                         0      0        0
  MONTH TO DATE    0                         0      0        0
  SINCE SEP 1      1                        18    -17       17
  SINCE JAN 1    148                       259   -111      281
..................................................................


WIND (MPH)
  HIGHEST WIND SPEED    20   HIGHEST WIND DIRECTION    SW (230)
  HIGHEST GUST SPEED    26   HIGHEST GUST DIRECTION    SW (240)
  AVERAGE WIND SPEED     6.7


SKY COVER
  POSSIBLE SUNSHINE  MM
  AVERAGE SKY COVER 0.4


WEATHER CONDITIONS
 THE FOLLOWING WEATHER WAS RECORDED YESTERDAY.
  LIGHT RAIN


RELATIVE HUMIDITY (PERCENT)
 HIGHEST    96           900 PM
 LOWEST     66          1200 PM
 AVERAGE    81

..........................................................


THE RHINELANDER WI CLIMATE NORMALS FOR TODAY
                         NORMAL    RECORD    YEAR
 MAXIMUM TEMPERATURE (F)   52        83      1947
 MINIMUM TEMPERATURE (F)   33        14      1917


SUNRISE AND SUNSET
OCTOBER 20 2014.......SUNRISE   721 AM CDT   SUNSET   604 PM CDT
OCTOBER 21 2014.......SUNRISE   722 AM CDT   SUNSET   602 PM CDT


-  INDICATES NEGATIVE NUMBERS.
R  INDICATES RECORD WAS SET OR TIED.
MM INDICATES DATA IS MISSING.
T  INDICATES TRACE AMOUNT.

$$
