000
CDUS43 KGRB 280715
CLIRHI


CLIMATE REPORT
NATIONAL WEATHER SERVICE GREEN BAY
213 AM CDT WED JUN 28 2017


...................................

...THE RHINELANDER WI CLIMATE SUMMARY FOR JUNE 27 2017...

CLIMATE NORMAL PERIOD 1981 TO 2010
CLIMATE RECORD PERIOD 1908 TO 2017


WEATHER ITEM   OBSERVED TIME   RECORD YEAR NORMAL DEPARTURE LAST
                VALUE   (LST)  VALUE       VALUE  FROM      YEAR
                                                  NORMAL
..................................................................
TEMPERATURE (F)
 YESTERDAY
  MAXIMUM         73    313 PM  95    1933  78     -5       67
                                      1931
  MINIMUM         43   1243 AM  37    1992  53    -10       54
  AVERAGE         58                        65     -7       61

PRECIPITATION (IN)
  YESTERDAY        0.00          2.09 1947   0.13  -0.13      T
  MONTH TO DATE    6.76                      3.50   3.26     6.56
  SINCE JUN 1      6.76                      3.50   3.26     6.56
  SINCE JAN 1     24.48                     13.18  11.30    17.64

SNOWFALL (IN)
  YESTERDAY        0.0           0.0    MM  MM     MM        0.0
  MONTH TO DATE    0.0                      MM     MM        0.0
  SINCE JUN 1      0.0                      MM     MM        0.0
  SINCE JUL 1     65.8                      MM     MM       55.7
  SNOW DEPTH       0

DEGREE DAYS
 HEATING
  YESTERDAY        7                         2      5        4
  MONTH TO DATE   90                       128    -38       82
  SINCE JUN 1     90                       128    -38       82
  SINCE JUL 1   7766                      9014  -1248     7783

 COOLING
  YESTERDAY        0                         3     -3        0
  MONTH TO DATE   63                        44     19       53
  SINCE JUN 1     63                        44     19       53
  SINCE JAN 1     65                        56      9       68
..................................................................


WIND (MPH)
  HIGHEST WIND SPEED    15   HIGHEST WIND DIRECTION    SW (220)
  HIGHEST GUST SPEED    21   HIGHEST GUST DIRECTION     W (270)
  AVERAGE WIND SPEED     7.1


SKY COVER
  POSSIBLE SUNSHINE  MM
  AVERAGE SKY COVER 0.2


WEATHER CONDITIONS
 THE FOLLOWING WEATHER WAS RECORDED YESTERDAY.
  FOG


RELATIVE HUMIDITY (PERCENT)
 HIGHEST   100          1200 AM
 LOWEST     38           300 PM
 AVERAGE    69

..........................................................


THE RHINELANDER WI CLIMATE NORMALS FOR TODAY
                         NORMAL    RECORD    YEAR
 MAXIMUM TEMPERATURE (F)   78        95      1910
 MINIMUM TEMPERATURE (F)   54        40      1919
                                             1911


SUNRISE AND SUNSET
JUNE 28 2017..........SUNRISE   511 AM CDT   SUNSET   851 PM CDT
JUNE 29 2017..........SUNRISE   512 AM CDT   SUNSET   851 PM CDT


-  INDICATES NEGATIVE NUMBERS.
R  INDICATES RECORD WAS SET OR TIED.
MM INDICATES DATA IS MISSING.
T  INDICATES TRACE AMOUNT.




$$
