000
CDUS41 KAKQ 251835
CLIRIC


CLIMATE REPORT
NATIONAL WEATHER SERVICE WAKEFIELD, VA
134 PM EST TUE NOV 25 2014


...................................

...THE RICHMOND VA CLIMATE SUMMARY FOR NOVEMBER 24 2014...

CLIMATE NORMAL PERIOD 1981 TO 2010
CLIMATE RECORD PERIOD 1871 TO 2014


WEATHER ITEM   OBSERVED TIME   RECORD YEAR NORMAL DEPARTURE LAST
                VALUE   (LST)  VALUE       VALUE  FROM      YEAR
                                                  NORMAL
..................................................................
TEMPERATURE (F)
 YESTERDAY
  MAXIMUM         75    301 PM  76    1979  58     17       41
  MINIMUM         61   1205 AM  16    1976  37     24       25
  AVERAGE         68                        48     20       33

PRECIPITATION (IN)
  YESTERDAY        0.09          3.00 1959   0.11  -0.02     0.00
  MONTH TO DATE    1.56                      2.58  -1.02     0.48
  SINCE SEP 1      5.54                      9.69  -4.15     6.12
  SINCE JAN 1     31.21                     39.68  -8.47    44.99

SNOWFALL (IN)
  YESTERDAY        0.0           1.2  1938   0.0    0.0
  MONTH TO DATE    0.0                       0.1   -0.1
  SINCE NOV 1      0.0                       0.1   -0.1
  SINCE JUL 1      0.0                       0.1   -0.1
  SNOW DEPTH       0

DEGREE DAYS
 HEATING
  YESTERDAY        0                        17    -17       32
  MONTH TO DATE  418                       330     88      331
  SINCE SEP 1    553                       562     -9      481
  SINCE JUL 1    553                       563    -10      481

 COOLING
  YESTERDAY        3                         0      3        0
  MONTH TO DATE    3                         0      3        8
  SINCE SEP 1    299                       236     63      273
  SINCE JAN 1   1679                      1543    136     1678
..................................................................


WIND (MPH)
  HIGHEST WIND SPEED    30   HIGHEST WIND DIRECTION     S (200)
  HIGHEST GUST SPEED    37   HIGHEST GUST DIRECTION     S (190)
  AVERAGE WIND SPEED    17.1


SKY COVER
  POSSIBLE SUNSHINE  MM
  AVERAGE SKY COVER 0.6


WEATHER CONDITIONS
 THE FOLLOWING WEATHER WAS RECORDED YESTERDAY.
  RAIN
  LIGHT RAIN
  FOG


RELATIVE HUMIDITY (PERCENT)
 HIGHEST    90          1200 AM
 LOWEST     46           300 PM
 AVERAGE    68

..........................................................


THE RICHMOND VA CLIMATE NORMALS FOR TODAY
                         NORMAL    RECORD    YEAR
 MAXIMUM TEMPERATURE (F)   58        80      1973
 MINIMUM TEMPERATURE (F)   37        14      1970


SUNRISE AND SUNSET
NOVEMBER 25 2014......SUNRISE   659 AM EST   SUNSET   453 PM EST
NOVEMBER 26 2014......SUNRISE   700 AM EST   SUNSET   453 PM EST


-  INDICATES NEGATIVE NUMBERS.
R  INDICATES RECORD WAS SET OR TIED.
MM INDICATES DATA IS MISSING.
T  INDICATES TRACE AMOUNT.




$$
