000
CDUS41 KAKQ 190645
CLIRIC


CLIMATE REPORT
NATIONAL WEATHER SERVICE WAKEFIELD, VA
145 AM EST FRI JAN 19 2018


...................................

...THE RICHMOND VA CLIMATE SUMMARY FOR JANUARY 18 2018...

CLIMATE NORMAL PERIOD 1981 TO 2010
CLIMATE RECORD PERIOD 1871 TO 2018


WEATHER ITEM   OBSERVED TIME   RECORD YEAR NORMAL DEPARTURE LAST
                VALUE   (LST)  VALUE       VALUE  FROM      YEAR
                                                  NORMAL
..................................................................
TEMPERATURE (F)
 YESTERDAY
  MAXIMUM         43        MM  70    1929  47     -4       64
  MINIMUM         13        MM   0    1957  28    -15       43
  AVERAGE         28                        38    -10       54

PRECIPITATION (IN)
  YESTERDAY        0.00          1.54 2015   0.10  -0.10     0.01
  MONTH TO DATE    1.44                      1.76  -0.32     2.41
  SINCE DEC 1      2.49                      5.02  -2.53     5.21
  SINCE JAN 1      1.44                      1.76  -0.32     2.41

SNOWFALL (IN)
  YESTERDAY        0.0           1.2  1994   0.1   -0.1
  MONTH TO DATE    5.0                       2.0    3.0
  SINCE NOV 1      8.1                       4.3    3.8
  SINCE JUL 1      8.1                       4.3    3.8
  SNOW DEPTH       1

DEGREE DAYS
 HEATING
  YESTERDAY       37                        27     10       11
  MONTH TO DATE  632                       486    146      455
  SINCE DEC 1   1407                      1229    178     1189
  SINCE JUL 1   2019                      1905    114     1779

 COOLING
  YESTERDAY        0                         0      0        0
  MONTH TO DATE    0                         0      0        0
  SINCE DEC 1      0                         1     -1        0
  SINCE JAN 1      0                         0      0        0
..................................................................


WIND (MPH)
  HIGHEST WIND SPEED    22   HIGHEST WIND DIRECTION     N (340)
  HIGHEST GUST SPEED    30   HIGHEST GUST DIRECTION     N (340)
  AVERAGE WIND SPEED     8.7


SKY COVER
  POSSIBLE SUNSHINE  MM
  AVERAGE SKY COVER 0.1


WEATHER CONDITIONS
 THE FOLLOWING WEATHER WAS RECORDED YESTERDAY.
  NO SIGNIFICANT WEATHER WAS OBSERVED.


RELATIVE HUMIDITY (PERCENT)
 HIGHEST    67           500 AM
 LOWEST     29           300 PM
 AVERAGE    48

..........................................................


THE RICHMOND VA CLIMATE NORMALS FOR TODAY
                         NORMAL    RECORD    YEAR
 MAXIMUM TEMPERATURE (F)   47        72      1974
 MINIMUM TEMPERATURE (F)   28        -1      1994


SUNRISE AND SUNSET
JANUARY 19 2018.......SUNRISE   721 AM EST   SUNSET   519 PM EST
JANUARY 20 2018.......SUNRISE   721 AM EST   SUNSET   520 PM EST


-  INDICATES NEGATIVE NUMBERS.
R  INDICATES RECORD WAS SET OR TIED.
MM INDICATES DATA IS MISSING.
T  INDICATES TRACE AMOUNT.




$$
