000
CDUS41 KAKQ 200645
CLIRIC


CLIMATE REPORT
NATIONAL WEATHER SERVICE WAKEFIELD, VA
145 AM EST MON NOV 20 2017


...................................

...THE RICHMOND VA CLIMATE SUMMARY FOR NOVEMBER 19 2017...

CLIMATE NORMAL PERIOD 1981 TO 2010
CLIMATE RECORD PERIOD 1871 TO 2017


WEATHER ITEM   OBSERVED TIME   RECORD YEAR NORMAL DEPARTURE LAST
                VALUE   (LST)  VALUE       VALUE  FROM      YEAR
                                                  NORMAL
..................................................................
TEMPERATURE (F)
 YESTERDAY
  MAXIMUM         73    334 AM  81    1934  60     13       75
  MINIMUM         39   1154 PM  18    2014  39      0       39
                                      1936
  AVERAGE         56                        49      7       57

PRECIPITATION (IN)
  YESTERDAY        0.01          1.52 2003   0.10  -0.09     0.00
  MONTH TO DATE    1.38                      2.04  -0.66     0.82
  SINCE SEP 1      7.81                      9.15  -1.34    16.25
  SINCE JAN 1     36.86                     39.14  -2.28    49.69

SNOWFALL (IN)
  YESTERDAY       MM             T    2000   0.0   MM
  MONTH TO DATE    0.0                       0.1   -0.1
  SINCE NOV 1      0.0                       0.1   -0.1
  SINCE JUL 1      0.0                       0.1   -0.1
  SNOW DEPTH       0

DEGREE DAYS
 HEATING
  YESTERDAY        9                        16     -7        8
  MONTH TO DATE  275                       247     28      249
  SINCE SEP 1    409                       479    -70      385
  SINCE JUL 1    409                       480    -71      385

 COOLING
  YESTERDAY        0                         0      0        0
  MONTH TO DATE    6                         0      6        4
  SINCE SEP 1    293                       236     57      345
  SINCE JAN 1   1706                      1543    163     1699
..................................................................


WIND (MPH)
  HIGHEST WIND SPEED    29   HIGHEST WIND DIRECTION    NW (310)
  HIGHEST GUST SPEED    40   HIGHEST GUST DIRECTION    SW (210)
  AVERAGE WIND SPEED    16.6


SKY COVER
  POSSIBLE SUNSHINE  MM
  AVERAGE SKY COVER 0.5


WEATHER CONDITIONS
 THE FOLLOWING WEATHER WAS RECORDED YESTERDAY.
  LIGHT RAIN


RELATIVE HUMIDITY (PERCENT)
 HIGHEST    78           300 AM
 LOWEST     25           200 PM
 AVERAGE    52

..........................................................


THE RICHMOND VA CLIMATE NORMALS FOR TODAY
                         NORMAL    RECORD    YEAR
 MAXIMUM TEMPERATURE (F)   60        80      1913
 MINIMUM TEMPERATURE (F)   38        21      1951


SUNRISE AND SUNSET
NOVEMBER 20 2017......SUNRISE   654 AM EST   SUNSET   455 PM EST
NOVEMBER 21 2017......SUNRISE   655 AM EST   SUNSET   455 PM EST


-  INDICATES NEGATIVE NUMBERS.
R  INDICATES RECORD WAS SET OR TIED.
MM INDICATES DATA IS MISSING.
T  INDICATES TRACE AMOUNT.




$$
