000
CDUS41 KAKQ 270544
CLIRIC


CLIMATE REPORT
NATIONAL WEATHER SERVICE WAKEFIELD, VA
144 AM EDT FRI MAR 27 2015


...................................

...THE RICHMOND VA CLIMATE SUMMARY FOR MARCH 26 2015...

CLIMATE NORMAL PERIOD 1981 TO 2010
CLIMATE RECORD PERIOD 1871 TO 2015


WEATHER ITEM   OBSERVED TIME   RECORD YEAR NORMAL DEPARTURE LAST
                VALUE   (LST)  VALUE       VALUE  FROM      YEAR
                                                  NORMAL
..................................................................
TEMPERATURE (F)
 YESTERDAY
  MAXIMUM         77    418 PM  85    1939  64     13       43
  MINIMUM         48   1246 AM  15    1940  40      8       28
  AVERAGE         63                        52     11       36

PRECIPITATION (IN)
  YESTERDAY        0.15          1.78 1978   0.14   0.01     0.00
  MONTH TO DATE    3.43                      3.37   0.06     1.74
  SINCE MAR 1      3.43                      3.37   0.06     1.74
  SINCE JAN 1     10.69                      9.17   1.52     8.05

SNOWFALL (IN)
  YESTERDAY        0.0           8.4  1971   0.0    0.0
  MONTH TO DATE    0.3                       0.6   -0.3
  SINCE NOV 1     12.8                      10.2    2.6
  SINCE JUL 1     12.8                      10.2    2.6
  SNOW DEPTH       0

DEGREE DAYS
 HEATING
  YESTERDAY        2                        13    -11       29
  MONTH TO DATE  447                       452     -5      557
  SINCE MAR 1    447                       452     -5      557
  SINCE JUL 1   3549                      3388    161     3510

 COOLING
  YESTERDAY        0                         0      0        0
  MONTH TO DATE    0                         0      0        2
  SINCE MAR 1      0                         0      0        2
  SINCE JAN 1      0                         0      0        2
..................................................................


WIND (MPH)
  HIGHEST WIND SPEED    22   HIGHEST WIND DIRECTION    SW (210)
  HIGHEST GUST SPEED    40   HIGHEST GUST DIRECTION    SE (150)
  AVERAGE WIND SPEED     9.6


SKY COVER
  POSSIBLE SUNSHINE  MM
  AVERAGE SKY COVER 1.0


WEATHER CONDITIONS
 THE FOLLOWING WEATHER WAS RECORDED YESTERDAY.
  RAIN
  LIGHT RAIN
  FOG
  HAZE


RELATIVE HUMIDITY (PERCENT)
 HIGHEST    81           900 AM
 LOWEST     46           500 PM
 AVERAGE    64

..........................................................


THE RICHMOND VA CLIMATE NORMALS FOR TODAY
                         NORMAL    RECORD    YEAR
 MAXIMUM TEMPERATURE (F)   64        87      1907
 MINIMUM TEMPERATURE (F)   40        21      2014
                                             1955


SUNRISE AND SUNSET
MARCH 27 2015.........SUNRISE   703 AM EDT   SUNSET   727 PM EDT
MARCH 28 2015.........SUNRISE   701 AM EDT   SUNSET   728 PM EDT


-  INDICATES NEGATIVE NUMBERS.
R  INDICATES RECORD WAS SET OR TIED.
MM INDICATES DATA IS MISSING.
T  INDICATES TRACE AMOUNT.




$$
