000
CDUS41 KAKQ 230842
CLIRIC


CLIMATE REPORT
NATIONAL WEATHER SERVICE WAKEFIELD, VA
441 AM EDT TUE SEP 23 2014


...................................

...THE RICHMOND VA CLIMATE SUMMARY FOR SEPTEMBER 22 2014...

CLIMATE NORMAL PERIOD 1981 TO 2010
CLIMATE RECORD PERIOD 1871 TO 2014


WEATHER ITEM   OBSERVED TIME   RECORD YEAR NORMAL DEPARTURE LAST
                VALUE   (LST)  VALUE       VALUE  FROM      YEAR
                                                  NORMAL
..................................................................
TEMPERATURE (F)
 YESTERDAY
  MAXIMUM         80    225 PM  97    1980  79      1       79
                                      1931
  MINIMUM         61   1159 PM  40    1962  58      3       60
  AVERAGE         71                        68      3       70

PRECIPITATION (IN)
  YESTERDAY        0.00          2.68 1994   0.13  -0.13     0.04
  MONTH TO DATE    0.55                      3.12  -2.57     1.39
  SINCE SEP 1      0.55                      3.12  -2.57     1.39
  SINCE JAN 1     26.22                     33.11  -6.89    40.26

SNOWFALL (IN)
  YESTERDAY        0.0           0.0  2002   0.0    0.0
                                      2001
  MONTH TO DATE    0.0                       0.0    0.0
  SINCE NOV 1     14.5                      10.3    4.2
  SINCE JUL 1      0.0                       0.0    0.0
  SNOW DEPTH       0

DEGREE DAYS
 HEATING
  YESTERDAY        0                         1     -1        0
  MONTH TO DATE    0                         9     -9        6
  SINCE SEP 1      0                         9     -9        6
  SINCE JUL 1      0                        10    -10        6

 COOLING
  YESTERDAY        6                         5      1        5
  MONTH TO DATE  226                       168     58      187
  SINCE SEP 1    226                       168     58      187
  SINCE JAN 1   1606                      1475    131     1592
..................................................................


WIND (MPH)
  HIGHEST WIND SPEED    18   HIGHEST WIND DIRECTION     N (340)
  HIGHEST GUST SPEED    30   HIGHEST GUST DIRECTION    NW (330)
  AVERAGE WIND SPEED     9.7


SKY COVER
  POSSIBLE SUNSHINE  MM
  AVERAGE SKY COVER 0.6


WEATHER CONDITIONS
 THE FOLLOWING WEATHER WAS RECORDED YESTERDAY.
  NO SIGNIFICANT WEATHER WAS OBSERVED.


RELATIVE HUMIDITY (PERCENT)
 HIGHEST    64          1200 AM
 LOWEST     30           300 PM
 AVERAGE    47

..........................................................


THE RICHMOND VA CLIMATE NORMALS FOR TODAY
                         NORMAL    RECORD    YEAR
 MAXIMUM TEMPERATURE (F)   79        98      2005
 MINIMUM TEMPERATURE (F)   57        37      1983


SUNRISE AND SUNSET
SEPTEMBER 23 2014.....SUNRISE   658 AM EDT   SUNSET   705 PM EDT
SEPTEMBER 24 2014.....SUNRISE   659 AM EDT   SUNSET   703 PM EDT


-  INDICATES NEGATIVE NUMBERS.
R  INDICATES RECORD WAS SET OR TIED.
MM INDICATES DATA IS MISSING.
T  INDICATES TRACE AMOUNT.




$$
