000
CDUS41 KAKQ 222235
CLIRIC


CLIMATE REPORT
NATIONAL WEATHER SERVICE WAKEFIELD, VA
535 PM EST MON DEC 22 2014


...................................

...THE RICHMOND VA CLIMATE SUMMARY FOR DECEMBER 22 2014...
VALID TODAY AS OF 0500 PM LOCAL TIME.

CLIMATE NORMAL PERIOD 1981 TO 2010
CLIMATE RECORD PERIOD 1871 TO 2014


WEATHER ITEM   OBSERVED TIME   RECORD YEAR NORMAL DEPARTURE LAST
                VALUE   (LST)  VALUE       VALUE  FROM      YEAR
                                                  NORMAL
..................................................................
TEMPERATURE (F)
 TODAY
  MAXIMUM         39    336 PM  76    2013  49    -10       76
  MINIMUM         35   1258 AM   6    1942  30      5       62
  AVERAGE         37

PRECIPITATION (IN)
  TODAY            0.20          2.12 1908   0.10   0.10     0.67
  MONTH TO DATE    1.23                      2.37  -1.14     4.16
  SINCE DEC 1      1.23                      2.37  -1.14     4.16
  SINCE JAN 1     33.83                     42.71  -8.88    51.73

SNOWFALL (IN)
  TODAY            0.0
  MONTH TO DATE    0.0
  SINCE NOV 1      T
  SINCE JUL 1      T
  SNOW DEPTH       0

DEGREE DAYS
 HEATING
  TODAY           28                        26      2        0
  MONTH TO DATE  475                       507    -32      445
  SINCE DEC 1    475                       507    -32      445
  SINCE JUL 1   1145                      1183    -38     1085

 COOLING
  TODAY            0                         0      0        4
  MONTH TO DATE    0                         0      0        4
  SINCE DEC 1      0                         0      0        4
  SINCE JAN 1   1679                      1548    131     1682
..................................................................


WIND (MPH)
  RESULTANT WIND SPEED   7   RESULTANT WIND DIRECTION  NE (30)
  HIGHEST WIND SPEED    14   HIGHEST WIND DIRECTION     N (20)
  HIGHEST GUST SPEED    18   HIGHEST GUST DIRECTION    NE (30)


SKY COVER
  POSSIBLE SUNSHINE  MM
  AVERAGE SKY COVER 1.0


WEATHER CONDITIONS
 THE FOLLOWING WEATHER WAS RECORDED TODAY.
  RAIN
  LIGHT RAIN
  FOG


RELATIVE HUMIDITY (PERCENT)
 HIGHEST    92
 LOWEST     70
 AVERAGE    81

..........................................................


THE RICHMOND VA CLIMATE NORMALS FOR TOMORROW
                         NORMAL    RECORD    YEAR
 MAXIMUM TEMPERATURE (F)   49        73      1990
 MINIMUM TEMPERATURE (F)   30         9      1989
                                             1935


SUNRISE AND SUNSET
DECEMBER 22 2014......SUNRISE   721 AM EST   SUNSET   455 PM EST
DECEMBER 23 2014......SUNRISE   721 AM EST   SUNSET   456 PM EST


-  INDICATES NEGATIVE NUMBERS.
R  INDICATES RECORD WAS SET OR TIED.
MM INDICATES DATA IS MISSING.
T  INDICATES TRACE AMOUNT.




$$
