000
CDUS41 KAKQ 280645
CLIRIC


CLIMATE REPORT
NATIONAL WEATHER SERVICE WAKEFIELD, VA
145 AM EST TUE FEB 28 2017


...................................

...THE RICHMOND VA CLIMATE SUMMARY FOR FEBRUARY 27 2017...

CLIMATE NORMAL PERIOD 1981 TO 2010
CLIMATE RECORD PERIOD 1871 TO 2017


WEATHER ITEM   OBSERVED TIME   RECORD YEAR NORMAL DEPARTURE LAST
                VALUE   (LST)  VALUE       VALUE  FROM      YEAR
                                                  NORMAL
..................................................................
TEMPERATURE (F)
 YESTERDAY
  MAXIMUM         60    421 PM  79    1997  54      6       47
  MINIMUM         30    544 AM   4    1934  33     -3       22
  AVERAGE         45                        44      1       35

PRECIPITATION (IN)
  YESTERDAY        0.00          1.20 1982   0.10  -0.10     0.00
  MONTH TO DATE    0.63                      2.66  -2.03     4.35
  SINCE DEC 1      7.72                      8.96  -1.24    13.59
  SINCE JAN 1      4.92                      5.70  -0.78     7.65

SNOWFALL (IN)
  YESTERDAY        0.0           6.5  2003   0.1   -0.1
  MONTH TO DATE    0.0                       3.3   -3.3
  SINCE NOV 1      7.1                       9.5   -2.4
  SINCE JUL 1      7.1                       9.5   -2.4
  SNOW DEPTH       0

DEGREE DAYS
 HEATING
  YESTERDAY       20                        22     -2       30
  MONTH TO DATE  435                       654   -219      666
  SINCE DEC 1   1887                      2239   -352     1970
  SINCE JUL 1   2477                      2915   -438     2562

 COOLING
  YESTERDAY        0                         0      0        0
  MONTH TO DATE    0                         0      0        0
  SINCE DEC 1      0                         1     -1        8
  SINCE JAN 1      0                         0      0        0
..................................................................


WIND (MPH)
  HIGHEST WIND SPEED    16   HIGHEST WIND DIRECTION     S (190)
  HIGHEST GUST SPEED    20   HIGHEST GUST DIRECTION    SW (210)
  AVERAGE WIND SPEED     5.4


SKY COVER
  POSSIBLE SUNSHINE  MM
  AVERAGE SKY COVER 0.7


WEATHER CONDITIONS
 THE FOLLOWING WEATHER WAS RECORDED YESTERDAY.
  NO SIGNIFICANT WEATHER WAS OBSERVED.


RELATIVE HUMIDITY (PERCENT)
 HIGHEST    92           500 AM
 LOWEST     24           100 PM
 AVERAGE    58

..........................................................


THE RICHMOND VA CLIMATE NORMALS FOR TODAY
                         NORMAL    RECORD    YEAR
 MAXIMUM TEMPERATURE (F)   55        81      1948
 MINIMUM TEMPERATURE (F)   33        -1      1934


SUNRISE AND SUNSET
FEBRUARY 28 2017......SUNRISE   642 AM EST   SUNSET   602 PM EST
MARCH  1 2017.........SUNRISE   640 AM EST   SUNSET   603 PM EST


-  INDICATES NEGATIVE NUMBERS.
R  INDICATES RECORD WAS SET OR TIED.
MM INDICATES DATA IS MISSING.
T  INDICATES TRACE AMOUNT.




$$
