000
CDUS45 KGJT 262333
CLIRIL


CLIMATE REPORT
NATIONAL WEATHER SERVICE GRAND JUNCTION CO
532 PM MDT FRI MAY 26 2017


...................................

...THE RIFLE CO CLIMATE SUMMARY FOR MAY 26 2017...
VALID TODAY AS OF 0500 PM LOCAL TIME.

CLIMATE NORMAL PERIOD 1981 TO 2010
CLIMATE RECORD PERIOD 9999 TO 9999


WEATHER ITEM   OBSERVED TIME   RECORD YEAR NORMAL DEPARTURE LAST
                VALUE   (LST)  VALUE       VALUE  FROM      YEAR
                                                  NORMAL
..................................................................
TEMPERATURE (F)
 TODAY
  MAXIMUM         82    346 PM  MM      MM  77      5       73
  MINIMUM         46    510 AM  MM      MM  42      4       38
  AVERAGE         64                        60      4       56

PRECIPITATION (IN)
  TODAY            T            MM      MM   0.04  -0.04      T
  MONTH TO DATE    0.56                      1.26  -0.70     1.41
  SINCE MAR 1      1.05                      3.60  -2.55     3.12
  SINCE JAN 1      2.21                      5.17  -2.96     4.38

SNOWFALL (IN)
  TODAY           MM            MM      MM  MM     MM       MM
  MONTH TO DATE   MM                        MM     MM       MM
  SINCE MAR 1     MM                        MM     MM       MM
  SINCE JUL 1     MM                        MM     MM       MM
  SNOW DEPTH      MM

DEGREE DAYS
 HEATING
  TODAY            1                         6     -5        9
  MONTH TO DATE  227                       242    -15      236
  SINCE MAR 1   1303                      1542   -239     1447
  SINCE JUL 1   5440                      6539  -1099     6359

 COOLING
  TODAY            0                         0      0        0
  MONTH TO DATE    6                         0      6        1
  SINCE MAR 1      6                         0      6        1
  SINCE JAN 1      6                         0      6        1
..................................................................


WIND (MPH)
  HIGHEST WIND SPEED    35   HIGHEST WIND DIRECTION    SW (220)
  HIGHEST GUST SPEED    49   HIGHEST GUST DIRECTION    SW (240)
  AVERAGE WIND SPEED    10.6


SKY COVER
  POSSIBLE SUNSHINE  MM
  AVERAGE SKY COVER 0.1


WEATHER CONDITIONS
 THE FOLLOWING WEATHER WAS RECORDED TODAY.
  LIGHT RAIN


RELATIVE HUMIDITY (PERCENT)
 HIGHEST    80           500 AM
 LOWEST      6           200 PM
 AVERAGE    43

..........................................................


THE RIFLE CO CLIMATE NORMALS FOR TOMORROW
                         NORMAL    RECORD    YEAR
 MAXIMUM TEMPERATURE (F)   78        MM        MM
 MINIMUM TEMPERATURE (F)   42        MM        MM


SUNRISE AND SUNSET
MAY 26 2017...........SUNRISE   548 AM MDT   SUNSET   828 PM MDT
MAY 27 2017...........SUNRISE   548 AM MDT   SUNSET   829 PM MDT


-  INDICATES NEGATIVE NUMBERS.
R  INDICATES RECORD WAS SET OR TIED.
MM INDICATES DATA IS MISSING.
T  INDICATES TRACE AMOUNT.




$$
