000
CDUS45 KRIW 230730
CLIRIW


CLIMATE REPORT
NATIONAL WEATHER SERVICE RIVERTON WY
129 AM MDT TUE MAY 23 2017


...................................

...THE RIVERTON WY CLIMATE SUMMARY FOR MAY 22 2017...

CLIMATE NORMAL PERIOD 1981 TO 2010
CLIMATE RECORD PERIOD 1995 TO 2017


WEATHER ITEM   OBSERVED TIME   RECORD YEAR NORMAL DEPARTURE LAST
                VALUE   (LST)  VALUE       VALUE  FROM      YEAR
                                                  NORMAL
..................................................................
TEMPERATURE (F)
 YESTERDAY
  MAXIMUM         60   1020 AM  82    2000  69     -9       63
  MINIMUM         39   1151 PM  33    2008  42     -3       39
  AVERAGE         50                        56     -6       51

PRECIPITATION (IN)
  YESTERDAY        0.03          1.55 2008   0.06  -0.03     0.00
  MONTH TO DATE    1.30                      1.28   0.02     2.65
  SINCE MAR 1      8.20                      3.13   5.07     8.09
  SINCE JAN 1     10.06                      3.64   6.42     8.77

SNOWFALL (IN)
  YESTERDAY        0.0                                       0.0
  MONTH TO DATE    4.2                                        T
  SINCE MAR 1     18.7                                      34.2
  SINCE JUL 1     66.4                                      62.4
  SNOW DEPTH       0

DEGREE DAYS
 HEATING
  YESTERDAY       15                         9      6       14
  MONTH TO DATE  282                       278      4      311
  SINCE MAR 1   1613                      1820   -207     1683
  SINCE JUL 1   7487                      7674   -187     7004

 COOLING
  YESTERDAY        0                         0      0        0
  MONTH TO DATE    0                         0      0        0
  SINCE MAR 1      0                         0      0        0
  SINCE JAN 1      0                         0      0        0
..................................................................


WIND (MPH)
  HIGHEST WIND SPEED    33   HIGHEST WIND DIRECTION    NE (40)
  HIGHEST GUST SPEED    44   HIGHEST GUST DIRECTION    NE (30)
  AVERAGE WIND SPEED    13.0


SKY COVER
  POSSIBLE SUNSHINE  MM
  AVERAGE SKY COVER 0.3


WEATHER CONDITIONS
 THE FOLLOWING WEATHER WAS RECORDED YESTERDAY.
  RAIN
  LIGHT RAIN
  FOG


RELATIVE HUMIDITY (PERCENT)
 HIGHEST    92           200 AM
 LOWEST     44           900 AM
 AVERAGE    68

..........................................................


THE RIVERTON WY CLIMATE NORMALS FOR TODAY
                         NORMAL    RECORD    YEAR
 MAXIMUM TEMPERATURE (F)   70        84      2003
 MINIMUM TEMPERATURE (F)   43        28      2002


SUNRISE AND SUNSET
MAY 23 2017...........SUNRISE   543 AM MDT   SUNSET   839 PM MDT
MAY 24 2017...........SUNRISE   542 AM MDT   SUNSET   840 PM MDT


-  INDICATES NEGATIVE NUMBERS.
R  INDICATES RECORD WAS SET OR TIED.
MM INDICATES DATA IS MISSING.
T  INDICATES TRACE AMOUNT.




$$
