980
CDUS45 KRIW 030039
CLIRIW


CLIMATE REPORT
NATIONAL WEATHER SERVICE RIVERTON WY
538 PM MST FRI DEC 2 2016


...................................

...THE RIVERTON WY CLIMATE SUMMARY FOR DECEMBER 2 2016...
VALID TODAY AS OF 0500 PM LOCAL TIME.

CLIMATE NORMAL PERIOD 1981 TO 2010
CLIMATE RECORD PERIOD 1995 TO 2016


WEATHER ITEM   OBSERVED TIME   RECORD YEAR NORMAL DEPARTURE LAST
                VALUE   (LST)  VALUE       VALUE  FROM      YEAR
                                                  NORMAL
..................................................................
TEMPERATURE (F)
 TODAY
  MAXIMUM         33        MM  60    2012  34     -1       19
  MINIMUM         16        MM  -7    2007  11      5       -4
  AVERAGE         25                        22      3        8

PRECIPITATION (IN)
  TODAY            T             0.09 2011   0.01  -0.01     0.00
  MONTH TO DATE    T                         0.02  -0.02     0.00
  SINCE DEC 1      T                         0.02  -0.02     0.00
  SINCE JAN 1     13.64                      9.13   4.51    10.15

SNOWFALL (IN)
  TODAY           MM                                         0.0
  MONTH TO DATE    0.0                                       0.0
  SINCE DEC 1      0.0                                       0.0
  SINCE JUL 1      4.4                                      18.1
  SNOW DEPTH       0

DEGREE DAYS
 HEATING
  TODAY           40                        43     -3       57
  MONTH TO DATE   81                        85     -4      117
  SINCE DEC 1     81                        85     -4      117
  SINCE JUL 1   1677                      2001   -324     1656

 COOLING
  TODAY            0                         0      0        0
  MONTH TO DATE    0                         0      0        0
  SINCE DEC 1      0                         0      0        0
  SINCE JAN 1    605                       494    111      546
..................................................................


WIND (MPH)
  HIGHEST WIND SPEED    12   HIGHEST WIND DIRECTION    NW (310)
  HIGHEST GUST SPEED    MM   HIGHEST GUST DIRECTION    MM
  AVERAGE WIND SPEED     6.1


SKY COVER
  POSSIBLE SUNSHINE  MM
  AVERAGE SKY COVER 0.4


WEATHER CONDITIONS
 THE FOLLOWING WEATHER WAS RECORDED TODAY.
  LIGHT SNOW
  FOG


RELATIVE HUMIDITY (PERCENT)
 HIGHEST    80           100 AM
 LOWEST     49           200 PM
 AVERAGE    65

..........................................................


THE RIVERTON WY CLIMATE NORMALS FOR TOMORROW
                         NORMAL    RECORD    YEAR
 MAXIMUM TEMPERATURE (F)   34        57      1998
 MINIMUM TEMPERATURE (F)   10        -1      2009


SUNRISE AND SUNSET
DECEMBER  2 2016......SUNRISE   727 AM MST   SUNSET   440 PM MST
DECEMBER  3 2016......SUNRISE   728 AM MST   SUNSET   439 PM MST


-  INDICATES NEGATIVE NUMBERS.
R  INDICATES RECORD WAS SET OR TIED.
MM INDICATES DATA IS MISSING.
T  INDICATES TRACE AMOUNT.




$$
