000
CDUS45 KRIW 210732
CLIRIW


CLIMATE REPORT
NATIONAL WEATHER SERVICE RIVERTON WY
130 AM MDT SUN SEP 21 2014


...................................

...THE RIVERTON WY CLIMATE SUMMARY FOR SEPTEMBER 20 2014...

CLIMATE NORMAL PERIOD 1981 TO 2010
CLIMATE RECORD PERIOD 1995 TO 2014


WEATHER ITEM   OBSERVED TIME   RECORD YEAR NORMAL DEPARTURE LAST
                VALUE   (LST)  VALUE       VALUE  FROM      YEAR
                                                  NORMAL
..................................................................
TEMPERATURE (F)
 YESTERDAY
  MAXIMUM         78    331 PM  84    2005  70      8       70
  MINIMUM         47    602 AM  31    1995  43      4       37
  AVERAGE         63                        56      7       54

PRECIPITATION (IN)
  YESTERDAY        0.00          0.39 1998   0.04  -0.04     0.00
  MONTH TO DATE    0.17                      0.47  -0.30     1.56
  SINCE SEP 1      0.17                      0.47  -0.30     1.56
  SINCE JAN 1      5.54                      7.29  -1.75     5.62

SNOWFALL (IN)
  YESTERDAY        0.0                                       0.0
  MONTH TO DATE    0.3                                       0.0
  SINCE SEP 1      0.3                                       0.0
  SINCE JUL 1      0.3                                       0.0
  SNOW DEPTH       0

DEGREE DAYS
 HEATING
  YESTERDAY        2                         9     -7       11
  MONTH TO DATE  123                       113     10       67
  SINCE SEP 1    123                       113     10       67
  SINCE JUL 1    173                       151     22       67

 COOLING
  YESTERDAY        0                         0      0        0
  MONTH TO DATE   20                        24     -4       68
  SINCE SEP 1     20                        24     -4       68
  SINCE JAN 1    420                       492    -72      798
..................................................................


WIND (MPH)
  HIGHEST WIND SPEED    16   HIGHEST WIND DIRECTION     E (70)
  HIGHEST GUST SPEED    21   HIGHEST GUST DIRECTION    NE (60)
  AVERAGE WIND SPEED     8.8


SKY COVER
  POSSIBLE SUNSHINE  MM
  AVERAGE SKY COVER 0.1


WEATHER CONDITIONS
 THE FOLLOWING WEATHER WAS RECORDED YESTERDAY.
  NO SIGNIFICANT WEATHER WAS OBSERVED.


RELATIVE HUMIDITY (PERCENT)
 HIGHEST    77           600 AM
 LOWEST     24           400 PM
 AVERAGE    51

..........................................................


THE RIVERTON WY CLIMATE NORMALS FOR TODAY
                         NORMAL    RECORD    YEAR
 MAXIMUM TEMPERATURE (F)   70        84      2001
 MINIMUM TEMPERATURE (F)   42        26      1995


SUNRISE AND SUNSET
SEPTEMBER 21 2014.....SUNRISE   700 AM MDT   SUNSET   713 PM MDT
SEPTEMBER 22 2014.....SUNRISE   701 AM MDT   SUNSET   711 PM MDT


-  INDICATES NEGATIVE NUMBERS.
R  INDICATES RECORD WAS SET OR TIED.
MM INDICATES DATA IS MISSING.
T  INDICATES TRACE AMOUNT.




$$
