000
CDUS45 KRIW 310049
CLIRIW


CLIMATE REPORT
NATIONAL WEATHER SERVICE RIVERTON WY
648 PM MDT THU MAR 30 2017


...................................

...THE RIVERTON WY CLIMATE SUMMARY FOR MARCH 30 2017...
VALID TODAY AS OF 0500 PM LOCAL TIME.

CLIMATE NORMAL PERIOD 1981 TO 2010
CLIMATE RECORD PERIOD 1995 TO 2017


WEATHER ITEM   OBSERVED TIME   RECORD YEAR NORMAL DEPARTURE LAST
                VALUE   (LST)  VALUE       VALUE  FROM      YEAR
                                                  NORMAL
..................................................................
TEMPERATURE (F)
 TODAY
  MAXIMUM         60        MM  72    2012  52      8       39
  MINIMUM         43        MM  14    2009  28     15       31
  AVERAGE         52                        40     12       35

PRECIPITATION (IN)
  TODAY            0.00          0.45 2016   0.03  -0.03     0.45
  MONTH TO DATE    0.97                      0.52   0.45     2.09
  SINCE MAR 1      0.97                      0.52   0.45     2.09
  SINCE JAN 1      2.83                      1.03   1.80     2.77

SNOWFALL (IN)
  TODAY            0.0                                       6.6
  MONTH TO DATE    T                                        20.5
  SINCE MAR 1      T                                        20.5
  SINCE JUL 1     47.7                                      48.7
  SNOW DEPTH       0

DEGREE DAYS
 HEATING
  TODAY           13                        25    -12       30
  MONTH TO DATE  674                       892   -218      778
  SINCE MAR 1    674                       892   -218      778
  SINCE JUL 1   6548                      6746   -198     6099

 COOLING
  TODAY            0                         0      0        0
  MONTH TO DATE    0                         0      0        0
  SINCE MAR 1      0                         0      0        0
  SINCE JAN 1      0                         0      0        0
..................................................................


WIND (MPH)
  HIGHEST WIND SPEED    20   HIGHEST WIND DIRECTION    NW (310)
  HIGHEST GUST SPEED    MM   HIGHEST GUST DIRECTION    MM
  AVERAGE WIND SPEED     6.6


SKY COVER
  POSSIBLE SUNSHINE  MM
  AVERAGE SKY COVER 0.5


WEATHER CONDITIONS
 THE FOLLOWING WEATHER WAS RECORDED TODAY.
  NO SIGNIFICANT WEATHER WAS OBSERVED.


RELATIVE HUMIDITY (PERCENT)
 HIGHEST    70           400 AM
 LOWEST     36           300 PM
 AVERAGE    53

..........................................................


THE RIVERTON WY CLIMATE NORMALS FOR TOMORROW
                         NORMAL    RECORD    YEAR
 MAXIMUM TEMPERATURE (F)   52        76      2012
 MINIMUM TEMPERATURE (F)   28         6      2009


SUNRISE AND SUNSET
MARCH 30 2017.........SUNRISE   659 AM MDT   SUNSET   738 PM MDT
MARCH 31 2017.........SUNRISE   657 AM MDT   SUNSET   739 PM MDT


-  INDICATES NEGATIVE NUMBERS.
R  INDICATES RECORD WAS SET OR TIED.
MM INDICATES DATA IS MISSING.
T  INDICATES TRACE AMOUNT.




$$
