000
CDUS45 KRIW 280739
CLIRIW


CLIMATE REPORT
NATIONAL WEATHER SERVICE RIVERTON WY
129 AM MDT FRI AUG 28 2015


...................................

...THE RIVERTON WY CLIMATE SUMMARY FOR AUGUST 27 2015...

CLIMATE NORMAL PERIOD 1981 TO 2010
CLIMATE RECORD PERIOD 1995 TO 2015


WEATHER ITEM   OBSERVED TIME   RECORD YEAR NORMAL DEPARTURE LAST
                VALUE   (LST)  VALUE       VALUE  FROM      YEAR
                                                  NORMAL
..................................................................
TEMPERATURE (F)
 YESTERDAY
  MAXIMUM         78    208 PM  95    2011  82     -4       62
  MINIMUM         55   1159 PM  46    2008  52      3       54
  AVERAGE         67                        67      0       58

PRECIPITATION (IN)
  YESTERDAY        0.03          0.07 2014   0.02   0.01     0.07
  MONTH TO DATE    0.06                      0.49  -0.43     1.12
  SINCE JUN 1      1.95                      2.66  -0.71     3.02
  SINCE JAN 1      8.80                      6.74   2.06     5.34

SNOWFALL (IN)
  YESTERDAY        0.0                                       0.0
  MONTH TO DATE    0.0                                       0.0
  SINCE JUN 1      T                                         0.0
  SINCE JUL 1      0.0                                       0.0
  SNOW DEPTH       0

DEGREE DAYS
 HEATING
  YESTERDAY        0                         2     -2        7
  MONTH TO DATE   25                        18      7       39
  SINCE JUN 1     58                       149    -91      169
  SINCE JUL 1     35                        30      5       43

 COOLING
  YESTERDAY        2                         3     -1        0
  MONTH TO DATE  165                       162      3      118
  SINCE JUN 1    450                       448      2      379
  SINCE JAN 1    450                       457     -7      394
..................................................................


WIND (MPH)
  HIGHEST WIND SPEED    30   HIGHEST WIND DIRECTION    NW (310)
  HIGHEST GUST SPEED    37   HIGHEST GUST DIRECTION    NW (320)
  AVERAGE WIND SPEED     8.7


SKY COVER
  POSSIBLE SUNSHINE  MM
  AVERAGE SKY COVER 0.5


WEATHER CONDITIONS
 THE FOLLOWING WEATHER WAS RECORDED YESTERDAY.
  THUNDERSTORM
  LIGHT RAIN
  HAZE


RELATIVE HUMIDITY (PERCENT)
 HIGHEST    80           400 AM
 LOWEST     36           600 PM
 AVERAGE    58

..........................................................


THE RIVERTON WY CLIMATE NORMALS FOR TODAY
                         NORMAL    RECORD    YEAR
 MAXIMUM TEMPERATURE (F)   81        94      2012
 MINIMUM TEMPERATURE (F)   51        43      2004


SUNRISE AND SUNSET
AUGUST 28 2015........SUNRISE   634 AM MDT   SUNSET   756 PM MDT
AUGUST 29 2015........SUNRISE   635 AM MDT   SUNSET   754 PM MDT


-  INDICATES NEGATIVE NUMBERS.
R  INDICATES RECORD WAS SET OR TIED.
MM INDICATES DATA IS MISSING.
T  INDICATES TRACE AMOUNT.




$$
