000
CDUS45 KRIW 220739
CLIRIW


CLIMATE REPORT
NATIONAL WEATHER SERVICE RIVERTON WY
129 AM MDT FRI AUG 22 2014


...................................

...THE RIVERTON WY CLIMATE SUMMARY FOR AUGUST 21 2014...

CLIMATE NORMAL PERIOD 1981 TO 2010
CLIMATE RECORD PERIOD 1995 TO 2014


WEATHER ITEM   OBSERVED TIME   RECORD YEAR NORMAL DEPARTURE LAST
                VALUE   (LST)  VALUE       VALUE  FROM      YEAR
                                                  NORMAL
..................................................................
TEMPERATURE (F)
 YESTERDAY
  MAXIMUM         78    154 PM  94    2010  84     -6       84
  MINIMUM         56    543 AM  48    2000  53      3       64
  AVERAGE         67                        69     -2       74

PRECIPITATION (IN)
  YESTERDAY        0.00          0.02 1998   0.02  -0.02      T
  MONTH TO DATE    0.81                      0.38   0.43     0.02
  SINCE JUN 1      2.71                      2.55   0.16     0.61
  SINCE JAN 1      5.03                      6.63  -1.60     4.05

SNOWFALL (IN)
  YESTERDAY        0.0                                       0.0
  MONTH TO DATE    0.0                                       0.0
  SINCE JUN 1      0.0                                       0.0
  SINCE JUL 1      0.0                                       0.0
  SNOW DEPTH       0

DEGREE DAYS
 HEATING
  YESTERDAY        0                         1     -1        0
  MONTH TO DATE    0                        11    -11        0
  SINCE JUN 1    130                       142    -12       52
  SINCE JUL 1      4                        23    -19        0

 COOLING
  YESTERDAY        2                         5     -3        9
  MONTH TO DATE  118                       140    -22      182
  SINCE JUN 1    379                       426    -47      626
  SINCE JAN 1    394                       435    -41      639
..................................................................


WIND (MPH)
  HIGHEST WIND SPEED    21   HIGHEST WIND DIRECTION     W (290)
  HIGHEST GUST SPEED    26   HIGHEST GUST DIRECTION     W (280)
  AVERAGE WIND SPEED     8.0


SKY COVER
  POSSIBLE SUNSHINE  MM
  AVERAGE SKY COVER 0.4


WEATHER CONDITIONS
 THE FOLLOWING WEATHER WAS RECORDED YESTERDAY.
  NO SIGNIFICANT WEATHER WAS OBSERVED.


RELATIVE HUMIDITY (PERCENT)
 HIGHEST    60          1100 PM
 LOWEST     28           200 PM
 AVERAGE    44

..........................................................


THE RIVERTON WY CLIMATE NORMALS FOR TODAY
                         NORMAL    RECORD    YEAR
 MAXIMUM TEMPERATURE (F)   84        96      2009
 MINIMUM TEMPERATURE (F)   53        48      2008


SUNRISE AND SUNSET
AUGUST 22 2014........SUNRISE   627 AM MDT   SUNSET   805 PM MDT
AUGUST 23 2014........SUNRISE   628 AM MDT   SUNSET   804 PM MDT


-  INDICATES NEGATIVE NUMBERS.
R  INDICATES RECORD WAS SET OR TIED.
MM INDICATES DATA IS MISSING.
T  INDICATES TRACE AMOUNT.




$$
