000
CDUS45 KRIW 200048
CLIRIW


CLIMATE REPORT
NATIONAL WEATHER SERVICE RIVERTON WY
647 PM MDT SAT AUG 19 2017


...................................

...THE RIVERTON WY CLIMATE SUMMARY FOR AUGUST 19 2017...
VALID TODAY AS OF 0500 PM LOCAL TIME.

CLIMATE NORMAL PERIOD 1981 TO 2010
CLIMATE RECORD PERIOD 1995 TO 2017


WEATHER ITEM   OBSERVED TIME   RECORD YEAR NORMAL DEPARTURE LAST
                VALUE   (LST)  VALUE       VALUE  FROM      YEAR
                                                  NORMAL
..................................................................
TEMPERATURE (F)
 TODAY
  MAXIMUM         90        MM  96    2013  85      5       56
  MINIMUM         60        MM  43    2002  54      6       46
  AVERAGE         75                        69      6       51

PRECIPITATION (IN)
  TODAY            0.00          T    1999   0.02  -0.02     0.04
                                      1998
  MONTH TO DATE    0.92                      0.35   0.57     0.26
  SINCE JUN 1      1.27                      2.52  -1.25     0.65
  SINCE JAN 1     11.43                      6.60   4.83     9.54

SNOWFALL (IN)
  TODAY            0.0                                       0.0
  MONTH TO DATE    0.0                                       0.0
  SINCE JUN 1      0.0                                       0.0
  SINCE JUL 1      0.0                                       0.0
  SNOW DEPTH       0

DEGREE DAYS
 HEATING
  TODAY            0                         1     -1       14
  MONTH TO DATE    7                         9     -2       16
  SINCE JUN 1     76                       140    -64       36
  SINCE JUL 1      7                        21    -14       20

 COOLING
  TODAY           10                         5      5        0
  MONTH TO DATE   61                       130    -69      119
  SINCE JUN 1    408                       416     -8      536
  SINCE JAN 1    408                       425    -17      536
..................................................................


WIND (MPH)
  HIGHEST WIND SPEED    18   HIGHEST WIND DIRECTION    NW (300)
  HIGHEST GUST SPEED    35   HIGHEST GUST DIRECTION     W (290)
  AVERAGE WIND SPEED    10.6


SKY COVER
  POSSIBLE SUNSHINE  MM
  AVERAGE SKY COVER 0.0


WEATHER CONDITIONS
 THE FOLLOWING WEATHER WAS RECORDED TODAY.
  NO SIGNIFICANT WEATHER WAS OBSERVED.


RELATIVE HUMIDITY (PERCENT)
 HIGHEST    32           300 AM
 LOWEST      6           400 PM
 AVERAGE    19

..........................................................


THE RIVERTON WY CLIMATE NORMALS FOR TOMORROW
                         NORMAL    RECORD    YEAR
 MAXIMUM TEMPERATURE (F)   84        93      2003
 MINIMUM TEMPERATURE (F)   54        39      2016


SUNRISE AND SUNSET
AUGUST 19 2017........SUNRISE   624 AM MDT   SUNSET   809 PM MDT
AUGUST 20 2017........SUNRISE   625 AM MDT   SUNSET   808 PM MDT


-  INDICATES NEGATIVE NUMBERS.
R  INDICATES RECORD WAS SET OR TIED.
MM INDICATES DATA IS MISSING.
T  INDICATES TRACE AMOUNT.




$$
