000
CDUS45 KRIW 290034
CLIRIW


CLIMATE REPORT
NATIONAL WEATHER SERVICE RIVERTON WY
634 PM MDT TUE JUL 28 2015


...................................

...THE RIVERTON WY CLIMATE SUMMARY FOR JULY 28 2015...
VALID TODAY AS OF 0500 PM LOCAL TIME.

CLIMATE NORMAL PERIOD 1981 TO 2010
CLIMATE RECORD PERIOD 1995 TO 2015


WEATHER ITEM   OBSERVED TIME   RECORD YEAR NORMAL DEPARTURE LAST
                VALUE   (LST)  VALUE       VALUE  FROM      YEAR
                                                  NORMAL
..................................................................
TEMPERATURE (F)
 TODAY
  MAXIMUM         76        MM  98    2006  89    -13       92
  MINIMUM         47R   400 AM  50    2002  58    -11       55
  AVERAGE         62                        73    -11       74

PRECIPITATION (IN)
  TODAY            0.00          0.26 2013   0.02  -0.02     0.00
  MONTH TO DATE    1.10                      0.82   0.28     0.47
  SINCE JUN 1      1.89                      2.10  -0.21     1.59
  SINCE JAN 1      8.74                      6.18   2.56     3.91

SNOWFALL (IN)
  TODAY            0.0                                       0.0
  MONTH TO DATE    0.0                                       0.0
  SINCE JUN 1      T                                         0.0
  SINCE JUL 1      0.0                                       0.0
  SNOW DEPTH       0

DEGREE DAYS
 HEATING
  TODAY            3                         0      3        0
  MONTH TO DATE    9                         8      1        4
  SINCE JUN 1     32                       127    -95      130
  SINCE JUL 1      9                         8      1        4

 COOLING
  TODAY            0                         8     -8        9
  MONTH TO DATE  142                       194    -52      233
  SINCE JUN 1    273                       260     13      256
  SINCE JAN 1    273                       269      4      271
..................................................................


WIND (MPH)
  HIGHEST WIND SPEED    27   HIGHEST WIND DIRECTION     W (290)
  HIGHEST GUST SPEED    36   HIGHEST GUST DIRECTION    NW (300)
  AVERAGE WIND SPEED    17.3


SKY COVER
  POSSIBLE SUNSHINE  MM
  AVERAGE SKY COVER 0.0


WEATHER CONDITIONS
 THE FOLLOWING WEATHER WAS RECORDED TODAY.
  NO SIGNIFICANT WEATHER WAS OBSERVED.


RELATIVE HUMIDITY (PERCENT)
 HIGHEST    53           400 AM
 LOWEST     10           400 PM
 AVERAGE    32

..........................................................


THE RIVERTON WY CLIMATE NORMALS FOR TOMORROW
                         NORMAL    RECORD    YEAR
 MAXIMUM TEMPERATURE (F)   89       101      2006
 MINIMUM TEMPERATURE (F)   57        50      2004


SUNRISE AND SUNSET
JULY 28 2015..........SUNRISE   600 AM MDT   SUNSET   840 PM MDT
JULY 29 2015..........SUNRISE   601 AM MDT   SUNSET   839 PM MDT


-  INDICATES NEGATIVE NUMBERS.
R  INDICATES RECORD WAS SET OR TIED.
MM INDICATES DATA IS MISSING.
T  INDICATES TRACE AMOUNT.




$$
