000
CDUS45 KRIW 280744
CLIRIW


CLIMATE REPORT
NATIONAL WEATHER SERVICE RIVERTON WY
1238 AM MST FRI NOV 28 2014


...................................

...THE RIVERTON WY CLIMATE SUMMARY FOR NOVEMBER 27 2014...

CLIMATE NORMAL PERIOD 1981 TO 2010
CLIMATE RECORD PERIOD 1995 TO 2014


WEATHER ITEM   OBSERVED TIME   RECORD YEAR NORMAL DEPARTURE LAST
                VALUE   (LST)  VALUE       VALUE  FROM      YEAR
                                                  NORMAL
..................................................................
TEMPERATURE (F)
 YESTERDAY
  MAXIMUM         58R   301 PM  53    1998  36     22       39
  MINIMUM         30    737 AM   3    2002  13     17       21
  AVERAGE         44                        24     20       30

PRECIPITATION (IN)
  YESTERDAY        0.00          0.09 2004   0.02  -0.02     0.00
  MONTH TO DATE    0.41                      0.46  -0.05     0.03
  SINCE SEP 1      1.38                      2.25  -0.87     4.98
  SINCE JAN 1      6.75                      9.07  -2.32     9.04

SNOWFALL (IN)
  YESTERDAY        0.0                                       0.0
  MONTH TO DATE    5.1                                       1.5
  SINCE SEP 1      5.4                                      26.3
  SINCE JUL 1      5.4                                      26.3
  SNOW DEPTH       T

DEGREE DAYS
 HEATING
  YESTERDAY       21                        41    -20       35
  MONTH TO DATE 1023                       913    110      856
  SINCE SEP 1   1649                      1755   -106     1802
  SINCE JUL 1   1699                      1793    -94     1802

 COOLING
  YESTERDAY        0                         0      0        0
  MONTH TO DATE    0                         0      0        0
  SINCE SEP 1     31                        26      5       68
  SINCE JAN 1    431                       494    -63      798
..................................................................


WIND (MPH)
  HIGHEST WIND SPEED    16   HIGHEST WIND DIRECTION     W (270)
  HIGHEST GUST SPEED    19   HIGHEST GUST DIRECTION     W (280)
  AVERAGE WIND SPEED     5.5


SKY COVER
  POSSIBLE SUNSHINE  MM
  AVERAGE SKY COVER 0.0


WEATHER CONDITIONS
 THE FOLLOWING WEATHER WAS RECORDED YESTERDAY.
  NO SIGNIFICANT WEATHER WAS OBSERVED.


RELATIVE HUMIDITY (PERCENT)
 HIGHEST    78           400 AM
 LOWEST     33           300 PM
 AVERAGE    56

..........................................................


THE RIVERTON WY CLIMATE NORMALS FOR TODAY
                         NORMAL    RECORD    YEAR
 MAXIMUM TEMPERATURE (F)   35        54      1998
 MINIMUM TEMPERATURE (F)   13         1      2001


SUNRISE AND SUNSET
NOVEMBER 28 2014......SUNRISE   722 AM MST   SUNSET   441 PM MST
NOVEMBER 29 2014......SUNRISE   723 AM MST   SUNSET   441 PM MST


-  INDICATES NEGATIVE NUMBERS.
R  INDICATES RECORD WAS SET OR TIED.
MM INDICATES DATA IS MISSING.
T  INDICATES TRACE AMOUNT.




$$
