000
CDUS45 KRIW 300108
CLIRKS


CLIMATE REPORT
NATIONAL WEATHER SERVICE RIVERTON WY
705 PM MDT THU SEP 29 2016


...................................

...THE ROCK SPRINGS WY CLIMATE SUMMARY FOR SEPTEMBER 29 2016...
VALID TODAY AS OF 0500 PM LOCAL TIME.

CLIMATE NORMAL PERIOD 1981 TO 2010
CLIMATE RECORD PERIOD 1948 TO 2016


WEATHER ITEM   OBSERVED TIME   RECORD YEAR NORMAL DEPARTURE LAST
                VALUE   (LST)  VALUE       VALUE  FROM      YEAR
                                                  NORMAL
..................................................................
TEMPERATURE (F)
 TODAY
  MAXIMUM         67        MM  82    1969  64      3       77
  MINIMUM         51        MM  18    1985  38     13       48
  AVERAGE         59                        51      8       63

PRECIPITATION (IN)
  TODAY            T                         0.03  -0.03     0.00
  MONTH TO DATE    1.59                      0.89   0.70     0.58
  SINCE SEP 1      1.59                      0.89   0.70     0.58
  SINCE JAN 1      6.76                      6.67   0.09     8.26

DEGREE DAYS
 HEATING
  TODAY            6                        14     -8        2
  MONTH TO DATE  232                       249    -17      106
  SINCE SEP 1    232                       249    -17      106
  SINCE JUL 1    291                       313    -22      161

 COOLING
  TODAY            0                         0      0        0
  MONTH TO DATE   12                         7      5       16
  SINCE SEP 1     12                         7      5       16
  SINCE JAN 1    354                       284     70      268
..................................................................


WIND (MPH)
  HIGHEST WIND SPEED    28   HIGHEST WIND DIRECTION     S (180)
  HIGHEST GUST SPEED    35   HIGHEST GUST DIRECTION     S (180)
  AVERAGE WIND SPEED    12.2


SKY COVER
  POSSIBLE SUNSHINE  MM
  AVERAGE SKY COVER 0.6


WEATHER CONDITIONS
 THE FOLLOWING WEATHER WAS RECORDED TODAY.
  LIGHT RAIN
  HAZE


RELATIVE HUMIDITY (PERCENT)
 HIGHEST    72           900 AM
 LOWEST     43          1200 AM
 AVERAGE    58

..........................................................


THE ROCK SPRINGS WY CLIMATE NORMALS FOR TOMORROW
                         NORMAL    RECORD    YEAR
 MAXIMUM TEMPERATURE (F)   64        80      1980
 MINIMUM TEMPERATURE (F)   37        15      1985


SUNRISE AND SUNSET
SEPTEMBER 29 2016.....SUNRISE   712 AM MDT   SUNSET   700 PM MDT
SEPTEMBER 30 2016.....SUNRISE   713 AM MDT   SUNSET   659 PM MDT


-  INDICATES NEGATIVE NUMBERS.
R  INDICATES RECORD WAS SET OR TIED.
MM INDICATES DATA IS MISSING.
T  INDICATES TRACE AMOUNT.




$$
