000
CDUS45 KRIW 280034
CLIRKS


CLIMATE REPORT
NATIONAL WEATHER SERVICE RIVERTON WY
534 PM MST THU NOV 27 2014


...................................

...THE ROCK SPRINGS WY CLIMATE SUMMARY FOR NOVEMBER 27 2014...
VALID TODAY AS OF 0500 PM LOCAL TIME.

CLIMATE NORMAL PERIOD 1981 TO 2010
CLIMATE RECORD PERIOD 1948 TO 2014


WEATHER ITEM   OBSERVED TIME   RECORD YEAR NORMAL DEPARTURE LAST
                VALUE   (LST)  VALUE       VALUE  FROM      YEAR
                                                  NORMAL
..................................................................
TEMPERATURE (F)
 TODAY
  MAXIMUM         50        MM  60    1998  34     16       46
  MINIMUM         33        MM -13    1976  16     17       23
  AVERAGE         42                        25     17       35

PRECIPITATION (IN)
  TODAY            0.00                      0.02  -0.02     0.00
  MONTH TO DATE    0.10                      0.45  -0.35     0.03
  SINCE SEP 1      1.62                      2.24  -0.62     2.26
  SINCE JAN 1      4.10                      8.02  -3.92     4.46

DEGREE DAYS
 HEATING
  TODAY           23                        40    -17       30
  MONTH TO DATE  953                       903     50      872
  SINCE SEP 1   1646                      1806   -160     1812
  SINCE JUL 1   1737                      1870   -133     1813

 COOLING
  TODAY            0                         0      0        0
  MONTH TO DATE    0                         0      0        0
  SINCE SEP 1      8                         9     -1       44
  SINCE JAN 1    307                       286     21      517
..................................................................


WIND (MPH)
  HIGHEST WIND SPEED    22   HIGHEST WIND DIRECTION     W (260)
  HIGHEST GUST SPEED    MM   HIGHEST GUST DIRECTION    MM
  AVERAGE WIND SPEED     8.7


SKY COVER
  POSSIBLE SUNSHINE  MM
  AVERAGE SKY COVER 0.1


WEATHER CONDITIONS
 THE FOLLOWING WEATHER WAS RECORDED TODAY.
  NO SIGNIFICANT WEATHER WAS OBSERVED.


RELATIVE HUMIDITY (PERCENT)
 HIGHEST    56           100 AM
 LOWEST     34           100 PM
 AVERAGE    45

..........................................................


THE ROCK SPRINGS WY CLIMATE NORMALS FOR TOMORROW
                         NORMAL    RECORD    YEAR
 MAXIMUM TEMPERATURE (F)   34        53      1986
 MINIMUM TEMPERATURE (F)   16        -8      1976


SUNRISE AND SUNSET
NOVEMBER 27 2014......SUNRISE   719 AM MST   SUNSET   448 PM MST
NOVEMBER 28 2014......SUNRISE   720 AM MST   SUNSET   448 PM MST


-  INDICATES NEGATIVE NUMBERS.
R  INDICATES RECORD WAS SET OR TIED.
MM INDICATES DATA IS MISSING.
T  INDICATES TRACE AMOUNT.




$$
