000
CDUS45 KRIW 240746
CLIRKS


CLIMATE REPORT
NATIONAL WEATHER SERVICE RIVERTON WY
130 AM MDT WED AUG 24 2016


...................................

...THE ROCK SPRINGS WY CLIMATE SUMMARY FOR AUGUST 23 2016...

CLIMATE NORMAL PERIOD 1981 TO 2010
CLIMATE RECORD PERIOD 1948 TO 2016


WEATHER ITEM   OBSERVED TIME   RECORD YEAR NORMAL DEPARTURE LAST
                VALUE   (LST)  VALUE       VALUE  FROM      YEAR
                                                  NORMAL
..................................................................
TEMPERATURE (F)
 YESTERDAY
  MAXIMUM         80    251 PM  90    2011  80      0       82
  MINIMUM         51    557 AM  36    1960  51      0       43
  AVERAGE         66                        65      1       63

PRECIPITATION (IN)
  YESTERDAY        0.00          0.20 2013   0.02  -0.02     0.00
  MONTH TO DATE    0.20                      0.45  -0.25     0.17
  SINCE JUN 1      0.71                      1.88  -1.17     3.40
  SINCE JAN 1      5.17                      5.61  -0.44     7.48

DEGREE DAYS
 HEATING
  YESTERDAY        0                         2     -2        2
  MONTH TO DATE   28                        19      9       28
  SINCE JUN 1     80                       210   -130      103
  SINCE JUL 1     41                        43     -2       54

 COOLING
  YESTERDAY        1                         2     -1        0
  MONTH TO DATE   76                        85     -9       57
  SINCE JUN 1    331                       264     67      226
  SINCE JAN 1    331                       265     66      226
..................................................................


WIND (MPH)
  HIGHEST WIND SPEED    31   HIGHEST WIND DIRECTION     W (270)
  HIGHEST GUST SPEED    38   HIGHEST GUST DIRECTION     W (260)
  AVERAGE WIND SPEED    11.5


SKY COVER
  POSSIBLE SUNSHINE  MM
  AVERAGE SKY COVER 0.1


WEATHER CONDITIONS
 THE FOLLOWING WEATHER WAS RECORDED YESTERDAY.
  NO SIGNIFICANT WEATHER WAS OBSERVED.


RELATIVE HUMIDITY (PERCENT)
 HIGHEST    22           600 AM
 LOWEST      9           100 PM
 AVERAGE    16

..........................................................


THE ROCK SPRINGS WY CLIMATE NORMALS FOR TODAY
                         NORMAL    RECORD    YEAR
 MAXIMUM TEMPERATURE (F)   80        92      2011
 MINIMUM TEMPERATURE (F)   51        35      1968


SUNRISE AND SUNSET
AUGUST 24 2016........SUNRISE   635 AM MDT   SUNSET   801 PM MDT
AUGUST 25 2016........SUNRISE   636 AM MDT   SUNSET   800 PM MDT


-  INDICATES NEGATIVE NUMBERS.
R  INDICATES RECORD WAS SET OR TIED.
MM INDICATES DATA IS MISSING.
T  INDICATES TRACE AMOUNT.




$$
