000
CDUS45 KRIW 310743
CLIRKS


CLIMATE REPORT
NATIONAL WEATHER SERVICE RIVERTON WY
128 AM MDT TUE MAY 31 2016


...................................

...THE ROCK SPRINGS WY CLIMATE SUMMARY FOR MAY 30 2016...

CLIMATE NORMAL PERIOD 1981 TO 2010
CLIMATE RECORD PERIOD 1948 TO 2016


WEATHER ITEM   OBSERVED TIME   RECORD YEAR NORMAL DEPARTURE LAST
                VALUE   (LST)  VALUE       VALUE  FROM      YEAR
                                                  NORMAL
..................................................................
TEMPERATURE (F)
 YESTERDAY
  MAXIMUM         68    333 PM  87    2002  69     -1       73
  MINIMUM         41    243 AM  29    1979  42     -1       43
  AVERAGE         55                        55      0       58

PRECIPITATION (IN)
  YESTERDAY        T             1.70 1971   0.04  -0.04      T
  MONTH TO DATE    2.20                      1.17   1.03     3.10
  SINCE MAR 1      4.24                      2.76   1.48     3.99
  SINCE JAN 1      4.46                      3.69   0.77     4.08

DEGREE DAYS
 HEATING
  YESTERDAY       10                        10      0        7
  MONTH TO DATE  498                       433     65      507
  SINCE MAR 1   2056                      2113    -57     1952
  SINCE JUL 1   7573                      7965   -392     7065

 COOLING
  YESTERDAY        0                         0      0        0
  MONTH TO DATE    0                         0      0        0
  SINCE MAR 1      0                         0      0        0
  SINCE JAN 1      0                         0      0        0
..................................................................


WIND (MPH)
  HIGHEST WIND SPEED    29   HIGHEST WIND DIRECTION     W (290)
  HIGHEST GUST SPEED    38   HIGHEST GUST DIRECTION     W (290)
  AVERAGE WIND SPEED    13.1


SKY COVER
  POSSIBLE SUNSHINE  MM
  AVERAGE SKY COVER 0.1


WEATHER CONDITIONS
 THE FOLLOWING WEATHER WAS RECORDED YESTERDAY.
  NO SIGNIFICANT WEATHER WAS OBSERVED.


RELATIVE HUMIDITY (PERCENT)
 HIGHEST    83           400 AM
 LOWEST     20           400 PM
 AVERAGE    52

..........................................................


THE ROCK SPRINGS WY CLIMATE NORMALS FOR TODAY
                         NORMAL    RECORD    YEAR
 MAXIMUM TEMPERATURE (F)   69        90      2002
 MINIMUM TEMPERATURE (F)   42        26      1978


SUNRISE AND SUNSET
MAY 31 2016...........SUNRISE   545 AM MDT   SUNSET   844 PM MDT
JUNE  1 2016..........SUNRISE   544 AM MDT   SUNSET   845 PM MDT


-  INDICATES NEGATIVE NUMBERS.
R  INDICATES RECORD WAS SET OR TIED.
MM INDICATES DATA IS MISSING.
T  INDICATES TRACE AMOUNT.




$$
