000
CDUS45 KRIW 080735
CLIRKS


CLIMATE REPORT
NATIONAL WEATHER SERVICE RIVERTON WY
1233 AM MST MON FEB 8 2016


...................................

...THE ROCK SPRINGS WY CLIMATE SUMMARY FOR FEBRUARY 7 2016...

CLIMATE NORMAL PERIOD 1981 TO 2010
CLIMATE RECORD PERIOD 1948 TO 2016


WEATHER ITEM   OBSERVED TIME   RECORD YEAR NORMAL DEPARTURE LAST
                VALUE   (LST)  VALUE       VALUE  FROM      YEAR
                                                  NORMAL
..................................................................
TEMPERATURE (F)
 YESTERDAY
  MAXIMUM         33    343 PM  55    2015  31      2       55
  MINIMUM         23    621 AM -29    1989  13     10       34
  AVERAGE         28                        22      6       45

PRECIPITATION (IN)
  YESTERDAY        0.00          0.58 2001   0.01  -0.01     0.00
  MONTH TO DATE    0.01                      0.12  -0.11     0.05
  SINCE DEC 1      0.08                      1.07  -0.99     0.17
  SINCE JAN 1      0.04                      0.57  -0.53     0.06

DEGREE DAYS
 HEATING
  YESTERDAY       37                        43     -6       20
  MONTH TO DATE  336                       301     35      182
  SINCE DEC 1   3175                      3012    163     2544
  SINCE JUL 1   4841                      5005   -164     4360

 COOLING
  YESTERDAY        0                         0      0        0
  MONTH TO DATE    0                         0      0        0
  SINCE DEC 1      0                         0      0        0
  SINCE JAN 1      0                         0      0        0
..................................................................


WIND (MPH)
  HIGHEST WIND SPEED    38   HIGHEST WIND DIRECTION     W (270)
  HIGHEST GUST SPEED    44   HIGHEST GUST DIRECTION     W (270)
  AVERAGE WIND SPEED    25.5


SKY COVER
  POSSIBLE SUNSHINE  MM
  AVERAGE SKY COVER 0.0


WEATHER CONDITIONS
 THE FOLLOWING WEATHER WAS RECORDED YESTERDAY.
  NO SIGNIFICANT WEATHER WAS OBSERVED.


RELATIVE HUMIDITY (PERCENT)
 HIGHEST    75           900 AM
 LOWEST     58           100 AM
 AVERAGE    67

..........................................................


THE ROCK SPRINGS WY CLIMATE NORMALS FOR TODAY
                         NORMAL    RECORD    YEAR
 MAXIMUM TEMPERATURE (F)   31        50      2015
                                             1954
 MINIMUM TEMPERATURE (F)   13       -25      1989


SUNRISE AND SUNSET
FEBRUARY  8 2016......SUNRISE   721 AM MST   SUNSET   540 PM MST
FEBRUARY  9 2016......SUNRISE   720 AM MST   SUNSET   542 PM MST


-  INDICATES NEGATIVE NUMBERS.
R  INDICATES RECORD WAS SET OR TIED.
MM INDICATES DATA IS MISSING.
T  INDICATES TRACE AMOUNT.




$$
