000
CDUS45 KRIW 010737
CLIRKS


CLIMATE REPORT
NATIONAL WEATHER SERVICE RIVERTON WY
1234 AM MST SUN FEB 1 2015


...................................

...THE ROCK SPRINGS WY CLIMATE SUMMARY FOR JANUARY 31 2015...

CLIMATE NORMAL PERIOD 1981 TO 2010
CLIMATE RECORD PERIOD 1948 TO 2015


WEATHER ITEM   OBSERVED TIME   RECORD YEAR NORMAL DEPARTURE LAST
                VALUE   (LST)  VALUE       VALUE  FROM      YEAR
                                                  NORMAL
..................................................................
TEMPERATURE (F)
 YESTERDAY
  MAXIMUM         41    418 PM  53    2003  31     10       29
                                      1971
  MINIMUM         20   1157 PM -22    1985  12      8       14
  AVERAGE         31                        22      9       22

PRECIPITATION (IN)
  YESTERDAY        T             0.14 1981   0.02  -0.02     0.00
  MONTH TO DATE    0.01                      0.45  -0.44     0.07
  SINCE DEC 1      0.12                      0.95  -0.83     0.25
  SINCE JAN 1      0.01                      0.45  -0.44     0.07

DEGREE DAYS
 HEATING
  YESTERDAY       34                        43     -9       43
  MONTH TO DATE 1106                      1358   -252     1187
  SINCE DEC 1   2362                      2711   -349     2485
  SINCE JUL 1   4178                      4704   -526     4393

 COOLING
  YESTERDAY        0                         0      0        0
  MONTH TO DATE    0                         0      0        0
  SINCE DEC 1      0                         0      0        0
  SINCE JAN 1      0                         0      0        0
..................................................................


WIND (MPH)
  HIGHEST WIND SPEED    28   HIGHEST WIND DIRECTION     W (250)
  HIGHEST GUST SPEED    35   HIGHEST GUST DIRECTION    NW (300)
  AVERAGE WIND SPEED    13.1


SKY COVER
  POSSIBLE SUNSHINE  MM
  AVERAGE SKY COVER 0.4


WEATHER CONDITIONS
 THE FOLLOWING WEATHER WAS RECORDED YESTERDAY.
  LIGHT SNOW
  FOG


RELATIVE HUMIDITY (PERCENT)
 HIGHEST   100           300 AM
 LOWEST     26           800 PM
 AVERAGE    63

..........................................................


THE ROCK SPRINGS WY CLIMATE NORMALS FOR TODAY
                         NORMAL    RECORD    YEAR
 MAXIMUM TEMPERATURE (F)   31        58      2003
 MINIMUM TEMPERATURE (F)   13       -25      1985


SUNRISE AND SUNSET
FEBRUARY  1 2015......SUNRISE   728 AM MST   SUNSET   532 PM MST
FEBRUARY  2 2015......SUNRISE   727 AM MST   SUNSET   533 PM MST


-  INDICATES NEGATIVE NUMBERS.
R  INDICATES RECORD WAS SET OR TIED.
MM INDICATES DATA IS MISSING.
T  INDICATES TRACE AMOUNT.




$$
