000
CDUS45 KRIW 300738
CLIRKS


CLIMATE REPORT
NATIONAL WEATHER SERVICE RIVERTON WY
138 AM MDT THU JUL 30 2015


...................................

...THE ROCK SPRINGS WY CLIMATE SUMMARY FOR JULY 29 2015...

CLIMATE NORMAL PERIOD 1981 TO 2010
CLIMATE RECORD PERIOD 1948 TO 2015


WEATHER ITEM   OBSERVED TIME   RECORD YEAR NORMAL DEPARTURE LAST
                VALUE   (LST)  VALUE       VALUE  FROM      YEAR
                                                  NORMAL
..................................................................
TEMPERATURE (F)
 YESTERDAY
  MAXIMUM         78    514 PM  95    2006  85     -7       69
  MINIMUM         43    524 AM  42    1971  55    -12       56
  AVERAGE         61                        70     -9       63

PRECIPITATION (IN)
  YESTERDAY        0.00          0.37 1950   0.03  -0.03     0.12
  MONTH TO DATE    2.12                      0.60   1.52     0.24
  SINCE JUN 1      3.23                      1.39   1.84     0.53
  SINCE JAN 1      7.31                      5.12   2.19     1.84

DEGREE DAYS
 HEATING
  YESTERDAY        4                         0      4        2
  MONTH TO DATE   26                        19      7        5
  SINCE JUN 1     75                       186   -111      152
  SINCE JUL 1     26                        19      7        5

 COOLING
  YESTERDAY        0                         5     -5        0
  MONTH TO DATE   76                       130    -54      205
  SINCE JUN 1    164                       165     -1      222
  SINCE JAN 1    164                       166     -2      229
..................................................................


WIND (MPH)
  HIGHEST WIND SPEED    16   HIGHEST WIND DIRECTION     W (250)
  HIGHEST GUST SPEED    21   HIGHEST GUST DIRECTION     W (260)
  AVERAGE WIND SPEED     5.0


SKY COVER
  POSSIBLE SUNSHINE  MM
  AVERAGE SKY COVER 0.0


WEATHER CONDITIONS
 THE FOLLOWING WEATHER WAS RECORDED YESTERDAY.
  NO SIGNIFICANT WEATHER WAS OBSERVED.


RELATIVE HUMIDITY (PERCENT)
 HIGHEST    41           600 AM
 LOWEST      7           600 PM
 AVERAGE    24

..........................................................


THE ROCK SPRINGS WY CLIMATE NORMALS FOR TODAY
                         NORMAL    RECORD    YEAR
 MAXIMUM TEMPERATURE (F)   85        95      1966
 MINIMUM TEMPERATURE (F)   55        40      1950


SUNRISE AND SUNSET
JULY 30 2015..........SUNRISE   609 AM MDT   SUNSET   836 PM MDT
JULY 31 2015..........SUNRISE   610 AM MDT   SUNSET   835 PM MDT


-  INDICATES NEGATIVE NUMBERS.
R  INDICATES RECORD WAS SET OR TIED.
MM INDICATES DATA IS MISSING.
T  INDICATES TRACE AMOUNT.




$$
