774
CDUS42 KFFC 100920
CLIRMG


CLIMATE REPORT
NATIONAL WEATHER SERVICE PEACHTREE CITY GA
419 AM EST WED FEB 10 2016


...................................

...THE ROME  CLIMATE SUMMARY FOR FEBRUARY 9 2016...

CLIMATE NORMAL PERIOD 1981 TO 2010
CLIMATE RECORD PERIOD 9999 TO 9999


WEATHER ITEM   OBSERVED TIME   RECORD YEAR NORMAL DEPARTURE LAST
                VALUE   (LST)  VALUE       VALUE  FROM      YEAR
                                                  NORMAL
..................................................................
TEMPERATURE (F)
 YESTERDAY
  MAXIMUM         37   1212 AM  MM      MM  54    -17       68
  MINIMUM         26   1124 PM  MM      MM  32     -6       41
  AVERAGE         32                        43    -11       55

PRECIPITATION (IN)
  YESTERDAY        0.04         MM      MM   0.15  -0.11     0.01
  MONTH TO DATE    1.62                      1.47   0.15     0.97
  SINCE DEC 1     17.65                     10.67   6.98    10.48
  SINCE JAN 1      4.99                      6.29  -1.30     4.90

SNOWFALL (IN)
  YESTERDAY        T            MM      MM  MM     MM       MM
  MONTH TO DATE    T                        MM     MM        0.0
  SINCE DEC 1      T                        MM     MM        0.0
  SINCE JUL 1      T                        MM     MM        0.0
  SNOW DEPTH      MM

DEGREE DAYS
 HEATING
  YESTERDAY       33                        22     11       10
  MONTH TO DATE  165                       203    -38      203
  SINCE DEC 1   1293                      1638   -345     1553
  SINCE JUL 1   1708                      2245   -537     2254
..................................................................


WIND (MPH)
  RESULTANT WIND SPEED   9   RESULTANT WIND DIRECTION   W (290)
  HIGHEST WIND SPEED    23   HIGHEST WIND DIRECTION     W (270)
  HIGHEST GUST SPEED    29   HIGHEST GUST DIRECTION     W (280)
  AVERAGE WIND SPEED     9.6


SKY COVER
  AVERAGE SKY COVER 1.0


WEATHER CONDITIONS
 THE FOLLOWING WEATHER WAS RECORDED YESTERDAY.
  SNOW
  LIGHT SNOW
  FOG
  HAZE


RELATIVE HUMIDITY (PERCENT)
 HIGHEST    85           900 AM
 LOWEST     51           400 PM
 AVERAGE    68

..........................................................


THE ROME  CLIMATE NORMALS FOR TODAY
                         NORMAL    RECORD    YEAR
 MAXIMUM TEMPERATURE (F)   55        MM        MM
 MINIMUM TEMPERATURE (F)   32        MM        MM


SUNRISE AND SUNSET
FEBRUARY 10 2016......SUNRISE   731 AM EST   SUNSET   619 PM EST
FEBRUARY 11 2016......SUNRISE   730 AM EST   SUNSET   620 PM EST


-  INDICATES NEGATIVE NUMBERS.
R  INDICATES RECORD WAS SET OR TIED.
MM INDICATES DATA IS MISSING.
T  INDICATES TRACE AMOUNT.




$$
