000
CDUS42 KFFC 250835
CLIRMG


CLIMATE REPORT
NATIONAL WEATHER SERVICE PEACHTREE CITY GA
435 AM EDT SAT MAR 25 2017


...................................

...THE ROME  CLIMATE SUMMARY FOR MARCH 24 2017...

CLIMATE NORMAL PERIOD 1981 TO 2010
CLIMATE RECORD PERIOD 9999 TO 9999


WEATHER ITEM   OBSERVED TIME   RECORD YEAR NORMAL DEPARTURE LAST
                VALUE   (LST)  VALUE       VALUE  FROM      YEAR
                                                  NORMAL
..................................................................
TEMPERATURE (F)
 YESTERDAY
  MAXIMUM         75    510 PM  MM      MM  67      8       73
  MINIMUM         59    919 AM  MM      MM  42     17       53
  AVERAGE         67                        54     13       63

PRECIPITATION (IN)
  YESTERDAY        T            MM      MM   0.15  -0.15     0.61
  MONTH TO DATE    2.89                      3.95  -1.06     2.44
  SINCE MAR 1      2.89                      3.95  -1.06     2.44
  SINCE JAN 1     14.15                     13.64   0.51    11.45

SNOWFALL (IN)
  YESTERDAY        0.0          MM      MM  MM     MM       MM
  MONTH TO DATE    0.0                      MM     MM        0.0
  SINCE MAR 1      0.0                      MM     MM        0.0
  SINCE JUL 1      T                        MM     MM         T
  SNOW DEPTH       0

DEGREE DAYS
 HEATING
  YESTERDAY        0                        11    -11        2
  MONTH TO DATE  312                       336    -24      213
  SINCE MAR 1    312                       336    -24      213
  SINCE JUL 1   2021                      2958   -937     2271

 COOLING
  YESTERDAY        2                         0      2        0
  MONTH TO DATE    9                         0      9       12
  SINCE MAR 1      9                         0      9       12
  SINCE JAN 1      9                         0      9       12
..................................................................


WIND (MPH)
  RESULTANT WIND SPEED   7   RESULTANT WIND DIRECTION  SE (140)
  HIGHEST WIND SPEED    15   HIGHEST WIND DIRECTION    SE (140)
  HIGHEST GUST SPEED    22   HIGHEST GUST DIRECTION    SE (120)
  AVERAGE WIND SPEED     7.5


SKY COVER
  AVERAGE SKY COVER 0.9


WEATHER CONDITIONS
 THE FOLLOWING WEATHER WAS RECORDED YESTERDAY.
  NO SIGNIFICANT WEATHER WAS OBSERVED.


RELATIVE HUMIDITY (PERCENT)
 HIGHEST    60          1000 AM
 LOWEST     39           200 AM
 AVERAGE    50

..........................................................


THE ROME  CLIMATE NORMALS FOR TODAY
                         NORMAL    RECORD    YEAR
 MAXIMUM TEMPERATURE (F)   67        MM        MM
 MINIMUM TEMPERATURE (F)   42        MM        MM


SUNRISE AND SUNSET
MARCH 25 2017.........SUNRISE   737 AM EDT   SUNSET   756 PM EDT
MARCH 26 2017.........SUNRISE   736 AM EDT   SUNSET   757 PM EDT


-  INDICATES NEGATIVE NUMBERS.
R  INDICATES RECORD WAS SET OR TIED.
MM INDICATES DATA IS MISSING.
T  INDICATES TRACE AMOUNT.




$$
