639
CDUS42 KFFC 230816
CLIRMG


CLIMATE REPORT
NATIONAL WEATHER SERVICE PEACHTREE CITY GA
416 AM EDT SUN APR 23 2017


...................................

...THE ROME  CLIMATE SUMMARY FOR APRIL 22 2017...

CLIMATE NORMAL PERIOD 1981 TO 2010
CLIMATE RECORD PERIOD 9999 TO 9999


WEATHER ITEM   OBSERVED TIME   RECORD YEAR NORMAL DEPARTURE LAST
                VALUE   (LST)  VALUE       VALUE  FROM      YEAR
                                                  NORMAL
..................................................................
TEMPERATURE (F)
 YESTERDAY
  MAXIMUM         83    433 PM  MM      MM  74      9       78
  MINIMUM         59    555 AM  MM      MM  48     11       60
  AVERAGE         71                        61     10       69

PRECIPITATION (IN)
  YESTERDAY        0.87         MM      MM   0.17   0.70      T
  MONTH TO DATE    4.09                      2.78   1.31     1.90
  SINCE MAR 1      8.40                      7.73   0.67     6.76
  SINCE JAN 1     19.66                     17.42   2.24    15.77

SNOWFALL (IN)
  YESTERDAY        0.0          MM      MM  MM     MM       MM
  MONTH TO DATE    0.0                      MM     MM        0.0
  SINCE MAR 1      0.0                      MM     MM        0.0
  SINCE JUL 1      T                        MM     MM         T
  SNOW DEPTH       0

DEGREE DAYS
 HEATING
  YESTERDAY        0                         5     -5        0
  MONTH TO DATE   55                       155   -100      138
  SINCE MAR 1    370                       560   -190      395
  SINCE JUL 1   2079                      3182  -1103     2453

 COOLING
  YESTERDAY        6                         1      5        4
  MONTH TO DATE   76                        18     58       11
  SINCE MAR 1    103                        22     81       23
  SINCE JAN 1    103                        22     81       23
..................................................................


WIND (MPH)
  RESULTANT WIND SPEED   2   RESULTANT WIND DIRECTION  SW (230)
  HIGHEST WIND SPEED    15   HIGHEST WIND DIRECTION     N (10)
  HIGHEST GUST SPEED    21   HIGHEST GUST DIRECTION    SW (240)
  AVERAGE WIND SPEED     5.1


SKY COVER
  AVERAGE SKY COVER 0.5


WEATHER CONDITIONS
 THE FOLLOWING WEATHER WAS RECORDED YESTERDAY.
  THUNDERSTORM
  HEAVY RAIN
  RAIN
  LIGHT RAIN
  FOG


RELATIVE HUMIDITY (PERCENT)
 HIGHEST    93           200 AM
 LOWEST     40           400 PM
 AVERAGE    67

..........................................................


THE ROME  CLIMATE NORMALS FOR TODAY
                         NORMAL    RECORD    YEAR
 MAXIMUM TEMPERATURE (F)   75        MM        MM
 MINIMUM TEMPERATURE (F)   49        MM        MM


SUNRISE AND SUNSET
APRIL 23 2017.........SUNRISE   659 AM EDT   SUNSET   819 PM EDT
APRIL 24 2017.........SUNRISE   658 AM EDT   SUNSET   820 PM EDT


-  INDICATES NEGATIVE NUMBERS.
R  INDICATES RECORD WAS SET OR TIED.
MM INDICATES DATA IS MISSING.
T  INDICATES TRACE AMOUNT.




$$
