000
CDUS42 KFFC 180917
CLIRMG


CLIMATE REPORT
NATIONAL WEATHER SERVICE PEACHTREE CITY GA
417 AM EST THU DEC 18 2014


...................................

...THE ROME  CLIMATE SUMMARY FOR DECEMBER 17 2014...

CLIMATE NORMAL PERIOD 1981 TO 2010
CLIMATE RECORD PERIOD 9999 TO 9999


WEATHER ITEM   OBSERVED TIME   RECORD YEAR NORMAL DEPARTURE LAST
                VALUE   (LST)  VALUE       VALUE  FROM      YEAR
                                                  NORMAL
..................................................................
TEMPERATURE (F)
 YESTERDAY
  MAXIMUM         48    413 PM  MM      MM  52     -4       62
  MINIMUM         31    613 AM  MM      MM  32     -1       27
  AVERAGE         40                        42     -2       45

PRECIPITATION (IN)
  YESTERDAY        0.00         MM      MM   0.13  -0.13     0.00
  MONTH TO DATE    2.13                      2.90  -0.77     4.70
  SINCE DEC 1      2.13                      2.90  -0.77     4.70
  SINCE JAN 1     44.94                     50.44  -5.50    41.43

SNOWFALL (IN)
  YESTERDAY        0.0          MM      MM  MM     MM       MM
  MONTH TO DATE    0.0                      MM     MM        0.0
  SINCE DEC 1      0.0                      MM     MM        0.0
  SINCE JUL 1      0.0                      MM     MM        0.0
  SNOW DEPTH      MM

DEGREE DAYS
 HEATING
  YESTERDAY       25                        23      2       20
  MONTH TO DATE  301                       362    -61      328
  SINCE DEC 1    301                       362    -61      328
  SINCE JUL 1   1002                       969     33      963
..................................................................


WIND (MPH)
  RESULTANT WIND SPEED   3   RESULTANT WIND DIRECTION   N (340)
  HIGHEST WIND SPEED    12   HIGHEST WIND DIRECTION    NW (330)
  HIGHEST GUST SPEED    14   HIGHEST GUST DIRECTION     N (350)
  AVERAGE WIND SPEED     3.5


SKY COVER
  AVERAGE SKY COVER 0.4


WEATHER CONDITIONS
 THE FOLLOWING WEATHER WAS RECORDED YESTERDAY.
  NO SIGNIFICANT WEATHER WAS OBSERVED.


RELATIVE HUMIDITY (PERCENT)
 HIGHEST   100           600 AM
 LOWEST     65           400 PM
 AVERAGE    83

..........................................................


THE ROME  CLIMATE NORMALS FOR TODAY
                         NORMAL    RECORD    YEAR
 MAXIMUM TEMPERATURE (F)   52        MM        MM
 MINIMUM TEMPERATURE (F)   32        MM        MM


SUNRISE AND SUNSET
DECEMBER 18 2014......SUNRISE   741 AM EST   SUNSET   533 PM EST
DECEMBER 19 2014......SUNRISE   742 AM EST   SUNSET   534 PM EST


-  INDICATES NEGATIVE NUMBERS.
R  INDICATES RECORD WAS SET OR TIED.
MM INDICATES DATA IS MISSING.
T  INDICATES TRACE AMOUNT.




$$
