000
CDUS42 KFFC 310820
CLIRMG


CLIMATE REPORT
NATIONAL WEATHER SERVICE PEACHTREE CITY GA
418 AM EDT WED AUG 31 2016


...................................

...THE ROME  CLIMATE SUMMARY FOR AUGUST 30 2016...

CLIMATE NORMAL PERIOD 1981 TO 2010
CLIMATE RECORD PERIOD 9999 TO 9999


WEATHER ITEM   OBSERVED TIME   RECORD YEAR NORMAL DEPARTURE LAST
                VALUE   (LST)  VALUE       VALUE  FROM      YEAR
                                                  NORMAL
..................................................................
TEMPERATURE (F)
 YESTERDAY
  MAXIMUM         92    442 PM  MM      MM  88      4       79
  MINIMUM         67    610 AM  MM      MM  66      1       67
  AVERAGE         80                        77      3       73

PRECIPITATION (IN)
  YESTERDAY        0.00         MM      MM   0.12  -0.12     0.08
  MONTH TO DATE    6.42                      4.01   2.41     4.38
  SINCE JUN 1     10.15                     12.43  -2.28    10.30
  SINCE JAN 1     27.27                     35.30  -8.03    29.94

DEGREE DAYS
 COOLING
  YESTERDAY       15                        12      3        8
  MONTH TO DATE  516                       410    106      412
  SINCE JUN 1   1503                      1186    317     1319
  SINCE JAN 1   1728                      1354    374     1576
..................................................................


WIND (MPH)
  RESULTANT WIND SPEED   2   RESULTANT WIND DIRECTION  NE (60)
  HIGHEST WIND SPEED    12   HIGHEST WIND DIRECTION     E (90)
  HIGHEST GUST SPEED    15   HIGHEST GUST DIRECTION    NE (40)
  AVERAGE WIND SPEED     2.8


SKY COVER
  AVERAGE SKY COVER 0.0


WEATHER CONDITIONS
 THE FOLLOWING WEATHER WAS RECORDED YESTERDAY.
  NO SIGNIFICANT WEATHER WAS OBSERVED.


RELATIVE HUMIDITY (PERCENT)
 HIGHEST    90           200 AM
 LOWEST     41           100 PM
 AVERAGE    66

..........................................................


THE ROME  CLIMATE NORMALS FOR TODAY
                         NORMAL    RECORD    YEAR
 MAXIMUM TEMPERATURE (F)   88        MM        MM
 MINIMUM TEMPERATURE (F)   65        MM        MM


SUNRISE AND SUNSET
AUGUST 31 2016........SUNRISE   714 AM EDT   SUNSET   807 PM EDT
SEPTEMBER  1 2016.....SUNRISE   714 AM EDT   SUNSET   806 PM EDT


-  INDICATES NEGATIVE NUMBERS.
R  INDICATES RECORD WAS SET OR TIED.
MM INDICATES DATA IS MISSING.
T  INDICATES TRACE AMOUNT.




$$
