000
CDUS41 KRNK 180922
CLIRNK


CLIMATE REPORT
NATIONAL WEATHER SERVICE BLACKSBURG VA
515 AM EDT THU SEP 18 2014


...................................

...THE BLACKSBURG VA CLIMATE SUMMARY FOR SEPTEMBER 17 2014...

CLIMATE NORMAL PERIOD 1981 TO 2010
CLIMATE RECORD PERIOD 1952 TO 2014


WEATHER ITEM   OBSERVED TIME   RECORD YEAR NORMAL DEPARTURE LAST
                VALUE   (LST)  VALUE       VALUE  FROM      YEAR
                                                  NORMAL
..................................................................
TEMPERATURE (F)
 YESTERDAY
  MAXIMUM         71    400 PM  92    1991  75     -4       67
  MINIMUM         53   1100 PM  33    2000  51      2       42
  AVERAGE         62                        63     -1       55

PRECIPITATION (IN)
  YESTERDAY        0.00          1.80 1957   0.11  -0.11     0.00
  MONTH TO DATE    3.43                      1.78   1.65     0.03
  SINCE SEP 1      3.43                      1.78   1.65     0.03
  SINCE JAN 1     29.20                     30.97  -1.77    39.58

SNOWFALL (IN)
  YESTERDAY        0.0
  MONTH TO DATE    0.0
  SINCE SEP 1      0.0
  SINCE JUL 1      0.0
  SNOW DEPTH       0

DEGREE DAYS
 HEATING
  YESTERDAY        3                         4     -1       10
  MONTH TO DATE   17                        34    -17       36
  SINCE SEP 1     17                        34    -17       36
  SINCE JUL 1     28                        52    -24       59

 COOLING
  YESTERDAY        0                         1     -1        0
  MONTH TO DATE   75                        46     29       52
  SINCE SEP 1     75                        46     29       52
  SINCE JAN 1    605                       558     47      558
..................................................................


WIND (MPH)
  HIGHEST WIND SPEED     8   HIGHEST WIND DIRECTION     E (90)
  HIGHEST GUST SPEED    MM   HIGHEST GUST DIRECTION    MM
  AVERAGE WIND SPEED     3.0


SKY COVER
  POSSIBLE SUNSHINE  MM
  AVERAGE SKY COVER 0.7


WEATHER CONDITIONS
 THE FOLLOWING WEATHER WAS RECORDED YESTERDAY.
  NO SIGNIFICANT WEATHER WAS OBSERVED.


RELATIVE HUMIDITY (PERCENT)
 HIGHEST   100           100 AM
 LOWEST     70           400 PM
 AVERAGE    85

..........................................................


THE BLACKSBURG VA CLIMATE NORMALS FOR TODAY
                         NORMAL    RECORD    YEAR
 MAXIMUM TEMPERATURE (F)   75        91      1954
 MINIMUM TEMPERATURE (F)   50        34      2000


SUNRISE AND SUNSET
SEPTEMBER 18 2014.....SUNRISE   706 AM EDT   SUNSET   725 PM EDT
SEPTEMBER 19 2014.....SUNRISE   707 AM EDT   SUNSET   723 PM EDT


-  INDICATES NEGATIVE NUMBERS.
R  INDICATES RECORD WAS SET OR TIED.
MM INDICATES DATA IS MISSING.
T  INDICATES TRACE AMOUNT.



$$
