000
CDUS41 KRNK 242121
CLIRNK


CLIMATE REPORT
NATIONAL WEATHER SERVICE BLACKSBURG VA
519 PM EDT THU APR 24 2014


...................................

...THE BLACKSBURG VA CLIMATE SUMMARY FOR APRIL 24 2014...
VALID TODAY AS OF 0500 PM LOCAL TIME.

CLIMATE NORMAL PERIOD 1981 TO 2010
CLIMATE RECORD PERIOD 1952 TO 2014


WEATHER ITEM   OBSERVED TIME   RECORD YEAR NORMAL DEPARTURE LAST
                VALUE   (LST)  VALUE       VALUE  FROM      YEAR
                                                  NORMAL
..................................................................
TEMPERATURE (F)
 TODAY
  MAXIMUM         69    300 PM  85    2001  66      3       70
  MINIMUM         33    500 AM  28    1974  41     -8       43
  AVERAGE         51                        53     -2       57

PRECIPITATION (IN)
  TODAY            0.00          1.80 1987   0.11  -0.11     0.09
  MONTH TO DATE    1.97                      2.78  -0.81     3.18
  SINCE MAR 1      4.39                      6.42  -2.03     6.50
  SINCE JAN 1     10.02                     12.31  -2.29    15.60

SNOWFALL (IN)
  TODAY            0.0
  MONTH TO DATE    T
  SINCE MAR 1      7.3
  SINCE JUL 1     34.4
  SNOW DEPTH       0

DEGREE DAYS
 HEATING
  TODAY           14                        12      2        8
  MONTH TO DATE  315                       365    -50      310
  SINCE MAR 1   1102                      1092     10     1209
  SINCE JUL 1   5283                      5140    143     5069

 COOLING
  TODAY            0                         0      0        0
  MONTH TO DATE    0                         0      0        0
  SINCE MAR 1      0                         0      0        0
  SINCE JAN 1      0                         0      0        0
..................................................................


WIND (MPH)
  HIGHEST WIND SPEED     7   HIGHEST WIND DIRECTION     N (340)
  HIGHEST GUST SPEED    MM   HIGHEST GUST DIRECTION    MM
  AVERAGE WIND SPEED     1.4


SKY COVER
  POSSIBLE SUNSHINE  MM
  AVERAGE SKY COVER 0.3


WEATHER CONDITIONS
 THE FOLLOWING WEATHER WAS RECORDED TODAY.
  NO SIGNIFICANT WEATHER WAS OBSERVED.


RELATIVE HUMIDITY (PERCENT)
 HIGHEST    92           400 AM
 LOWEST     30           300 PM
 AVERAGE    61

..........................................................


THE BLACKSBURG VA CLIMATE NORMALS FOR TOMORROW
                         NORMAL    RECORD    YEAR
 MAXIMUM TEMPERATURE (F)   66        86      2009
 MINIMUM TEMPERATURE (F)   41        25      1967


SUNRISE AND SUNSET
APRIL 24 2014.........SUNRISE   635 AM EDT   SUNSET   805 PM EDT
APRIL 25 2014.........SUNRISE   634 AM EDT   SUNSET   806 PM EDT


-  INDICATES NEGATIVE NUMBERS.
R  INDICATES RECORD WAS SET OR TIED.
MM INDICATES DATA IS MISSING.
T  INDICATES TRACE AMOUNT.




$$
