645
CDUS41 KRNK 091025
CLIRNK

CLIMATE REPORT
NATIONAL WEATHER SERVICE BLACKSBURG VA
414 AM EST FRI DEC 9 2016


...................................

...THE BLACKSBURG VA CLIMATE SUMMARY FOR DECEMBER 8 2016...

CLIMATE NORMAL PERIOD 1981 TO 2010
CLIMATE RECORD PERIOD 1952 TO 2016


WEATHER ITEM   OBSERVED RECORD YEAR NORMAL DEPARTURE LAST
                VALUE   VALUE       VALUE  FROM      YEAR
                                           NORMAL
...........................................................
TEMPERATURE (F)
 YESTERDAY
  MAXIMUM         40     72    1998  46     -6       56
  MINIMUM         26      2    1995  25      1       29
  AVERAGE         33                 35     -2       43

PRECIPITATION (IN)
  YESTERDAY        T      1.03 1957   0.10  -0.10     0.00
  MONTH TO DATE    1.67               0.82   0.85     1.74
  SINCE DEC 1      1.67               0.82   0.85     1.74
  SINCE JAN 1     40.62              38.76   1.86    45.72

SNOWFALL (IN)
  YESTERDAY        T                                  0.0
  MONTH TO DATE    T                                  0.0
  SINCE DEC 1      T                                  0.0
  SINCE JUL 1      T                                   T
  SNOW DEPTH       0

DEGREE DAYS
 HEATING
  YESTERDAY       32                 30      2       22
  MONTH TO DATE  211                228    -17      197
  SINCE DEC 1    211                228    -17      197
  SINCE JUL 1    984               1408   -424     1085

 COOLING
  YESTERDAY        0                  0      0        0
  MONTH TO DATE    0                  0      0        0
  SINCE DEC 1      0                  0      0        0
  SINCE JAN 1    914                573    341      820
...........................................................


WIND (MPH)
  HIGHEST WIND SPEED    18   HIGHEST WIND DIRECTION     W (290)
  HIGHEST GUST SPEED    28   HIGHEST GUST DIRECTION     W (290)
  AVERAGE WIND SPEED     8.8


SKY COVER
  AVERAGE SKY COVER 0.4


WEATHER CONDITIONS
 THE FOLLOWING WEATHER WAS RECORDED YESTERDAY.
  LIGHT SNOW


RELATIVE HUMIDITY (PERCENT)
 HIGHEST    89          1200 AM
 LOWEST     34           300 PM
 AVERAGE    62

..........................................................


THE BLACKSBURG VA CLIMATE NORMALS FOR TODAY
                         NORMAL    RECORD    YEAR
 MAXIMUM TEMPERATURE (F)   45        70      1980
 MINIMUM TEMPERATURE (F)   25         1      1995


SUNRISE AND SUNSET
DECEMBER  9 2016......SUNRISE   724 AM EST   SUNSET   504 PM EST
DECEMBER 10 2016......SUNRISE   725 AM EST   SUNSET   504 PM EST


-  INDICATES NEGATIVE NUMBERS.
R  INDICATES RECORD WAS SET OR TIED.
MM INDICATES DATA IS MISSING.
T  INDICATES TRACE AMOUNT.


$$
