000
CDUS41 KRNK 030638
CLIRNK


CLIMATE REPORT
NATIONAL WEATHER SERVICE BLACKSBURG VA
235 AM EDT FRI JUL 3 2015


...................................

...THE BLACKSBURG VA CLIMATE SUMMARY FOR JULY 2 2015...

CLIMATE NORMAL PERIOD 1981 TO 2010
CLIMATE RECORD PERIOD 1952 TO 2015


WEATHER ITEM   OBSERVED RECORD YEAR NORMAL DEPARTURE LAST
                VALUE   VALUE       VALUE  FROM      YEAR
                                           NORMAL
...........................................................
TEMPERATURE (F)
 YESTERDAY
  MAXIMUM         73     95    1954  82     -9       89
  MINIMUM         64     42    1988  60      4       66
  AVERAGE         69                 71     -2       78

PRECIPITATION (IN)
  YESTERDAY        0.03   2.33 2003   0.13  -0.10      T
  MONTH TO DATE    0.03               0.25  -0.22      T
  SINCE JUN 1      3.51               4.25  -0.74     3.07
  SINCE JAN 1     19.04              21.59  -2.55    17.90

SNOWFALL (IN)
  YESTERDAY        0.0                                0.0
  MONTH TO DATE    0.0                                0.0
  SINCE JUN 1      0.0                                 T
  SINCE JUL 1      0.0                                0.0
  SNOW DEPTH       0

DEGREE DAYS
 HEATING
  YESTERDAY        0                  0      0        0
  MONTH TO DATE    0                  0      0        0
  SINCE JUN 1     11                 38    -27        3
  SINCE JUL 1      0                  0      0        0

 COOLING
  YESTERDAY        4                  6     -2       13
  MONTH TO DATE    8                 12     -4       25
  SINCE JUN 1    220                131     89      191
  SINCE JAN 1    296                160    136      249
...........................................................


WIND (MPH)
  HIGHEST WIND SPEED     6   HIGHEST WIND DIRECTION    SW (240)
  HIGHEST GUST SPEED    MM   HIGHEST GUST DIRECTION    MM
  AVERAGE WIND SPEED     1.6


SKY COVER
  AVERAGE SKY COVER 0.8


WEATHER CONDITIONS
 THE FOLLOWING WEATHER WAS RECORDED YESTERDAY.
  RAIN
  LIGHT RAIN
  FOG


RELATIVE HUMIDITY (PERCENT)
 HIGHEST   100           800 AM
 LOWEST     76           500 PM
 AVERAGE    88

..........................................................


THE BLACKSBURG VA CLIMATE NORMALS FOR TODAY
                         NORMAL    RECORD    YEAR
 MAXIMUM TEMPERATURE (F)   82        95      1954
 MINIMUM TEMPERATURE (F)   60        43      1988


SUNRISE AND SUNSET
JULY  3 2015..........SUNRISE   606 AM EDT   SUNSET   846 PM EDT
JULY  4 2015..........SUNRISE   606 AM EDT   SUNSET   846 PM EDT


-  INDICATES NEGATIVE NUMBERS.
R  INDICATES RECORD WAS SET OR TIED.
MM INDICATES DATA IS MISSING.
T  INDICATES TRACE AMOUNT.

$$

RAB
