000
CDUS41 KRNK 210740
CLIRNK


CLIMATE REPORT
NATIONAL WEATHER SERVICE BLACKSBURG VA
239 AM EST SUN JAN 21 2018


...................................

...THE BLACKSBURG VA CLIMATE SUMMARY FOR JANUARY 20 2018...

CLIMATE NORMAL PERIOD 1981 TO 2010
CLIMATE RECORD PERIOD 1952 TO 2018


WEATHER ITEM   OBSERVED RECORD YEAR NORMAL DEPARTURE LAST
                VALUE   VALUE       VALUE  FROM      YEAR
                                           NORMAL
...........................................................
TEMPERATURE (F)
 YESTERDAY
  MAXIMUM         55     63    1975  42     13       56
  MINIMUM         24     -5    1994  21      3       39
  AVERAGE         40                 31      9       48

PRECIPITATION (IN)
  YESTERDAY        0.00   0.71 2001   0.11  -0.11     0.28
  MONTH TO DATE    0.70               2.01  -1.31     2.57
  SINCE DEC 1      1.34               4.96  -3.62     5.66
  SINCE JAN 1      0.70               2.01  -1.31     2.57

SNOWFALL (IN)
  YESTERDAY        0.0                                0.0
  MONTH TO DATE    2.1                                4.7
  SINCE DEC 1      5.9                                5.4
  SINCE JUL 1      5.9                                5.4
  SNOW DEPTH       0

DEGREE DAYS
 HEATING
  YESTERDAY       25                 34     -9       17
  MONTH TO DATE  801                680    121      545
  SINCE DEC 1   1756               1647    109     1425
  SINCE JUL 1   2746               2827    -81     2198

 COOLING
  YESTERDAY        0                  0      0        0
  MONTH TO DATE    0                  0      0        0
  SINCE DEC 1      0                  0      0        0
  SINCE JAN 1      0                  0      0        0
...........................................................


WIND (MPH)
  HIGHEST WIND SPEED    17   HIGHEST WIND DIRECTION     W (290)
  HIGHEST GUST SPEED    26   HIGHEST GUST DIRECTION     W (270)
  AVERAGE WIND SPEED     5.9


SKY COVER
  AVERAGE SKY COVER 0.2


WEATHER CONDITIONS
 THE FOLLOWING WEATHER WAS RECORDED YESTERDAY.
  NO SIGNIFICANT WEATHER WAS OBSERVED.


RELATIVE HUMIDITY (PERCENT)
 HIGHEST    86          1100 PM
 LOWEST     44           500 AM
 AVERAGE    65

..........................................................


THE BLACKSBURG VA CLIMATE NORMALS FOR TODAY
                         NORMAL    RECORD    YEAR
 MAXIMUM TEMPERATURE (F)   42        59      1954
 MINIMUM TEMPERATURE (F)   21       -18      1985


SUNRISE AND SUNSET
JANUARY 21 2018.......SUNRISE   732 AM EST   SUNSET   534 PM EST
JANUARY 22 2018.......SUNRISE   731 AM EST   SUNSET   535 PM EST


-  INDICATES NEGATIVE NUMBERS.
R  INDICATES RECORD WAS SET OR TIED.
MM INDICATES DATA IS MISSING.
T  INDICATES TRACE AMOUNT.

REMARKS:
DUE TO MISSING TEMPERATURES FROM SEPTEMBER 8-10...THE
HEATING DEGREE DAY AND DEPARTURE FROM NORMAL WILL BE CALCULATED
WITHOUT DATA FROM THESE DATES.

$$
