000
CDUS41 KRNK 240643
CLIRNK


CLIMATE REPORT
NATIONAL WEATHER SERVICE BLACKSBURG VA
234 AM EDT TUE MAY 24 2016


...................................

...THE BLACKSBURG VA CLIMATE SUMMARY FOR MAY 23 2016...

CLIMATE NORMAL PERIOD 1981 TO 2010
CLIMATE RECORD PERIOD 1952 TO 2016


WEATHER ITEM   OBSERVED RECORD YEAR NORMAL DEPARTURE LAST
                VALUE   VALUE       VALUE  FROM      YEAR
                                           NORMAL
...........................................................
TEMPERATURE (F)
 YESTERDAY
  MAXIMUM         67     87    1953  73     -6       75
  MINIMUM         46     30    2002  49     -3       42
  AVERAGE         57                 61     -4       59

PRECIPITATION (IN)
  YESTERDAY        0.03   1.90 1984   0.15  -0.12     0.00
  MONTH TO DATE    4.22               3.07   1.15     1.86
  SINCE MAR 1      8.54              10.19  -1.65    11.73
  SINCE JAN 1     15.68              16.08  -0.40    15.15

SNOWFALL (IN)
  YESTERDAY        0.0                                0.0
  MONTH TO DATE    0.0                                0.0
  SINCE MAR 1      1.6                                4.4
  SINCE JUL 1     25.6                               27.8
  SNOW DEPTH       0

DEGREE DAYS
 HEATING
  YESTERDAY        8                  5      3        6
  MONTH TO DATE  168                170     -2       75
  SINCE MAR 1   1015               1327   -312     1080
  SINCE JUL 1   4450               5375   -925     5206

 COOLING
  YESTERDAY        0                  1     -1        0
  MONTH TO DATE   11                 12     -1       46
  SINCE MAR 1     21                 15      6       46
  SINCE JAN 1     21                 15      6       46
...........................................................


WIND (MPH)
  HIGHEST WIND SPEED     9   HIGHEST WIND DIRECTION     N (340)
  HIGHEST GUST SPEED    MM   HIGHEST GUST DIRECTION    MM
  AVERAGE WIND SPEED     2.8


SKY COVER
  AVERAGE SKY COVER 0.8


WEATHER CONDITIONS
 THE FOLLOWING WEATHER WAS RECORDED YESTERDAY.
  LIGHT RAIN


RELATIVE HUMIDITY (PERCENT)
 HIGHEST    96           600 AM
 LOWEST     54           200 PM
 AVERAGE    75

..........................................................


THE BLACKSBURG VA CLIMATE NORMALS FOR TODAY
                         NORMAL    RECORD    YEAR
 MAXIMUM TEMPERATURE (F)   73        84      1994
 MINIMUM TEMPERATURE (F)   50        31      1967


SUNRISE AND SUNSET
MAY 24 2016...........SUNRISE   606 AM EDT   SUNSET   831 PM EDT
MAY 25 2016...........SUNRISE   606 AM EDT   SUNSET   832 PM EDT


-  INDICATES NEGATIVE NUMBERS.
R  INDICATES RECORD WAS SET OR TIED.
MM INDICATES DATA IS MISSING.
T  INDICATES TRACE AMOUNT.

$$

RAB
