000
CDUS41 KRNK 160630
CLIRNK


CLIMATE REPORT
NATIONAL WEATHER SERVICE BLACKSBURG VA
227 AM EDT WED AUG 16 2017


...................................

...THE BLACKSBURG VA CLIMATE SUMMARY FOR AUGUST 15 2017...

CLIMATE NORMAL PERIOD 1981 TO 2010
CLIMATE RECORD PERIOD 1952 TO 2017


WEATHER ITEM   OBSERVED RECORD YEAR NORMAL DEPARTURE LAST
                VALUE   VALUE       VALUE  FROM      YEAR
                                           NORMAL
...........................................................
TEMPERATURE (F)
 YESTERDAY
  MAXIMUM         80     93    1995  82     -2       88
  MINIMUM         66     40    1964  59      7       67
  AVERAGE         73                 70      3       78

PRECIPITATION (IN)
  YESTERDAY        0.12   0.65 2010   0.12   0.00     0.04
  MONTH TO DATE    1.73               1.81  -0.08     3.63
  SINCE JUN 1      7.95              10.07  -2.12    11.77
  SINCE JAN 1     29.19              27.41   1.78    27.79

SNOWFALL (IN)
  YESTERDAY        0.0                                0.0
  MONTH TO DATE    0.0                                0.0
  SINCE JUN 1      0.0                                0.0
  SINCE JUL 1      0.0                                0.0
  SNOW DEPTH       0

DEGREE DAYS
 HEATING
  YESTERDAY        0                  0      0        0
  MONTH TO DATE    2                  0      2        0
  SINCE JUN 1     36                 44     -8       12
  SINCE JUL 1      2                  6     -4        0

 COOLING
  YESTERDAY        8                  6      2       13
  MONTH TO DATE   68                 90    -22      139
  SINCE JUN 1    405                405      0      596
  SINCE JAN 1    459                434     25      642
...........................................................


WIND (MPH)
  HIGHEST WIND SPEED     8   HIGHEST WIND DIRECTION    NW (320)
  HIGHEST GUST SPEED    MM   HIGHEST GUST DIRECTION    MM
  AVERAGE WIND SPEED     2.2


SKY COVER
  AVERAGE SKY COVER 0.7


WEATHER CONDITIONS
 THE FOLLOWING WEATHER WAS RECORDED YESTERDAY.
  LIGHT RAIN
  FOG


RELATIVE HUMIDITY (PERCENT)
 HIGHEST   100           800 AM
 LOWEST     69           300 PM
 AVERAGE    85

..........................................................


THE BLACKSBURG VA CLIMATE NORMALS FOR TODAY
                         NORMAL    RECORD    YEAR
 MAXIMUM TEMPERATURE (F)   82        97      2007
 MINIMUM TEMPERATURE (F)   59        40      1979


SUNRISE AND SUNSET
AUGUST 16 2017........SUNRISE   639 AM EDT   SUNSET   812 PM EDT
AUGUST 17 2017........SUNRISE   640 AM EDT   SUNSET   811 PM EDT


-  INDICATES NEGATIVE NUMBERS.
R  INDICATES RECORD WAS SET OR TIED.
MM INDICATES DATA IS MISSING.
T  INDICATES TRACE AMOUNT.




$$
