000
CDUS46 KSGX 311418
CLIRNM


CLIMATE REPORT
NATIONAL WEATHER SERVICE SAN DIEGO, CA
718 AM PDT THU JUL 31 2014


...................................

...THE RAMONA AIRPORT CA CLIMATE SUMMARY FOR JULY 30 2014...

CLIMATE NORMAL PERIOD 1981 TO 2010
CLIMATE RECORD PERIOD 1974 TO 2014


WEATHER ITEM   OBSERVED TIME   RECORD YEAR NORMAL DEPARTURE LAST
                VALUE   (LST)  VALUE       VALUE  FROM      YEAR
                                                  NORMAL
..................................................................
TEMPERATURE (F)
 YESTERDAY
  MAXIMUM         94    129 PM 104    1980  89      5       84
  MINIMUM         60    430 AM  46    1983  57      3       52
  AVERAGE         77                        73      4       68

PRECIPITATION (IN)
  YESTERDAY        0.00          0.04 2006   0.00   0.00     0.00
  MONTH TO DATE    0.16                      0.12   0.04     0.08
  SINCE JUL 1      0.16                      0.12   0.04     0.08
  SINCE JAN 1      5.25                     11.45  -6.20     4.58

SNOWFALL (IN)
  YESTERDAY        0.0
  MONTH TO DATE    0.0
  SINCE JAN 1      0.0
  SINCE JUL 1      0.0
  SNOW DEPTH       0

DEGREE DAYS
 HEATING
  YESTERDAY        0                         0      0        0
  MONTH TO DATE    0                         0      0        0
  SINCE JUN 1      7                        27    -20        2
  SINCE JUL 1      0                         0      0        0

 COOLING
  YESTERDAY       12                         8      4        3
  MONTH TO DATE  278                       213     65      247
  SINCE JUN 1    366                       299     67      357
  SINCE JAN 1    449                       326    123      405
..................................................................


WIND (MPH)
  RESULTANT WIND SPEED   4   RESULTANT WIND DIRECTION   W (290)
  HIGHEST WIND SPEED    14   HIGHEST WIND DIRECTION     W (270)
  HIGHEST GUST SPEED    18   HIGHEST GUST DIRECTION    NW (310)
  AVERAGE WIND SPEED     5.2


SKY COVER
  POSSIBLE SUNSHINE  MM
  AVERAGE SKY COVER 0.0


WEATHER CONDITIONS
 THE FOLLOWING WEATHER WAS RECORDED YESTERDAY.
  NO SIGNIFICANT WEATHER WAS OBSERVED.


RELATIVE HUMIDITY (PERCENT)
 HIGHEST    66          1000 PM
 LOWEST     24           200 PM
 AVERAGE    45

..........................................................


THE RAMONA AIRPORT CA CLIMATE NORMALS FOR TODAY
                         NORMAL    RECORD    YEAR
 MAXIMUM TEMPERATURE (F)   89       100      1996
 MINIMUM TEMPERATURE (F)   58        48      1975


SUNRISE AND SUNSET
JULY 31 2014..........SUNRISE   600 AM PDT   SUNSET   747 PM PDT
AUGUST  1 2014........SUNRISE   601 AM PDT   SUNSET   746 PM PDT


-  INDICATES NEGATIVE NUMBERS.
R  INDICATES RECORD WAS SET OR TIED.
MM INDICATES DATA IS MISSING.
T  INDICATES TRACE AMOUNT.




$$
