000
CDUS46 KSGX 261130
CLIRNM


CLIMATE REPORT
NATIONAL WEATHER SERVICE SAN DIEGO, CA
430 AM PDT FRI MAY 26 2017


...................................

...THE RAMONA AIRPORT CA CLIMATE SUMMARY FOR MAY 25 2017...

CLIMATE NORMAL PERIOD 1981 TO 2010
CLIMATE RECORD PERIOD 1974 TO 2017


WEATHER ITEM   OBSERVED TIME   RECORD YEAR NORMAL DEPARTURE LAST
                VALUE   (LST)  VALUE       VALUE  FROM      YEAR
                                                  NORMAL
..................................................................
TEMPERATURE (F)
 YESTERDAY
  MAXIMUM         70    135 PM 101    1974  77     -7       67
  MINIMUM         55    559 AM  36    1984  49      6       44
  AVERAGE         63                        63      0       56

PRECIPITATION (IN)
  YESTERDAY        0.00          0.06 2000   0.00   0.00     0.00
  MONTH TO DATE    1.14                      0.29   0.85     0.25
  SINCE OCT 1     22.72                     15.34   7.38    13.19
  SINCE JAN 1     15.70                     11.20   4.50     9.66

DEGREE DAYS
 HEATING
  YESTERDAY        2                         3     -1        9
  MONTH TO DATE   92                       116    -24      126
  SINCE MAR 1    466                       767   -301      636
  SINCE JUL 1   1901                      2508   -607     2139

 COOLING
  YESTERDAY        0                         1     -1        0
  MONTH TO DATE   36                        13     23        6
  SINCE MAR 1     48                        17     31        7
  SINCE JAN 1     48                        18     30       12
..................................................................


WIND (MPH)
  RESULTANT WIND SPEED   6   RESULTANT WIND DIRECTION   W (280)
  HIGHEST WIND SPEED    16   HIGHEST WIND DIRECTION     W (270)
  HIGHEST GUST SPEED    21   HIGHEST GUST DIRECTION    NW (300)
  AVERAGE WIND SPEED     6.8


SKY COVER
  POSSIBLE SUNSHINE  MM
  AVERAGE SKY COVER 0.8


WEATHER CONDITIONS
 THE FOLLOWING WEATHER WAS RECORDED YESTERDAY.
  NO SIGNIFICANT WEATHER WAS OBSERVED.


RELATIVE HUMIDITY (PERCENT)
 HIGHEST    86          1200 AM
 LOWEST     51           100 PM
 AVERAGE    69

..........................................................


THE RAMONA AIRPORT CA CLIMATE NORMALS FOR TODAY
                         NORMAL    RECORD    YEAR
 MAXIMUM TEMPERATURE (F)   77        98      1974
 MINIMUM TEMPERATURE (F)   49        36      1980


SUNRISE AND SUNSET
MAY 26 2017...........SUNRISE   542 AM PDT   SUNSET   748 PM PDT
MAY 27 2017...........SUNRISE   541 AM PDT   SUNSET   749 PM PDT


-  INDICATES NEGATIVE NUMBERS.
R  INDICATES RECORD WAS SET OR TIED.
MM INDICATES DATA IS MISSING.
T  INDICATES TRACE AMOUNT.




$$
