000
CDUS46 KSGX 271535
CLIRNM


CLIMATE REPORT
NATIONAL WEATHER SERVICE SAN DIEGO, CA
735 AM PST MON FEB 27 2017


...................................

...THE RAMONA AIRPORT CA CLIMATE SUMMARY FOR FEBRUARY 26 2017...

CLIMATE NORMAL PERIOD 1981 TO 2010
CLIMATE RECORD PERIOD 1974 TO 2017


WEATHER ITEM   OBSERVED TIME   RECORD YEAR NORMAL DEPARTURE LAST
                VALUE   (LST)  VALUE       VALUE  FROM      YEAR
                                                  NORMAL
..................................................................
TEMPERATURE (F)
 YESTERDAY
  MAXIMUM         55    314 PM  86    1980  65    -10       79
  MINIMUM         39   1028 PM  23    2013  38      1       35
  AVERAGE         47                        52     -5       57

PRECIPITATION (IN)
  YESTERDAY        0.03          1.79 2011   0.13  -0.10     0.00
  MONTH TO DATE    2.03                      2.89  -0.86     0.11
  SINCE OCT 1     16.39                     10.35   6.04    10.18
  SINCE JAN 1      9.37                      6.21   3.16     6.65

DEGREE DAYS
 HEATING
  YESTERDAY       18                        13      5        8
  MONTH TO DATE  296                       368    -72      202
  SINCE DEC 1   1152                      1304   -152     1144
  SINCE JUL 1   1403                      1715   -312     1483

 COOLING
  YESTERDAY        0                         0      0        0
  MONTH TO DATE    0                         0      0        5
  SINCE DEC 1      1                         1      0        5
  SINCE JAN 1      0                         1     -1        5
..................................................................


WIND (MPH)
  RESULTANT WIND SPEED   4   RESULTANT WIND DIRECTION   S (200)
  HIGHEST WIND SPEED    17   HIGHEST WIND DIRECTION    SW (230)
  HIGHEST GUST SPEED    23   HIGHEST GUST DIRECTION    SW (230)
  AVERAGE WIND SPEED     6.0


SKY COVER
  POSSIBLE SUNSHINE  MM
  AVERAGE SKY COVER 0.8


WEATHER CONDITIONS
 THE FOLLOWING WEATHER WAS RECORDED YESTERDAY.
  LIGHT RAIN
  FOG


RELATIVE HUMIDITY (PERCENT)
 HIGHEST   100           900 PM
 LOWEST     71           400 PM
 AVERAGE    86

..........................................................


THE RAMONA AIRPORT CA CLIMATE NORMALS FOR TODAY
                         NORMAL    RECORD    YEAR
 MAXIMUM TEMPERATURE (F)   65        85      1980
 MINIMUM TEMPERATURE (F)   39        27      1977


SUNRISE AND SUNSET
FEBRUARY 27 2017......SUNRISE   618 AM PST   SUNSET   543 PM PST
FEBRUARY 28 2017......SUNRISE   616 AM PST   SUNSET   544 PM PST


-  INDICATES NEGATIVE NUMBERS.
R  INDICATES RECORD WAS SET OR TIED.
MM INDICATES DATA IS MISSING.
T  INDICATES TRACE AMOUNT.




$$
