000
CDUS46 KSGX 241132
CLIRNM


CLIMATE REPORT
NATIONAL WEATHER SERVICE SAN DIEGO, CA
431 AM PDT SUN SEP 24 2017


...................................

...THE RAMONA AIRPORT CA CLIMATE SUMMARY FOR SEPTEMBER 23 2017...

CLIMATE NORMAL PERIOD 1981 TO 2010
CLIMATE RECORD PERIOD 1974 TO 2017


WEATHER ITEM   OBSERVED TIME   RECORD YEAR NORMAL DEPARTURE LAST
                VALUE   (LST)  VALUE       VALUE  FROM      YEAR
                                                  NORMAL
..................................................................
TEMPERATURE (F)
 YESTERDAY
  MAXIMUM         74   1216 PM 104    2002  85    -11       79
  MINIMUM         45    434 AM  43    2010  53     -8       51
  AVERAGE         60                        69     -9       65

PRECIPITATION (IN)
  YESTERDAY        0.00          0.09 2000   0.01  -0.01     0.00
  MONTH TO DATE    0.05                      0.24  -0.19     0.50
  SINCE OCT 1     22.96                     15.99   6.97    13.69
  SINCE JAN 1     15.94                     11.85   4.09    10.16

DEGREE DAYS
 HEATING
  YESTERDAY        5                         1      4        0
  MONTH TO DATE   13                         4      9        8
  SINCE SEP 1     13                         4      9        8
  SINCE JUL 1     13                         7      6        8

 COOLING
  YESTERDAY        0                         5     -5        0
  MONTH TO DATE  186                       153     33       93
  SINCE SEP 1    186                       153     33       93
  SINCE JAN 1   1121                       766    355      889
..................................................................


WIND (MPH)
  RESULTANT WIND SPEED   2   RESULTANT WIND DIRECTION   W (260)
  HIGHEST WIND SPEED    16   HIGHEST WIND DIRECTION     W (270)
  HIGHEST GUST SPEED    21   HIGHEST GUST DIRECTION     W (290)
  AVERAGE WIND SPEED     3.7


SKY COVER
  POSSIBLE SUNSHINE  MM
  AVERAGE SKY COVER 0.2


WEATHER CONDITIONS
 THE FOLLOWING WEATHER WAS RECORDED YESTERDAY.
  NO SIGNIFICANT WEATHER WAS OBSERVED.


RELATIVE HUMIDITY (PERCENT)
 HIGHEST   100           600 AM
 LOWEST     44          1200 PM
 AVERAGE    72

..........................................................


THE RAMONA AIRPORT CA CLIMATE NORMALS FOR TODAY
                         NORMAL    RECORD    YEAR
 MAXIMUM TEMPERATURE (F)   85       103      1982
 MINIMUM TEMPERATURE (F)   52        41      2007


SUNRISE AND SUNSET
SEPTEMBER 24 2017.....SUNRISE   637 AM PDT   SUNSET   641 PM PDT
SEPTEMBER 25 2017.....SUNRISE   638 AM PDT   SUNSET   640 PM PDT


-  INDICATES NEGATIVE NUMBERS.
R  INDICATES RECORD WAS SET OR TIED.
MM INDICATES DATA IS MISSING.
T  INDICATES TRACE AMOUNT.




$$
