000
CDUS46 KSGX 270021
CLIRNM


CLIMATE REPORT
NATIONAL WEATHER SERVICE SAN DIEGO, CA
521 PM PDT TUE MAY 26 2015


...................................

...THE RAMONA AIRPORT CA CLIMATE SUMMARY FOR MAY 26 2015...
VALID TODAY AS OF 0500 PM LOCAL TIME.

CLIMATE NORMAL PERIOD 1981 TO 2010
CLIMATE RECORD PERIOD 1974 TO 2015


WEATHER ITEM   OBSERVED TIME   RECORD YEAR NORMAL DEPARTURE LAST
                VALUE   (LST)  VALUE       VALUE  FROM      YEAR
                                                  NORMAL
..................................................................
TEMPERATURE (F)
 TODAY
  MAXIMUM         71    203 PM  98    1974  77     -6       88
  MINIMUM         56    600 AM  36    1980  49      7       51
  AVERAGE         64                        63      1       70

PRECIPITATION (IN)
  TODAY            T             0.06 1998   0.00   0.00     0.00
  MONTH TO DATE    1.48                      0.29   1.19      T
  SINCE OCT 1      9.41                     15.34  -5.93     7.76
  SINCE JAN 1      4.81                     11.20  -6.39     5.09

SNOWFALL (IN)
  TODAY            0.0
  MONTH TO DATE    0.0
  SINCE MAR 1      0.0
  SINCE JUL 1      0.0
  SNOW DEPTH       0

DEGREE DAYS
 HEATING
  TODAY            1                         3     -2        0
  MONTH TO DATE  146                       119     27       68
  SINCE MAR 1    534                       770   -236      509
  SINCE JUL 1   1718                      2511   -793     1930

 COOLING
  TODAY            0                         1     -1        5
  MONTH TO DATE    6                        14     -8       56
  SINCE MAR 1     25                        18      7       65
  SINCE JAN 1     27                        19      8       65
..................................................................


WIND (MPH)
  RESULTANT WIND SPEED   4   RESULTANT WIND DIRECTION   W (280)
  HIGHEST WIND SPEED    15   HIGHEST WIND DIRECTION     W (260)
  HIGHEST GUST SPEED    19   HIGHEST GUST DIRECTION     W (280)
  AVERAGE WIND SPEED     4.7


SKY COVER
  POSSIBLE SUNSHINE  MM
  AVERAGE SKY COVER 0.8


WEATHER CONDITIONS
 THE FOLLOWING WEATHER WAS RECORDED TODAY.
  FOG


RELATIVE HUMIDITY (PERCENT)
 HIGHEST   100           300 AM
 LOWEST     59           100 PM
 AVERAGE    80

..........................................................


THE RAMONA AIRPORT CA CLIMATE NORMALS FOR TOMORROW
                         NORMAL    RECORD    YEAR
 MAXIMUM TEMPERATURE (F)   77        93      2000
 MINIMUM TEMPERATURE (F)   49        40      2012


SUNRISE AND SUNSET
MAY 26 2015...........SUNRISE   542 AM PDT   SUNSET   748 PM PDT
MAY 27 2015...........SUNRISE   542 AM PDT   SUNSET   748 PM PDT


-  INDICATES NEGATIVE NUMBERS.
R  INDICATES RECORD WAS SET OR TIED.
MM INDICATES DATA IS MISSING.
T  INDICATES TRACE AMOUNT.




$$
