000
CDUS46 KSGX 210018
CLIRNM


CLIMATE REPORT
NATIONAL WEATHER SERVICE SAN DIEGO, CA
417 PM PST MON NOV 20 2017


...................................

...THE RAMONA AIRPORT CA CLIMATE SUMMARY FOR NOVEMBER 20 2017...
VALID TODAY AS OF 0400 PM LOCAL TIME.

CLIMATE NORMAL PERIOD 1981 TO 2010
CLIMATE RECORD PERIOD 1974 TO 2017


WEATHER ITEM   OBSERVED TIME   RECORD YEAR NORMAL DEPARTURE LAST
                VALUE   (LST)  VALUE       VALUE  FROM      YEAR
                                                  NORMAL
..................................................................
TEMPERATURE (F)
 TODAY
  MAXIMUM         77    100 PM  88    2006  70      7       71
  MINIMUM         72    300 PM  23    1994  38     34       45
  AVERAGE         75                        54     21       58

PRECIPITATION (IN)
  TODAY            0.00          1.55 2010   0.04  -0.04     0.10
  MONTH TO DATE    T                         0.82  -0.82     0.10
  SINCE OCT 1      T                         1.54  -1.54     0.28
  SINCE JAN 1     15.94                     13.44   2.50    10.44

DEGREE DAYS
 HEATING
  TODAY            0                        11    -11        7
  MONTH TO DATE   95                       165    -70       66
  SINCE SEP 1    138                       281   -143      116
  SINCE JUL 1    138                       284   -146      116

 COOLING
  TODAY           10                         0     10        0
  MONTH TO DATE   10                         4      6       17
  SINCE SEP 1    329                       235     94      223
  SINCE JAN 1   1264                       848    416     1019
..................................................................


WIND (MPH)
  RESULTANT WIND SPEED   8   RESULTANT WIND DIRECTION   W (270)
  HIGHEST WIND SPEED    12   HIGHEST WIND DIRECTION     W (260)
  HIGHEST GUST SPEED    MM   HIGHEST GUST DIRECTION    MM
  AVERAGE WIND SPEED     8.4


SKY COVER
  POSSIBLE SUNSHINE  MM
  AVERAGE SKY COVER 0.0


WEATHER CONDITIONS
 THE FOLLOWING WEATHER WAS RECORDED TODAY.
  NO SIGNIFICANT WEATHER WAS OBSERVED.


RELATIVE HUMIDITY (PERCENT)
 HIGHEST    MM
 LOWEST     MM
 AVERAGE    MM

..........................................................


THE RAMONA AIRPORT CA CLIMATE NORMALS FOR TOMORROW
                         NORMAL    RECORD    YEAR
 MAXIMUM TEMPERATURE (F)   69        88      2002
 MINIMUM TEMPERATURE (F)   38        23      1994


SUNRISE AND SUNSET
NOVEMBER 20 2017......SUNRISE   623 AM PST   SUNSET   443 PM PST
NOVEMBER 21 2017......SUNRISE   624 AM PST   SUNSET   443 PM PST


-  INDICATES NEGATIVE NUMBERS.
R  INDICATES RECORD WAS SET OR TIED.
MM INDICATES DATA IS MISSING.
T  INDICATES TRACE AMOUNT.




$$
