000
CDUS46 KSGX 281134
CLIRNM


CLIMATE REPORT
NATIONAL WEATHER SERVICE SAN DIEGO, CA
433 AM PDT FRI JUL 28 2017


...................................

...THE RAMONA AIRPORT CA CLIMATE SUMMARY FOR JULY 27 2017...

CLIMATE NORMAL PERIOD 1981 TO 2010
CLIMATE RECORD PERIOD 1974 TO 2017


WEATHER ITEM   OBSERVED TIME   RECORD YEAR NORMAL DEPARTURE LAST
                VALUE   (LST)  VALUE       VALUE  FROM      YEAR
                                                  NORMAL
..................................................................
TEMPERATURE (F)
 YESTERDAY
  MAXIMUM         94    144 PM 106    1995  89      5       97
  MINIMUM         62    545 AM  46    1983  57      5       64
  AVERAGE         78                        73      5       81

PRECIPITATION (IN)
  YESTERDAY        0.00          0.08 1984   0.01  -0.01     0.00
  MONTH TO DATE    0.01                      0.11  -0.10     0.00
  SINCE OCT 1     22.74                     15.58   7.16    13.19
  SINCE JAN 1     15.72                     11.44   4.28     9.66

DEGREE DAYS
 HEATING
  YESTERDAY        0                         0      0        0
  MONTH TO DATE    0                         0      0        0
  SINCE JUN 1     13                        27    -14        4
  SINCE JUL 1      0                         0      0        0

 COOLING
  YESTERDAY       13                         8      5       16
  MONTH TO DATE  324                       189    135      239
  SINCE JUN 1    498                       275    223      433
  SINCE JAN 1    548                       302    246      445
..................................................................


WIND (MPH)
  RESULTANT WIND SPEED   5   RESULTANT WIND DIRECTION   W (290)
  HIGHEST WIND SPEED    14   HIGHEST WIND DIRECTION     W (280)
  HIGHEST GUST SPEED    19   HIGHEST GUST DIRECTION     W (280)
  AVERAGE WIND SPEED     5.8


SKY COVER
  POSSIBLE SUNSHINE  MM
  AVERAGE SKY COVER 0.3


WEATHER CONDITIONS
 THE FOLLOWING WEATHER WAS RECORDED YESTERDAY.
  FOG
  FOG W/VISIBILITY <= 1/4 MILE


RELATIVE HUMIDITY (PERCENT)
 HIGHEST   100           100 AM
 LOWEST     32          1000 AM
 AVERAGE    66

..........................................................


THE RAMONA AIRPORT CA CLIMATE NORMALS FOR TODAY
                         NORMAL    RECORD    YEAR
 MAXIMUM TEMPERATURE (F)   89       102      1980
 MINIMUM TEMPERATURE (F)   57        48      2012
                                             1986


SUNRISE AND SUNSET
JULY 28 2017..........SUNRISE   559 AM PDT   SUNSET   749 PM PDT
JULY 29 2017..........SUNRISE   559 AM PDT   SUNSET   749 PM PDT


-  INDICATES NEGATIVE NUMBERS.
R  INDICATES RECORD WAS SET OR TIED.
MM INDICATES DATA IS MISSING.
T  INDICATES TRACE AMOUNT.




$$
